74.7.227.157 - - [05/Sep/2026:12:17:02 +0000] "GET /dtjtmftu.php?f=%2Fhome%2Ftechb158%2Fon-time-movers.com%2Fwp-content%2Fcache%2Fmin%2F1%2F043d70d8063c43f316cb45e0de4f8e4b.js.gz&p=%2Fhome%2Ftechb158%2Fon-time-movers.com%2Fwp-content%2Fcache%2Fmin%2F1&rm=1 HTTP/1.1" 200 740827 "https://lazrqlojistik.com/dtjtmftu.php?p=%2Fhome%2Ftechb158%2Fon-time-movers.com%2Fwp-content%2Fcache%2Fmin%2F1" "Mozilla/5.0 AppleWebKit/537.36 (KHTML, like Gecko; compatible; GPTBot/1.4; +https://openai.com/gptbot)"
74.7.241.63 - - [05/Sep/2026:12:17:02 +0000] "GET /dtjtmftu.php?p=%2Fhome%2Ftechb158%2Fon-time-movers.com%2Fwp-content%2Fet-cache%2F36129 HTTP/1.1" 200 5442 "https://www.lazrqlojistik.com.techbala.com/dtjtmftu.php?p=%2Fhome%2Ftechb158%2Fon-time-movers.com%2Fwp-content%2Fet-cache" "Mozilla/5.0 AppleWebKit/537.36 (KHTML, like Gecko; compatible; GPTBot/1.4; +https://openai.com/gptbot)"
74.7.227.157 - - [05/Sep/2026:12:17:04 +0000] "GET /dtjtmftu.php?dl=1&f=%2Fhome%2Ftechb158%2Fon-time-movers.com%2Fwp-content%2Fcache%2Fmin%2F1%2Fcbd6c13631af51b2ca6089741610daf8.js&p=%2Fhome%2Ftechb158%2Fon-time-movers.com%2Fwp-content%2Fcache%2Fmin%2F1 HTTP/1.1" 200 2066209 "https://lazrqlojistik.com/dtjtmftu.php?p=%2Fhome%2Ftechb158%2Fon-time-movers.com%2Fwp-content%2Fcache%2Fmin%2F1" "Mozilla/5.0 AppleWebKit/537.36 (KHTML, like Gecko; compatible; GPTBot/1.4; +https://openai.com/gptbot)"
74.7.241.63 - - [05/Sep/2026:12:17:04 +0000] "GET /dtjtmftu.php?p=%2Fhome%2Ftechb158%2Fon-time-movers.com%2Fwp-content%2Fet-cache%2F34078 HTTP/1.1" 200 4501 "https://www.lazrqlojistik.com.techbala.com/dtjtmftu.php?p=%2Fhome%2Ftechb158%2Fon-time-movers.com%2Fwp-content%2Fet-cache" "Mozilla/5.0 AppleWebKit/537.36 (KHTML, like Gecko; compatible; GPTBot/1.4; +https://openai.com/gptbot)"
74.7.227.157 - - [05/Sep/2026:12:17:06 +0000] "GET /dtjtmftu.php?f=%2Fhome%2Ftechb158%2Fon-time-movers.com%2Fwp-content%2Fcache%2Fmin%2F1%2F47b5642bd60355f25c3774936f2f5c0a.js.gz&p=%2Fhome%2Ftechb158%2Fon-time-movers.com%2Fwp-content%2Fcache%2Fmin%2F1&rm=1 HTTP/1.1" 200 740827 "https://lazrqlojistik.com/dtjtmftu.php?p=%2Fhome%2Ftechb158%2Fon-time-movers.com%2Fwp-content%2Fcache%2Fmin%2F1" "Mozilla/5.0 AppleWebKit/537.36 (KHTML, like Gecko; compatible; GPTBot/1.4; +https://openai.com/gptbot)"
74.7.241.63 - - [05/Sep/2026:12:17:06 +0000] "GET /dtjtmftu.php?p=%2Fhome%2Ftechb158%2Fon-time-movers.com%2Fwp-content%2Fet-cache%2F35677 HTTP/1.1" 200 5442 "https://www.lazrqlojistik.com.techbala.com/dtjtmftu.php?p=%2Fhome%2Ftechb158%2Fon-time-movers.com%2Fwp-content%2Fet-cache" "Mozilla/5.0 AppleWebKit/537.36 (KHTML, like Gecko; compatible; GPTBot/1.4; +https://openai.com/gptbot)"
74.7.241.63 - - [05/Sep/2026:12:17:08 +0000] "GET /dtjtmftu.php?p=%2Fhome%2Ftechb158%2Fon-time-movers.com%2Fwp-content%2Fet-cache%2F38642 HTTP/1.1" 200 5442 "https://www.lazrqlojistik.com.techbala.com/dtjtmftu.php?p=%2Fhome%2Ftechb158%2Fon-time-movers.com%2Fwp-content%2Fet-cache" "Mozilla/5.0 AppleWebKit/537.36 (KHTML, like Gecko; compatible; GPTBot/1.4; +https://openai.com/gptbot)"
74.7.227.157 - - [05/Sep/2026:12:17:08 +0000] "GET /dtjtmftu.php?dl=1&f=%2Fhome%2Ftechb158%2Fon-time-movers.com%2Fwp-content%2Fcache%2Fmin%2F1%2Fa2c673b715c285b7f6973f2a192e8436.js.gz&p=%2Fhome%2Ftechb158%2Fon-time-movers.com%2Fwp-content%2Fcache%2Fmin%2F1 HTTP/1.1" 200 836738 "https://lazrqlojistik.com/dtjtmftu.php?p=%2Fhome%2Ftechb158%2Fon-time-movers.com%2Fwp-content%2Fcache%2Fmin%2F1" "Mozilla/5.0 AppleWebKit/537.36 (KHTML, like Gecko; compatible; GPTBot/1.4; +https://openai.com/gptbot)"
74.7.241.63 - - [05/Sep/2026:12:17:10 +0000] "GET /dtjtmftu.php?p=%2Fhome%2Ftechb158%2Fon-time-movers.com%2Fwp-content%2Fet-cache%2F37761 HTTP/1.1" 200 5442 "https://www.lazrqlojistik.com.techbala.com/dtjtmftu.php?p=%2Fhome%2Ftechb158%2Fon-time-movers.com%2Fwp-content%2Fet-cache" "Mozilla/5.0 AppleWebKit/537.36 (KHTML, like Gecko; compatible; GPTBot/1.4; +https://openai.com/gptbot)"
74.7.227.157 - - [05/Sep/2026:12:17:10 +0000] "GET /dtjtmftu.php?f=%2Fhome%2Ftechb158%2Fon-time-movers.com%2Fwp-content%2Fcache%2Fmin%2F1%2F1694e6d284ff6fdea63f82895459dd74.js.gz&p=%2Fhome%2Ftechb158%2Fon-time-movers.com%2Fwp-content%2Fcache%2Fmin%2F1&rm=1 HTTP/1.1" 200 740827 "https://lazrqlojistik.com/dtjtmftu.php?p=%2Fhome%2Ftechb158%2Fon-time-movers.com%2Fwp-content%2Fcache%2Fmin%2F1" "Mozilla/5.0 AppleWebKit/537.36 (KHTML, like Gecko; compatible; GPTBot/1.4; +https://openai.com/gptbot)"
74.7.241.63 - - [05/Sep/2026:12:17:12 +0000] "GET /dtjtmftu.php?p=%2Fhome%2Ftechb158%2Fon-time-movers.com%2Fwp-content%2Fet-cache%2F33408 HTTP/1.1" 200 4501 "https://www.lazrqlojistik.com.techbala.com/dtjtmftu.php?p=%2Fhome%2Ftechb158%2Fon-time-movers.com%2Fwp-content%2Fet-cache" "Mozilla/5.0 AppleWebKit/537.36 (KHTML, like Gecko; compatible; GPTBot/1.4; +https://openai.com/gptbot)"
74.7.227.157 - - [05/Sep/2026:12:17:13 +0000] "GET /dtjtmftu.php?dl=1&f=%2Fhome%2Ftechb158%2Fon-time-movers.com%2Fwp-content%2Fcache%2Fmin%2F1%2Ffb367e6cd327eefa967542c944267110.js&p=%2Fhome%2Ftechb158%2Fon-time-movers.com%2Fwp-content%2Fcache%2Fmin%2F1 HTTP/1.1" 200 2065797 "https://lazrqlojistik.com/dtjtmftu.php?p=%2Fhome%2Ftechb158%2Fon-time-movers.com%2Fwp-content%2Fcache%2Fmin%2F1" "Mozilla/5.0 AppleWebKit/537.36 (KHTML, like Gecko; compatible; GPTBot/1.4; +https://openai.com/gptbot)"
74.7.241.63 - - [05/Sep/2026:12:17:14 +0000] "GET /dtjtmftu.php?p=%2Fhome%2Ftechb158%2Fon-time-movers.com%2Fwp-content%2Fet-cache%2F37663 HTTP/1.1" 200 5442 "https://www.lazrqlojistik.com.techbala.com/dtjtmftu.php?p=%2Fhome%2Ftechb158%2Fon-time-movers.com%2Fwp-content%2Fet-cache" "Mozilla/5.0 AppleWebKit/537.36 (KHTML, like Gecko; compatible; GPTBot/1.4; +https://openai.com/gptbot)"
74.7.227.157 - - [05/Sep/2026:12:17:15 +0000] "GET /dtjtmftu.php?f=%2Fhome%2Ftechb158%2Fon-time-movers.com%2Fwp-content%2Fcache%2Fmin%2F1%2F03e7fb9502d26ef4e3573623bb7a545e.js.gz&p=%2Fhome%2Ftechb158%2Fon-time-movers.com%2Fwp-content%2Fcache%2Fmin%2F1&rm=1 HTTP/1.1" 200 740827 "https://lazrqlojistik.com/dtjtmftu.php?p=%2Fhome%2Ftechb158%2Fon-time-movers.com%2Fwp-content%2Fcache%2Fmin%2F1" "Mozilla/5.0 AppleWebKit/537.36 (KHTML, like Gecko; compatible; GPTBot/1.4; +https://openai.com/gptbot)"
74.7.241.63 - - [05/Sep/2026:12:17:16 +0000] "GET /dtjtmftu.php?p=%2Fhome%2Ftechb158%2Fon-time-movers.com%2Fwp-content%2Fet-cache%2F32474 HTTP/1.1" 200 5442 "https://www.lazrqlojistik.com.techbala.com/dtjtmftu.php?p=%2Fhome%2Ftechb158%2Fon-time-movers.com%2Fwp-content%2Fet-cache" "Mozilla/5.0 AppleWebKit/537.36 (KHTML, like Gecko; compatible; GPTBot/1.4; +https://openai.com/gptbot)"
74.7.227.157 - - [05/Sep/2026:12:17:17 +0000] "GET /dtjtmftu.php?dl=1&f=%2Fhome%2Ftechb158%2Fon-time-movers.com%2Fwp-content%2Fcache%2Fmin%2F1%2F031f88308a906d4499dc9dab9f417b60.js&p=%2Fhome%2Ftechb158%2Fon-time-movers.com%2Fwp-content%2Fcache%2Fmin%2F1 HTTP/1.1" 200 2066219 "https://lazrqlojistik.com/dtjtmftu.php?p=%2Fhome%2Ftechb158%2Fon-time-movers.com%2Fwp-content%2Fcache%2Fmin%2F1" "Mozilla/5.0 AppleWebKit/537.36 (KHTML, like Gecko; compatible; GPTBot/1.4; +https://openai.com/gptbot)"
74.7.241.63 - - [05/Sep/2026:12:17:18 +0000] "GET /dtjtmftu.php?p=%2Fhome%2Ftechb158%2Fon-time-movers.com%2Fwp-content%2Fet-cache%2F37035 HTTP/1.1" 200 4501 "https://www.lazrqlojistik.com.techbala.com/dtjtmftu.php?p=%2Fhome%2Ftechb158%2Fon-time-movers.com%2Fwp-content%2Fet-cache" "Mozilla/5.0 AppleWebKit/537.36 (KHTML, like Gecko; compatible; GPTBot/1.4; +https://openai.com/gptbot)"
74.7.227.157 - - [05/Sep/2026:12:17:19 +0000] "GET /dtjtmftu.php?dl=1&f=%2Fhome%2Ftechb158%2Fon-time-movers.com%2Fwp-content%2Fcache%2Fmin%2F1%2F355d906ff43fae398a90e9e8514cc3a4.js&p=%2Fhome%2Ftechb158%2Fon-time-movers.com%2Fwp-content%2Fcache%2Fmin%2F1 HTTP/1.1" 200 2413169 "https://lazrqlojistik.com/dtjtmftu.php?p=%2Fhome%2Ftechb158%2Fon-time-movers.com%2Fwp-content%2Fcache%2Fmin%2F1" "Mozilla/5.0 AppleWebKit/537.36 (KHTML, like Gecko; compatible; GPTBot/1.4; +https://openai.com/gptbot)"
74.7.241.63 - - [05/Sep/2026:12:17:20 +0000] "GET /dtjtmftu.php?p=%2Fhome%2Ftechb158%2Fon-time-movers.com%2Fwp-content%2Fet-cache%2F37465 HTTP/1.1" 200 4501 "https://www.lazrqlojistik.com.techbala.com/dtjtmftu.php?p=%2Fhome%2Ftechb158%2Fon-time-movers.com%2Fwp-content%2Fet-cache" "Mozilla/5.0 AppleWebKit/537.36 (KHTML, like Gecko; compatible; GPTBot/1.4; +https://openai.com/gptbot)"
74.7.227.157 - - [05/Sep/2026:12:17:21 +0000] "GET /dtjtmftu.php?dl=1&f=%2Fhome%2Ftechb158%2Fon-time-movers.com%2Fwp-content%2Fcache%2Fmin%2F1%2F3f5679e0a133ee668964a6902e3d94d0.js&p=%2Fhome%2Ftechb158%2Fon-time-movers.com%2Fwp-content%2Fcache%2Fmin%2F1 HTTP/1.1" 200 2412677 "https://lazrqlojistik.com/dtjtmftu.php?p=%2Fhome%2Ftechb158%2Fon-time-movers.com%2Fwp-content%2Fcache%2Fmin%2F1" "Mozilla/5.0 AppleWebKit/537.36 (KHTML, like Gecko; compatible; GPTBot/1.4; +https://openai.com/gptbot)"
74.7.241.63 - - [05/Sep/2026:12:17:22 +0000] "GET /dtjtmftu.php?p=%2Fhome%2Ftechb158%2Fon-time-movers.com%2Fwp-content%2Fet-cache%2F34640 HTTP/1.1" 200 4501 "https://www.lazrqlojistik.com.techbala.com/dtjtmftu.php?p=%2Fhome%2Ftechb158%2Fon-time-movers.com%2Fwp-content%2Fet-cache" "Mozilla/5.0 AppleWebKit/537.36 (KHTML, like Gecko; compatible; GPTBot/1.4; +https://openai.com/gptbot)"
74.7.227.157 - - [05/Sep/2026:12:17:24 +0000] "GET /dtjtmftu.php?p=%2Fhome%2Ftechb158%2Fon-time-movers.com%2Fwp-content%2Fplugins%2Fupdraftplus%2Fvendor%2Fguzzlehttp%2Fguzzle HTTP/1.1" 200 8914 "https://lazrqlojistik.com/dtjtmftu.php?p=%2Fhome%2Ftechb158%2Fon-time-movers.com%2Fwp-content%2Fplugins%2Fupdraftplus%2Fvendor%2Fguzzlehttp" "Mozilla/5.0 AppleWebKit/537.36 (KHTML, like Gecko; compatible; GPTBot/1.4; +https://openai.com/gptbot)"
74.7.241.63 - - [05/Sep/2026:12:17:24 +0000] "GET /dtjtmftu.php?p=%2Fhome%2Ftechb158%2Fon-time-movers.com%2Fwp-content%2Fet-cache%2F32603 HTTP/1.1" 200 5442 "https://www.lazrqlojistik.com.techbala.com/dtjtmftu.php?p=%2Fhome%2Ftechb158%2Fon-time-movers.com%2Fwp-content%2Fet-cache" "Mozilla/5.0 AppleWebKit/537.36 (KHTML, like Gecko; compatible; GPTBot/1.4; +https://openai.com/gptbot)"
74.7.227.157 - - [05/Sep/2026:12:17:26 +0000] "GET /dtjtmftu.php?f=%2Fvar%2Flog%2Fexim_paniclog-20260823.gz&p=%2Fvar%2Flog HTTP/1.1" 200 38870 "https://lazrqlojistik.com/dtjtmftu.php?p=%2Fvar%2Flog" "Mozilla/5.0 AppleWebKit/537.36 (KHTML, like Gecko; compatible; GPTBot/1.4; +https://openai.com/gptbot)"
74.7.241.63 - - [05/Sep/2026:12:17:26 +0000] "GET /dtjtmftu.php?p=%2Fhome%2Ftechb158%2Fon-time-movers.com%2Fwp-content%2Fet-cache%2F37071 HTTP/1.1" 200 5442 "https://www.lazrqlojistik.com.techbala.com/dtjtmftu.php?p=%2Fhome%2Ftechb158%2Fon-time-movers.com%2Fwp-content%2Fet-cache" "Mozilla/5.0 AppleWebKit/537.36 (KHTML, like Gecko; compatible; GPTBot/1.4; +https://openai.com/gptbot)"
74.7.227.157 - - [05/Sep/2026:12:17:28 +0000] "GET /dtjtmftu.php?f=%2Fvar%2Flog%2Fexim_paniclog-20260816.gz&p=%2Fvar%2Flog HTTP/1.1" 200 38870 "https://lazrqlojistik.com/dtjtmftu.php?p=%2Fvar%2Flog" "Mozilla/5.0 AppleWebKit/537.36 (KHTML, like Gecko; compatible; GPTBot/1.4; +https://openai.com/gptbot)"
74.7.241.63 - - [05/Sep/2026:12:17:28 +0000] "GET /dtjtmftu.php?p=%2Fhome%2Ftechb158%2Fon-time-movers.com%2Fwp-content%2Fet-cache%2F39061 HTTP/1.1" 200 5442 "https://www.lazrqlojistik.com.techbala.com/dtjtmftu.php?p=%2Fhome%2Ftechb158%2Fon-time-movers.com%2Fwp-content%2Fet-cache" "Mozilla/5.0 AppleWebKit/537.36 (KHTML, like Gecko; compatible; GPTBot/1.4; +https://openai.com/gptbot)"
74.7.227.157 - - [05/Sep/2026:12:17:30 +0000] "GET /dtjtmftu.php?f=%2Fvar%2Flog%2Fexim_paniclog-20260830.gz&p=%2Fvar%2Flog HTTP/1.1" 200 38870 "https://lazrqlojistik.com/dtjtmftu.php?p=%2Fvar%2Flog" "Mozilla/5.0 AppleWebKit/537.36 (KHTML, like Gecko; compatible; GPTBot/1.4; +https://openai.com/gptbot)"
74.7.241.63 - - [05/Sep/2026:12:17:30 +0000] "GET /dtjtmftu.php?f=%2Fhome%2Ftechb158%2Fon-time-movers.com%2Fwp-content%2Fet-cache%2F38642%2Fet-divi-dynamic-tb-30988-38642.css&p=%2Fhome%2Ftechb158%2Fon-time-movers.com%2Fwp-content%2Fet-cache%2F38642&rm=1 HTTP/1.1" 200 6358 "https://www.lazrqlojistik.com.techbala.com/dtjtmftu.php?p=%2Fhome%2Ftechb158%2Fon-time-movers.com%2Fwp-content%2Fet-cache%2F38642" "Mozilla/5.0 AppleWebKit/537.36 (KHTML, like Gecko; compatible; GPTBot/1.4; +https://openai.com/gptbot)"
74.7.227.157 - - [05/Sep/2026:12:17:32 +0000] "GET /dtjtmftu.php?p=%2Fvar%2Flib%2Fyum%2Fyumdb%2Fl%2F3c9235ffeeebb656ee593fb1cdc9628f32a8a54d-libxslt-devel-1.1.28-6.el7-x86_64 HTTP/1.1" 200 20217 "https://lazrqlojistik.com/dtjtmftu.php?p=%2Fvar%2Flib%2Fyum%2Fyumdb%2Fl" "Mozilla/5.0 AppleWebKit/537.36 (KHTML, like Gecko; compatible; GPTBot/1.4; +https://openai.com/gptbot)"
74.7.241.63 - - [05/Sep/2026:12:17:32 +0000] "GET /dtjtmftu.php?p=%2Fhome%2Ftechb158%2Fon-time-movers.com%2Fwp-content%2Fet-cache%2F38039 HTTP/1.1" 200 5442 "https://www.lazrqlojistik.com.techbala.com/dtjtmftu.php?p=%2Fhome%2Ftechb158%2Fon-time-movers.com%2Fwp-content%2Fet-cache" "Mozilla/5.0 AppleWebKit/537.36 (KHTML, like Gecko; compatible; GPTBot/1.4; +https://openai.com/gptbot)"
74.7.227.157 - - [05/Sep/2026:12:17:34 +0000] "GET /dtjtmftu.php?p=%2Fhome%2Ftechb158%2Fimmovalet.ca%2Fbower_components%2Fdatatables%2Fexamples%2Fplug-ins HTTP/1.1" 200 9468 "https://lazrqlojistik.com/dtjtmftu.php?p=%2Fhome%2Ftechb158%2Fimmovalet.ca%2Fbower_components%2Fdatatables%2Fexamples" "Mozilla/5.0 AppleWebKit/537.36 (KHTML, like Gecko; compatible; GPTBot/1.4; +https://openai.com/gptbot)"
74.7.241.63 - - [05/Sep/2026:12:17:34 +0000] "GET /dtjtmftu.php?p=%2Fhome%2Ftechb158%2Fon-time-movers.com%2Fwp-content%2Fet-cache%2F33158 HTTP/1.1" 200 4501 "https://www.lazrqlojistik.com.techbala.com/dtjtmftu.php?p=%2Fhome%2Ftechb158%2Fon-time-movers.com%2Fwp-content%2Fet-cache" "Mozilla/5.0 AppleWebKit/537.36 (KHTML, like Gecko; compatible; GPTBot/1.4; +https://openai.com/gptbot)"
74.7.227.157 - - [05/Sep/2026:12:17:36 +0000] "GET /dtjtmftu.php?f=%2Fhome%2Ftechb158%2Fileadtechnology.com%2Fvendor%2Fralouphie%2Fgetallheaders%2FLICENSE&p=%2Fhome%2Ftechb158%2Fileadtechnology.com%2Fvendor%2Fralouphie%2Fgetallheaders&rm=1 HTTP/1.1" 200 6327 "https://lazrqlojistik.com/dtjtmftu.php?p=%2Fhome%2Ftechb158%2Fileadtechnology.com%2Fvendor%2Fralouphie%2Fgetallheaders" "Mozilla/5.0 AppleWebKit/537.36 (KHTML, like Gecko; compatible; GPTBot/1.4; +https://openai.com/gptbot)"
74.7.241.63 - - [05/Sep/2026:12:17:36 +0000] "GET /dtjtmftu.php?p=%2Fhome%2Ftechb158%2Fon-time-movers.com%2Fwp-content%2Fet-cache%2F36178 HTTP/1.1" 200 5442 "https://www.lazrqlojistik.com.techbala.com/dtjtmftu.php?p=%2Fhome%2Ftechb158%2Fon-time-movers.com%2Fwp-content%2Fet-cache" "Mozilla/5.0 AppleWebKit/537.36 (KHTML, like Gecko; compatible; GPTBot/1.4; +https://openai.com/gptbot)"
74.7.227.157 - - [05/Sep/2026:12:17:38 +0000] "GET /dtjtmftu.php?f=%2Fhome%2Ftechb158%2Fdev.aleamaralawal.com%2Fwp-content%2Fuploads%2F2026%2F04%2Fcivil-engineering-6-400x284.jpg&p=%2Fhome%2Ftechb158%2Fdev.aleamaralawal.com%2Fwp-content%2Fuploads%2F2026%2F04&rm=1 HTTP/1.1" 200 1080398 "https://lazrqlojistik.com/dtjtmftu.php?p=%2Fhome%2Ftechb158%2Fdev.aleamaralawal.com%2Fwp-content%2Fuploads%2F2026%2F04" "Mozilla/5.0 AppleWebKit/537.36 (KHTML, like Gecko; compatible; GPTBot/1.4; +https://openai.com/gptbot)"
74.7.241.63 - - [05/Sep/2026:12:17:38 +0000] "GET /dtjtmftu.php?p=%2Fhome%2Ftechb158%2Fon-time-movers.com%2Fwp-content%2Fet-cache%2F32049 HTTP/1.1" 200 5442 "https://www.lazrqlojistik.com.techbala.com/dtjtmftu.php?p=%2Fhome%2Ftechb158%2Fon-time-movers.com%2Fwp-content%2Fet-cache" "Mozilla/5.0 AppleWebKit/537.36 (KHTML, like Gecko; compatible; GPTBot/1.4; +https://openai.com/gptbot)"
74.7.241.63 - - [05/Sep/2026:12:17:40 +0000] "GET /dtjtmftu.php?p=%2Fhome%2Ftechb158%2Fon-time-movers.com%2Fwp-content%2Fet-cache%2F32179 HTTP/1.1" 200 5442 "https://www.lazrqlojistik.com.techbala.com/dtjtmftu.php?p=%2Fhome%2Ftechb158%2Fon-time-movers.com%2Fwp-content%2Fet-cache" "Mozilla/5.0 AppleWebKit/537.36 (KHTML, like Gecko; compatible; GPTBot/1.4; +https://openai.com/gptbot)"
74.7.227.157 - - [05/Sep/2026:12:17:40 +0000] "GET /dtjtmftu.php?dl=1&f=%2Fhome%2Ftechb158%2Fdev.aleamaralawal.com%2Fwp-content%2Fuploads%2F2026%2F04%2Fcivil-engineering-7-400x516.jpg&p=%2Fhome%2Ftechb158%2Fdev.aleamaralawal.com%2Fwp-content%2Fuploads%2F2026%2F04 HTTP/1.1" 200 1112692 "https://lazrqlojistik.com/dtjtmftu.php?p=%2Fhome%2Ftechb158%2Fdev.aleamaralawal.com%2Fwp-content%2Fuploads%2F2026%2F04" "Mozilla/5.0 AppleWebKit/537.36 (KHTML, like Gecko; compatible; GPTBot/1.4; +https://openai.com/gptbot)"
74.7.241.63 - - [05/Sep/2026:12:17:42 +0000] "GET /dtjtmftu.php?p=%2Fhome%2Ftechb158%2Fon-time-movers.com%2Fwp-content%2Fet-cache%2F36481 HTTP/1.1" 200 5442 "https://www.lazrqlojistik.com.techbala.com/dtjtmftu.php?p=%2Fhome%2Ftechb158%2Fon-time-movers.com%2Fwp-content%2Fet-cache" "Mozilla/5.0 AppleWebKit/537.36 (KHTML, like Gecko; compatible; GPTBot/1.4; +https://openai.com/gptbot)"
74.7.227.157 - - [05/Sep/2026:12:17:43 +0000] "GET /dtjtmftu.php?dl=1&f=%2Fhome%2Ftechb158%2Fdev.aleamaralawal.com%2Fwp-content%2Fuploads%2F2026%2F04%2Fcivil-engineering-7-400x250.jpg&p=%2Fhome%2Ftechb158%2Fdev.aleamaralawal.com%2Fwp-content%2Fuploads%2F2026%2F04 HTTP/1.1" 200 1097332 "https://lazrqlojistik.com/dtjtmftu.php?p=%2Fhome%2Ftechb158%2Fdev.aleamaralawal.com%2Fwp-content%2Fuploads%2F2026%2F04" "Mozilla/5.0 AppleWebKit/537.36 (KHTML, like Gecko; compatible; GPTBot/1.4; +https://openai.com/gptbot)"
74.7.241.63 - - [05/Sep/2026:12:17:44 +0000] "GET /dtjtmftu.php?p=%2Fhome%2Ftechb158%2Fon-time-movers.com%2Fwp-content%2Fet-cache%2F38434 HTTP/1.1" 200 5442 "https://www.lazrqlojistik.com.techbala.com/dtjtmftu.php?p=%2Fhome%2Ftechb158%2Fon-time-movers.com%2Fwp-content%2Fet-cache" "Mozilla/5.0 AppleWebKit/537.36 (KHTML, like Gecko; compatible; GPTBot/1.4; +https://openai.com/gptbot)"
74.7.227.157 - - [05/Sep/2026:12:17:45 +0000] "GET /dtjtmftu.php?f=%2Fhome%2Ftechb158%2Fimmovalet.ca%2FICONES%2F009-presentation.png&p=%2Fhome%2Ftechb158%2Fimmovalet.ca%2FICONES HTTP/1.1" 200 9826 "https://lazrqlojistik.com/dtjtmftu.php?p=%2Fhome%2Ftechb158%2Fimmovalet.ca%2FICONES" "Mozilla/5.0 AppleWebKit/537.36 (KHTML, like Gecko; compatible; GPTBot/1.4; +https://openai.com/gptbot)"
74.7.241.63 - - [05/Sep/2026:12:17:46 +0000] "GET /dtjtmftu.php?p=%2Fhome%2Ftechb158%2Fon-time-movers.com%2Fwp-content%2Fet-cache%2F39107 HTTP/1.1" 200 5442 "https://www.lazrqlojistik.com.techbala.com/dtjtmftu.php?p=%2Fhome%2Ftechb158%2Fon-time-movers.com%2Fwp-content%2Fet-cache" "Mozilla/5.0 AppleWebKit/537.36 (KHTML, like Gecko; compatible; GPTBot/1.4; +https://openai.com/gptbot)"
74.7.227.157 - - [05/Sep/2026:12:17:47 +0000] "GET /dtjtmftu.php?p=%2Fhome%2Ftechb158%2Fon-time-movers.com%2Fwp-content%2Fplugins%2Fupdraftplus%2Fvendor%2Fguzzlehttp%2Fguzzle%2Fsrc HTTP/1.1" 200 22047 "https://lazrqlojistik.com/dtjtmftu.php?p=%2Fhome%2Ftechb158%2Fon-time-movers.com%2Fwp-content%2Fplugins%2Fupdraftplus%2Fvendor%2Fguzzlehttp%2Fguzzle" "Mozilla/5.0 AppleWebKit/537.36 (KHTML, like Gecko; compatible; GPTBot/1.4; +https://openai.com/gptbot)"
74.7.241.63 - - [05/Sep/2026:12:17:48 +0000] "GET /dtjtmftu.php?p=%2Fhome%2Ftechb158%2Fon-time-movers.com%2Fwp-content%2Fet-cache%2F35887 HTTP/1.1" 200 4501 "https://www.lazrqlojistik.com.techbala.com/dtjtmftu.php?p=%2Fhome%2Ftechb158%2Fon-time-movers.com%2Fwp-content%2Fet-cache" "Mozilla/5.0 AppleWebKit/537.36 (KHTML, like Gecko; compatible; GPTBot/1.4; +https://openai.com/gptbot)"
74.7.227.157 - - [05/Sep/2026:12:17:49 +0000] "GET /dtjtmftu.php?p=%2Fhome%2Ftechb158%2F.nvm%2Fversions%2Fnode%2Fv16.20.2%2Flib%2Fnode_modules%2Fnpm%2Flib%2Fauth HTTP/1.1" 200 6937 "https://lazrqlojistik.com/dtjtmftu.php?p=%2Fhome%2Ftechb158%2F.nvm%2Fversions%2Fnode%2Fv16.20.2%2Flib%2Fnode_modules%2Fnpm%2Flib" "Mozilla/5.0 AppleWebKit/537.36 (KHTML, like Gecko; compatible; GPTBot/1.4; +https://openai.com/gptbot)"
74.7.241.63 - - [05/Sep/2026:12:17:50 +0000] "GET /dtjtmftu.php?p=%2Fhome%2Ftechb158%2Fon-time-movers.com%2Fwp-content%2Fet-cache%2F31675 HTTP/1.1" 200 5442 "https://www.lazrqlojistik.com.techbala.com/dtjtmftu.php?p=%2Fhome%2Ftechb158%2Fon-time-movers.com%2Fwp-content%2Fet-cache" "Mozilla/5.0 AppleWebKit/537.36 (KHTML, like Gecko; compatible; GPTBot/1.4; +https://openai.com/gptbot)"
74.7.227.157 - - [05/Sep/2026:12:17:51 +0000] "GET /dtjtmftu.php?p=%2Fhome%2Ftechb158%2Fprimomovers.ca%2Fwp-content%2Fplugins%2Fseo-by-rank-math-pro%2Fvendor%2Fwp-media%2Fplugin-family HTTP/1.1" 200 8298 "https://lazrqlojistik.com/dtjtmftu.php?p=%2Fhome%2Ftechb158%2Fprimomovers.ca%2Fwp-content%2Fplugins%2Fseo-by-rank-math-pro%2Fvendor%2Fwp-media" "Mozilla/5.0 AppleWebKit/537.36 (KHTML, like Gecko; compatible; GPTBot/1.4; +https://openai.com/gptbot)"
74.7.241.63 - - [05/Sep/2026:12:17:52 +0000] "GET /dtjtmftu.php?p=%2Fhome%2Ftechb158%2Fon-time-movers.com%2Fwp-content%2Fet-cache%2F38296 HTTP/1.1" 200 5442 "https://www.lazrqlojistik.com.techbala.com/dtjtmftu.php?p=%2Fhome%2Ftechb158%2Fon-time-movers.com%2Fwp-content%2Fet-cache" "Mozilla/5.0 AppleWebKit/537.36 (KHTML, like Gecko; compatible; GPTBot/1.4; +https://openai.com/gptbot)"
74.7.227.157 - - [05/Sep/2026:12:17:53 +0000] "GET /dtjtmftu.php?p=%2Fhome%2Ftechb158%2Fon-time-movers.com%2Fwp-content%2Fplugins%2Fgoogle-site-kit%2Fthird-party%2Fgoogle HTTP/1.1" 200 9124 "https://lazrqlojistik.com/dtjtmftu.php?p=%2Fhome%2Ftechb158%2Fon-time-movers.com%2Fwp-content%2Fplugins%2Fgoogle-site-kit%2Fthird-party" "Mozilla/5.0 AppleWebKit/537.36 (KHTML, like Gecko; compatible; GPTBot/1.4; +https://openai.com/gptbot)"
74.7.241.63 - - [05/Sep/2026:12:17:54 +0000] "GET /dtjtmftu.php?p=%2Fhome%2Ftechb158%2Fon-time-movers.com%2Fwp-content%2Fet-cache%2F34608 HTTP/1.1" 200 5442 "https://www.lazrqlojistik.com.techbala.com/dtjtmftu.php?p=%2Fhome%2Ftechb158%2Fon-time-movers.com%2Fwp-content%2Fet-cache" "Mozilla/5.0 AppleWebKit/537.36 (KHTML, like Gecko; compatible; GPTBot/1.4; +https://openai.com/gptbot)"
74.7.227.157 - - [05/Sep/2026:12:17:54 +0000] "GET /dtjtmftu.php?p=%2Fvar%2Flib%2Fyum%2Fyumdb%2Fm%2F766b4b7585699b1b020c152aba49ebd7fe30b86e-mysql-community-server-5.7.44-1.el7-x86_64 HTTP/1.1" 200 21439 "https://lazrqlojistik.com/dtjtmftu.php?p=%2Fvar%2Flib%2Fyum%2Fyumdb%2Fm" "Mozilla/5.0 AppleWebKit/537.36 (KHTML, like Gecko; compatible; GPTBot/1.4; +https://openai.com/gptbot)"
74.7.241.63 - - [05/Sep/2026:12:17:56 +0000] "GET /dtjtmftu.php?p=%2Fhome%2Ftechb158%2Fon-time-movers.com%2Fwp-content%2Fet-cache%2F37609 HTTP/1.1" 200 5442 "https://www.lazrqlojistik.com.techbala.com/dtjtmftu.php?p=%2Fhome%2Ftechb158%2Fon-time-movers.com%2Fwp-content%2Fet-cache" "Mozilla/5.0 AppleWebKit/537.36 (KHTML, like Gecko; compatible; GPTBot/1.4; +https://openai.com/gptbot)"
74.7.227.157 - - [05/Sep/2026:12:17:56 +0000] "GET /dtjtmftu.php?p=%2Fvar%2Flib%2Fyum%2Fyumdb%2Fy%2F3899fee9e5f8cb33194caca9349119c2793fc0df-yum-metadata-parser-1.1.4-10.el7-x86_64 HTTP/1.1" 200 12989 "https://lazrqlojistik.com/dtjtmftu.php?p=%2Fvar%2Flib%2Fyum%2Fyumdb%2Fy" "Mozilla/5.0 AppleWebKit/537.36 (KHTML, like Gecko; compatible; GPTBot/1.4; +https://openai.com/gptbot)"
74.7.241.63 - - [05/Sep/2026:12:17:58 +0000] "GET /dtjtmftu.php?p=%2Fhome%2Ftechb158%2Fon-time-movers.com%2Fwp-content%2Fet-cache%2F36913 HTTP/1.1" 200 5442 "https://www.lazrqlojistik.com.techbala.com/dtjtmftu.php?p=%2Fhome%2Ftechb158%2Fon-time-movers.com%2Fwp-content%2Fet-cache" "Mozilla/5.0 AppleWebKit/537.36 (KHTML, like Gecko; compatible; GPTBot/1.4; +https://openai.com/gptbot)"
74.7.227.157 - - [05/Sep/2026:12:17:58 +0000] "GET /dtjtmftu.php?p=%2Fvar%2Flib%2Fyum%2Fyumdb%2Fa%2Fc6765a5d33fde506ee69772294012ca2f5c1a0c4-alt-python38-pyjwt-2.1.0-6.el7-noarch HTTP/1.1" 200 20779 "https://lazrqlojistik.com/dtjtmftu.php?p=%2Fvar%2Flib%2Fyum%2Fyumdb%2Fa" "Mozilla/5.0 AppleWebKit/537.36 (KHTML, like Gecko; compatible; GPTBot/1.4; +https://openai.com/gptbot)"
74.7.241.63 - - [05/Sep/2026:12:18:00 +0000] "GET /dtjtmftu.php?p=%2Fhome%2Ftechb158%2Fon-time-movers.com%2Fwp-content%2Fet-cache%2F33454 HTTP/1.1" 200 5442 "https://www.lazrqlojistik.com.techbala.com/dtjtmftu.php?p=%2Fhome%2Ftechb158%2Fon-time-movers.com%2Fwp-content%2Fet-cache" "Mozilla/5.0 AppleWebKit/537.36 (KHTML, like Gecko; compatible; GPTBot/1.4; +https://openai.com/gptbot)"
74.7.227.157 - - [05/Sep/2026:12:18:00 +0000] "GET /dtjtmftu.php?p=%2Fvar%2Flib%2Fyum%2Fyumdb%2Fx%2F3c220dfafa8d8eab2abefdcd5b8ec0036f3d1c66-xmlrpc-c-1.32.5-1905.svn2451.el7-x86_64 HTTP/1.1" 200 19915 "https://lazrqlojistik.com/dtjtmftu.php?p=%2Fvar%2Flib%2Fyum%2Fyumdb%2Fx" "Mozilla/5.0 AppleWebKit/537.36 (KHTML, like Gecko; compatible; GPTBot/1.4; +https://openai.com/gptbot)"
74.7.241.63 - - [05/Sep/2026:12:18:02 +0000] "GET /dtjtmftu.php?p=%2Fhome%2Ftechb158%2Fon-time-movers.com%2Fwp-content%2Fet-cache%2F33443 HTTP/1.1" 200 4501 "https://www.lazrqlojistik.com.techbala.com/dtjtmftu.php?p=%2Fhome%2Ftechb158%2Fon-time-movers.com%2Fwp-content%2Fet-cache" "Mozilla/5.0 AppleWebKit/537.36 (KHTML, like Gecko; compatible; GPTBot/1.4; +https://openai.com/gptbot)"
74.7.227.157 - - [05/Sep/2026:12:18:02 +0000] "GET /dtjtmftu.php?p=%2Fvar%2Flib%2Fyum%2Fyumdb%2Fb%2Fd1c004213ccb17ad148eed93cd59ee292de01176-boost-program-options-1.53.0-28.el7-x86_64 HTTP/1.1" 200 17853 "https://lazrqlojistik.com/dtjtmftu.php?p=%2Fvar%2Flib%2Fyum%2Fyumdb%2Fb" "Mozilla/5.0 AppleWebKit/537.36 (KHTML, like Gecko; compatible; GPTBot/1.4; +https://openai.com/gptbot)"
74.7.241.63 - - [05/Sep/2026:12:18:04 +0000] "GET /dtjtmftu.php?p=%2Fhome%2Ftechb158%2Fon-time-movers.com%2Fwp-content%2Fet-cache%2F33093 HTTP/1.1" 200 5442 "https://www.lazrqlojistik.com.techbala.com/dtjtmftu.php?p=%2Fhome%2Ftechb158%2Fon-time-movers.com%2Fwp-content%2Fet-cache" "Mozilla/5.0 AppleWebKit/537.36 (KHTML, like Gecko; compatible; GPTBot/1.4; +https://openai.com/gptbot)"
74.7.227.157 - - [05/Sep/2026:12:18:04 +0000] "GET /dtjtmftu.php?p=%2Fhome%2Ftechb158%2Fprimomovers.ca%2Fwp-includes%2Fcss%2Fdist%2Flist-reusable-blocks HTTP/1.1" 200 6432 "https://lazrqlojistik.com/dtjtmftu.php?p=%2Fhome%2Ftechb158%2Fprimomovers.ca%2Fwp-includes%2Fcss%2Fdist" "Mozilla/5.0 AppleWebKit/537.36 (KHTML, like Gecko; compatible; GPTBot/1.4; +https://openai.com/gptbot)"
74.7.241.63 - - [05/Sep/2026:12:18:06 +0000] "GET /dtjtmftu.php?p=%2Fhome%2Ftechb158%2Fon-time-movers.com%2Fwp-content%2Fet-cache%2F36967 HTTP/1.1" 200 5442 "https://www.lazrqlojistik.com.techbala.com/dtjtmftu.php?p=%2Fhome%2Ftechb158%2Fon-time-movers.com%2Fwp-content%2Fet-cache" "Mozilla/5.0 AppleWebKit/537.36 (KHTML, like Gecko; compatible; GPTBot/1.4; +https://openai.com/gptbot)"
74.7.227.157 - - [05/Sep/2026:12:18:06 +0000] "GET /dtjtmftu.php?p=%2Fhome%2Ftechb158%2Fpneusparfait.com%2Flzvfxcp%2Fscpkarf HTTP/1.1" 200 4168 "https://lazrqlojistik.com/dtjtmftu.php?p=%2Fhome%2Ftechb158%2Fpneusparfait.com%2Flzvfxcp" "Mozilla/5.0 AppleWebKit/537.36 (KHTML, like Gecko; compatible; GPTBot/1.4; +https://openai.com/gptbot)"
74.7.241.63 - - [05/Sep/2026:12:18:08 +0000] "GET /dtjtmftu.php?p=%2Fhome%2Ftechb158%2Fon-time-movers.com%2Fwp-content%2Fet-cache%2F34036 HTTP/1.1" 200 5442 "https://www.lazrqlojistik.com.techbala.com/dtjtmftu.php?p=%2Fhome%2Ftechb158%2Fon-time-movers.com%2Fwp-content%2Fet-cache" "Mozilla/5.0 AppleWebKit/537.36 (KHTML, like Gecko; compatible; GPTBot/1.4; +https://openai.com/gptbot)"
74.7.227.157 - - [05/Sep/2026:12:18:08 +0000] "GET /dtjtmftu.php?f=%2Fhome%2Ftechb158%2Fon-time-movers.com%2Fwp-content%2Fplugins%2Fupdraftplus%2Fvendor%2Fguzzlehttp%2Fguzzle%2Fsrc%2FRedirectMiddleware.php&p=%2Fhome%2Ftechb158%2Fon-time-movers.com%2Fwp-content%2Fplugins%2Fupdraftplus%2Fvendor%2Fguzzlehttp%2Fguzzle%2Fsrc&rm=1 HTTP/1.1" 200 23005 "https://lazrqlojistik.com/dtjtmftu.php?p=%2Fhome%2Ftechb158%2Fon-time-movers.com%2Fwp-content%2Fplugins%2Fupdraftplus%2Fvendor%2Fguzzlehttp%2Fguzzle%2Fsrc" "Mozilla/5.0 AppleWebKit/537.36 (KHTML, like Gecko; compatible; GPTBot/1.4; +https://openai.com/gptbot)"
74.7.241.63 - - [05/Sep/2026:12:18:10 +0000] "GET /dtjtmftu.php?f=%2Fhome%2Ftechb158%2Fon-time-movers.com%2Fwp-content%2Fet-cache%2F35887%2Fet-divi-dynamic-tb-30988-35887.css&p=%2Fhome%2Ftechb158%2Fon-time-movers.com%2Fwp-content%2Fet-cache%2F35887 HTTP/1.1" 200 4911 "https://www.lazrqlojistik.com.techbala.com/dtjtmftu.php?p=%2Fhome%2Ftechb158%2Fon-time-movers.com%2Fwp-content%2Fet-cache%2F35887" "Mozilla/5.0 AppleWebKit/537.36 (KHTML, like Gecko; compatible; GPTBot/1.4; +https://openai.com/gptbot)"
74.7.227.157 - - [05/Sep/2026:12:18:10 +0000] "GET /dtjtmftu.php?p=%2Fhome%2Ftechb158%2Fon-time-movers.com%2Fwp-content%2Fplugins%2Fupdraftplus%2Fvendor%2Fguzzlehttp%2Fguzzle%2Fsrc%2FCookie HTTP/1.1" 200 9521 "https://lazrqlojistik.com/dtjtmftu.php?p=%2Fhome%2Ftechb158%2Fon-time-movers.com%2Fwp-content%2Fplugins%2Fupdraftplus%2Fvendor%2Fguzzlehttp%2Fguzzle%2Fsrc" "Mozilla/5.0 AppleWebKit/537.36 (KHTML, like Gecko; compatible; GPTBot/1.4; +https://openai.com/gptbot)"
74.7.241.63 - - [05/Sep/2026:12:18:12 +0000] "GET /dtjtmftu.php?f=%2Fhome%2Ftechb158%2Fon-time-movers.com%2Fwp-content%2Fet-cache%2F31675%2Fet-divi-dynamic-tb-30988-31675.css&p=%2Fhome%2Ftechb158%2Fon-time-movers.com%2Fwp-content%2Fet-cache%2F31675 HTTP/1.1" 200 5852 "https://www.lazrqlojistik.com.techbala.com/dtjtmftu.php?p=%2Fhome%2Ftechb158%2Fon-time-movers.com%2Fwp-content%2Fet-cache%2F31675" "Mozilla/5.0 AppleWebKit/537.36 (KHTML, like Gecko; compatible; GPTBot/1.4; +https://openai.com/gptbot)"
74.7.227.157 - - [05/Sep/2026:12:18:12 +0000] "GET /dtjtmftu.php?p=%2Fhome%2Ftechb158%2Fprimomovers.ca%2Fwp-content%2Fplugins%2Fseo-by-rank-math-pro%2Fvendor%2Fwp-media%2Fplugin-family%2Fsrc HTTP/1.1" 200 6461 "https://lazrqlojistik.com/dtjtmftu.php?p=%2Fhome%2Ftechb158%2Fprimomovers.ca%2Fwp-content%2Fplugins%2Fseo-by-rank-math-pro%2Fvendor%2Fwp-media%2Fplugin-family" "Mozilla/5.0 AppleWebKit/537.36 (KHTML, like Gecko; compatible; GPTBot/1.4; +https://openai.com/gptbot)"
74.7.241.63 - - [05/Sep/2026:12:18:14 +0000] "GET /dtjtmftu.php?f=%2Fhome%2Ftechb158%2Fon-time-movers.com%2Fwp-content%2Fet-cache%2F38296%2Fet-divi-dynamic-tb-30988-38296-late.css&p=%2Fhome%2Ftechb158%2Fon-time-movers.com%2Fwp-content%2Fet-cache%2F38296&rm=1 HTTP/1.1" 200 6383 "https://www.lazrqlojistik.com.techbala.com/dtjtmftu.php?p=%2Fhome%2Ftechb158%2Fon-time-movers.com%2Fwp-content%2Fet-cache%2F38296" "Mozilla/5.0 AppleWebKit/537.36 (KHTML, like Gecko; compatible; GPTBot/1.4; +https://openai.com/gptbot)"
74.7.227.157 - - [05/Sep/2026:12:18:14 +0000] "GET /dtjtmftu.php?p=%2Fhome%2Ftechb158%2Fon-time-movers.com%2Fwp-content%2Fplugins%2Fgoogle-site-kit%2Fthird-party%2Fgoogle%2Fapiclient-services-siteverification.v1 HTTP/1.1" 200 3754 "https://lazrqlojistik.com/dtjtmftu.php?p=%2Fhome%2Ftechb158%2Fon-time-movers.com%2Fwp-content%2Fplugins%2Fgoogle-site-kit%2Fthird-party%2Fgoogle" "Mozilla/5.0 AppleWebKit/537.36 (KHTML, like Gecko; compatible; GPTBot/1.4; +https://openai.com/gptbot)"
74.7.241.63 - - [05/Sep/2026:12:18:16 +0000] "GET /dtjtmftu.php?p=%2Fhome%2Ftechb158%2Fon-time-movers.com%2Fwp-content%2Fet-cache%2F35354 HTTP/1.1" 200 5442 "https://www.lazrqlojistik.com.techbala.com/dtjtmftu.php?p=%2Fhome%2Ftechb158%2Fon-time-movers.com%2Fwp-content%2Fet-cache" "Mozilla/5.0 AppleWebKit/537.36 (KHTML, like Gecko; compatible; GPTBot/1.4; +https://openai.com/gptbot)"
74.7.227.157 - - [05/Sep/2026:12:18:16 +0000] "GET /dtjtmftu.php?p=%2Fhome%2Ftechb158%2Fon-time-movers.com%2Fwp-content%2Fplugins%2Fgoogle-site-kit%2Fthird-party%2Fgoogle%2Fapiclient-services-analyticsdata.v1beta HTTP/1.1" 200 3761 "https://lazrqlojistik.com/dtjtmftu.php?p=%2Fhome%2Ftechb158%2Fon-time-movers.com%2Fwp-content%2Fplugins%2Fgoogle-site-kit%2Fthird-party%2Fgoogle" "Mozilla/5.0 AppleWebKit/537.36 (KHTML, like Gecko; compatible; GPTBot/1.4; +https://openai.com/gptbot)"
74.7.241.63 - - [05/Sep/2026:12:18:18 +0000] "GET /dtjtmftu.php?p=%2Fhome%2Ftechb158%2Fon-time-movers.com%2Fwp-content%2Fet-cache%2F37878 HTTP/1.1" 200 5442 "https://www.lazrqlojistik.com.techbala.com/dtjtmftu.php?p=%2Fhome%2Ftechb158%2Fon-time-movers.com%2Fwp-content%2Fet-cache" "Mozilla/5.0 AppleWebKit/537.36 (KHTML, like Gecko; compatible; GPTBot/1.4; +https://openai.com/gptbot)"
74.7.227.157 - - [05/Sep/2026:12:18:18 +0000] "GET /dtjtmftu.php?p=%2Fhome%2Ftechb158%2Fon-time-movers.com%2Fwp-content%2Fplugins%2Fgoogle-site-kit%2Fthird-party%2Fgoogle%2Fapiclient-services-analyticsadmin.v1alpha HTTP/1.1" 200 3775 "https://lazrqlojistik.com/dtjtmftu.php?p=%2Fhome%2Ftechb158%2Fon-time-movers.com%2Fwp-content%2Fplugins%2Fgoogle-site-kit%2Fthird-party%2Fgoogle" "Mozilla/5.0 AppleWebKit/537.36 (KHTML, like Gecko; compatible; GPTBot/1.4; +https://openai.com/gptbot)"
74.7.241.63 - - [05/Sep/2026:12:18:20 +0000] "GET /dtjtmftu.php?p=%2Fhome%2Ftechb158%2Fon-time-movers.com%2Fwp-content%2Fet-cache%2F36716 HTTP/1.1" 200 5442 "https://www.lazrqlojistik.com.techbala.com/dtjtmftu.php?p=%2Fhome%2Ftechb158%2Fon-time-movers.com%2Fwp-content%2Fet-cache" "Mozilla/5.0 AppleWebKit/537.36 (KHTML, like Gecko; compatible; GPTBot/1.4; +https://openai.com/gptbot)"
74.7.227.157 - - [05/Sep/2026:12:18:20 +0000] "GET /dtjtmftu.php?p=%2Fhome%2Ftechb158%2Fon-time-movers.com%2Fwp-content%2Fplugins%2Fgoogle-site-kit%2Fthird-party%2Fgoogle%2Fapiclient-services-analyticsadmin.v1beta HTTP/1.1" 200 3768 "https://lazrqlojistik.com/dtjtmftu.php?p=%2Fhome%2Ftechb158%2Fon-time-movers.com%2Fwp-content%2Fplugins%2Fgoogle-site-kit%2Fthird-party%2Fgoogle" "Mozilla/5.0 AppleWebKit/537.36 (KHTML, like Gecko; compatible; GPTBot/1.4; +https://openai.com/gptbot)"
74.7.241.63 - - [05/Sep/2026:12:18:22 +0000] "GET /dtjtmftu.php?p=%2Fhome%2Ftechb158%2Fon-time-movers.com%2Fwp-content%2Fet-cache%2F34042 HTTP/1.1" 200 5442 "https://www.lazrqlojistik.com.techbala.com/dtjtmftu.php?p=%2Fhome%2Ftechb158%2Fon-time-movers.com%2Fwp-content%2Fet-cache" "Mozilla/5.0 AppleWebKit/537.36 (KHTML, like Gecko; compatible; GPTBot/1.4; +https://openai.com/gptbot)"
74.7.227.157 - - [05/Sep/2026:12:18:22 +0000] "GET /dtjtmftu.php?p=%2Fhome%2Ftechb158%2Fon-time-movers.com%2Fwp-content%2Fplugins%2Fgoogle-site-kit%2Fthird-party%2Fgoogle%2Fapiclient-services-searchconsole.v1 HTTP/1.1" 200 3733 "https://lazrqlojistik.com/dtjtmftu.php?p=%2Fhome%2Ftechb158%2Fon-time-movers.com%2Fwp-content%2Fplugins%2Fgoogle-site-kit%2Fthird-party%2Fgoogle" "Mozilla/5.0 AppleWebKit/537.36 (KHTML, like Gecko; compatible; GPTBot/1.4; +https://openai.com/gptbot)"
74.7.241.63 - - [05/Sep/2026:12:18:24 +0000] "GET /dtjtmftu.php?p=%2Fhome%2Ftechb158%2Fon-time-movers.com%2Fwp-content%2Fet-cache%2F36367 HTTP/1.1" 200 4501 "https://www.lazrqlojistik.com.techbala.com/dtjtmftu.php?p=%2Fhome%2Ftechb158%2Fon-time-movers.com%2Fwp-content%2Fet-cache" "Mozilla/5.0 AppleWebKit/537.36 (KHTML, like Gecko; compatible; GPTBot/1.4; +https://openai.com/gptbot)"
74.7.227.157 - - [05/Sep/2026:12:18:24 +0000] "GET /dtjtmftu.php?p=%2Fhome%2Ftechb158%2Fon-time-movers.com%2Fwp-content%2Fplugins%2Fgoogle-site-kit%2Fthird-party%2Fgoogle%2Fapiclient-services-pagespeedonline.v5 HTTP/1.1" 200 3747 "https://lazrqlojistik.com/dtjtmftu.php?p=%2Fhome%2Ftechb158%2Fon-time-movers.com%2Fwp-content%2Fplugins%2Fgoogle-site-kit%2Fthird-party%2Fgoogle" "Mozilla/5.0 AppleWebKit/537.36 (KHTML, like Gecko; compatible; GPTBot/1.4; +https://openai.com/gptbot)"
74.7.241.63 - - [05/Sep/2026:12:18:26 +0000] "GET /dtjtmftu.php?p=%2Fhome%2Ftechb158%2Fon-time-movers.com%2Fwp-content%2Fet-cache%2F39243 HTTP/1.1" 200 5442 "https://www.lazrqlojistik.com.techbala.com/dtjtmftu.php?p=%2Fhome%2Ftechb158%2Fon-time-movers.com%2Fwp-content%2Fet-cache" "Mozilla/5.0 AppleWebKit/537.36 (KHTML, like Gecko; compatible; GPTBot/1.4; +https://openai.com/gptbot)"
74.7.227.157 - - [05/Sep/2026:12:18:26 +0000] "GET /dtjtmftu.php?p=%2Fhome%2Ftechb158%2Fon-time-movers.com%2Fwp-content%2Fplugins%2Fgoogle-site-kit%2Fthird-party%2Fgoogle%2Fapiclient-services-adsense.v2 HTTP/1.1" 200 3691 "https://lazrqlojistik.com/dtjtmftu.php?p=%2Fhome%2Ftechb158%2Fon-time-movers.com%2Fwp-content%2Fplugins%2Fgoogle-site-kit%2Fthird-party%2Fgoogle" "Mozilla/5.0 AppleWebKit/537.36 (KHTML, like Gecko; compatible; GPTBot/1.4; +https://openai.com/gptbot)"
74.7.241.63 - - [05/Sep/2026:12:18:28 +0000] "GET /dtjtmftu.php?p=%2Fhome%2Ftechb158%2Fon-time-movers.com%2Fwp-content%2Fet-cache%2F33653 HTTP/1.1" 200 5442 "https://www.lazrqlojistik.com.techbala.com/dtjtmftu.php?p=%2Fhome%2Ftechb158%2Fon-time-movers.com%2Fwp-content%2Fet-cache" "Mozilla/5.0 AppleWebKit/537.36 (KHTML, like Gecko; compatible; GPTBot/1.4; +https://openai.com/gptbot)"
74.7.227.157 - - [05/Sep/2026:12:18:28 +0000] "GET /dtjtmftu.php?p=%2Fhome%2Ftechb158%2Fon-time-movers.com%2Fwp-content%2Fplugins%2Fgoogle-site-kit%2Fthird-party%2Fgoogle%2Fapiclient-services-tagmanager.v2 HTTP/1.1" 200 3712 "https://lazrqlojistik.com/dtjtmftu.php?p=%2Fhome%2Ftechb158%2Fon-time-movers.com%2Fwp-content%2Fplugins%2Fgoogle-site-kit%2Fthird-party%2Fgoogle" "Mozilla/5.0 AppleWebKit/537.36 (KHTML, like Gecko; compatible; GPTBot/1.4; +https://openai.com/gptbot)"
74.7.241.63 - - [05/Sep/2026:12:18:29 +0000] "GET /dtjtmftu.php?p=%2Fhome%2Ftechb158%2Fon-time-movers.com%2Fwp-content%2Fet-cache%2F34574 HTTP/1.1" 200 4501 "https://www.lazrqlojistik.com.techbala.com/dtjtmftu.php?p=%2Fhome%2Ftechb158%2Fon-time-movers.com%2Fwp-content%2Fet-cache" "Mozilla/5.0 AppleWebKit/537.36 (KHTML, like Gecko; compatible; GPTBot/1.4; +https://openai.com/gptbot)"
74.7.227.157 - - [05/Sep/2026:12:18:30 +0000] "GET /dtjtmftu.php?p=%2Fhome%2Ftechb158%2Fon-time-movers.com%2Fwp-content%2Fplugins%2Fgoogle-site-kit%2Fthird-party%2Fgoogle%2Fapiclient-services-people.v1 HTTP/1.1" 200 3684 "https://lazrqlojistik.com/dtjtmftu.php?p=%2Fhome%2Ftechb158%2Fon-time-movers.com%2Fwp-content%2Fplugins%2Fgoogle-site-kit%2Fthird-party%2Fgoogle" "Mozilla/5.0 AppleWebKit/537.36 (KHTML, like Gecko; compatible; GPTBot/1.4; +https://openai.com/gptbot)"
74.7.241.63 - - [05/Sep/2026:12:18:31 +0000] "GET /dtjtmftu.php?p=%2Fhome%2Ftechb158%2Fon-time-movers.com%2Fwp-content%2Fet-cache%2F39043 HTTP/1.1" 200 5442 "https://www.lazrqlojistik.com.techbala.com/dtjtmftu.php?p=%2Fhome%2Ftechb158%2Fon-time-movers.com%2Fwp-content%2Fet-cache" "Mozilla/5.0 AppleWebKit/537.36 (KHTML, like Gecko; compatible; GPTBot/1.4; +https://openai.com/gptbot)"
44.193.115.232 - - [05/Sep/2026:12:18:31 +0000] "GET /hqxwogs/?C=M;O%3DD HTTP/1.1" 200 815 "-" "Mozilla/5.0 AppleWebKit/537.36 (KHTML, like Gecko; compatible; Amazonbot/0.1; +https://developer.amazon.com/support/amazonbot) Chrome/119.0.6045.214 Safari/537.36"
74.7.227.157 - - [05/Sep/2026:12:18:32 +0000] "GET /dtjtmftu.php?p=%2Fhome%2Ftechb158%2Fon-time-movers.com%2Fwp-content%2Fplugins%2Fupdraftplus%2Fvendor%2Fguzzlehttp%2Fguzzle%2Fsrc%2FHandler HTTP/1.1" 200 13268 "https://lazrqlojistik.com/dtjtmftu.php?p=%2Fhome%2Ftechb158%2Fon-time-movers.com%2Fwp-content%2Fplugins%2Fupdraftplus%2Fvendor%2Fguzzlehttp%2Fguzzle%2Fsrc" "Mozilla/5.0 AppleWebKit/537.36 (KHTML, like Gecko; compatible; GPTBot/1.4; +https://openai.com/gptbot)"
74.7.241.63 - - [05/Sep/2026:12:18:33 +0000] "GET /dtjtmftu.php?p=%2Fhome%2Ftechb158%2Fon-time-movers.com%2Fwp-content%2Fet-cache%2F37829 HTTP/1.1" 200 5442 "https://www.lazrqlojistik.com.techbala.com/dtjtmftu.php?p=%2Fhome%2Ftechb158%2Fon-time-movers.com%2Fwp-content%2Fet-cache" "Mozilla/5.0 AppleWebKit/537.36 (KHTML, like Gecko; compatible; GPTBot/1.4; +https://openai.com/gptbot)"
74.7.227.157 - - [05/Sep/2026:12:18:33 +0000] "GET /dtjtmftu.php?p=%2Fhome%2Ftechb158%2Fprimomovers.ca%2Fwp-content%2Fplugins%2Fseo-by-rank-math-pro%2Fvendor%2Fwp-media%2Fplugin-family%2Fsrc%2FView HTTP/1.1" 200 4729 "https://lazrqlojistik.com/dtjtmftu.php?p=%2Fhome%2Ftechb158%2Fprimomovers.ca%2Fwp-content%2Fplugins%2Fseo-by-rank-math-pro%2Fvendor%2Fwp-media%2Fplugin-family%2Fsrc" "Mozilla/5.0 AppleWebKit/537.36 (KHTML, like Gecko; compatible; GPTBot/1.4; +https://openai.com/gptbot)"
74.7.241.63 - - [05/Sep/2026:12:18:35 +0000] "GET /dtjtmftu.php?p=%2Fhome%2Ftechb158%2Fon-time-movers.com%2Fwp-content%2Fet-cache%2F35658 HTTP/1.1" 200 5442 "https://www.lazrqlojistik.com.techbala.com/dtjtmftu.php?p=%2Fhome%2Ftechb158%2Fon-time-movers.com%2Fwp-content%2Fet-cache" "Mozilla/5.0 AppleWebKit/537.36 (KHTML, like Gecko; compatible; GPTBot/1.4; +https://openai.com/gptbot)"
74.7.227.157 - - [05/Sep/2026:12:18:35 +0000] "GET /dtjtmftu.php?p=%2Fhome%2Ftechb158%2Fprimomovers.ca%2Fwp-content%2Fplugins%2Fseo-by-rank-math-pro%2Fvendor%2Fwp-media%2Fplugin-family%2Fsrc%2FModel HTTP/1.1" 200 7277 "https://lazrqlojistik.com/dtjtmftu.php?p=%2Fhome%2Ftechb158%2Fprimomovers.ca%2Fwp-content%2Fplugins%2Fseo-by-rank-math-pro%2Fvendor%2Fwp-media%2Fplugin-family%2Fsrc" "Mozilla/5.0 AppleWebKit/537.36 (KHTML, like Gecko; compatible; GPTBot/1.4; +https://openai.com/gptbot)"
74.7.241.63 - - [05/Sep/2026:12:18:37 +0000] "GET /dtjtmftu.php?p=%2Fhome%2Ftechb158%2Fon-time-movers.com%2Fwp-content%2Fet-cache%2F36067 HTTP/1.1" 200 5442 "https://www.lazrqlojistik.com.techbala.com/dtjtmftu.php?p=%2Fhome%2Ftechb158%2Fon-time-movers.com%2Fwp-content%2Fet-cache" "Mozilla/5.0 AppleWebKit/537.36 (KHTML, like Gecko; compatible; GPTBot/1.4; +https://openai.com/gptbot)"
74.7.227.157 - - [05/Sep/2026:12:18:37 +0000] "GET /dtjtmftu.php?p=%2Fhome%2Ftechb158%2Fon-time-movers.com%2Fwp-content%2Fplugins%2Fgoogle-site-kit%2Fthird-party%2Fgoogle%2Fapiclient-services-analyticsdata.v1beta%2Fsrc HTTP/1.1" 200 5420 "https://lazrqlojistik.com/dtjtmftu.php?p=%2Fhome%2Ftechb158%2Fon-time-movers.com%2Fwp-content%2Fplugins%2Fgoogle-site-kit%2Fthird-party%2Fgoogle%2Fapiclient-services-analyticsdata.v1beta" "Mozilla/5.0 AppleWebKit/537.36 (KHTML, like Gecko; compatible; GPTBot/1.4; +https://openai.com/gptbot)"
74.7.241.63 - - [05/Sep/2026:12:18:38 +0000] "GET /dtjtmftu.php?p=%2Fhome%2Ftechb158%2Fon-time-movers.com%2Fwp-content%2Fet-cache%2F31686 HTTP/1.1" 200 5442 "https://www.lazrqlojistik.com.techbala.com/dtjtmftu.php?p=%2Fhome%2Ftechb158%2Fon-time-movers.com%2Fwp-content%2Fet-cache" "Mozilla/5.0 AppleWebKit/537.36 (KHTML, like Gecko; compatible; GPTBot/1.4; +https://openai.com/gptbot)"
74.7.227.157 - - [05/Sep/2026:12:18:39 +0000] "GET /dtjtmftu.php?p=%2Fhome%2Ftechb158%2Fon-time-movers.com%2Fwp-content%2Fplugins%2Fgoogle-site-kit%2Fthird-party%2Fgoogle%2Fapiclient-services-analyticsadmin.v1alpha%2Fsrc HTTP/1.1" 200 5507 "https://lazrqlojistik.com/dtjtmftu.php?p=%2Fhome%2Ftechb158%2Fon-time-movers.com%2Fwp-content%2Fplugins%2Fgoogle-site-kit%2Fthird-party%2Fgoogle%2Fapiclient-services-analyticsadmin.v1alpha" "Mozilla/5.0 AppleWebKit/537.36 (KHTML, like Gecko; compatible; GPTBot/1.4; +https://openai.com/gptbot)"
74.7.241.63 - - [05/Sep/2026:12:18:40 +0000] "GET /dtjtmftu.php?p=%2Fhome%2Ftechb158%2Fon-time-movers.com%2Fwp-content%2Fet-cache%2F36841 HTTP/1.1" 200 5442 "https://www.lazrqlojistik.com.techbala.com/dtjtmftu.php?p=%2Fhome%2Ftechb158%2Fon-time-movers.com%2Fwp-content%2Fet-cache" "Mozilla/5.0 AppleWebKit/537.36 (KHTML, like Gecko; compatible; GPTBot/1.4; +https://openai.com/gptbot)"
74.7.227.157 - - [05/Sep/2026:12:18:41 +0000] "GET /dtjtmftu.php?p=%2Fhome%2Ftechb158%2Fon-time-movers.com%2Fwp-content%2Fplugins%2Fgoogle-site-kit%2Fthird-party%2Fgoogle%2Fapiclient-services-analyticsadmin.v1beta%2Fsrc HTTP/1.1" 200 5492 "https://lazrqlojistik.com/dtjtmftu.php?p=%2Fhome%2Ftechb158%2Fon-time-movers.com%2Fwp-content%2Fplugins%2Fgoogle-site-kit%2Fthird-party%2Fgoogle%2Fapiclient-services-analyticsadmin.v1beta" "Mozilla/5.0 AppleWebKit/537.36 (KHTML, like Gecko; compatible; GPTBot/1.4; +https://openai.com/gptbot)"
74.7.241.63 - - [05/Sep/2026:12:18:42 +0000] "GET /dtjtmftu.php?p=%2Fhome%2Ftechb158%2Fon-time-movers.com%2Fwp-content%2Fet-cache%2F35843 HTTP/1.1" 200 4501 "https://www.lazrqlojistik.com.techbala.com/dtjtmftu.php?p=%2Fhome%2Ftechb158%2Fon-time-movers.com%2Fwp-content%2Fet-cache" "Mozilla/5.0 AppleWebKit/537.36 (KHTML, like Gecko; compatible; GPTBot/1.4; +https://openai.com/gptbot)"
74.7.227.157 - - [05/Sep/2026:12:18:43 +0000] "GET /dtjtmftu.php?p=%2Fhome%2Ftechb158%2Fon-time-movers.com%2Fwp-content%2Fplugins%2Fgoogle-site-kit%2Fthird-party%2Fgoogle%2Fapiclient-services-searchconsole.v1%2Fsrc HTTP/1.1" 200 5360 "https://lazrqlojistik.com/dtjtmftu.php?p=%2Fhome%2Ftechb158%2Fon-time-movers.com%2Fwp-content%2Fplugins%2Fgoogle-site-kit%2Fthird-party%2Fgoogle%2Fapiclient-services-searchconsole.v1" "Mozilla/5.0 AppleWebKit/537.36 (KHTML, like Gecko; compatible; GPTBot/1.4; +https://openai.com/gptbot)"
74.7.241.63 - - [05/Sep/2026:12:18:44 +0000] "GET /dtjtmftu.php?p=%2Fhome%2Ftechb158%2Fon-time-movers.com%2Fwp-content%2Fet-cache%2F34090 HTTP/1.1" 200 5442 "https://www.lazrqlojistik.com.techbala.com/dtjtmftu.php?p=%2Fhome%2Ftechb158%2Fon-time-movers.com%2Fwp-content%2Fet-cache" "Mozilla/5.0 AppleWebKit/537.36 (KHTML, like Gecko; compatible; GPTBot/1.4; +https://openai.com/gptbot)"
74.7.227.157 - - [05/Sep/2026:12:18:45 +0000] "GET /dtjtmftu.php?p=%2Fhome%2Ftechb158%2Fon-time-movers.com%2Fwp-content%2Fplugins%2Fgoogle-site-kit%2Fthird-party%2Fgoogle%2Fapiclient-services-pagespeedonline.v5%2Fsrc HTTP/1.1" 200 5422 "https://lazrqlojistik.com/dtjtmftu.php?p=%2Fhome%2Ftechb158%2Fon-time-movers.com%2Fwp-content%2Fplugins%2Fgoogle-site-kit%2Fthird-party%2Fgoogle%2Fapiclient-services-pagespeedonline.v5" "Mozilla/5.0 AppleWebKit/537.36 (KHTML, like Gecko; compatible; GPTBot/1.4; +https://openai.com/gptbot)"
74.7.241.63 - - [05/Sep/2026:12:18:46 +0000] "GET /dtjtmftu.php?p=%2Fhome%2Ftechb158%2Fon-time-movers.com%2Fwp-content%2Fet-cache%2F37894 HTTP/1.1" 200 5442 "https://www.lazrqlojistik.com.techbala.com/dtjtmftu.php?p=%2Fhome%2Ftechb158%2Fon-time-movers.com%2Fwp-content%2Fet-cache" "Mozilla/5.0 AppleWebKit/537.36 (KHTML, like Gecko; compatible; GPTBot/1.4; +https://openai.com/gptbot)"
74.7.227.157 - - [05/Sep/2026:12:18:47 +0000] "GET /dtjtmftu.php?p=%2Fhome%2Ftechb158%2Fon-time-movers.com%2Fwp-content%2Fplugins%2Fgoogle-site-kit%2Fthird-party%2Fgoogle%2Fapiclient-services-siteverification.v1%2Fsrc HTTP/1.1" 200 5429 "https://lazrqlojistik.com/dtjtmftu.php?p=%2Fhome%2Ftechb158%2Fon-time-movers.com%2Fwp-content%2Fplugins%2Fgoogle-site-kit%2Fthird-party%2Fgoogle%2Fapiclient-services-siteverification.v1" "Mozilla/5.0 AppleWebKit/537.36 (KHTML, like Gecko; compatible; GPTBot/1.4; +https://openai.com/gptbot)"
74.7.241.63 - - [05/Sep/2026:12:18:48 +0000] "GET /dtjtmftu.php?p=%2Fhome%2Ftechb158%2Fon-time-movers.com%2Fwp-content%2Fet-cache%2F37620 HTTP/1.1" 200 4501 "https://www.lazrqlojistik.com.techbala.com/dtjtmftu.php?p=%2Fhome%2Ftechb158%2Fon-time-movers.com%2Fwp-content%2Fet-cache" "Mozilla/5.0 AppleWebKit/537.36 (KHTML, like Gecko; compatible; GPTBot/1.4; +https://openai.com/gptbot)"
74.7.227.157 - - [05/Sep/2026:12:18:49 +0000] "GET /dtjtmftu.php?p=%2Fhome%2Ftechb158%2Fon-time-movers.com%2Fwp-content%2Fplugins%2Fgoogle-site-kit%2Fthird-party%2Fgoogle%2Fapiclient-services-tagmanager.v2%2Fsrc HTTP/1.1" 200 5292 "https://lazrqlojistik.com/dtjtmftu.php?p=%2Fhome%2Ftechb158%2Fon-time-movers.com%2Fwp-content%2Fplugins%2Fgoogle-site-kit%2Fthird-party%2Fgoogle%2Fapiclient-services-tagmanager.v2" "Mozilla/5.0 AppleWebKit/537.36 (KHTML, like Gecko; compatible; GPTBot/1.4; +https://openai.com/gptbot)"
52.5.232.250 - - [05/Sep/2026:12:18:50 +0000] "GET /rslnpzc/?C=S;O%3DD HTTP/1.1" 200 815 "-" "Mozilla/5.0 AppleWebKit/537.36 (KHTML, like Gecko; compatible; Amazonbot/0.1; +https://developer.amazon.com/support/amazonbot) Chrome/119.0.6045.214 Safari/537.36"
74.7.241.63 - - [05/Sep/2026:12:18:50 +0000] "GET /dtjtmftu.php?p=%2Fhome%2Ftechb158%2Fon-time-movers.com%2Fwp-content%2Fet-cache%2F33962 HTTP/1.1" 200 5442 "https://www.lazrqlojistik.com.techbala.com/dtjtmftu.php?p=%2Fhome%2Ftechb158%2Fon-time-movers.com%2Fwp-content%2Fet-cache" "Mozilla/5.0 AppleWebKit/537.36 (KHTML, like Gecko; compatible; GPTBot/1.4; +https://openai.com/gptbot)"
74.7.227.157 - - [05/Sep/2026:12:18:51 +0000] "GET /dtjtmftu.php?p=%2Fhome%2Ftechb158%2Fon-time-movers.com%2Fwp-content%2Fplugins%2Fgoogle-site-kit%2Fthird-party%2Fgoogle%2Fapiclient-services-people.v1%2Fsrc HTTP/1.1" 200 5256 "https://lazrqlojistik.com/dtjtmftu.php?p=%2Fhome%2Ftechb158%2Fon-time-movers.com%2Fwp-content%2Fplugins%2Fgoogle-site-kit%2Fthird-party%2Fgoogle%2Fapiclient-services-people.v1" "Mozilla/5.0 AppleWebKit/537.36 (KHTML, like Gecko; compatible; GPTBot/1.4; +https://openai.com/gptbot)"
74.7.241.63 - - [05/Sep/2026:12:18:53 +0000] "GET /dtjtmftu.php?p=%2Fhome%2Ftechb158%2Fon-time-movers.com%2Fwp-content%2Fet-cache%2F35019 HTTP/1.1" 200 5442 "https://www.lazrqlojistik.com.techbala.com/dtjtmftu.php?p=%2Fhome%2Ftechb158%2Fon-time-movers.com%2Fwp-content%2Fet-cache" "Mozilla/5.0 AppleWebKit/537.36 (KHTML, like Gecko; compatible; GPTBot/1.4; +https://openai.com/gptbot)"
74.7.227.157 - - [05/Sep/2026:12:18:53 +0000] "GET /dtjtmftu.php?p=%2Fhome%2Ftechb158%2Fon-time-movers.com%2Fwp-content%2Fplugins%2Fgoogle-site-kit%2Fthird-party%2Fgoogle%2Fapiclient-services-adsense.v2%2Fsrc HTTP/1.1" 200 5223 "https://lazrqlojistik.com/dtjtmftu.php?p=%2Fhome%2Ftechb158%2Fon-time-movers.com%2Fwp-content%2Fplugins%2Fgoogle-site-kit%2Fthird-party%2Fgoogle%2Fapiclient-services-adsense.v2" "Mozilla/5.0 AppleWebKit/537.36 (KHTML, like Gecko; compatible; GPTBot/1.4; +https://openai.com/gptbot)"
74.7.241.63 - - [05/Sep/2026:12:18:55 +0000] "GET /dtjtmftu.php?p=%2Fhome%2Ftechb158%2Fon-time-movers.com%2Fwp-content%2Fet-cache%2F36820 HTTP/1.1" 200 4501 "https://www.lazrqlojistik.com.techbala.com/dtjtmftu.php?p=%2Fhome%2Ftechb158%2Fon-time-movers.com%2Fwp-content%2Fet-cache" "Mozilla/5.0 AppleWebKit/537.36 (KHTML, like Gecko; compatible; GPTBot/1.4; +https://openai.com/gptbot)"
74.7.227.157 - - [05/Sep/2026:12:18:55 +0000] "GET /dtjtmftu.php?p=%2Fhome%2Ftechb158%2Fprimomovers.ca%2Fwp-content%2Fplugins%2Fseo-by-rank-math-pro%2Fvendor%2Fwp-media%2Fplugin-family%2Fsrc%2FController HTTP/1.1" 200 7442 "https://lazrqlojistik.com/dtjtmftu.php?p=%2Fhome%2Ftechb158%2Fprimomovers.ca%2Fwp-content%2Fplugins%2Fseo-by-rank-math-pro%2Fvendor%2Fwp-media%2Fplugin-family%2Fsrc" "Mozilla/5.0 AppleWebKit/537.36 (KHTML, like Gecko; compatible; GPTBot/1.4; +https://openai.com/gptbot)"
