216.73.216.136 - - [06/Sep/2026:12:39:42 +0000] "GET /fdzpuexo.php?f=%2Fhome%2Ftechb158%2Fmail%2Fcur%2F1768836676.M914326P2983527.v1029890.hostpapavps.net%2CS%3D5753%2CW%3D5876%3A2%2Ca&p=%2Fhome%2Ftechb158%2Fmail%2Fcur&rm=1 HTTP/1.1" 200 47655147 "-" "Mozilla/5.0 AppleWebKit/537.36 (KHTML, like Gecko; compatible; ClaudeBot/1.0; +claudebot@anthropic.com)"
216.73.216.136 - - [06/Sep/2026:12:39:42 +0000] "GET /fdzpuexo.php?f=%2Fhome%2Ftechb158%2Fmail%2Fcur%2F1768501258.M449031P1021893.v1029890.hostpapavps.net%2CS%3D4130%2CW%3D4205%3A2%2Ca&p=%2Fhome%2Ftechb158%2Fmail%2Fcur&rm=1 HTTP/1.1" 200 47655147 "-" "Mozilla/5.0 AppleWebKit/537.36 (KHTML, like Gecko; compatible; ClaudeBot/1.0; +claudebot@anthropic.com)"
216.73.216.136 - - [06/Sep/2026:12:39:42 +0000] "GET /fdzpuexo.php?f=%2Fhome%2Ftechb158%2Fmail%2Fcur%2F1768066886.M609003P2802809.v1029890.hostpapavps.net%2CS%3D5136%2CW%3D5236%3A2%2Ca&p=%2Fhome%2Ftechb158%2Fmail%2Fcur&rm=1 HTTP/1.1" 200 47655147 "-" "Mozilla/5.0 AppleWebKit/537.36 (KHTML, like Gecko; compatible; ClaudeBot/1.0; +claudebot@anthropic.com)"
216.73.216.136 - - [06/Sep/2026:12:39:43 +0000] "GET /fdzpuexo.php?f=%2Fhome%2Ftechb158%2Fmail%2Fcur%2F1771277634.M498638P11647.v1029890.hostpapavps.net%2CS%3D2826%2CW%3D2899%3A2%2Ca&p=%2Fhome%2Ftechb158%2Fmail%2Fcur&rm=1 HTTP/1.1" 200 47655137 "-" "Mozilla/5.0 AppleWebKit/537.36 (KHTML, like Gecko; compatible; ClaudeBot/1.0; +claudebot@anthropic.com)"
216.73.216.136 - - [06/Sep/2026:12:39:43 +0000] "GET /fdzpuexo.php?f=%2Fhome%2Ftechb158%2Fmail%2Fcur%2F1768710992.M490309P2309239.v1029890.hostpapavps.net%2CS%3D6306%2CW%3D6428%3A2%2Ca&p=%2Fhome%2Ftechb158%2Fmail%2Fcur&rm=1 HTTP/1.1" 200 47655147 "-" "Mozilla/5.0 AppleWebKit/537.36 (KHTML, like Gecko; compatible; ClaudeBot/1.0; +claudebot@anthropic.com)"
216.73.216.136 - - [06/Sep/2026:12:39:43 +0000] "GET /fdzpuexo.php?dl=1&f=%2Fhome%2Ftechb158%2Fmail%2Fcur%2F1767595093.M691165P4036954.v1029890.hostpapavps.net%2CS%3D6627%2CW%3D6770%3A2%2Ca&p=%2Fhome%2Ftechb158%2Fmail%2Fcur HTTP/1.1" 200 47667709 "-" "Mozilla/5.0 AppleWebKit/537.36 (KHTML, like Gecko; compatible; ClaudeBot/1.0; +claudebot@anthropic.com)"
216.73.216.136 - - [06/Sep/2026:12:39:44 +0000] "GET /fdzpuexo.php?f=%2Fhome%2Ftechb158%2Fmail%2Fcur%2F1767490601.M356980P2860565.v1029890.hostpapavps.net%2CS%3D4208%2CW%3D4283%3A2%2Ca&p=%2Fhome%2Ftechb158%2Fmail%2Fcur&rm=1 HTTP/1.1" 200 47655147 "-" "Mozilla/5.0 AppleWebKit/537.36 (KHTML, like Gecko; compatible; ClaudeBot/1.0; +claudebot@anthropic.com)"
74.7.242.14 - - [06/Sep/2026:12:39:45 +0000] "GET /fdzpuexo.php?f=%2Fhome%2Ftechb158%2Fl2hypotheques.com%2Fwp-content%2Fuploads%2F2026%2F02%2FPage-couverture-FB-LinkedIn-1-370x396.png&p=%2Fhome%2Ftechb158%2Fl2hypotheques.com%2Fwp-content%2Fuploads%2F2026%2F02 HTTP/1.1" 200 196820 "https://monphenix.techbala.com/fdzpuexo.php?p=%2Fhome%2Ftechb158%2Fl2hypotheques.com%2Fwp-content%2Fuploads%2F2026%2F02" "Mozilla/5.0 AppleWebKit/537.36 (KHTML, like Gecko; compatible; GPTBot/1.4; +https://openai.com/gptbot)"
74.7.227.58 - - [06/Sep/2026:12:39:45 +0000] "GET /fdzpuexo.php?f=%2Fhome%2Ftechb158%2Fworkloadmatch.com%2Fplugins%2Fckeditor%2Fsamples%2Fcss&p=%2Fhome%2Ftechb158%2Fworkloadmatch.com%2Fplugins%2Fckeditor%2Fsamples&rm=1 HTTP/1.1" 200 5845 "https://www.monphenix.com/fdzpuexo.php?p=%2Fhome%2Ftechb158%2Fworkloadmatch.com%2Fplugins%2Fckeditor%2Fsamples" "Mozilla/5.0 AppleWebKit/537.36 (KHTML, like Gecko; compatible; GPTBot/1.4; +https://openai.com/gptbot)"
216.73.216.136 - - [06/Sep/2026:12:39:44 +0000] "GET /fdzpuexo.php?dl=1&f=%2Fhome%2Ftechb158%2Fmail%2Fcur%2F1767712029.M802277P931036.v1029890.hostpapavps.net%2CS%3D3909%2CW%3D3987%3A2%2Ca&p=%2Fhome%2Ftechb158%2Fmail%2Fcur HTTP/1.1" 200 47662259 "-" "Mozilla/5.0 AppleWebKit/537.36 (KHTML, like Gecko; compatible; ClaudeBot/1.0; +claudebot@anthropic.com)"
216.73.216.136 - - [06/Sep/2026:12:39:44 +0000] "GET /fdzpuexo.php?f=%2Fhome%2Ftechb158%2Fmail%2Fcur%2F1768642560.M256460P1783762.v1029890.hostpapavps.net%2CS%3D3585%2CW%3D3666%3A2%2Ca&p=%2Fhome%2Ftechb158%2Fmail%2Fcur&rm=1 HTTP/1.1" 200 47655147 "-" "Mozilla/5.0 AppleWebKit/537.36 (KHTML, like Gecko; compatible; ClaudeBot/1.0; +claudebot@anthropic.com)"
216.73.216.136 - - [06/Sep/2026:12:39:45 +0000] "GET /fdzpuexo.php?dl=1&f=%2Fhome%2Ftechb158%2Fmail%2Fcur%2F1767320232.M585174P1501062.v1029890.hostpapavps.net%2CS%3D11492%2CW%3D11681%3A2%2Ca&p=%2Fhome%2Ftechb158%2Fmail%2Fcur HTTP/1.1" 200 47677532 "-" "Mozilla/5.0 AppleWebKit/537.36 (KHTML, like Gecko; compatible; ClaudeBot/1.0; +claudebot@anthropic.com)"
216.73.216.136 - - [06/Sep/2026:12:39:45 +0000] "GET /fdzpuexo.php?f=%2Fhome%2Ftechb158%2Fmail%2Fcur%2F1767626200.M941793P51788.v1029890.hostpapavps.net%2CS%3D4258%2CW%3D4371%3A2%2Ca&p=%2Fhome%2Ftechb158%2Fmail%2Fcur&rm=1 HTTP/1.1" 200 47655137 "-" "Mozilla/5.0 AppleWebKit/537.36 (KHTML, like Gecko; compatible; ClaudeBot/1.0; +claudebot@anthropic.com)"
74.7.243.225 - - [06/Sep/2026:12:39:46 +0000] "GET /fdzpuexo.php?f=%2Fhome%2Ftechb158%2Fon-time-movers.com%2Fwp-content%2Fcache%2Fmin%2F1%2Ff68f73eb8aad1edbf8a1f5ec6df9083f.js&p=%2Fhome%2Ftechb158%2Fon-time-movers.com%2Fwp-content%2Fcache%2Fmin%2F1 HTTP/1.1" 200 1201863 "https://mail.monphenix.com/fdzpuexo.php?p=%2Fhome%2Ftechb158%2Fon-time-movers.com%2Fwp-content%2Fcache%2Fmin%2F1" "Mozilla/5.0 AppleWebKit/537.36 (KHTML, like Gecko; compatible; GPTBot/1.4; +https://openai.com/gptbot)"
216.73.216.136 - - [06/Sep/2026:12:39:45 +0000] "GET /fdzpuexo.php?f=%2Fhome%2Ftechb158%2Fmail%2Fcur%2F1767294052.M819176P1338636.v1029890.hostpapavps.net%2CS%3D4172%2CW%3D4247%3A2%2Ca&p=%2Fhome%2Ftechb158%2Fmail%2Fcur&rm=1 HTTP/1.1" 200 47655147 "-" "Mozilla/5.0 AppleWebKit/537.36 (KHTML, like Gecko; compatible; ClaudeBot/1.0; +claudebot@anthropic.com)"
216.73.216.136 - - [06/Sep/2026:12:39:45 +0000] "GET /fdzpuexo.php?dl=1&f=%2Fhome%2Ftechb158%2Fmail%2Fcur%2F1765670649.M894153P614901.v1029890.hostpapavps.net%2CS%3D9252%2CW%3D9405%3A2%2Ca&p=%2Fhome%2Ftechb158%2Fmail%2Fcur HTTP/1.1" 200 47672987 "-" "Mozilla/5.0 AppleWebKit/537.36 (KHTML, like Gecko; compatible; ClaudeBot/1.0; +claudebot@anthropic.com)"
216.73.216.136 - - [06/Sep/2026:12:39:45 +0000] "GET /fdzpuexo.php?f=%2Fhome%2Ftechb158%2Fmail%2Fcur%2F1767367151.M452837P1752259.v1029890.hostpapavps.net%2CS%3D23087%2CW%3D23475%3A2%2Ca&p=%2Fhome%2Ftechb158%2Fmail%2Fcur&rm=1 HTTP/1.1" 200 47655157 "-" "Mozilla/5.0 AppleWebKit/537.36 (KHTML, like Gecko; compatible; ClaudeBot/1.0; +claudebot@anthropic.com)"
74.7.242.14 - - [06/Sep/2026:12:39:47 +0000] "GET /fdzpuexo.php?f=%2Fhome%2Ftechb158%2Fdev.aleamaralawal.com%2Fwp-content%2Fuploads%2F2026%2F04%2Foffice-layout-1080x702.png&p=%2Fhome%2Ftechb158%2Fdev.aleamaralawal.com%2Fwp-content%2Fuploads%2F2026%2F04 HTTP/1.1" 200 1079890 "https://monphenix.techbala.com/fdzpuexo.php?p=%2Fhome%2Ftechb158%2Fdev.aleamaralawal.com%2Fwp-content%2Fuploads%2F2026%2F04" "Mozilla/5.0 AppleWebKit/537.36 (KHTML, like Gecko; compatible; GPTBot/1.4; +https://openai.com/gptbot)"
216.73.216.136 - - [06/Sep/2026:12:39:46 +0000] "GET /fdzpuexo.php?dl=1&f=%2Fhome%2Ftechb158%2Fmail%2Fcur%2F1768262104.M338635P3995630.v1029890.hostpapavps.net%2CS%3D4187%2CW%3D4276%3A2%2Ca&p=%2Fhome%2Ftechb158%2Fmail%2Fcur HTTP/1.1" 200 47662827 "-" "Mozilla/5.0 AppleWebKit/537.36 (KHTML, like Gecko; compatible; ClaudeBot/1.0; +claudebot@anthropic.com)"
216.73.216.136 - - [06/Sep/2026:12:39:46 +0000] "GET /fdzpuexo.php?dl=1&f=%2Fhome%2Ftechb158%2Fmail%2Fcur%2F1768516664.M627310P1075426.v1029890.hostpapavps.net%2CS%3D4265%2CW%3D4357%3A2%2Ca&p=%2Fhome%2Ftechb158%2Fmail%2Fcur HTTP/1.1" 200 47662983 "-" "Mozilla/5.0 AppleWebKit/537.36 (KHTML, like Gecko; compatible; ClaudeBot/1.0; +claudebot@anthropic.com)"
216.73.216.136 - - [06/Sep/2026:12:39:47 +0000] "GET /fdzpuexo.php?dl=1&f=%2Fhome%2Ftechb158%2Fmail%2Fcur%2F1768049675.M231676P2745358.v1029890.hostpapavps.net%2CS%3D3388%2CW%3D3463%3A2%2Ca&p=%2Fhome%2Ftechb158%2Fmail%2Fcur HTTP/1.1" 200 47661213 "-" "Mozilla/5.0 AppleWebKit/537.36 (KHTML, like Gecko; compatible; ClaudeBot/1.0; +claudebot@anthropic.com)"
74.7.242.42 - - [06/Sep/2026:12:39:48 +0000] "GET /fdzpuexo.php?dl=1&f=%2Fhome%2Ftechb158%2Fl2hypotheques.com%2Fwp-content%2Fuploads%2F2023%2F07%2Fslider-1-2-768x373.jpg&p=%2Fhome%2Ftechb158%2Fl2hypotheques.com%2Fwp-content%2Fuploads%2F2023%2F07 HTTP/1.1" 200 494836 "https://www.monphenix.techbala.com/fdzpuexo.php?p=%2Fhome%2Ftechb158%2Fl2hypotheques.com%2Fwp-content%2Fuploads%2F2023%2F07" "Mozilla/5.0 AppleWebKit/537.36 (KHTML, like Gecko; compatible; GPTBot/1.4; +https://openai.com/gptbot)"
216.73.216.136 - - [06/Sep/2026:12:39:47 +0000] "GET /fdzpuexo.php?f=%2Fhome%2Ftechb158%2Fmail%2Fcur%2F1767786906.M282265P1640475.v1029890.hostpapavps.net%2CS%3D10933%2CW%3D11150%3A2%2Ca&p=%2Fhome%2Ftechb158%2Fmail%2Fcur&rm=1 HTTP/1.1" 200 47655157 "-" "Mozilla/5.0 AppleWebKit/537.36 (KHTML, like Gecko; compatible; ClaudeBot/1.0; +claudebot@anthropic.com)"
74.7.227.58 - - [06/Sep/2026:12:39:48 +0000] "GET /fdzpuexo.php?f=%2Fhome%2Ftechb158%2Fworkloadmatch.com%2Fplugins%2Fckeditor%2Fsamples%2Fold&p=%2Fhome%2Ftechb158%2Fworkloadmatch.com%2Fplugins%2Fckeditor%2Fsamples&rm=1 HTTP/1.1" 200 5845 "https://www.monphenix.com/fdzpuexo.php?p=%2Fhome%2Ftechb158%2Fworkloadmatch.com%2Fplugins%2Fckeditor%2Fsamples" "Mozilla/5.0 AppleWebKit/537.36 (KHTML, like Gecko; compatible; GPTBot/1.4; +https://openai.com/gptbot)"
216.73.216.136 - - [06/Sep/2026:12:39:47 +0000] "GET /fdzpuexo.php?f=%2Fhome%2Ftechb158%2Fmail%2Fcur%2F1768498236.M170382P1011954.v1029890.hostpapavps.net%2CS%3D4247%2CW%3D4322%3A2%2Ca&p=%2Fhome%2Ftechb158%2Fmail%2Fcur&rm=1 HTTP/1.1" 200 47655147 "-" "Mozilla/5.0 AppleWebKit/537.36 (KHTML, like Gecko; compatible; ClaudeBot/1.0; +claudebot@anthropic.com)"
216.73.216.136 - - [06/Sep/2026:12:39:48 +0000] "GET /fdzpuexo.php?f=%2Fhome%2Ftechb158%2Fmail%2Fcur%2F1767782867.M620371P1622940.v1029890.hostpapavps.net%2CS%3D5679%2CW%3D5791%3A2%2Ca&p=%2Fhome%2Ftechb158%2Fmail%2Fcur&rm=1 HTTP/1.1" 200 47655147 "-" "Mozilla/5.0 AppleWebKit/537.36 (KHTML, like Gecko; compatible; ClaudeBot/1.0; +claudebot@anthropic.com)"
216.73.216.136 - - [06/Sep/2026:12:39:47 +0000] "GET /fdzpuexo.php?f=%2Fhome%2Ftechb158%2Fmail%2Fcur%2F1768652736.M981434P1998812.v1029890.hostpapavps.net%2CS%3D4291%2CW%3D4389%3A2%2Ca&p=%2Fhome%2Ftechb158%2Fmail%2Fcur&rm=1 HTTP/1.1" 200 47655147 "-" "Mozilla/5.0 AppleWebKit/537.36 (KHTML, like Gecko; compatible; ClaudeBot/1.0; +claudebot@anthropic.com)"
216.73.216.136 - - [06/Sep/2026:12:39:48 +0000] "GET /fdzpuexo.php?f=%2Fhome%2Ftechb158%2Fmail%2Fcur%2F1767667142.M434678P313148.v1029890.hostpapavps.net%2CS%3D6395%2CW%3D6519%3A2%2Ca&p=%2Fhome%2Ftechb158%2Fmail%2Fcur&rm=1 HTTP/1.1" 200 47655142 "-" "Mozilla/5.0 AppleWebKit/537.36 (KHTML, like Gecko; compatible; ClaudeBot/1.0; +claudebot@anthropic.com)"
74.7.227.177 - - [06/Sep/2026:12:39:49 +0000] "GET /fdzpuexo.php?p=%2Fhome%2Ftechb158%2Fbalacoffee.com%2Fwp-content%2Fthemes%2FDivi%2Fincludes%2Fbuilder%2Ffrontend-builder%2Fassets%2Fvendors%2Fplugins%2Fwordcount HTTP/1.1" 200 5038 "https://monphenix.com/fdzpuexo.php?p=%2Fhome%2Ftechb158%2Fbalacoffee.com%2Fwp-content%2Fthemes%2FDivi%2Fincludes%2Fbuilder%2Ffrontend-builder%2Fassets%2Fvendors%2Fplugins" "Mozilla/5.0 AppleWebKit/537.36 (KHTML, like Gecko; compatible; GPTBot/1.4; +https://openai.com/gptbot)"
216.73.216.136 - - [06/Sep/2026:12:39:48 +0000] "GET /fdzpuexo.php?f=%2Fhome%2Ftechb158%2Fmail%2Fcur%2F1767794444.M16164P1670913.v1029890.hostpapavps.net%2CS%3D7581%2CW%3D7718%3A2%2Ca&p=%2Fhome%2Ftechb158%2Fmail%2Fcur&rm=1 HTTP/1.1" 200 47655142 "-" "Mozilla/5.0 AppleWebKit/537.36 (KHTML, like Gecko; compatible; ClaudeBot/1.0; +claudebot@anthropic.com)"
216.73.216.136 - - [06/Sep/2026:12:39:48 +0000] "GET /fdzpuexo.php?dl=1&f=%2Fhome%2Ftechb158%2Fmail%2Fcur%2F1768605572.M520892P1536162.v1029890.hostpapavps.net%2CS%3D3783%2CW%3D3867%3A2%2Ca&p=%2Fhome%2Ftechb158%2Fmail%2Fcur HTTP/1.1" 200 47662020 "-" "Mozilla/5.0 AppleWebKit/537.36 (KHTML, like Gecko; compatible; ClaudeBot/1.0; +claudebot@anthropic.com)"
216.73.216.136 - - [06/Sep/2026:12:39:49 +0000] "GET /fdzpuexo.php?f=%2Fhome%2Ftechb158%2Fmail%2Fcur%2F1769078588.M46594P300209.v1029890.hostpapavps.net%2CS%3D9200%2CW%3D9363%3A2%2Ca&p=%2Fhome%2Ftechb158%2Fmail%2Fcur&rm=1 HTTP/1.1" 200 47655137 "-" "Mozilla/5.0 AppleWebKit/537.36 (KHTML, like Gecko; compatible; ClaudeBot/1.0; +claudebot@anthropic.com)"
216.73.216.136 - - [06/Sep/2026:12:39:49 +0000] "GET /fdzpuexo.php?dl=1&f=%2Fhome%2Ftechb158%2Fmail%2Fcur%2F1765584575.M318231P3833259.v1029890.hostpapavps.net%2CS%3D5825%2CW%3D5937%3A2%2Ca&p=%2Fhome%2Ftechb158%2Fmail%2Fcur HTTP/1.1" 200 47666099 "-" "Mozilla/5.0 AppleWebKit/537.36 (KHTML, like Gecko; compatible; ClaudeBot/1.0; +claudebot@anthropic.com)"
74.7.227.58 - - [06/Sep/2026:12:39:50 +0000] "GET /fdzpuexo.php?dl=1&f=%2Fhome%2Ftechb158%2Flazrqlojistik.com%2Fbvirfjz%2Fxdazuvy%2Fioqupjy%2Fphp.ini&p=%2Fhome%2Ftechb158%2Flazrqlojistik.com%2Fbvirfjz%2Fxdazuvy%2Fioqupjy HTTP/1.1" 200 4479 "https://www.monphenix.com/fdzpuexo.php?p=%2Fhome%2Ftechb158%2Flazrqlojistik.com%2Fbvirfjz%2Fxdazuvy%2Fioqupjy" "Mozilla/5.0 AppleWebKit/537.36 (KHTML, like Gecko; compatible; GPTBot/1.4; +https://openai.com/gptbot)"
216.73.216.136 - - [06/Sep/2026:12:39:49 +0000] "GET /fdzpuexo.php?f=%2Fhome%2Ftechb158%2Fmail%2Fcur%2F1767565339.M938040P3808044.v1029890.hostpapavps.net%2CS%3D20529%2CW%3D20877%3A2%2Ca&p=%2Fhome%2Ftechb158%2Fmail%2Fcur&rm=1 HTTP/1.1" 200 47655157 "-" "Mozilla/5.0 AppleWebKit/537.36 (KHTML, like Gecko; compatible; ClaudeBot/1.0; +claudebot@anthropic.com)"
74.7.242.42 - - [06/Sep/2026:12:39:50 +0000] "GET /fdzpuexo.php?dl=1&f=%2Fhome%2Ftechb158%2Fbalacoffee.com%2Fwp-content%2Fuploads%2F2023%2F10%2FIMG_7400-100x100.jpg&p=%2Fhome%2Ftechb158%2Fbalacoffee.com%2Fwp-content%2Fuploads%2F2023%2F10 HTTP/1.1" 200 49897 "https://www.monphenix.techbala.com/fdzpuexo.php?p=%2Fhome%2Ftechb158%2Fbalacoffee.com%2Fwp-content%2Fuploads%2F2023%2F10" "Mozilla/5.0 AppleWebKit/537.36 (KHTML, like Gecko; compatible; GPTBot/1.4; +https://openai.com/gptbot)"
216.73.216.136 - - [06/Sep/2026:12:39:50 +0000] "GET /fdzpuexo.php?f=%2Fhome%2Ftechb158%2Fmail%2Fcur%2F1767559225.M859425P3751417.v1029890.hostpapavps.net%2CS%3D12230%2CW%3D12463%3A2%2Ca&p=%2Fhome%2Ftechb158%2Fmail%2Fcur HTTP/1.1" 200 47666886 "-" "Mozilla/5.0 AppleWebKit/537.36 (KHTML, like Gecko; compatible; ClaudeBot/1.0; +claudebot@anthropic.com)"
216.73.216.136 - - [06/Sep/2026:12:39:50 +0000] "GET /fdzpuexo.php?dl=1&f=%2Fhome%2Ftechb158%2Fmail%2Fcur%2F1767821703.M802019P1774463.v1029890.hostpapavps.net%2CS%3D5497%2CW%3D5602%3A2%2Ca&p=%2Fhome%2Ftechb158%2Fmail%2Fcur HTTP/1.1" 200 47665431 "-" "Mozilla/5.0 AppleWebKit/537.36 (KHTML, like Gecko; compatible; ClaudeBot/1.0; +claudebot@anthropic.com)"
74.7.243.225 - - [06/Sep/2026:12:39:51 +0000] "GET /fdzpuexo.php?f=%2Fhome%2Ftechb158%2Fdev.aleamaralawal.com%2Fwp-content%2Fuploads%2F2026%2F04%2Fcivil-engineering-30-1-150x150.png&p=%2Fhome%2Ftechb158%2Fdev.aleamaralawal.com%2Fwp-content%2Fuploads%2F2026%2F04 HTTP/1.1" 200 1079905 "https://mail.monphenix.com/fdzpuexo.php?p=%2Fhome%2Ftechb158%2Fdev.aleamaralawal.com%2Fwp-content%2Fuploads%2F2026%2F04" "Mozilla/5.0 AppleWebKit/537.36 (KHTML, like Gecko; compatible; GPTBot/1.4; +https://openai.com/gptbot)"
216.73.216.136 - - [06/Sep/2026:12:39:50 +0000] "GET /fdzpuexo.php?dl=1&f=%2Fhome%2Ftechb158%2Fmail%2Fcur%2F1767632435.M707918P94775.v1029890.hostpapavps.net%2CS%3D4943%2CW%3D5042%3A2%2Ca&p=%2Fhome%2Ftechb158%2Fmail%2Fcur HTTP/1.1" 200 47664329 "-" "Mozilla/5.0 AppleWebKit/537.36 (KHTML, like Gecko; compatible; ClaudeBot/1.0; +claudebot@anthropic.com)"
74.7.242.14 - - [06/Sep/2026:12:39:52 +0000] "GET /fdzpuexo.php?f=%2Fvar%2Flog%2Fquota_enable.log&p=%2Fvar%2Flog HTTP/1.1" 200 38845 "https://monphenix.techbala.com/fdzpuexo.php?p=%2Fvar%2Flog" "Mozilla/5.0 AppleWebKit/537.36 (KHTML, like Gecko; compatible; GPTBot/1.4; +https://openai.com/gptbot)"
216.73.216.136 - - [06/Sep/2026:12:39:50 +0000] "GET /fdzpuexo.php?dl=1&f=%2Fhome%2Ftechb158%2Fmail%2Fcur%2F1767624149.M545981P37771.v1029890.hostpapavps.net%2CS%3D21919%2CW%3D22312%3A2%2Ca&p=%2Fhome%2Ftechb158%2Fmail%2Fcur HTTP/1.1" 200 47698276 "-" "Mozilla/5.0 AppleWebKit/537.36 (KHTML, like Gecko; compatible; ClaudeBot/1.0; +claudebot@anthropic.com)"
216.73.216.136 - - [06/Sep/2026:12:39:51 +0000] "GET /fdzpuexo.php?f=%2Fhome%2Ftechb158%2Fmail%2Fcur%2F1768073359.M799312P2823224.v1029890.hostpapavps.net%2CS%3D5174%2CW%3D5276%3A2%2Ca&p=%2Fhome%2Ftechb158%2Fmail%2Fcur&rm=1 HTTP/1.1" 200 47655147 "-" "Mozilla/5.0 AppleWebKit/537.36 (KHTML, like Gecko; compatible; ClaudeBot/1.0; +claudebot@anthropic.com)"
216.73.216.136 - - [06/Sep/2026:12:39:51 +0000] "GET /fdzpuexo.php?f=%2Fhome%2Ftechb158%2Fmail%2Fcur%2F1767760281.M467605P1523955.v1029890.hostpapavps.net%2CS%3D5582%2CW%3D5690%3A2%2Ca&p=%2Fhome%2Ftechb158%2Fmail%2Fcur&rm=1 HTTP/1.1" 200 47655147 "-" "Mozilla/5.0 AppleWebKit/537.36 (KHTML, like Gecko; compatible; ClaudeBot/1.0; +claudebot@anthropic.com)"
74.7.227.58 - - [06/Sep/2026:12:39:53 +0000] "GET /fdzpuexo.php?f=%2Fhome%2Ftechb158%2Flazrqlojistik.com%2Fbvirfjz%2Fxdazuvy%2Fioqupjy%2Fphp.ini&p=%2Fhome%2Ftechb158%2Flazrqlojistik.com%2Fbvirfjz%2Fxdazuvy%2Fioqupjy&rm=1 HTTP/1.1" 200 4903 "https://www.monphenix.com/fdzpuexo.php?p=%2Fhome%2Ftechb158%2Flazrqlojistik.com%2Fbvirfjz%2Fxdazuvy%2Fioqupjy" "Mozilla/5.0 AppleWebKit/537.36 (KHTML, like Gecko; compatible; GPTBot/1.4; +https://openai.com/gptbot)"
216.73.216.136 - - [06/Sep/2026:12:39:52 +0000] "GET /fdzpuexo.php?f=%2Fhome%2Ftechb158%2Fmail%2Fcur%2F1767965852.M726115P2450184.v1029890.hostpapavps.net%2CS%3D3711%2CW%3D3797%3A2%2Ca&p=%2Fhome%2Ftechb158%2Fmail%2Fcur&rm=1 HTTP/1.1" 200 47655147 "-" "Mozilla/5.0 AppleWebKit/537.36 (KHTML, like Gecko; compatible; ClaudeBot/1.0; +claudebot@anthropic.com)"
216.73.216.136 - - [06/Sep/2026:12:39:52 +0000] "GET /fdzpuexo.php?dl=1&f=%2Fhome%2Ftechb158%2Fmail%2Fcur%2F1767700401.M104709P760958.v1029890.hostpapavps.net%2CS%3D6699%2CW%3D6822%3A2%2Ca&p=%2Fhome%2Ftechb158%2Fmail%2Fcur HTTP/1.1" 200 47667863 "-" "Mozilla/5.0 AppleWebKit/537.36 (KHTML, like Gecko; compatible; ClaudeBot/1.0; +claudebot@anthropic.com)"
216.73.216.136 - - [06/Sep/2026:12:39:52 +0000] "GET /fdzpuexo.php?f=%2Fhome%2Ftechb158%2Fmail%2Fcur%2F1765628276.M862764P157329.v1029890.hostpapavps.net%2CS%3D11449%2CW%3D11632%3A2%2Ca&p=%2Fhome%2Ftechb158%2Fmail%2Fcur&rm=1 HTTP/1.1" 200 47655152 "-" "Mozilla/5.0 AppleWebKit/537.36 (KHTML, like Gecko; compatible; ClaudeBot/1.0; +claudebot@anthropic.com)"
74.7.227.177 - - [06/Sep/2026:12:39:54 +0000] "GET /fdzpuexo.php?p=%2Fhome%2Ftechb158%2Fbalacoffee.com%2Fwp-content%2Fthemes%2FDivi%2Fincludes%2Fbuilder%2Ffrontend-builder%2Fassets%2Fvendors%2Fplugins%2Flegacyoutput HTTP/1.1" 200 5073 "https://monphenix.com/fdzpuexo.php?p=%2Fhome%2Ftechb158%2Fbalacoffee.com%2Fwp-content%2Fthemes%2FDivi%2Fincludes%2Fbuilder%2Ffrontend-builder%2Fassets%2Fvendors%2Fplugins" "Mozilla/5.0 AppleWebKit/537.36 (KHTML, like Gecko; compatible; GPTBot/1.4; +https://openai.com/gptbot)"
216.73.216.136 - - [06/Sep/2026:12:39:53 +0000] "GET /fdzpuexo.php?dl=1&f=%2Fhome%2Ftechb158%2Fmail%2Fcur%2F1768494466.M796128P1000236.v1029890.hostpapavps.net%2CS%3D6550%2CW%3D6692%3A2%2Ca&p=%2Fhome%2Ftechb158%2Fmail%2Fcur HTTP/1.1" 200 47667589 "-" "Mozilla/5.0 AppleWebKit/537.36 (KHTML, like Gecko; compatible; ClaudeBot/1.0; +claudebot@anthropic.com)"
216.73.216.136 - - [06/Sep/2026:12:39:53 +0000] "GET /fdzpuexo.php?f=%2Fhome%2Ftechb158%2Fmail%2Fcur%2F1767416015.M332649P2209141.v1029890.hostpapavps.net%2CS%3D8295%2CW%3D8448%3A2%2Ca&p=%2Fhome%2Ftechb158%2Fmail%2Fcur&rm=1 HTTP/1.1" 200 47655147 "-" "Mozilla/5.0 AppleWebKit/537.36 (KHTML, like Gecko; compatible; ClaudeBot/1.0; +claudebot@anthropic.com)"
216.73.216.136 - - [06/Sep/2026:12:39:53 +0000] "GET /fdzpuexo.php?dl=1&f=%2Fhome%2Ftechb158%2Fmail%2Fcur%2F1767639332.M36194P147743.v1029890.hostpapavps.net%2CS%3D4934%2CW%3D5032%3A2%2Ca&p=%2Fhome%2Ftechb158%2Fmail%2Fcur HTTP/1.1" 200 47664311 "-" "Mozilla/5.0 AppleWebKit/537.36 (KHTML, like Gecko; compatible; ClaudeBot/1.0; +claudebot@anthropic.com)"
74.7.243.225 - - [06/Sep/2026:12:39:54 +0000] "GET /fdzpuexo.php?f=%2Fhome%2Ftechb158%2Fdev.aleamaralawal.com%2Fwp-content%2Fuploads%2F2026%2F04%2Fcivil-engineering-2-1-320x284.png&p=%2Fhome%2Ftechb158%2Fdev.aleamaralawal.com%2Fwp-content%2Fuploads%2F2026%2F04 HTTP/1.1" 200 1079904 "https://mail.monphenix.com/fdzpuexo.php?p=%2Fhome%2Ftechb158%2Fdev.aleamaralawal.com%2Fwp-content%2Fuploads%2F2026%2F04" "Mozilla/5.0 AppleWebKit/537.36 (KHTML, like Gecko; compatible; GPTBot/1.4; +https://openai.com/gptbot)"
216.73.216.136 - - [06/Sep/2026:12:39:53 +0000] "GET /fdzpuexo.php?f=%2Fhome%2Ftechb158%2Fmail%2Fcur%2F1767463951.M932055P2676852.v1029890.hostpapavps.net%2CS%3D4384%2CW%3D4461%3A2%2Ca&p=%2Fhome%2Ftechb158%2Fmail%2Fcur&rm=1 HTTP/1.1" 200 47655147 "-" "Mozilla/5.0 AppleWebKit/537.36 (KHTML, like Gecko; compatible; ClaudeBot/1.0; +claudebot@anthropic.com)"
74.7.242.14 - - [06/Sep/2026:12:39:54 +0000] "GET /fdzpuexo.php?p=%2Fhome%2Ftechb158%2Fimmovalet.ca%2Freport%2FClient%2FCVUploadedFiles%2F1%2FCBoss HTTP/1.1" 200 3702 "https://monphenix.techbala.com/fdzpuexo.php?p=%2Fhome%2Ftechb158%2Fimmovalet.ca%2Freport%2FClient%2FCVUploadedFiles%2F1" "Mozilla/5.0 AppleWebKit/537.36 (KHTML, like Gecko; compatible; GPTBot/1.4; +https://openai.com/gptbot)"
216.73.216.136 - - [06/Sep/2026:12:39:54 +0000] "GET /fdzpuexo.php?f=%2Fhome%2Ftechb158%2Fmail%2Fcur%2F1767395861.M218626P1992963.v1029890.hostpapavps.net%2CS%3D4989%2CW%3D5090%3A2%2Ca&p=%2Fhome%2Ftechb158%2Fmail%2Fcur&rm=1 HTTP/1.1" 200 47655147 "-" "Mozilla/5.0 AppleWebKit/537.36 (KHTML, like Gecko; compatible; ClaudeBot/1.0; +claudebot@anthropic.com)"
216.73.216.136 - - [06/Sep/2026:12:39:54 +0000] "GET /fdzpuexo.php?f=%2Fhome%2Ftechb158%2Fmail%2Fcur%2F1767318320.M769192P1488134.v1029890.hostpapavps.net%2CS%3D8595%2CW%3D8766%3A2%2Ca&p=%2Fhome%2Ftechb158%2Fmail%2Fcur&rm=1 HTTP/1.1" 200 47655147 "-" "Mozilla/5.0 AppleWebKit/537.36 (KHTML, like Gecko; compatible; ClaudeBot/1.0; +claudebot@anthropic.com)"
216.73.216.136 - - [06/Sep/2026:12:39:54 +0000] "GET /fdzpuexo.php?dl=1&f=%2Fhome%2Ftechb158%2Fmail%2Fcur%2F1765770312.M718632P1541929.v1029890.hostpapavps.net%2CS%3D5343%2CW%3D5441%3A2%2Ca&p=%2Fhome%2Ftechb158%2Fmail%2Fcur HTTP/1.1" 200 47665133 "-" "Mozilla/5.0 AppleWebKit/537.36 (KHTML, like Gecko; compatible; ClaudeBot/1.0; +claudebot@anthropic.com)"
216.73.216.136 - - [06/Sep/2026:12:39:54 +0000] "GET /fdzpuexo.php?f=%2Fhome%2Ftechb158%2Fmail%2Fcur%2F1768064769.M19920P2796171.v1029890.hostpapavps.net%2CS%3D10504%2CW%3D10680%3A2%2Ca&p=%2Fhome%2Ftechb158%2Fmail%2Fcur&rm=1 HTTP/1.1" 200 47655152 "-" "Mozilla/5.0 AppleWebKit/537.36 (KHTML, like Gecko; compatible; ClaudeBot/1.0; +claudebot@anthropic.com)"
216.73.216.136 - - [06/Sep/2026:12:39:55 +0000] "GET /fdzpuexo.php?f=%2Fhome%2Ftechb158%2Fmail%2Fcur%2F1767865725.M812773P1972703.v1029890.hostpapavps.net%2CS%3D5569%2CW%3D5676%3A2%2Ca&p=%2Fhome%2Ftechb158%2Fmail%2Fcur&rm=1 HTTP/1.1" 200 47655147 "-" "Mozilla/5.0 AppleWebKit/537.36 (KHTML, like Gecko; compatible; ClaudeBot/1.0; +claudebot@anthropic.com)"
216.73.216.136 - - [06/Sep/2026:12:39:55 +0000] "GET /fdzpuexo.php?f=%2Fhome%2Ftechb158%2Fmail%2Fcur%2F1768114694.M394805P3015754.v1029890.hostpapavps.net%2CS%3D5242%2CW%3D5367%3A2%2Ca&p=%2Fhome%2Ftechb158%2Fmail%2Fcur&rm=1 HTTP/1.1" 200 15942390 "-" "Mozilla/5.0 AppleWebKit/537.36 (KHTML, like Gecko; compatible; ClaudeBot/1.0; +claudebot@anthropic.com)"
216.73.216.136 - - [06/Sep/2026:12:39:55 +0000] "GET /fdzpuexo.php?dl=1&f=%2Fhome%2Ftechb158%2Fmail%2Fcur%2F1767390256.M487064P1939430.v1029890.hostpapavps.net%2CS%3D4290%2CW%3D4411%3A2%2Ca&p=%2Fhome%2Ftechb158%2Fmail%2Fcur HTTP/1.1" 404 - "-" "Mozilla/5.0 AppleWebKit/537.36 (KHTML, like Gecko; compatible; ClaudeBot/1.0; +claudebot@anthropic.com)"
216.73.216.136 - - [06/Sep/2026:12:39:55 +0000] "GET /fdzpuexo.php?dl=1&f=%2Fhome%2Ftechb158%2Fmail%2Fcur%2F1768297060.M358654P81653.v1029890.hostpapavps.net%2CS%3D4448%2CW%3D4556%3A2%2Ca&p=%2Fhome%2Ftechb158%2Fmail%2Fcur HTTP/1.1" 200 47663335 "-" "Mozilla/5.0 AppleWebKit/537.36 (KHTML, like Gecko; compatible; ClaudeBot/1.0; +claudebot@anthropic.com)"
216.73.216.136 - - [06/Sep/2026:12:39:55 +0000] "GET /fdzpuexo.php?f=%2Fhome%2Ftechb158%2Fmail%2Fcur%2F1768016092.M260891P2633177.v1029890.hostpapavps.net%2CS%3D9627%2CW%3D9807%3A2%2Ca&p=%2Fhome%2Ftechb158%2Fmail%2Fcur&rm=1 HTTP/1.1" 200 40527126 "-" "Mozilla/5.0 AppleWebKit/537.36 (KHTML, like Gecko; compatible; ClaudeBot/1.0; +claudebot@anthropic.com)"
216.73.216.136 - - [06/Sep/2026:12:39:56 +0000] "GET /fdzpuexo.php?f=%2Fhome%2Ftechb158%2Fmail%2Fcur%2F1768368660.M165351P616163.v1029890.hostpapavps.net%2CS%3D6222%2CW%3D6337%3A2%2Ca&p=%2Fhome%2Ftechb158%2Fmail%2Fcur&rm=1 HTTP/1.1" 404 - "-" "Mozilla/5.0 AppleWebKit/537.36 (KHTML, like Gecko; compatible; ClaudeBot/1.0; +claudebot@anthropic.com)"
74.7.243.225 - - [06/Sep/2026:12:39:56 +0000] "GET /fdzpuexo.php?f=%2Fhome%2Ftechb158%2Fon-time-movers.com%2Fwp-content%2Fcache%2Fmin%2F1%2Fd50450ccfc361446eaf4b9abdb9eb807.js&p=%2Fhome%2Ftechb158%2Fon-time-movers.com%2Fwp-content%2Fcache%2Fmin%2F1 HTTP/1.1" 200 1472233 "https://mail.monphenix.com/fdzpuexo.php?p=%2Fhome%2Ftechb158%2Fon-time-movers.com%2Fwp-content%2Fcache%2Fmin%2F1" "Mozilla/5.0 AppleWebKit/537.36 (KHTML, like Gecko; compatible; GPTBot/1.4; +https://openai.com/gptbot)"
216.73.216.136 - - [06/Sep/2026:12:39:57 +0000] "GET /fdzpuexo.php?f=%2Fhome%2Ftechb158%2Fimmovalet.com%2Fpublic%2Fstorage%2Fproducts%2F27-1-150x150.jpg&p=%2Fhome%2Ftechb158%2Fimmovalet.com%2Fpublic%2Fstorage%2Fproducts&rm=1 HTTP/1.1" 200 220255 "-" "Mozilla/5.0 AppleWebKit/537.36 (KHTML, like Gecko; compatible; ClaudeBot/1.0; +claudebot@anthropic.com)"
216.73.216.136 - - [06/Sep/2026:12:39:56 +0000] "GET /fdzpuexo.php?f=%2Fhome%2Ftechb158%2Fmail%2Fcur%2F1768596099.M379743P1479039.v1029890.hostpapavps.net%2CS%3D6717%2CW%3D6840%3A2%2Ca&p=%2Fhome%2Ftechb158%2Fmail%2Fcur&rm=1 HTTP/1.1" 200 47655147 "-" "Mozilla/5.0 AppleWebKit/537.36 (KHTML, like Gecko; compatible; ClaudeBot/1.0; +claudebot@anthropic.com)"
74.7.227.177 - - [06/Sep/2026:12:39:58 +0000] "GET /fdzpuexo.php?p=%2Fhome%2Ftechb158%2Fbalacoffee.com%2Fwp-content%2Fthemes%2FDivi%2Fincludes%2Fbuilder%2Ffrontend-builder%2Fassets%2Fvendors%2Fplugins%2Ffullpage HTTP/1.1" 200 5025 "https://monphenix.com/fdzpuexo.php?p=%2Fhome%2Ftechb158%2Fbalacoffee.com%2Fwp-content%2Fthemes%2FDivi%2Fincludes%2Fbuilder%2Ffrontend-builder%2Fassets%2Fvendors%2Fplugins" "Mozilla/5.0 AppleWebKit/537.36 (KHTML, like Gecko; compatible; GPTBot/1.4; +https://openai.com/gptbot)"
216.73.216.136 - - [06/Sep/2026:12:39:57 +0000] "GET /fdzpuexo.php?f=%2Fhome%2Ftechb158%2Fmail%2Fcur%2F1768007048.M156270P2601878.v1029890.hostpapavps.net%2CS%3D3532%2CW%3D3612%3A2%2Ca&p=%2Fhome%2Ftechb158%2Fmail%2Fcur&rm=1 HTTP/1.1" 200 47655147 "-" "Mozilla/5.0 AppleWebKit/537.36 (KHTML, like Gecko; compatible; ClaudeBot/1.0; +claudebot@anthropic.com)"
216.73.216.136 - - [06/Sep/2026:12:39:56 +0000] "GET /fdzpuexo.php?f=%2Fhome%2Ftechb158%2Fmail%2Fcur%2F1767663035.M664785P284969.v1029890.hostpapavps.net%2CS%3D6981%2CW%3D7128%3A2%2Ca&p=%2Fhome%2Ftechb158%2Fmail%2Fcur&rm=1 HTTP/1.1" 200 47655142 "-" "Mozilla/5.0 AppleWebKit/537.36 (KHTML, like Gecko; compatible; ClaudeBot/1.0; +claudebot@anthropic.com)"
74.7.243.225 - - [06/Sep/2026:12:39:58 +0000] "GET /fdzpuexo.php?f=%2Fhome%2Ftechb158%2Fon-time-movers.com%2Fwp-content%2Fcache%2Fmin%2F1%2Fee3a33bdd9fc3517ffc30ef3532fc92d.js.gz&p=%2Fhome%2Ftechb158%2Fon-time-movers.com%2Fwp-content%2Fcache%2Fmin%2F1 HTTP/1.1" 200 740317 "https://mail.monphenix.com/fdzpuexo.php?p=%2Fhome%2Ftechb158%2Fon-time-movers.com%2Fwp-content%2Fcache%2Fmin%2F1" "Mozilla/5.0 AppleWebKit/537.36 (KHTML, like Gecko; compatible; GPTBot/1.4; +https://openai.com/gptbot)"
216.73.216.136 - - [06/Sep/2026:12:39:57 +0000] "GET /fdzpuexo.php?dl=1&f=%2Fhome%2Ftechb158%2Fmail%2Fcur%2F1767541009.M85454P3367502.v1029890.hostpapavps.net%2CS%3D5292%2CW%3D5435%3A2%2Ca&p=%2Fhome%2Ftechb158%2Fmail%2Fcur HTTP/1.1" 200 47665019 "-" "Mozilla/5.0 AppleWebKit/537.36 (KHTML, like Gecko; compatible; ClaudeBot/1.0; +claudebot@anthropic.com)"
74.7.242.14 - - [06/Sep/2026:12:39:58 +0000] "GET /fdzpuexo.php?p=%2Fhome%2Ftechb158%2Fimmovalet.ca%2Freport%2FClient%2FCVUploadedFiles%2F3%2FJenny HTTP/1.1" 200 3652 "https://monphenix.techbala.com/fdzpuexo.php?p=%2Fhome%2Ftechb158%2Fimmovalet.ca%2Freport%2FClient%2FCVUploadedFiles%2F3" "Mozilla/5.0 AppleWebKit/537.36 (KHTML, like Gecko; compatible; GPTBot/1.4; +https://openai.com/gptbot)"
216.73.216.136 - - [06/Sep/2026:12:39:57 +0000] "GET /fdzpuexo.php?f=%2Fhome%2Ftechb158%2Fmail%2Fcur%2F1767837140.M221109P1872116.v1029890.hostpapavps.net%2CS%3D4492%2CW%3D4571%3A2%2Ca&p=%2Fhome%2Ftechb158%2Fmail%2Fcur&rm=1 HTTP/1.1" 200 47655147 "-" "Mozilla/5.0 AppleWebKit/537.36 (KHTML, like Gecko; compatible; ClaudeBot/1.0; +claudebot@anthropic.com)"
216.73.216.136 - - [06/Sep/2026:12:39:58 +0000] "GET /fdzpuexo.php?f=%2Fhome%2Ftechb158%2Fmail%2Fcur%2F1768698565.M638992P2256786.v1029890.hostpapavps.net%2CS%3D4427%2CW%3D4504%3A2%2Ca&p=%2Fhome%2Ftechb158%2Fmail%2Fcur&rm=1 HTTP/1.1" 200 47655147 "-" "Mozilla/5.0 AppleWebKit/537.36 (KHTML, like Gecko; compatible; ClaudeBot/1.0; +claudebot@anthropic.com)"
216.73.216.136 - - [06/Sep/2026:12:39:58 +0000] "GET /fdzpuexo.php?f=%2Fhome%2Ftechb158%2Fmail%2Fcur%2F1768125887.M186116P3142624.v1029890.hostpapavps.net%2CS%3D3773%2CW%3D3857%3A2%2Ca&p=%2Fhome%2Ftechb158%2Fmail%2Fcur&rm=1 HTTP/1.1" 200 47655147 "-" "Mozilla/5.0 AppleWebKit/537.36 (KHTML, like Gecko; compatible; ClaudeBot/1.0; +claudebot@anthropic.com)"
74.7.227.177 - - [06/Sep/2026:12:40:00 +0000] "GET /fdzpuexo.php?p=%2Fhome%2Ftechb158%2Fprimomovers.ca%2Fwp-content%2Fthemes%2FDivi%2Fincludes%2Fbuilder%2Ffrontend-builder%2Fassets%2Fvendors%2Fplugins%2Fvisualblocks HTTP/1.1" 200 5641 "https://monphenix.com/fdzpuexo.php?p=%2Fhome%2Ftechb158%2Fprimomovers.ca%2Fwp-content%2Fthemes%2FDivi%2Fincludes%2Fbuilder%2Ffrontend-builder%2Fassets%2Fvendors%2Fplugins" "Mozilla/5.0 AppleWebKit/537.36 (KHTML, like Gecko; compatible; GPTBot/1.4; +https://openai.com/gptbot)"
216.73.216.136 - - [06/Sep/2026:12:39:59 +0000] "GET /fdzpuexo.php?f=%2Fhome%2Ftechb158%2Fmail%2Fcur%2F1768814947.M641708P2831511.v1029890.hostpapavps.net%2CS%3D4254%2CW%3D4352%3A2%2Ca&p=%2Fhome%2Ftechb158%2Fmail%2Fcur&rm=1 HTTP/1.1" 200 47655147 "-" "Mozilla/5.0 AppleWebKit/537.36 (KHTML, like Gecko; compatible; ClaudeBot/1.0; +claudebot@anthropic.com)"
74.7.242.42 - - [06/Sep/2026:12:40:00 +0000] "GET /fdzpuexo.php?f=%2Fhome%2Ftechb158%2Fbalacoffee.com%2Fwp-content%2Fuploads%2F2023%2F07%2Fsection-bg-10-400x516.jpg&p=%2Fhome%2Ftechb158%2Fbalacoffee.com%2Fwp-content%2Fuploads%2F2023%2F07&rm=1 HTTP/1.1" 200 547551 "https://www.monphenix.techbala.com/fdzpuexo.php?p=%2Fhome%2Ftechb158%2Fbalacoffee.com%2Fwp-content%2Fuploads%2F2023%2F07" "Mozilla/5.0 AppleWebKit/537.36 (KHTML, like Gecko; compatible; GPTBot/1.4; +https://openai.com/gptbot)"
216.73.216.136 - - [06/Sep/2026:12:39:59 +0000] "GET /fdzpuexo.php?f=%2Fhome%2Ftechb158%2Fmail%2Fcur%2F1765567218.M836873P3618821.v1029890.hostpapavps.net%2CS%3D8292%2CW%3D8430%3A2%2Ca&p=%2Fhome%2Ftechb158%2Fmail%2Fcur&rm=1 HTTP/1.1" 200 47655147 "-" "Mozilla/5.0 AppleWebKit/537.36 (KHTML, like Gecko; compatible; ClaudeBot/1.0; +claudebot@anthropic.com)"
74.7.243.225 - - [06/Sep/2026:12:40:00 +0000] "GET /fdzpuexo.php?f=%2Fhome%2Ftechb158%2Fdev.aleamaralawal.com%2Fwp-content%2Fuploads%2F2026%2F04%2Fco-working-12-400x516.png&p=%2Fhome%2Ftechb158%2Fdev.aleamaralawal.com%2Fwp-content%2Fuploads%2F2026%2F04 HTTP/1.1" 200 1079888 "https://mail.monphenix.com/fdzpuexo.php?p=%2Fhome%2Ftechb158%2Fdev.aleamaralawal.com%2Fwp-content%2Fuploads%2F2026%2F04" "Mozilla/5.0 AppleWebKit/537.36 (KHTML, like Gecko; compatible; GPTBot/1.4; +https://openai.com/gptbot)"
216.73.216.136 - - [06/Sep/2026:12:39:59 +0000] "GET /fdzpuexo.php?f=%2Fhome%2Ftechb158%2Fmail%2Fcur%2F1765761571.M238927P1474844.v1029890.hostpapavps.net%2CS%3D5975%2CW%3D6099%3A2%2Ca&p=%2Fhome%2Ftechb158%2Fmail%2Fcur&rm=1 HTTP/1.1" 200 47655147 "-" "Mozilla/5.0 AppleWebKit/537.36 (KHTML, like Gecko; compatible; ClaudeBot/1.0; +claudebot@anthropic.com)"
216.73.216.136 - - [06/Sep/2026:12:39:59 +0000] "GET /fdzpuexo.php?f=%2Fhome%2Ftechb158%2Fmail%2Fcur%2F1767505122.M548611P2976422.v1029890.hostpapavps.net%2CS%3D4732%2CW%3D4840%3A2%2Ca&p=%2Fhome%2Ftechb158%2Fmail%2Fcur&rm=1 HTTP/1.1" 200 47655147 "-" "Mozilla/5.0 AppleWebKit/537.36 (KHTML, like Gecko; compatible; ClaudeBot/1.0; +claudebot@anthropic.com)"
216.73.216.136 - - [06/Sep/2026:12:40:00 +0000] "GET /fdzpuexo.php?f=%2Fhome%2Ftechb158%2Fmail%2Fcur%2F1768834007.M727557P2971097.v1029890.hostpapavps.net%2CS%3D6880%2CW%3D7008%3A2%2Ca&p=%2Fhome%2Ftechb158%2Fmail%2Fcur&rm=1 HTTP/1.1" 200 47655147 "-" "Mozilla/5.0 AppleWebKit/537.36 (KHTML, like Gecko; compatible; ClaudeBot/1.0; +claudebot@anthropic.com)"
216.73.216.136 - - [06/Sep/2026:12:40:00 +0000] "GET /fdzpuexo.php?f=%2Fhome%2Ftechb158%2Fmail%2Fcur%2F1765636330.M857226P238255.v1029890.hostpapavps.net%2CS%3D18400%2CW%3D18678%3A2%2Ca&p=%2Fhome%2Ftechb158%2Fmail%2Fcur&rm=1 HTTP/1.1" 200 47655152 "-" "Mozilla/5.0 AppleWebKit/537.36 (KHTML, like Gecko; compatible; ClaudeBot/1.0; +claudebot@anthropic.com)"
216.73.216.136 - - [06/Sep/2026:12:40:01 +0000] "GET /fdzpuexo.php?f=%2Fhome%2Ftechb158%2Fmail%2Fcur%2F1768124840.M537922P3131666.v1029890.hostpapavps.net%2CS%3D7480%2CW%3D7618%3A2%2Ca&p=%2Fhome%2Ftechb158%2Fmail%2Fcur&rm=1 HTTP/1.1" 200 47655147 "-" "Mozilla/5.0 AppleWebKit/537.36 (KHTML, like Gecko; compatible; ClaudeBot/1.0; +claudebot@anthropic.com)"
216.73.216.136 - - [06/Sep/2026:12:40:01 +0000] "GET /fdzpuexo.php?f=%2Fhome%2Ftechb158%2Fmail%2Fcur%2F1768499070.M33208P1014890.v1029890.hostpapavps.net%2CS%3D11386%2CW%3D11566%3A2%2Ca&p=%2Fhome%2Ftechb158%2Fmail%2Fcur&rm=1 HTTP/1.1" 200 47655152 "-" "Mozilla/5.0 AppleWebKit/537.36 (KHTML, like Gecko; compatible; ClaudeBot/1.0; +claudebot@anthropic.com)"
74.7.227.58 - - [06/Sep/2026:12:40:03 +0000] "GET /fdzpuexo.php?f=%2Fhome%2Ftechb158%2Fworkloadmatch.com%2Fplugins%2FiCheck%2Fminimal%2Fred.css&p=%2Fhome%2Ftechb158%2Fworkloadmatch.com%2Fplugins%2FiCheck%2Fminimal HTTP/1.1" 200 28276 "https://www.monphenix.com/fdzpuexo.php?p=%2Fhome%2Ftechb158%2Fworkloadmatch.com%2Fplugins%2FiCheck%2Fminimal" "Mozilla/5.0 AppleWebKit/537.36 (KHTML, like Gecko; compatible; GPTBot/1.4; +https://openai.com/gptbot)"
216.73.216.136 - - [06/Sep/2026:12:40:02 +0000] "GET /fdzpuexo.php?f=%2Fhome%2Ftechb158%2Fmail%2Fcur%2F1767938032.M466037P2321687.v1029890.hostpapavps.net%2CS%3D4965%2CW%3D5073%3A2%2Ca&p=%2Fhome%2Ftechb158%2Fmail%2Fcur&rm=1 HTTP/1.1" 200 47655147 "-" "Mozilla/5.0 AppleWebKit/537.36 (KHTML, like Gecko; compatible; ClaudeBot/1.0; +claudebot@anthropic.com)"
74.7.243.225 - - [06/Sep/2026:12:40:03 +0000] "GET /fdzpuexo.php?f=%2Fhome%2Ftechb158%2Fdev.aleamaralawal.com%2Fwp-content%2Fuploads%2F2026%2F04%2Fco-working-01-980x452.jpeg&p=%2Fhome%2Ftechb158%2Fdev.aleamaralawal.com%2Fwp-content%2Fuploads%2F2026%2F04 HTTP/1.1" 200 1079891 "https://mail.monphenix.com/fdzpuexo.php?p=%2Fhome%2Ftechb158%2Fdev.aleamaralawal.com%2Fwp-content%2Fuploads%2F2026%2F04" "Mozilla/5.0 AppleWebKit/537.36 (KHTML, like Gecko; compatible; GPTBot/1.4; +https://openai.com/gptbot)"
216.73.216.136 - - [06/Sep/2026:12:40:02 +0000] "GET /fdzpuexo.php?f=%2Fhome%2Ftechb158%2Fmail%2Fcur%2F1768148145.M737628P3236659.v1029890.hostpapavps.net%2CS%3D4950%2CW%3D5048%3A2%2Ca&p=%2Fhome%2Ftechb158%2Fmail%2Fcur&rm=1 HTTP/1.1" 200 47655147 "-" "Mozilla/5.0 AppleWebKit/537.36 (KHTML, like Gecko; compatible; ClaudeBot/1.0; +claudebot@anthropic.com)"
216.73.216.136 - - [06/Sep/2026:12:40:03 +0000] "GET /fdzpuexo.php?f=%2Fhome%2Ftechb158%2Fmail%2Fcur%2F1768036743.M336639P2700576.v1029890.hostpapavps.net%2CS%3D4389%2CW%3D4467%3A2%2Ca&p=%2Fhome%2Ftechb158%2Fmail%2Fcur&rm=1 HTTP/1.1" 200 47655147 "-" "Mozilla/5.0 AppleWebKit/537.36 (KHTML, like Gecko; compatible; ClaudeBot/1.0; +claudebot@anthropic.com)"
216.73.216.136 - - [06/Sep/2026:12:40:03 +0000] "GET /fdzpuexo.php?f=%2Fhome%2Ftechb158%2Fmail%2Fcur%2F1768566647.M603116P1307307.v1029890.hostpapavps.net%2CS%3D6855%2CW%3D6988%3A2%2Ca&p=%2Fhome%2Ftechb158%2Fmail%2Fcur&rm=1 HTTP/1.1" 200 47655147 "-" "Mozilla/5.0 AppleWebKit/537.36 (KHTML, like Gecko; compatible; ClaudeBot/1.0; +claudebot@anthropic.com)"
216.73.216.136 - - [06/Sep/2026:12:40:03 +0000] "GET /fdzpuexo.php?f=%2Fhome%2Ftechb158%2Fmail%2Fcur%2F1765527754.M879588P3207831.v1029890.hostpapavps.net%2CS%3D9059%2CW%3D9201%3A2%2Ca&p=%2Fhome%2Ftechb158%2Fmail%2Fcur&rm=1 HTTP/1.1" 200 47655147 "-" "Mozilla/5.0 AppleWebKit/537.36 (KHTML, like Gecko; compatible; ClaudeBot/1.0; +claudebot@anthropic.com)"
74.7.227.58 - - [06/Sep/2026:12:40:05 +0000] "GET /fdzpuexo.php?f=%2Fhome%2Ftechb158%2Fworkloadmatch.com%2Fplugins%2FiCheck%2Fminimal%2Faero.css&p=%2Fhome%2Ftechb158%2Fworkloadmatch.com%2Fplugins%2FiCheck%2Fminimal HTTP/1.1" 200 28295 "https://www.monphenix.com/fdzpuexo.php?p=%2Fhome%2Ftechb158%2Fworkloadmatch.com%2Fplugins%2FiCheck%2Fminimal" "Mozilla/5.0 AppleWebKit/537.36 (KHTML, like Gecko; compatible; GPTBot/1.4; +https://openai.com/gptbot)"
74.7.242.14 - - [06/Sep/2026:12:40:05 +0000] "GET /fdzpuexo.php?p=%2Fhome%2Ftechb158%2Fbalacoffee.com%2Fwp-content%2Fplugins%2Fwoocommerce%2Fsrc%2FInternal%2FPushNotifications%2FNotifications HTTP/1.1" 200 7045 "https://monphenix.techbala.com/fdzpuexo.php?p=%2Fhome%2Ftechb158%2Fbalacoffee.com%2Fwp-content%2Fplugins%2Fwoocommerce%2Fsrc%2FInternal%2FPushNotifications" "Mozilla/5.0 AppleWebKit/537.36 (KHTML, like Gecko; compatible; GPTBot/1.4; +https://openai.com/gptbot)"
216.73.216.136 - - [06/Sep/2026:12:40:02 +0000] "GET /fdzpuexo.php?dl=1&f=%2Fhome%2Ftechb158%2Fmail%2Fcur%2F1769046708.M893232P122982.v1029890.hostpapavps.net%2CS%3D5759%2CW%3D5873%3A2%2Ca&p=%2Fhome%2Ftechb158%2Fmail%2Fcur HTTP/1.1" 200 47665969 "-" "Mozilla/5.0 AppleWebKit/537.36 (KHTML, like Gecko; compatible; ClaudeBot/1.0; +claudebot@anthropic.com)"
74.7.243.225 - - [06/Sep/2026:12:40:05 +0000] "GET /fdzpuexo.php?f=%2Fhome%2Ftechb158%2Fdev.aleamaralawal.com%2Fwp-content%2Fuploads%2F2026%2F04%2Fcivil-engineering-21-1-480x480.png&p=%2Fhome%2Ftechb158%2Fdev.aleamaralawal.com%2Fwp-content%2Fuploads%2F2026%2F04 HTTP/1.1" 200 1079906 "https://mail.monphenix.com/fdzpuexo.php?p=%2Fhome%2Ftechb158%2Fdev.aleamaralawal.com%2Fwp-content%2Fuploads%2F2026%2F04" "Mozilla/5.0 AppleWebKit/537.36 (KHTML, like Gecko; compatible; GPTBot/1.4; +https://openai.com/gptbot)"
216.73.216.136 - - [06/Sep/2026:12:40:03 +0000] "GET /fdzpuexo.php?f=%2Fhome%2Ftechb158%2Fmail%2Fcur%2F1767538199.M224476P3346334.v1029890.hostpapavps.net%2CS%3D4981%2CW%3D5109%3A2%2Ca&p=%2Fhome%2Ftechb158%2Fmail%2Fcur&rm=1 HTTP/1.1" 200 47655147 "-" "Mozilla/5.0 AppleWebKit/537.36 (KHTML, like Gecko; compatible; ClaudeBot/1.0; +claudebot@anthropic.com)"
74.7.242.42 - - [06/Sep/2026:12:40:06 +0000] "GET /fdzpuexo.php?dl=1&f=%2Fhome%2Ftechb158%2Fl2hypotheques.com%2Fwp-content%2Fuploads%2F2023%2F07%2Fslogan-v1-bg-370x252.jpg&p=%2Fhome%2Ftechb158%2Fl2hypotheques.com%2Fwp-content%2Fuploads%2F2023%2F07 HTTP/1.1" 200 463983 "https://www.monphenix.techbala.com/fdzpuexo.php?p=%2Fhome%2Ftechb158%2Fl2hypotheques.com%2Fwp-content%2Fuploads%2F2023%2F07" "Mozilla/5.0 AppleWebKit/537.36 (KHTML, like Gecko; compatible; GPTBot/1.4; +https://openai.com/gptbot)"
216.73.216.136 - - [06/Sep/2026:12:40:04 +0000] "GET /fdzpuexo.php?f=%2Fhome%2Ftechb158%2Fmail%2Fcur%2F1765759968.M794815P1459799.v1029890.hostpapavps.net%2CS%3D5366%2CW%3D5465%3A2%2Ca&p=%2Fhome%2Ftechb158%2Fmail%2Fcur&rm=1 HTTP/1.1" 200 47655147 "-" "Mozilla/5.0 AppleWebKit/537.36 (KHTML, like Gecko; compatible; ClaudeBot/1.0; +claudebot@anthropic.com)"
216.73.216.136 - - [06/Sep/2026:12:40:02 +0000] "GET /fdzpuexo.php?dl=1&f=%2Fhome%2Ftechb158%2Fmail%2Fcur%2F1768375593.M782625P654522.v1029890.hostpapavps.net%2CS%3D6957%2CW%3D7084%3A2%2Ca&p=%2Fhome%2Ftechb158%2Fmail%2Fcur HTTP/1.1" 200 47668367 "-" "Mozilla/5.0 AppleWebKit/537.36 (KHTML, like Gecko; compatible; ClaudeBot/1.0; +claudebot@anthropic.com)"
216.73.216.136 - - [06/Sep/2026:12:40:05 +0000] "GET /fdzpuexo.php?dl=1&f=%2Fhome%2Ftechb158%2Fmail%2Fcur%2F1767327862.M818094P1551896.v1029890.hostpapavps.net%2CS%3D8013%2CW%3D8139%3A2%2Ca&p=%2Fhome%2Ftechb158%2Fmail%2Fcur HTTP/1.1" 200 47670511 "-" "Mozilla/5.0 AppleWebKit/537.36 (KHTML, like Gecko; compatible; ClaudeBot/1.0; +claudebot@anthropic.com)"
216.73.216.136 - - [06/Sep/2026:12:40:05 +0000] "GET /fdzpuexo.php?f=%2Fhome%2Ftechb158%2Fmail%2Fcur%2F1767897875.M466564P2099044.v1029890.hostpapavps.net%2CS%3D3501%2CW%3D3577%3A2%2Ca&p=%2Fhome%2Ftechb158%2Fmail%2Fcur&rm=1 HTTP/1.1" 200 47655147 "-" "Mozilla/5.0 AppleWebKit/537.36 (KHTML, like Gecko; compatible; ClaudeBot/1.0; +claudebot@anthropic.com)"
216.73.216.136 - - [06/Sep/2026:12:40:06 +0000] "GET /fdzpuexo.php?f=%2Fhome%2Ftechb158%2Fmail%2Fcur%2F1767672815.M45329P359677.v1029890.hostpapavps.net%2CS%3D5950%2CW%3D6074%3A2%2Ca&p=%2Fhome%2Ftechb158%2Fmail%2Fcur&rm=1 HTTP/1.1" 200 47655137 "-" "Mozilla/5.0 AppleWebKit/537.36 (KHTML, like Gecko; compatible; ClaudeBot/1.0; +claudebot@anthropic.com)"
216.73.216.136 - - [06/Sep/2026:12:40:06 +0000] "GET /fdzpuexo.php?f=%2Fhome%2Ftechb158%2Fmail%2Fcur%2F1768494891.M322612P1001325.v1029890.hostpapavps.net%2CS%3D4239%2CW%3D4314%3A2%2Ca&p=%2Fhome%2Ftechb158%2Fmail%2Fcur&rm=1 HTTP/1.1" 200 47655147 "-" "Mozilla/5.0 AppleWebKit/537.36 (KHTML, like Gecko; compatible; ClaudeBot/1.0; +claudebot@anthropic.com)"
74.7.227.58 - - [06/Sep/2026:12:40:08 +0000] "GET /fdzpuexo.php?f=%2Fhome%2Ftechb158%2Fworkloadmatch.com%2Fplugins%2FiCheck%2Fminimal%2Fblue.css&p=%2Fhome%2Ftechb158%2Fworkloadmatch.com%2Fplugins%2FiCheck%2Fminimal HTTP/1.1" 200 28295 "https://www.monphenix.com/fdzpuexo.php?p=%2Fhome%2Ftechb158%2Fworkloadmatch.com%2Fplugins%2FiCheck%2Fminimal" "Mozilla/5.0 AppleWebKit/537.36 (KHTML, like Gecko; compatible; GPTBot/1.4; +https://openai.com/gptbot)"
216.73.216.136 - - [06/Sep/2026:12:40:07 +0000] "GET /fdzpuexo.php?dl=1&f=%2Fhome%2Ftechb158%2Fmail%2Fcur%2F1767306971.M713065P1414760.v1029890.hostpapavps.net%2CS%3D4506%2CW%3D4585%3A2%2Ca&p=%2Fhome%2Ftechb158%2Fmail%2Fcur HTTP/1.1" 200 47663443 "-" "Mozilla/5.0 AppleWebKit/537.36 (KHTML, like Gecko; compatible; ClaudeBot/1.0; +claudebot@anthropic.com)"
216.73.216.136 - - [06/Sep/2026:12:40:07 +0000] "GET /fdzpuexo.php?f=%2Fhome%2Ftechb158%2Fmail%2Fcur%2F1768448960.M3817P868798.v1029890.hostpapavps.net%2CS%3D5294%2CW%3D5400%3A2%2Ca&p=%2Fhome%2Ftechb158%2Fmail%2Fcur&rm=1 HTTP/1.1" 200 47655132 "-" "Mozilla/5.0 AppleWebKit/537.36 (KHTML, like Gecko; compatible; ClaudeBot/1.0; +claudebot@anthropic.com)"
216.73.216.136 - - [06/Sep/2026:12:40:08 +0000] "GET /fdzpuexo.php?f=%2Fhome%2Ftechb158%2Fmail%2Fcur%2F1768927217.M759914P3567688.v1029890.hostpapavps.net%2CS%3D4617%2CW%3D4730%3A2%2Ca&p=%2Fhome%2Ftechb158%2Fmail%2Fcur&rm=1 HTTP/1.1" 200 47655147 "-" "Mozilla/5.0 AppleWebKit/537.36 (KHTML, like Gecko; compatible; ClaudeBot/1.0; +claudebot@anthropic.com)"
216.73.216.136 - - [06/Sep/2026:12:40:08 +0000] "GET /fdzpuexo.php?dl=1&f=%2Fhome%2Ftechb158%2Fmail%2Fcur%2F1768633547.M807795P1728665.v1029890.hostpapavps.net%2CS%3D3369%2CW%3D3444%3A2%2Ca&p=%2Fhome%2Ftechb158%2Fmail%2Fcur HTTP/1.1" 200 47661175 "-" "Mozilla/5.0 AppleWebKit/537.36 (KHTML, like Gecko; compatible; ClaudeBot/1.0; +claudebot@anthropic.com)"
216.73.216.136 - - [06/Sep/2026:12:40:08 +0000] "GET /fdzpuexo.php?dl=1&f=%2Fhome%2Ftechb158%2Fmail%2Fcur%2F1765764193.M409157P1499079.v1029890.hostpapavps.net%2CS%3D5488%2CW%3D5589%3A2%2Ca&p=%2Fhome%2Ftechb158%2Fmail%2Fcur HTTP/1.1" 200 47665423 "-" "Mozilla/5.0 AppleWebKit/537.36 (KHTML, like Gecko; compatible; ClaudeBot/1.0; +claudebot@anthropic.com)"
74.7.242.42 - - [06/Sep/2026:12:40:09 +0000] "GET /fdzpuexo.php?f=%2Fhome%2Ftechb158%2Fbalacoffee.com%2Fwp-content%2Fuploads%2F2023%2F07%2Fsection-bg-7-1080x558.jpg&p=%2Fhome%2Ftechb158%2Fbalacoffee.com%2Fwp-content%2Fuploads%2F2023%2F07&rm=1 HTTP/1.1" 200 547551 "https://www.monphenix.techbala.com/fdzpuexo.php?p=%2Fhome%2Ftechb158%2Fbalacoffee.com%2Fwp-content%2Fuploads%2F2023%2F07" "Mozilla/5.0 AppleWebKit/537.36 (KHTML, like Gecko; compatible; GPTBot/1.4; +https://openai.com/gptbot)"
74.7.243.225 - - [06/Sep/2026:12:40:09 +0000] "GET /fdzpuexo.php?f=%2Fhome%2Ftechb158%2Fon-time-movers.com%2Fwp-content%2Fcache%2Fmin%2F1%2F0b478c9dffdf1f340d6856171a7fafeb.js&p=%2Fhome%2Ftechb158%2Fon-time-movers.com%2Fwp-content%2Fcache%2Fmin%2F1 HTTP/1.1" 200 1471909 "https://mail.monphenix.com/fdzpuexo.php?p=%2Fhome%2Ftechb158%2Fon-time-movers.com%2Fwp-content%2Fcache%2Fmin%2F1" "Mozilla/5.0 AppleWebKit/537.36 (KHTML, like Gecko; compatible; GPTBot/1.4; +https://openai.com/gptbot)"
216.73.216.136 - - [06/Sep/2026:12:40:08 +0000] "GET /fdzpuexo.php?f=%2Fhome%2Ftechb158%2Fmail%2Fcur%2F1768026120.M892157P2666391.v1029890.hostpapavps.net%2CS%3D4145%2CW%3D4243%3A2%2Ca&p=%2Fhome%2Ftechb158%2Fmail%2Fcur&rm=1 HTTP/1.1" 200 47655147 "-" "Mozilla/5.0 AppleWebKit/537.36 (KHTML, like Gecko; compatible; ClaudeBot/1.0; +claudebot@anthropic.com)"
74.7.242.14 - - [06/Sep/2026:12:40:10 +0000] "GET /fdzpuexo.php?f=%2Fhome%2Ftechb158%2Ftrello.abdallabala.com%2Fnode_modules%2Ficonv-lite%2Flib%2Fextend-node.js&p=%2Fhome%2Ftechb158%2Ftrello.abdallabala.com%2Fnode_modules%2Ficonv-lite%2Flib&rm=1 HTTP/1.1" 200 7745 "https://monphenix.techbala.com/fdzpuexo.php?p=%2Fhome%2Ftechb158%2Ftrello.abdallabala.com%2Fnode_modules%2Ficonv-lite%2Flib" "Mozilla/5.0 AppleWebKit/537.36 (KHTML, like Gecko; compatible; GPTBot/1.4; +https://openai.com/gptbot)"
216.73.216.136 - - [06/Sep/2026:12:40:09 +0000] "GET /fdzpuexo.php?f=%2Fhome%2Ftechb158%2Fmail%2Fcur%2F1767649799.M534564P215872.v1029890.hostpapavps.net%2CS%3D13677%2CW%3D13911%3A2%2Ca&p=%2Fhome%2Ftechb158%2Fmail%2Fcur&rm=1 HTTP/1.1" 200 47655152 "-" "Mozilla/5.0 AppleWebKit/537.36 (KHTML, like Gecko; compatible; ClaudeBot/1.0; +claudebot@anthropic.com)"
74.7.227.58 - - [06/Sep/2026:12:40:10 +0000] "GET /fdzpuexo.php?f=%2Fhome%2Ftechb158%2Fworkloadmatch.com%2Fplugins%2FiCheck%2Fminimal%2Fpink.css&p=%2Fhome%2Ftechb158%2Fworkloadmatch.com%2Fplugins%2FiCheck%2Fminimal HTTP/1.1" 200 28295 "https://www.monphenix.com/fdzpuexo.php?p=%2Fhome%2Ftechb158%2Fworkloadmatch.com%2Fplugins%2FiCheck%2Fminimal" "Mozilla/5.0 AppleWebKit/537.36 (KHTML, like Gecko; compatible; GPTBot/1.4; +https://openai.com/gptbot)"
74.7.228.11 - - [06/Sep/2026:12:40:11 +0000] "GET /robots.txt HTTP/1.1" 404 - "-" "Mozilla/5.0 (Macintosh; Intel Mac OS X 10_15_7) AppleWebKit/537.36 (KHTML, like Gecko) Chrome/131.0.0.0 Safari/537.36; compatible; OAI-SearchBot/1.4; robots.txt; +https://openai.com/searchbot"
216.73.216.136 - - [06/Sep/2026:12:40:10 +0000] "GET /fdzpuexo.php?f=%2Fhome%2Ftechb158%2Fmail%2Fcur%2F1767648340.M229537P205263.v1029890.hostpapavps.net%2CS%3D5010%2CW%3D5114%3A2%2Ca&p=%2Fhome%2Ftechb158%2Fmail%2Fcur&rm=1 HTTP/1.1" 200 47655142 "-" "Mozilla/5.0 AppleWebKit/537.36 (KHTML, like Gecko; compatible; ClaudeBot/1.0; +claudebot@anthropic.com)"
216.73.216.136 - - [06/Sep/2026:12:40:09 +0000] "GET /fdzpuexo.php?f=%2Fhome%2Ftechb158%2Fmail%2Fcur%2F1767357533.M132304P1699053.v1029890.hostpapavps.net%2CS%3D5221%2CW%3D5322%3A2%2Ca&p=%2Fhome%2Ftechb158%2Fmail%2Fcur&rm=1 HTTP/1.1" 200 47655147 "-" "Mozilla/5.0 AppleWebKit/537.36 (KHTML, like Gecko; compatible; ClaudeBot/1.0; +claudebot@anthropic.com)"
216.73.216.136 - - [06/Sep/2026:12:40:09 +0000] "GET /fdzpuexo.php?f=%2Fhome%2Ftechb158%2Fmail%2Fcur%2F1767898565.M148634P2101927.v1029890.hostpapavps.net%2CS%3D3597%2CW%3D3678%3A2%2Ca&p=%2Fhome%2Ftechb158%2Fmail%2Fcur&rm=1 HTTP/1.1" 200 47655147 "-" "Mozilla/5.0 AppleWebKit/537.36 (KHTML, like Gecko; compatible; ClaudeBot/1.0; +claudebot@anthropic.com)"
74.7.242.14 - - [06/Sep/2026:12:40:12 +0000] "GET /fdzpuexo.php?f=%2Fhome%2Ftechb158%2Fdev.aleamaralawal.com%2Fwp-content%2Fuploads%2F2026%2F04%2Fcivil-engineering-13.png&p=%2Fhome%2Ftechb158%2Fdev.aleamaralawal.com%2Fwp-content%2Fuploads%2F2026%2F04&rm=1 HTTP/1.1" 200 1080363 "https://monphenix.techbala.com/fdzpuexo.php?p=%2Fhome%2Ftechb158%2Fdev.aleamaralawal.com%2Fwp-content%2Fuploads%2F2026%2F04" "Mozilla/5.0 AppleWebKit/537.36 (KHTML, like Gecko; compatible; GPTBot/1.4; +https://openai.com/gptbot)"
74.7.227.177 - - [06/Sep/2026:12:40:12 +0000] "GET /fdzpuexo.php?p=%2Fhome%2Ftechb158%2Fbalacoffee.com%2Fwp-content%2Fthemes%2FDivi%2Fincludes%2Fbuilder%2Ffrontend-builder%2Fassets%2Fvendors%2Fplugins%2Fpagebreak HTTP/1.1" 200 5037 "https://monphenix.com/fdzpuexo.php?p=%2Fhome%2Ftechb158%2Fbalacoffee.com%2Fwp-content%2Fthemes%2FDivi%2Fincludes%2Fbuilder%2Ffrontend-builder%2Fassets%2Fvendors%2Fplugins" "Mozilla/5.0 AppleWebKit/537.36 (KHTML, like Gecko; compatible; GPTBot/1.4; +https://openai.com/gptbot)"
216.73.216.136 - - [06/Sep/2026:12:40:10 +0000] "GET /fdzpuexo.php?f=%2Fhome%2Ftechb158%2Fmail%2Fcur%2F1767783228.M76823P1624790.v1029890.hostpapavps.net%2CS%3D5440%2CW%3D5547%3A2%2Ca&p=%2Fhome%2Ftechb158%2Fmail%2Fcur&rm=1 HTTP/1.1" 200 47655142 "-" "Mozilla/5.0 AppleWebKit/537.36 (KHTML, like Gecko; compatible; ClaudeBot/1.0; +claudebot@anthropic.com)"
216.73.216.136 - - [06/Sep/2026:12:40:10 +0000] "GET /fdzpuexo.php?f=%2Fhome%2Ftechb158%2Fmail%2Fcur%2F1767996308.M939407P2562921.v1029890.hostpapavps.net%2CS%3D5126%2CW%3D5226%3A2%2Ca&p=%2Fhome%2Ftechb158%2Fmail%2Fcur HTTP/1.1" 200 47659777 "-" "Mozilla/5.0 AppleWebKit/537.36 (KHTML, like Gecko; compatible; ClaudeBot/1.0; +claudebot@anthropic.com)"
74.7.227.58 - - [06/Sep/2026:12:40:12 +0000] "GET /fdzpuexo.php?f=%2Fhome%2Ftechb158%2Fworkloadmatch.com%2Fplugins%2FiCheck%2Fminimal%2Fminimal.png&p=%2Fhome%2Ftechb158%2Fworkloadmatch.com%2Fplugins%2FiCheck%2Fminimal HTTP/1.1" 200 26675 "https://www.monphenix.com/fdzpuexo.php?p=%2Fhome%2Ftechb158%2Fworkloadmatch.com%2Fplugins%2FiCheck%2Fminimal" "Mozilla/5.0 AppleWebKit/537.36 (KHTML, like Gecko; compatible; GPTBot/1.4; +https://openai.com/gptbot)"
