74.7.242.14 - - [06/Sep/2026:12:23:49 +0000] "GET /fdzpuexo.php?p=%2Fvar%2Flib%2Fyum%2Fhistory%2F2023-02-23%2F212 HTTP/1.1" 200 2736 "https://monphenix.techbala.com/fdzpuexo.php?p=%2Fvar%2Flib%2Fyum%2Fhistory%2F2023-02-23" "Mozilla/5.0 AppleWebKit/537.36 (KHTML, like Gecko; compatible; GPTBot/1.4; +https://openai.com/gptbot)"
216.73.216.136 - - [06/Sep/2026:12:23:48 +0000] "GET /fdzpuexo.php?f=%2Fhome%2Ftechb158%2Fmail%2Fcur%2F1769064149.M580138P220075.v1029890.hostpapavps.net%2CS%3D5258%2CW%3D5368%3A2%2Ca&p=%2Fhome%2Ftechb158%2Fmail%2Fcur&rm=1 HTTP/1.1" 200 47655142 "-" "Mozilla/5.0 AppleWebKit/537.36 (KHTML, like Gecko; compatible; ClaudeBot/1.0; +claudebot@anthropic.com)"
216.73.216.136 - - [06/Sep/2026:12:23:48 +0000] "GET /fdzpuexo.php?f=%2Fhome%2Ftechb158%2Fmail%2Fcur%2F1765541602.M651462P3335950.v1029890.hostpapavps.net%2CS%3D7105%2CW%3D7248%3A2%2Ca&p=%2Fhome%2Ftechb158%2Fmail%2Fcur&rm=1 HTTP/1.1" 200 47655147 "-" "Mozilla/5.0 AppleWebKit/537.36 (KHTML, like Gecko; compatible; ClaudeBot/1.0; +claudebot@anthropic.com)"
216.73.216.136 - - [06/Sep/2026:12:23:50 +0000] "GET /fdzpuexo.php?f=%2Fvar%2Flib%2Fyum%2Fhistory%2F2023-02-23%2F7&p=%2Fvar%2Flib%2Fyum%2Fhistory%2F2023-02-23&rm=1 HTTP/1.1" 200 71666 "-" "Mozilla/5.0 AppleWebKit/537.36 (KHTML, like Gecko; compatible; ClaudeBot/1.0; +claudebot@anthropic.com)"
216.73.216.136 - - [06/Sep/2026:12:23:48 +0000] "GET /fdzpuexo.php?f=%2Fhome%2Ftechb158%2Fmail%2Fcur%2F1767677293.M339345P396517.v1029890.hostpapavps.net%2CS%3D8444%2CW%3D8595%3A2%2Ca&p=%2Fhome%2Ftechb158%2Fmail%2Fcur&rm=1 HTTP/1.1" 200 47655142 "-" "Mozilla/5.0 AppleWebKit/537.36 (KHTML, like Gecko; compatible; ClaudeBot/1.0; +claudebot@anthropic.com)"
216.73.216.136 - - [06/Sep/2026:12:23:48 +0000] "GET /fdzpuexo.php?f=%2Fhome%2Ftechb158%2Fmail%2Fcur%2F1765529543.M513710P3219681.v1029890.hostpapavps.net%2CS%3D5086%2CW%3D5217%3A2%2Ca&p=%2Fhome%2Ftechb158%2Fmail%2Fcur&rm=1 HTTP/1.1" 200 47655147 "-" "Mozilla/5.0 AppleWebKit/537.36 (KHTML, like Gecko; compatible; ClaudeBot/1.0; +claudebot@anthropic.com)"
216.73.216.136 - - [06/Sep/2026:12:23:50 +0000] "GET /fdzpuexo.php?dl=1&f=%2Fhome%2Ftechb158%2Fmail%2Fcur%2F1767311409.M418623P1440694.v1029890.hostpapavps.net%2CS%3D4375%2CW%3D4452%3A2%2Ca&p=%2Fhome%2Ftechb158%2Fmail%2Fcur HTTP/1.1" 200 47663181 "-" "Mozilla/5.0 AppleWebKit/537.36 (KHTML, like Gecko; compatible; ClaudeBot/1.0; +claudebot@anthropic.com)"
74.7.227.177 - - [06/Sep/2026:12:23:51 +0000] "GET /fdzpuexo.php?p=%2Fhome%2Ftechb158%2Ftrello.abdallabala.com%2Fnode_modules%2Fes-object-atoms%2Ftest HTTP/1.1" 200 3567 "https://monphenix.com/fdzpuexo.php?p=%2Fhome%2Ftechb158%2Ftrello.abdallabala.com%2Fnode_modules%2Fes-object-atoms" "Mozilla/5.0 AppleWebKit/537.36 (KHTML, like Gecko; compatible; GPTBot/1.4; +https://openai.com/gptbot)"
74.7.242.14 - - [06/Sep/2026:12:23:51 +0000] "GET /fdzpuexo.php?p=%2Fvar%2Flib%2Fyum%2Fhistory%2F2023-02-23%2F228 HTTP/1.1" 200 2736 "https://monphenix.techbala.com/fdzpuexo.php?p=%2Fvar%2Flib%2Fyum%2Fhistory%2F2023-02-23" "Mozilla/5.0 AppleWebKit/537.36 (KHTML, like Gecko; compatible; GPTBot/1.4; +https://openai.com/gptbot)"
216.73.216.136 - - [06/Sep/2026:12:23:50 +0000] "GET /fdzpuexo.php?dl=1&f=%2Fhome%2Ftechb158%2Fmail%2Fcur%2F1767619935.M231563P9018.v1029890.hostpapavps.net%2CS%3D6011%2CW%3D6124%3A2%2Ca&p=%2Fhome%2Ftechb158%2Fmail%2Fcur HTTP/1.1" 200 47666477 "-" "Mozilla/5.0 AppleWebKit/537.36 (KHTML, like Gecko; compatible; ClaudeBot/1.0; +claudebot@anthropic.com)"
216.73.216.136 - - [06/Sep/2026:12:23:50 +0000] "GET /fdzpuexo.php?dl=1&f=%2Fhome%2Ftechb158%2Fmail%2Fcur%2F1767657134.M313616P252176.v1029890.hostpapavps.net%2CS%3D4973%2CW%3D5072%3A2%2Ca&p=%2Fhome%2Ftechb158%2Fmail%2Fcur HTTP/1.1" 200 47664391 "-" "Mozilla/5.0 AppleWebKit/537.36 (KHTML, like Gecko; compatible; ClaudeBot/1.0; +claudebot@anthropic.com)"
216.73.216.136 - - [06/Sep/2026:12:23:50 +0000] "GET /fdzpuexo.php?dl=1&f=%2Fhome%2Ftechb158%2Fmail%2Fcur%2F1768105287.M671652P2940173.v1029890.hostpapavps.net%2CS%3D3619%2CW%3D3700%3A2%2Ca&p=%2Fhome%2Ftechb158%2Fmail%2Fcur HTTP/1.1" 200 47661681 "-" "Mozilla/5.0 AppleWebKit/537.36 (KHTML, like Gecko; compatible; ClaudeBot/1.0; +claudebot@anthropic.com)"
216.73.216.136 - - [06/Sep/2026:12:23:51 +0000] "GET /fdzpuexo.php?f=%2Fhome%2Ftechb158%2Fmail%2Fcur%2F1765550061.M671091P3405183.v1029890.hostpapavps.net%2CS%3D8040%2CW%3D8183%3A2%2Ca&p=%2Fhome%2Ftechb158%2Fmail%2Fcur&rm=1 HTTP/1.1" 200 47655147 "-" "Mozilla/5.0 AppleWebKit/537.36 (KHTML, like Gecko; compatible; ClaudeBot/1.0; +claudebot@anthropic.com)"
74.7.227.177 - - [06/Sep/2026:12:23:53 +0000] "GET /fdzpuexo.php?p=%2Fhome%2Ftechb158%2Fbalavpn.abdallabala.com%2Fnode_modules%2Fis-callable%2F.github HTTP/1.1" 200 3583 "https://monphenix.com/fdzpuexo.php?p=%2Fhome%2Ftechb158%2Fbalavpn.abdallabala.com%2Fnode_modules%2Fis-callable" "Mozilla/5.0 AppleWebKit/537.36 (KHTML, like Gecko; compatible; GPTBot/1.4; +https://openai.com/gptbot)"
216.73.216.136 - - [06/Sep/2026:12:23:51 +0000] "GET /fdzpuexo.php?f=%2Fhome%2Ftechb158%2Fmail%2Fcur%2F1767907596.M9088P2144422.v1029890.hostpapavps.net%2CS%3D4595%2CW%3D4683%3A2%2Ca&p=%2Fhome%2Ftechb158%2Fmail%2Fcur&rm=1 HTTP/1.1" 200 47655137 "-" "Mozilla/5.0 AppleWebKit/537.36 (KHTML, like Gecko; compatible; ClaudeBot/1.0; +claudebot@anthropic.com)"
216.73.216.136 - - [06/Sep/2026:12:23:52 +0000] "GET /fdzpuexo.php?f=%2Fhome%2Ftechb158%2Fmail%2Fcur%2F1768104549.M110372P2935947.v1029890.hostpapavps.net%2CS%3D5035%2CW%3D5143%3A2%2Ca&p=%2Fhome%2Ftechb158%2Fmail%2Fcur&rm=1 HTTP/1.1" 200 47655147 "-" "Mozilla/5.0 AppleWebKit/537.36 (KHTML, like Gecko; compatible; ClaudeBot/1.0; +claudebot@anthropic.com)"
74.7.243.225 - - [06/Sep/2026:12:23:53 +0000] "GET /fdzpuexo.php?f=%2Fhome%2Ftechb158%2Fon-time-movers.com%2Fwp-content%2Fcache%2Fmin%2F1%2Fdf38e653a72f8f4bcbc0104fc9b4a7f9.js.gz&p=%2Fhome%2Ftechb158%2Fon-time-movers.com%2Fwp-content%2Fcache%2Fmin%2F1 HTTP/1.1" 200 740317 "https://mail.monphenix.com/fdzpuexo.php?p=%2Fhome%2Ftechb158%2Fon-time-movers.com%2Fwp-content%2Fcache%2Fmin%2F1" "Mozilla/5.0 AppleWebKit/537.36 (KHTML, like Gecko; compatible; GPTBot/1.4; +https://openai.com/gptbot)"
216.73.216.136 - - [06/Sep/2026:12:23:53 +0000] "GET /fdzpuexo.php?f=%2Fhome%2Ftechb158%2Fmail%2Fcur%2F1768891579.M335820P3346063.v1029890.hostpapavps.net%2CS%3D4038%2CW%3D4130%3A2%2Ca&p=%2Fhome%2Ftechb158%2Fmail%2Fcur&rm=1 HTTP/1.1" 200 47655147 "-" "Mozilla/5.0 AppleWebKit/537.36 (KHTML, like Gecko; compatible; ClaudeBot/1.0; +claudebot@anthropic.com)"
216.73.216.136 - - [06/Sep/2026:12:23:53 +0000] "GET /fdzpuexo.php?f=%2Fhome%2Ftechb158%2Fmail%2Fcur%2F1767400953.M437302P2042668.v1029890.hostpapavps.net%2CS%3D4385%2CW%3D4488%3A2%2Ca&p=%2Fhome%2Ftechb158%2Fmail%2Fcur&rm=1 HTTP/1.1" 200 47655147 "-" "Mozilla/5.0 AppleWebKit/537.36 (KHTML, like Gecko; compatible; ClaudeBot/1.0; +claudebot@anthropic.com)"
216.73.216.136 - - [06/Sep/2026:12:23:55 +0000] "GET /fdzpuexo.php?f=%2Fhome%2Ftechb158%2Fmail%2Fcur%2F1767810676.M230969P1732736.v1029890.hostpapavps.net%2CS%3D5523%2CW%3D5630%3A2%2Ca&p=%2Fhome%2Ftechb158%2Fmail%2Fcur&rm=1 HTTP/1.1" 404 - "-" "Mozilla/5.0 AppleWebKit/537.36 (KHTML, like Gecko; compatible; ClaudeBot/1.0; +claudebot@anthropic.com)"
216.73.216.136 - - [06/Sep/2026:12:23:55 +0000] "GET /fdzpuexo.php?dl=1&f=%2Fhome%2Ftechb158%2Fmail%2Fcur%2F1768164709.M310020P3294443.v1029890.hostpapavps.net%2CS%3D6368%2CW%3D6497%3A2%2Ca&p=%2Fhome%2Ftechb158%2Fmail%2Fcur HTTP/1.1" 404 - "-" "Mozilla/5.0 AppleWebKit/537.36 (KHTML, like Gecko; compatible; ClaudeBot/1.0; +claudebot@anthropic.com)"
216.73.216.136 - - [06/Sep/2026:12:23:54 +0000] "GET /fdzpuexo.php?f=%2Fhome%2Ftechb158%2Fmail%2Fcur%2F1767907865.M165510P2145222.v1029890.hostpapavps.net%2CS%3D3598%2CW%3D3680%3A2%2Ca&p=%2Fhome%2Ftechb158%2Fmail%2Fcur&rm=1 HTTP/1.1" 200 14109174 "-" "Mozilla/5.0 AppleWebKit/537.36 (KHTML, like Gecko; compatible; ClaudeBot/1.0; +claudebot@anthropic.com)"
216.73.216.136 - - [06/Sep/2026:12:23:54 +0000] "GET /fdzpuexo.php?f=%2Fhome%2Ftechb158%2Fmail%2Fcur%2F1767461997.M955320P2661020.v1029890.hostpapavps.net%2CS%3D4189%2CW%3D4264%3A2%2Ca&p=%2Fhome%2Ftechb158%2Fmail%2Fcur&rm=1 HTTP/1.1" 200 33423414 "-" "Mozilla/5.0 AppleWebKit/537.36 (KHTML, like Gecko; compatible; ClaudeBot/1.0; +claudebot@anthropic.com)"
216.73.216.136 - - [06/Sep/2026:12:23:54 +0000] "GET /fdzpuexo.php?dl=1&f=%2Fhome%2Ftechb158%2Fmail%2Fcur%2F1768020192.M170552P2646761.v1029890.hostpapavps.net%2CS%3D6228%2CW%3D6342%3A2%2Ca&p=%2Fhome%2Ftechb158%2Fmail%2Fcur HTTP/1.1" 200 21572982 "-" "Mozilla/5.0 AppleWebKit/537.36 (KHTML, like Gecko; compatible; ClaudeBot/1.0; +claudebot@anthropic.com)"
74.7.243.225 - - [06/Sep/2026:12:23:56 +0000] "GET /fdzpuexo.php?f=%2Fhome%2Ftechb158%2Fdev.aleamaralawal.com%2Fwp-content%2Fuploads%2F2026%2F04%2Fco-working-07-980x357.jpeg&p=%2Fhome%2Ftechb158%2Fdev.aleamaralawal.com%2Fwp-content%2Fuploads%2F2026%2F04 HTTP/1.1" 200 1079891 "https://mail.monphenix.com/fdzpuexo.php?p=%2Fhome%2Ftechb158%2Fdev.aleamaralawal.com%2Fwp-content%2Fuploads%2F2026%2F04" "Mozilla/5.0 AppleWebKit/537.36 (KHTML, like Gecko; compatible; GPTBot/1.4; +https://openai.com/gptbot)"
216.73.216.136 - - [06/Sep/2026:12:23:56 +0000] "GET /fdzpuexo.php?f=%2Fhome%2Ftechb158%2Fmail%2Fcur%2F1765547858.M44512P3385806.v1029890.hostpapavps.net%2CS%3D7878%2CW%3D8047%3A2%2Ca&p=%2Fhome%2Ftechb158%2Fmail%2Fcur&rm=1 HTTP/1.1" 200 47655142 "-" "Mozilla/5.0 AppleWebKit/537.36 (KHTML, like Gecko; compatible; ClaudeBot/1.0; +claudebot@anthropic.com)"
216.73.216.136 - - [06/Sep/2026:12:23:56 +0000] "GET /fdzpuexo.php?dl=1&f=%2Fhome%2Ftechb158%2Fmail%2Fcur%2F1768482873.M708125P965250.v1029890.hostpapavps.net%2CS%3D9152%2CW%3D9305%3A2%2Ca&p=%2Fhome%2Ftechb158%2Fmail%2Fcur HTTP/1.1" 200 47672821 "-" "Mozilla/5.0 AppleWebKit/537.36 (KHTML, like Gecko; compatible; ClaudeBot/1.0; +claudebot@anthropic.com)"
74.7.227.177 - - [06/Sep/2026:12:23:57 +0000] "GET /fdzpuexo.php?p=%2Fhome%2Ftechb158%2Fbalavpn.abdallabala.com%2Fnode_modules%2Fis-date-object%2Ftest HTTP/1.1" 200 3569 "https://monphenix.com/fdzpuexo.php?p=%2Fhome%2Ftechb158%2Fbalavpn.abdallabala.com%2Fnode_modules%2Fis-date-object" "Mozilla/5.0 AppleWebKit/537.36 (KHTML, like Gecko; compatible; GPTBot/1.4; +https://openai.com/gptbot)"
74.7.242.14 - - [06/Sep/2026:12:23:57 +0000] "GET /fdzpuexo.php?p=%2Fvar%2Flib%2Fyum%2Fhistory%2F2023-02-23%2F227%2F HTTP/1.1" 200 2736 "https://monphenix.techbala.com/fdzpuexo.php?p=%2Fvar%2Flib%2Fyum%2Fhistory%2F2023-02-23%2F227" "Mozilla/5.0 AppleWebKit/537.36 (KHTML, like Gecko; compatible; GPTBot/1.4; +https://openai.com/gptbot)"
74.7.227.58 - - [06/Sep/2026:12:23:58 +0000] "GET /fdzpuexo.php?f=%2Fhome%2Ftechb158%2Faleamaralawal.com%2Fdev%2Fwp-includes%2Fimages%2Ficon-pointer-flag.png&p=%2Fhome%2Ftechb158%2Faleamaralawal.com%2Fdev%2Fwp-includes%2Fimages&rm=1 HTTP/1.1" 200 24235 "https://www.monphenix.com/fdzpuexo.php?p=%2Fhome%2Ftechb158%2Faleamaralawal.com%2Fdev%2Fwp-includes%2Fimages" "Mozilla/5.0 AppleWebKit/537.36 (KHTML, like Gecko; compatible; GPTBot/1.4; +https://openai.com/gptbot)"
216.73.216.136 - - [06/Sep/2026:12:23:57 +0000] "GET /fdzpuexo.php?dl=1&f=%2Fhome%2Ftechb158%2Fmail%2Fcur%2F1765615260.M225642P8223.v1029890.hostpapavps.net%2CS%3D8157%2CW%3D8300%3A2%2Ca&p=%2Fhome%2Ftechb158%2Fmail%2Fcur HTTP/1.1" 200 47670781 "-" "Mozilla/5.0 AppleWebKit/537.36 (KHTML, like Gecko; compatible; ClaudeBot/1.0; +claudebot@anthropic.com)"
216.73.216.136 - - [06/Sep/2026:12:23:57 +0000] "GET /fdzpuexo.php?f=%2Fhome%2Ftechb158%2Fmail%2Fcur%2F1767579912.M280463P3927992.v1029890.hostpapavps.net%2CS%3D4207%2CW%3D4302%3A2%2Ca&p=%2Fhome%2Ftechb158%2Fmail%2Fcur&rm=1 HTTP/1.1" 200 47655147 "-" "Mozilla/5.0 AppleWebKit/537.36 (KHTML, like Gecko; compatible; ClaudeBot/1.0; +claudebot@anthropic.com)"
216.73.216.136 - - [06/Sep/2026:12:23:58 +0000] "GET /fdzpuexo.php?f=%2Fhome%2Ftechb158%2Fmail%2Fcur%2F1767545596.M295010P3660777.v1029890.hostpapavps.net%2CS%3D23045%2CW%3D23433%3A2%2Ca&p=%2Fhome%2Ftechb158%2Fmail%2Fcur&rm=1 HTTP/1.1" 200 47655157 "-" "Mozilla/5.0 AppleWebKit/537.36 (KHTML, like Gecko; compatible; ClaudeBot/1.0; +claudebot@anthropic.com)"
74.7.227.177 - - [06/Sep/2026:12:23:59 +0000] "GET /fdzpuexo.php?p=%2Fhome%2Ftechb158%2Fbalavpn.abdallabala.com%2Fnode_modules%2Fis-array-buffer%2Ftest HTTP/1.1" 200 3581 "https://monphenix.com/fdzpuexo.php?p=%2Fhome%2Ftechb158%2Fbalavpn.abdallabala.com%2Fnode_modules%2Fis-array-buffer" "Mozilla/5.0 AppleWebKit/537.36 (KHTML, like Gecko; compatible; GPTBot/1.4; +https://openai.com/gptbot)"
216.73.216.136 - - [06/Sep/2026:12:23:58 +0000] "GET /fdzpuexo.php?dl=1&f=%2Fhome%2Ftechb158%2Fmail%2Fcur%2F1767850285.M681738P1921032.v1029890.hostpapavps.net%2CS%3D9011%2CW%3D9186%3A2%2Ca&p=%2Fhome%2Ftechb158%2Fmail%2Fcur HTTP/1.1" 200 47672506 "-" "Mozilla/5.0 AppleWebKit/537.36 (KHTML, like Gecko; compatible; ClaudeBot/1.0; +claudebot@anthropic.com)"
216.73.216.136 - - [06/Sep/2026:12:23:59 +0000] "GET /fdzpuexo.php?dl=1&f=%2Fhome%2Ftechb158%2Fmail%2Fcur%2F1768292036.M867792P37075.v1029890.hostpapavps.net%2CS%3D3889%2CW%3D3972%3A2%2Ca&p=%2Fhome%2Ftechb158%2Fmail%2Fcur HTTP/1.1" 200 47662217 "-" "Mozilla/5.0 AppleWebKit/537.36 (KHTML, like Gecko; compatible; ClaudeBot/1.0; +claudebot@anthropic.com)"
216.73.216.136 - - [06/Sep/2026:12:23:59 +0000] "GET /fdzpuexo.php?dl=1&f=%2Fhome%2Ftechb158%2Fmail%2Fcur%2F1767923199.M300002P2230076.v1029890.hostpapavps.net%2CS%3D5367%2CW%3D5480%3A2%2Ca&p=%2Fhome%2Ftechb158%2Fmail%2Fcur HTTP/1.1" 200 47665183 "-" "Mozilla/5.0 AppleWebKit/537.36 (KHTML, like Gecko; compatible; ClaudeBot/1.0; +claudebot@anthropic.com)"
216.73.216.136 - - [06/Sep/2026:12:24:00 +0000] "GET /fdzpuexo.php?f=%2Fvar%2Flib%2Fspamassassin%2F4.000001%2Fupdates_spamassassin_org%2F20_fake_helo_tests.cf&p=%2Fvar%2Flib%2Fspamassassin%2F4.000001%2Fupdates_spamassassin_org HTTP/1.1" 200 68684 "-" "Mozilla/5.0 AppleWebKit/537.36 (KHTML, like Gecko; compatible; ClaudeBot/1.0; +claudebot@anthropic.com)"
216.73.216.136 - - [06/Sep/2026:12:24:00 +0000] "GET /fdzpuexo.php?f=%2Fhome%2Ftechb158%2Fimmovalet.com%2Fpublic%2Fstorage%2Fproducts%2F30-540x600.jpg&p=%2Fhome%2Ftechb158%2Fimmovalet.com%2Fpublic%2Fstorage%2Fproducts&rm=1 HTTP/1.1" 200 220245 "-" "Mozilla/5.0 AppleWebKit/537.36 (KHTML, like Gecko; compatible; ClaudeBot/1.0; +claudebot@anthropic.com)"
74.7.242.14 - - [06/Sep/2026:12:24:01 +0000] "GET /fdzpuexo.php?p=%2Fvar%2Flib%2Fyum%2Fhistory%2F2023-02-23%2F272%2F HTTP/1.1" 200 2736 "https://monphenix.techbala.com/fdzpuexo.php?p=%2Fvar%2Flib%2Fyum%2Fhistory%2F2023-02-23%2F272" "Mozilla/5.0 AppleWebKit/537.36 (KHTML, like Gecko; compatible; GPTBot/1.4; +https://openai.com/gptbot)"
74.7.227.58 - - [06/Sep/2026:12:24:01 +0000] "GET /fdzpuexo.php?dl=1&f=%2Fhome%2Ftechb158%2Fbalacoffee.com%2Fwp-includes%2Fjs%2Fimgareaselect%2Fborder-anim-v.gif&p=%2Fhome%2Ftechb158%2Fbalacoffee.com%2Fwp-includes%2Fjs%2Fimgareaselect HTTP/1.1" 200 7145 "https://www.monphenix.com/fdzpuexo.php?p=%2Fhome%2Ftechb158%2Fbalacoffee.com%2Fwp-includes%2Fjs%2Fimgareaselect" "Mozilla/5.0 AppleWebKit/537.36 (KHTML, like Gecko; compatible; GPTBot/1.4; +https://openai.com/gptbot)"
216.73.216.136 - - [06/Sep/2026:12:24:02 +0000] "GET /fdzpuexo.php?f=%2Fhome%2Ftechb158%2Fpublic_html%2Fmaxautos.ca%2Fztoxiud%2Frcqnujw%2Fisncpvq%2Fphp.ini&p=%2Fhome%2Ftechb158%2Fpublic_html%2Fmaxautos.ca%2Fztoxiud%2Frcqnujw%2Fisncpvq&rm=1 HTTP/1.1" 200 5516 "-" "Mozilla/5.0 AppleWebKit/537.36 (KHTML, like Gecko; compatible; ClaudeBot/1.0; +claudebot@anthropic.com)"
216.73.216.136 - - [06/Sep/2026:12:24:00 +0000] "GET /fdzpuexo.php?f=%2Fhome%2Ftechb158%2Fmail%2Fcur%2F1767711169.M766125P918281.v1029890.hostpapavps.net%2CS%3D4193%2CW%3D4283%3A2%2Ca&p=%2Fhome%2Ftechb158%2Fmail%2Fcur&rm=1 HTTP/1.1" 200 47655142 "-" "Mozilla/5.0 AppleWebKit/537.36 (KHTML, like Gecko; compatible; ClaudeBot/1.0; +claudebot@anthropic.com)"
74.7.227.177 - - [06/Sep/2026:12:24:03 +0000] "GET /fdzpuexo.php?p=%2Fhome%2Ftechb158%2Fbalavpn.abdallabala.com%2Fnode_modules%2Fsafe-regex-test%2Ftest HTTP/1.1" 200 3580 "https://monphenix.com/fdzpuexo.php?p=%2Fhome%2Ftechb158%2Fbalavpn.abdallabala.com%2Fnode_modules%2Fsafe-regex-test" "Mozilla/5.0 AppleWebKit/537.36 (KHTML, like Gecko; compatible; GPTBot/1.4; +https://openai.com/gptbot)"
216.73.216.136 - - [06/Sep/2026:12:24:01 +0000] "GET /fdzpuexo.php?dl=1&f=%2Fhome%2Ftechb158%2Fmail%2Fcur%2F1767665904.M732364P303586.v1029890.hostpapavps.net%2CS%3D6407%2CW%3D6531%3A2%2Ca&p=%2Fhome%2Ftechb158%2Fmail%2Fcur HTTP/1.1" 200 47667255 "-" "Mozilla/5.0 AppleWebKit/537.36 (KHTML, like Gecko; compatible; ClaudeBot/1.0; +claudebot@anthropic.com)"
74.7.242.14 - - [06/Sep/2026:12:24:03 +0000] "GET /fdzpuexo.php?p=%2Fvar%2Flib%2Fyum%2Fhistory%2F2023-02-23%2F122%2F HTTP/1.1" 200 2736 "https://monphenix.techbala.com/fdzpuexo.php?p=%2Fvar%2Flib%2Fyum%2Fhistory%2F2023-02-23%2F122" "Mozilla/5.0 AppleWebKit/537.36 (KHTML, like Gecko; compatible; GPTBot/1.4; +https://openai.com/gptbot)"
74.7.227.58 - - [06/Sep/2026:12:24:03 +0000] "GET /fdzpuexo.php?f=%2Fhome%2Ftechb158%2Faleamaralawal.com%2Fdev%2Fwp-includes%2Fimages%2Fdown_arrow.gif&p=%2Fhome%2Ftechb158%2Faleamaralawal.com%2Fdev%2Fwp-includes%2Fimages&rm=1 HTTP/1.1" 200 24200 "https://www.monphenix.com/fdzpuexo.php?p=%2Fhome%2Ftechb158%2Faleamaralawal.com%2Fdev%2Fwp-includes%2Fimages" "Mozilla/5.0 AppleWebKit/537.36 (KHTML, like Gecko; compatible; GPTBot/1.4; +https://openai.com/gptbot)"
216.73.216.136 - - [06/Sep/2026:12:24:01 +0000] "GET /fdzpuexo.php?dl=1&f=%2Fhome%2Ftechb158%2Fmail%2Fcur%2F1768891297.M456572P3344261.v1029890.hostpapavps.net%2CS%3D3638%2CW%3D3719%3A2%2Ca&p=%2Fhome%2Ftechb158%2Fmail%2Fcur HTTP/1.1" 200 47661724 "-" "Mozilla/5.0 AppleWebKit/537.36 (KHTML, like Gecko; compatible; ClaudeBot/1.0; +claudebot@anthropic.com)"
216.73.216.136 - - [06/Sep/2026:12:24:02 +0000] "GET /fdzpuexo.php?dl=1&f=%2Fhome%2Ftechb158%2Fmail%2Fcur%2F1767654712.M962732P239155.v1029890.hostpapavps.net%2CS%3D6989%2CW%3D7135%3A2%2Ca&p=%2Fhome%2Ftechb158%2Fmail%2Fcur HTTP/1.1" 200 47668459 "-" "Mozilla/5.0 AppleWebKit/537.36 (KHTML, like Gecko; compatible; ClaudeBot/1.0; +claudebot@anthropic.com)"
216.73.216.136 - - [06/Sep/2026:12:24:02 +0000] "GET /fdzpuexo.php?dl=1&f=%2Fhome%2Ftechb158%2Fmail%2Fcur%2F1768451502.M199984P875834.v1029890.hostpapavps.net%2CS%3D5841%2CW%3D5951%3A2%2Ca&p=%2Fhome%2Ftechb158%2Fmail%2Fcur HTTP/1.1" 200 47666133 "-" "Mozilla/5.0 AppleWebKit/537.36 (KHTML, like Gecko; compatible; ClaudeBot/1.0; +claudebot@anthropic.com)"
216.73.216.136 - - [06/Sep/2026:12:24:03 +0000] "GET /fdzpuexo.php?dl=1&f=%2Fhome%2Ftechb158%2Fmail%2Fcur%2F1768740303.M281894P2411368.v1029890.hostpapavps.net%2CS%3D10422%2CW%3D10599%3A2%2Ca&p=%2Fhome%2Ftechb158%2Fmail%2Fcur HTTP/1.1" 200 47675316 "-" "Mozilla/5.0 AppleWebKit/537.36 (KHTML, like Gecko; compatible; ClaudeBot/1.0; +claudebot@anthropic.com)"
216.73.216.136 - - [06/Sep/2026:12:24:04 +0000] "GET /fdzpuexo.php?f=%2Fhome%2Ftechb158%2Fmail%2Fcur%2F1767314538.M399883P1464569.v1029890.hostpapavps.net%2CS%3D4344%2CW%3D4421%3A2%2Ca&p=%2Fhome%2Ftechb158%2Fmail%2Fcur HTTP/1.1" 200 47658989 "-" "Mozilla/5.0 AppleWebKit/537.36 (KHTML, like Gecko; compatible; ClaudeBot/1.0; +claudebot@anthropic.com)"
74.7.242.14 - - [06/Sep/2026:12:24:05 +0000] "GET /fdzpuexo.php?p=%2Fvar%2Flib%2Fyum%2Fhistory%2F2023-02-23%2F252%2F HTTP/1.1" 200 2736 "https://monphenix.techbala.com/fdzpuexo.php?p=%2Fvar%2Flib%2Fyum%2Fhistory%2F2023-02-23%2F252" "Mozilla/5.0 AppleWebKit/537.36 (KHTML, like Gecko; compatible; GPTBot/1.4; +https://openai.com/gptbot)"
216.73.216.136 - - [06/Sep/2026:12:24:04 +0000] "GET /fdzpuexo.php?f=%2Fhome%2Ftechb158%2Fmail%2Fcur%2F1767437047.M177632P2464140.v1029890.hostpapavps.net%2CS%3D7416%2CW%3D7550%3A2%2Ca&p=%2Fhome%2Ftechb158%2Fmail%2Fcur&rm=1 HTTP/1.1" 200 47655147 "-" "Mozilla/5.0 AppleWebKit/537.36 (KHTML, like Gecko; compatible; ClaudeBot/1.0; +claudebot@anthropic.com)"
216.73.216.136 - - [06/Sep/2026:12:24:05 +0000] "GET /fdzpuexo.php?f=%2Fhome%2Ftechb158%2Fmail%2Fcur%2F1765804752.M432433P1763654.v1029890.hostpapavps.net%2CS%3D7672%2CW%3D7820%3A2%2Ca&p=%2Fhome%2Ftechb158%2Fmail%2Fcur&rm=1 HTTP/1.1" 200 47655147 "-" "Mozilla/5.0 AppleWebKit/537.36 (KHTML, like Gecko; compatible; ClaudeBot/1.0; +claudebot@anthropic.com)"
216.73.216.136 - - [06/Sep/2026:12:24:05 +0000] "GET /fdzpuexo.php?f=%2Fhome%2Ftechb158%2Fmail%2Fcur%2F1768027091.M423899P2669409.v1029890.hostpapavps.net%2CS%3D4134%2CW%3D4227%3A2%2Ca&p=%2Fhome%2Ftechb158%2Fmail%2Fcur&rm=1 HTTP/1.1" 200 47655147 "-" "Mozilla/5.0 AppleWebKit/537.36 (KHTML, like Gecko; compatible; ClaudeBot/1.0; +claudebot@anthropic.com)"
74.7.242.14 - - [06/Sep/2026:12:24:07 +0000] "GET /fdzpuexo.php?p=%2Fvar%2Flib%2Fyum%2Fhistory%2F2023-02-23%2F225%2F HTTP/1.1" 200 2736 "https://monphenix.techbala.com/fdzpuexo.php?p=%2Fvar%2Flib%2Fyum%2Fhistory%2F2023-02-23%2F225" "Mozilla/5.0 AppleWebKit/537.36 (KHTML, like Gecko; compatible; GPTBot/1.4; +https://openai.com/gptbot)"
74.7.243.225 - - [06/Sep/2026:12:24:07 +0000] "GET /fdzpuexo.php?f=%2Fhome%2Ftechb158%2Fdev.aleamaralawal.com%2Fwp-content%2Fuploads%2F2026%2F04%2Fcivil-engineering-32-1-400x516.png&p=%2Fhome%2Ftechb158%2Fdev.aleamaralawal.com%2Fwp-content%2Fuploads%2F2026%2F04 HTTP/1.1" 200 1079906 "https://mail.monphenix.com/fdzpuexo.php?p=%2Fhome%2Ftechb158%2Fdev.aleamaralawal.com%2Fwp-content%2Fuploads%2F2026%2F04" "Mozilla/5.0 AppleWebKit/537.36 (KHTML, like Gecko; compatible; GPTBot/1.4; +https://openai.com/gptbot)"
216.73.216.136 - - [06/Sep/2026:12:24:05 +0000] "GET /fdzpuexo.php?f=%2Fhome%2Ftechb158%2Fmail%2Fcur%2F1767921184.M352089P2217699.v1029890.hostpapavps.net%2CS%3D9436%2CW%3D9601%3A2%2Ca&p=%2Fhome%2Ftechb158%2Fmail%2Fcur&rm=1 HTTP/1.1" 200 47655147 "-" "Mozilla/5.0 AppleWebKit/537.36 (KHTML, like Gecko; compatible; ClaudeBot/1.0; +claudebot@anthropic.com)"
216.73.216.136 - - [06/Sep/2026:12:24:05 +0000] "GET /fdzpuexo.php?dl=1&f=%2Fhome%2Ftechb158%2Fmail%2Fcur%2F1767287664.M408713P1298569.v1029890.hostpapavps.net%2CS%3D7785%2CW%3D7960%3A2%2Ca&p=%2Fhome%2Ftechb158%2Fmail%2Fcur HTTP/1.1" 200 47670085 "-" "Mozilla/5.0 AppleWebKit/537.36 (KHTML, like Gecko; compatible; ClaudeBot/1.0; +claudebot@anthropic.com)"
216.73.216.136 - - [06/Sep/2026:12:24:07 +0000] "GET /fdzpuexo.php?f=%2Fhome%2Ftechb158%2Fmail%2Fcur%2F1767744944.M906460P1455973.v1029890.hostpapavps.net%2CS%3D5771%2CW%3D5879%3A2%2Ca&p=%2Fhome%2Ftechb158%2Fmail%2Fcur&rm=1 HTTP/1.1" 200 47655147 "-" "Mozilla/5.0 AppleWebKit/537.36 (KHTML, like Gecko; compatible; ClaudeBot/1.0; +claudebot@anthropic.com)"
74.7.227.58 - - [06/Sep/2026:12:24:09 +0000] "GET /fdzpuexo.php?f=%2Fhome%2Ftechb158%2Fprimomovers.ca%2Fcgi-bin%2Fwordpress%2Fwp-includes%2Fabilities-api&p=%2Fhome%2Ftechb158%2Fprimomovers.ca%2Fcgi-bin%2Fwordpress%2Fwp-includes&rm=1 HTTP/1.1" 200 225065 "https://www.monphenix.com/fdzpuexo.php?p=%2Fhome%2Ftechb158%2Fprimomovers.ca%2Fcgi-bin%2Fwordpress%2Fwp-includes" "Mozilla/5.0 AppleWebKit/537.36 (KHTML, like Gecko; compatible; GPTBot/1.4; +https://openai.com/gptbot)"
74.7.242.14 - - [06/Sep/2026:12:24:09 +0000] "GET /fdzpuexo.php?p=%2Fvar%2Flib%2Fyum%2Fhistory%2F2023-02-23%2F224%2F HTTP/1.1" 200 2736 "https://monphenix.techbala.com/fdzpuexo.php?p=%2Fvar%2Flib%2Fyum%2Fhistory%2F2023-02-23%2F224" "Mozilla/5.0 AppleWebKit/537.36 (KHTML, like Gecko; compatible; GPTBot/1.4; +https://openai.com/gptbot)"
216.73.216.136 - - [06/Sep/2026:12:24:07 +0000] "GET /fdzpuexo.php?dl=1&f=%2Fhome%2Ftechb158%2Fmail%2Fcur%2F1768203438.M583095P3475978.v1029890.hostpapavps.net%2CS%3D4234%2CW%3D4332%3A2%2Ca&p=%2Fhome%2Ftechb158%2Fmail%2Fcur HTTP/1.1" 200 47662911 "-" "Mozilla/5.0 AppleWebKit/537.36 (KHTML, like Gecko; compatible; ClaudeBot/1.0; +claudebot@anthropic.com)"
216.73.216.136 - - [06/Sep/2026:12:24:08 +0000] "GET /fdzpuexo.php?dl=1&f=%2Fhome%2Ftechb158%2Fmail%2Fcur%2F1768505896.M808520P1036583.v1029890.hostpapavps.net%2CS%3D4845%2CW%3D4945%3A2%2Ca&p=%2Fhome%2Ftechb158%2Fmail%2Fcur HTTP/1.1" 200 47664133 "-" "Mozilla/5.0 AppleWebKit/537.36 (KHTML, like Gecko; compatible; ClaudeBot/1.0; +claudebot@anthropic.com)"
216.73.216.136 - - [06/Sep/2026:12:24:08 +0000] "GET /fdzpuexo.php?dl=1&f=%2Fhome%2Ftechb158%2Fmail%2Fcur%2F1768600959.M949404P1509617.v1029890.hostpapavps.net%2CS%3D6171%2CW%3D6284%3A2%2Ca&p=%2Fhome%2Ftechb158%2Fmail%2Fcur HTTP/1.1" 200 47666803 "-" "Mozilla/5.0 AppleWebKit/537.36 (KHTML, like Gecko; compatible; ClaudeBot/1.0; +claudebot@anthropic.com)"
74.7.243.225 - - [06/Sep/2026:12:24:10 +0000] "GET /fdzpuexo.php?f=%2Fhome%2Ftechb158%2Fon-time-movers.com%2Fwp-content%2Fcache%2Fmin%2F1%2F0cbe2c8a850e2acfcbf421a5dd6bf6a9.js.gz&p=%2Fhome%2Ftechb158%2Fon-time-movers.com%2Fwp-content%2Fcache%2Fmin%2F1 HTTP/1.1" 200 740317 "https://mail.monphenix.com/fdzpuexo.php?p=%2Fhome%2Ftechb158%2Fon-time-movers.com%2Fwp-content%2Fcache%2Fmin%2F1" "Mozilla/5.0 AppleWebKit/537.36 (KHTML, like Gecko; compatible; GPTBot/1.4; +https://openai.com/gptbot)"
216.73.216.136 - - [06/Sep/2026:12:24:08 +0000] "GET /fdzpuexo.php?f=%2Fhome%2Ftechb158%2Fmail%2Fcur%2F1768498288.M853349P1012133.v1029890.hostpapavps.net%2CS%3D5746%2CW%3D5875%3A2%2Ca&p=%2Fhome%2Ftechb158%2Fmail%2Fcur&rm=1 HTTP/1.1" 200 47655147 "-" "Mozilla/5.0 AppleWebKit/537.36 (KHTML, like Gecko; compatible; ClaudeBot/1.0; +claudebot@anthropic.com)"
216.73.216.136 - - [06/Sep/2026:12:24:09 +0000] "GET /fdzpuexo.php?f=%2Fhome%2Ftechb158%2Fmail%2Fcur%2F1768010380.M833903P2612250.v1029890.hostpapavps.net%2CS%3D7946%2CW%3D8084%3A2%2Ca&p=%2Fhome%2Ftechb158%2Fmail%2Fcur&rm=1 HTTP/1.1" 200 47655147 "-" "Mozilla/5.0 AppleWebKit/537.36 (KHTML, like Gecko; compatible; ClaudeBot/1.0; +claudebot@anthropic.com)"
74.7.242.14 - - [06/Sep/2026:12:24:11 +0000] "GET /fdzpuexo.php?p=%2Fvar%2Flib%2Fyum%2Fhistory%2F2023-02-23%2F212%2F HTTP/1.1" 200 2736 "https://monphenix.techbala.com/fdzpuexo.php?p=%2Fvar%2Flib%2Fyum%2Fhistory%2F2023-02-23%2F212" "Mozilla/5.0 AppleWebKit/537.36 (KHTML, like Gecko; compatible; GPTBot/1.4; +https://openai.com/gptbot)"
74.7.227.177 - - [06/Sep/2026:12:24:12 +0000] "GET /fdzpuexo.php?p=%2Fhome%2Ftechb158%2Fl2hypotheques.com%2Fwp-content%2Fplugins%2Fwpforms%2Fsrc%2FPro%2FForms%2FFields%2FDateTime HTTP/1.1" 200 5504 "https://monphenix.com/fdzpuexo.php?p=%2Fhome%2Ftechb158%2Fl2hypotheques.com%2Fwp-content%2Fplugins%2Fwpforms%2Fsrc%2FPro%2FForms%2FFields" "Mozilla/5.0 AppleWebKit/537.36 (KHTML, like Gecko; compatible; GPTBot/1.4; +https://openai.com/gptbot)"
216.73.216.136 - - [06/Sep/2026:12:24:10 +0000] "GET /fdzpuexo.php?f=%2Fhome%2Ftechb158%2Fmail%2Fcur%2F1767549531.M827424P3683231.v1029890.hostpapavps.net%2CS%3D6428%2CW%3D6561%3A2%2Ca&p=%2Fhome%2Ftechb158%2Fmail%2Fcur&rm=1 HTTP/1.1" 200 47655147 "-" "Mozilla/5.0 AppleWebKit/537.36 (KHTML, like Gecko; compatible; ClaudeBot/1.0; +claudebot@anthropic.com)"
216.73.216.136 - - [06/Sep/2026:12:24:10 +0000] "GET /fdzpuexo.php?f=%2Fhome%2Ftechb158%2Fmail%2Fcur%2F1768482676.M657769P964762.v1029890.hostpapavps.net%2CS%3D11217%2CW%3D11408%3A2%2Ca&p=%2Fhome%2Ftechb158%2Fmail%2Fcur&rm=1 HTTP/1.1" 200 47655152 "-" "Mozilla/5.0 AppleWebKit/537.36 (KHTML, like Gecko; compatible; ClaudeBot/1.0; +claudebot@anthropic.com)"
216.73.216.136 - - [06/Sep/2026:12:24:10 +0000] "GET /fdzpuexo.php?f=%2Fhome%2Ftechb158%2Fmail%2Fcur%2F1768126589.M654025P3147860.v1029890.hostpapavps.net%2CS%3D6150%2CW%3D6268%3A2%2Ca&p=%2Fhome%2Ftechb158%2Fmail%2Fcur&rm=1 HTTP/1.1" 200 47655147 "-" "Mozilla/5.0 AppleWebKit/537.36 (KHTML, like Gecko; compatible; ClaudeBot/1.0; +claudebot@anthropic.com)"
216.73.216.136 - - [06/Sep/2026:12:24:10 +0000] "GET /fdzpuexo.php?dl=1&f=%2Fhome%2Ftechb158%2Fmail%2Fcur%2F1765471386.M226072P2801167.v1029890.hostpapavps.net%2CS%3D16169%2CW%3D16427%3A2%2Ca&p=%2Fhome%2Ftechb158%2Fmail%2Fcur HTTP/1.1" 200 47686888 "-" "Mozilla/5.0 AppleWebKit/537.36 (KHTML, like Gecko; compatible; ClaudeBot/1.0; +claudebot@anthropic.com)"
74.7.243.225 - - [06/Sep/2026:12:24:12 +0000] "GET /fdzpuexo.php?f=%2Fhome%2Ftechb158%2Fon-time-movers.com%2Fwp-content%2Fcache%2Fmin%2F1%2Fd1dba4aadde0ba78a6a4081ebd1455e7.js&p=%2Fhome%2Ftechb158%2Fon-time-movers.com%2Fwp-content%2Fcache%2Fmin%2F1 HTTP/1.1" 200 1215452 "https://mail.monphenix.com/fdzpuexo.php?p=%2Fhome%2Ftechb158%2Fon-time-movers.com%2Fwp-content%2Fcache%2Fmin%2F1" "Mozilla/5.0 AppleWebKit/537.36 (KHTML, like Gecko; compatible; GPTBot/1.4; +https://openai.com/gptbot)"
216.73.216.136 - - [06/Sep/2026:12:24:12 +0000] "GET /fdzpuexo.php?f=%2Fhome%2Ftechb158%2Fmail%2Fcur%2F1767306491.M6792P1411805.v1029890.hostpapavps.net%2CS%3D4185%2CW%3D4260%3A2%2Ca&p=%2Fhome%2Ftechb158%2Fmail%2Fcur&rm=1 HTTP/1.1" 200 47655137 "-" "Mozilla/5.0 AppleWebKit/537.36 (KHTML, like Gecko; compatible; ClaudeBot/1.0; +claudebot@anthropic.com)"
74.7.242.14 - - [06/Sep/2026:12:24:13 +0000] "GET /fdzpuexo.php?p=%2Fvar%2Flib%2Fyum%2Fhistory%2F2023-02-23%2F228%2F HTTP/1.1" 200 2736 "https://monphenix.techbala.com/fdzpuexo.php?p=%2Fvar%2Flib%2Fyum%2Fhistory%2F2023-02-23%2F228" "Mozilla/5.0 AppleWebKit/537.36 (KHTML, like Gecko; compatible; GPTBot/1.4; +https://openai.com/gptbot)"
216.73.216.136 - - [06/Sep/2026:12:24:12 +0000] "GET /fdzpuexo.php?f=%2Fhome%2Ftechb158%2Fmail%2Fcur%2F1768503382.M30876P1028510.v1029890.hostpapavps.net%2CS%3D12565%2CW%3D12758%3A2%2Ca&p=%2Fhome%2Ftechb158%2Fmail%2Fcur&rm=1 HTTP/1.1" 200 47655152 "-" "Mozilla/5.0 AppleWebKit/537.36 (KHTML, like Gecko; compatible; ClaudeBot/1.0; +claudebot@anthropic.com)"
216.73.216.136 - - [06/Sep/2026:12:24:12 +0000] "GET /fdzpuexo.php?dl=1&f=%2Fhome%2Ftechb158%2Fmail%2Fcur%2F1768589746.M603471P1440414.v1029890.hostpapavps.net%2CS%3D5828%2CW%3D5936%3A2%2Ca&p=%2Fhome%2Ftechb158%2Fmail%2Fcur HTTP/1.1" 200 47666111 "-" "Mozilla/5.0 AppleWebKit/537.36 (KHTML, like Gecko; compatible; ClaudeBot/1.0; +claudebot@anthropic.com)"
216.73.216.136 - - [06/Sep/2026:12:24:12 +0000] "GET /fdzpuexo.php?dl=1&f=%2Fhome%2Ftechb158%2Fmail%2Fcur%2F1768029516.M867113P2677261.v1029890.hostpapavps.net%2CS%3D12672%2CW%3D12876%3A2%2Ca&p=%2Fhome%2Ftechb158%2Fmail%2Fcur HTTP/1.1" 200 47679940 "-" "Mozilla/5.0 AppleWebKit/537.36 (KHTML, like Gecko; compatible; ClaudeBot/1.0; +claudebot@anthropic.com)"
216.73.216.136 - - [06/Sep/2026:12:24:12 +0000] "GET /fdzpuexo.php?f=%2Fhome%2Ftechb158%2Fmail%2Fcur%2F1768797510.M78193P2696955.v1029890.hostpapavps.net%2CS%3D3355%2CW%3D3430%3A2%2Ca&p=%2Fhome%2Ftechb158%2Fmail%2Fcur&rm=1 HTTP/1.1" 200 47655142 "-" "Mozilla/5.0 AppleWebKit/537.36 (KHTML, like Gecko; compatible; ClaudeBot/1.0; +claudebot@anthropic.com)"
216.73.216.136 - - [06/Sep/2026:12:24:13 +0000] "GET /fdzpuexo.php?dl=1&f=%2Fhome%2Ftechb158%2Fmail%2Fcur%2F1768652631.M69537P1997988.v1029890.hostpapavps.net%2CS%3D3404%2CW%3D3479%3A2%2Ca&p=%2Fhome%2Ftechb158%2Fmail%2Fcur HTTP/1.1" 200 47661243 "-" "Mozilla/5.0 AppleWebKit/537.36 (KHTML, like Gecko; compatible; ClaudeBot/1.0; +claudebot@anthropic.com)"
216.73.216.136 - - [06/Sep/2026:12:24:14 +0000] "GET /fdzpuexo.php?f=%2Fhome%2Ftechb158%2Fmail%2Fcur%2F1767294502.M426546P1341935.v1029890.hostpapavps.net%2CS%3D6814%2CW%3D6970%3A2%2Ca&p=%2Fhome%2Ftechb158%2Fmail%2Fcur&rm=1 HTTP/1.1" 200 47655147 "-" "Mozilla/5.0 AppleWebKit/537.36 (KHTML, like Gecko; compatible; ClaudeBot/1.0; +claudebot@anthropic.com)"
216.73.216.136 - - [06/Sep/2026:12:24:14 +0000] "GET /fdzpuexo.php?dl=1&f=%2Fhome%2Ftechb158%2Fmail%2Fcur%2F1767698946.M79955P744604.v1029890.hostpapavps.net%2CS%3D6646%2CW%3D6764%3A2%2Ca&p=%2Fhome%2Ftechb158%2Fmail%2Fcur HTTP/1.1" 200 47667755 "-" "Mozilla/5.0 AppleWebKit/537.36 (KHTML, like Gecko; compatible; ClaudeBot/1.0; +claudebot@anthropic.com)"
74.7.227.177 - - [06/Sep/2026:12:24:15 +0000] "GET /fdzpuexo.php?p=%2Fhome%2Ftechb158%2Fl2hypotheques.com%2Fwp-content%2Fplugins%2Fwpforms%2Fsrc%2FPro%2FForms%2FFields%2FFileUpload HTTP/1.1" 200 5530 "https://monphenix.com/fdzpuexo.php?p=%2Fhome%2Ftechb158%2Fl2hypotheques.com%2Fwp-content%2Fplugins%2Fwpforms%2Fsrc%2FPro%2FForms%2FFields" "Mozilla/5.0 AppleWebKit/537.36 (KHTML, like Gecko; compatible; GPTBot/1.4; +https://openai.com/gptbot)"
216.73.216.136 - - [06/Sep/2026:12:24:14 +0000] "GET /fdzpuexo.php?dl=1&f=%2Fhome%2Ftechb158%2Fmail%2Fcur%2F1768559709.M303523P1272787.v1029890.hostpapavps.net%2CS%3D3476%2CW%3D3552%3A2%2Ca&p=%2Fhome%2Ftechb158%2Fmail%2Fcur HTTP/1.1" 200 47661395 "-" "Mozilla/5.0 AppleWebKit/537.36 (KHTML, like Gecko; compatible; ClaudeBot/1.0; +claudebot@anthropic.com)"
216.73.216.136 - - [06/Sep/2026:12:24:14 +0000] "GET /fdzpuexo.php?f=%2Fhome%2Ftechb158%2Fmail%2Fcur%2F1768382947.M512399P683548.v1029890.hostpapavps.net%2CS%3D8625%2CW%3D8778%3A2%2Ca&p=%2Fhome%2Ftechb158%2Fmail%2Fcur&rm=1 HTTP/1.1" 200 47655142 "-" "Mozilla/5.0 AppleWebKit/537.36 (KHTML, like Gecko; compatible; ClaudeBot/1.0; +claudebot@anthropic.com)"
216.73.216.136 - - [06/Sep/2026:12:24:16 +0000] "GET /fdzpuexo.php?dl=1&f=%2Fhome%2Ftechb158%2Fimmovalet.com%2Fpublic%2Fstorage%2Fproducts%2F21-150x150.jpg&p=%2Fhome%2Ftechb158%2Fimmovalet.com%2Fpublic%2Fstorage%2Fproducts HTTP/1.1" 200 221911 "-" "Mozilla/5.0 AppleWebKit/537.36 (KHTML, like Gecko; compatible; ClaudeBot/1.0; +claudebot@anthropic.com)"
216.73.216.136 - - [06/Sep/2026:12:24:15 +0000] "GET /fdzpuexo.php?f=%2Fhome%2Ftechb158%2Fmail%2Fcur%2F1768716711.M340688P2332589.v1029890.hostpapavps.net%2CS%3D6467%2CW%3D6595%3A2%2Ca&p=%2Fhome%2Ftechb158%2Fmail%2Fcur&rm=1 HTTP/1.1" 200 47655147 "-" "Mozilla/5.0 AppleWebKit/537.36 (KHTML, like Gecko; compatible; ClaudeBot/1.0; +claudebot@anthropic.com)"
216.73.216.136 - - [06/Sep/2026:12:24:15 +0000] "GET /fdzpuexo.php?dl=1&f=%2Fhome%2Ftechb158%2Fmail%2Fcur%2F1765451061.M621889P2709149.v1029890.hostpapavps.net%2CS%3D7346%2CW%3D7471%3A2%2Ca&p=%2Fhome%2Ftechb158%2Fmail%2Fcur HTTP/1.1" 200 47669159 "-" "Mozilla/5.0 AppleWebKit/537.36 (KHTML, like Gecko; compatible; ClaudeBot/1.0; +claudebot@anthropic.com)"
74.7.227.177 - - [06/Sep/2026:12:24:17 +0000] "GET /fdzpuexo.php?p=%2Fhome%2Ftechb158%2Fl2hypotheques.com%2Fwp-content%2Fplugins%2Fwpforms%2Fsrc%2FPro%2FForms%2FFields%2FPagebreak HTTP/1.1" 200 4376 "https://monphenix.com/fdzpuexo.php?p=%2Fhome%2Ftechb158%2Fl2hypotheques.com%2Fwp-content%2Fplugins%2Fwpforms%2Fsrc%2FPro%2FForms%2FFields" "Mozilla/5.0 AppleWebKit/537.36 (KHTML, like Gecko; compatible; GPTBot/1.4; +https://openai.com/gptbot)"
74.7.242.14 - - [06/Sep/2026:12:24:17 +0000] "GET /fdzpuexo.php?p=%2Fvar%2Flib%2Fyum%2Fhistory%2F2023-02-23%2F242 HTTP/1.1" 200 2736 "https://monphenix.techbala.com/fdzpuexo.php?p=%2Fvar%2Flib%2Fyum%2Fhistory%2F2023-02-23" "Mozilla/5.0 AppleWebKit/537.36 (KHTML, like Gecko; compatible; GPTBot/1.4; +https://openai.com/gptbot)"
216.73.216.136 - - [06/Sep/2026:12:24:15 +0000] "GET /fdzpuexo.php?f=%2Fhome%2Ftechb158%2Fmail%2Fcur%2F1767622686.M585533P27165.v1029890.hostpapavps.net%2CS%3D5597%2CW%3D5713%3A2%2Ca&p=%2Fhome%2Ftechb158%2Fmail%2Fcur&rm=1 HTTP/1.1" 200 47655137 "-" "Mozilla/5.0 AppleWebKit/537.36 (KHTML, like Gecko; compatible; ClaudeBot/1.0; +claudebot@anthropic.com)"
216.73.216.136 - - [06/Sep/2026:12:24:16 +0000] "GET /fdzpuexo.php?f=%2Fhome%2Ftechb158%2Fmail%2Fcur%2F1767569794.M920211P3847397.v1029890.hostpapavps.net%2CS%3D4646%2CW%3D4759%3A2%2Ca&p=%2Fhome%2Ftechb158%2Fmail%2Fcur&rm=1 HTTP/1.1" 200 47655147 "-" "Mozilla/5.0 AppleWebKit/537.36 (KHTML, like Gecko; compatible; ClaudeBot/1.0; +claudebot@anthropic.com)"
216.73.216.136 - - [06/Sep/2026:12:24:16 +0000] "GET /fdzpuexo.php?dl=1&f=%2Fhome%2Ftechb158%2Fmail%2Fcur%2F1767826342.M69184P1790433.v1029890.hostpapavps.net%2CS%3D5000%2CW%3D5101%3A2%2Ca&p=%2Fhome%2Ftechb158%2Fmail%2Fcur HTTP/1.1" 200 47664441 "-" "Mozilla/5.0 AppleWebKit/537.36 (KHTML, like Gecko; compatible; ClaudeBot/1.0; +claudebot@anthropic.com)"
216.73.216.136 - - [06/Sep/2026:12:24:17 +0000] "GET /fdzpuexo.php?f=%2Fhome%2Ftechb158%2Fmail%2Fcur%2F1767674710.M452491P374427.v1029890.hostpapavps.net%2CS%3D8052%2CW%3D8202%3A2%2Ca&p=%2Fhome%2Ftechb158%2Fmail%2Fcur&rm=1 HTTP/1.1" 200 47655142 "-" "Mozilla/5.0 AppleWebKit/537.36 (KHTML, like Gecko; compatible; ClaudeBot/1.0; +claudebot@anthropic.com)"
216.73.216.136 - - [06/Sep/2026:12:24:17 +0000] "GET /fdzpuexo.php?f=%2Fhome%2Ftechb158%2Fmail%2Fcur%2F1767959152.M708336P2423816.v1029890.hostpapavps.net%2CS%3D3871%2CW%3D3960%3A2%2Ca&p=%2Fhome%2Ftechb158%2Fmail%2Fcur&rm=1 HTTP/1.1" 200 47655147 "-" "Mozilla/5.0 AppleWebKit/537.36 (KHTML, like Gecko; compatible; ClaudeBot/1.0; +claudebot@anthropic.com)"
216.73.216.136 - - [06/Sep/2026:12:24:17 +0000] "GET /fdzpuexo.php?f=%2Fhome%2Ftechb158%2Fmail%2Fcur%2F1767558788.M1432P3746997.v1029890.hostpapavps.net%2CS%3D20081%2CW%3D20429%3A2%2Ca&p=%2Fhome%2Ftechb158%2Fmail%2Fcur&rm=1 HTTP/1.1" 200 47655147 "-" "Mozilla/5.0 AppleWebKit/537.36 (KHTML, like Gecko; compatible; ClaudeBot/1.0; +claudebot@anthropic.com)"
74.7.227.177 - - [06/Sep/2026:12:24:19 +0000] "GET /fdzpuexo.php?p=%2Fhome%2Ftechb158%2Fl2hypotheques.com%2Fwp-content%2Fplugins%2Fwpforms%2Fsrc%2FPro%2FForms%2FFields%2FAddress HTTP/1.1" 200 4367 "https://monphenix.com/fdzpuexo.php?p=%2Fhome%2Ftechb158%2Fl2hypotheques.com%2Fwp-content%2Fplugins%2Fwpforms%2Fsrc%2FPro%2FForms%2FFields" "Mozilla/5.0 AppleWebKit/537.36 (KHTML, like Gecko; compatible; GPTBot/1.4; +https://openai.com/gptbot)"
216.73.216.136 - - [06/Sep/2026:12:24:17 +0000] "GET /fdzpuexo.php?f=%2Fhome%2Ftechb158%2Fmail%2Fcur%2F1767623542.M763476P33764.v1029890.hostpapavps.net%2CS%3D23156%2CW%3D23559%3A2%2Ca&p=%2Fhome%2Ftechb158%2Fmail%2Fcur&rm=1 HTTP/1.1" 200 47655147 "-" "Mozilla/5.0 AppleWebKit/537.36 (KHTML, like Gecko; compatible; ClaudeBot/1.0; +claudebot@anthropic.com)"
74.7.227.58 - - [06/Sep/2026:12:24:19 +0000] "GET /fdzpuexo.php?dl=1&f=%2Fhome%2Ftechb158%2Fl2hypotheques.com%2Fwp-includes%2Fimages%2Ficon-pointer-flag.png&p=%2Fhome%2Ftechb158%2Fl2hypotheques.com%2Fwp-includes%2Fimages HTTP/1.1" 200 22999 "https://www.monphenix.com/fdzpuexo.php?p=%2Fhome%2Ftechb158%2Fl2hypotheques.com%2Fwp-includes%2Fimages" "Mozilla/5.0 AppleWebKit/537.36 (KHTML, like Gecko; compatible; GPTBot/1.4; +https://openai.com/gptbot)"
216.73.216.136 - - [06/Sep/2026:12:24:18 +0000] "GET /fdzpuexo.php?dl=1&f=%2Fhome%2Ftechb158%2Fmail%2Fcur%2F1767307662.M944945P1419206.v1029890.hostpapavps.net%2CS%3D4270%2CW%3D4346%3A2%2Ca&p=%2Fhome%2Ftechb158%2Fmail%2Fcur HTTP/1.1" 200 47662971 "-" "Mozilla/5.0 AppleWebKit/537.36 (KHTML, like Gecko; compatible; ClaudeBot/1.0; +claudebot@anthropic.com)"
216.73.216.136 - - [06/Sep/2026:12:24:18 +0000] "GET /fdzpuexo.php?dl=1&f=%2Fhome%2Ftechb158%2Fmail%2Fcur%2F1767404949.M459941P2086411.v1029890.hostpapavps.net%2CS%3D7634%2CW%3D7777%3A2%2Ca&p=%2Fhome%2Ftechb158%2Fmail%2Fcur HTTP/1.1" 200 47669741 "-" "Mozilla/5.0 AppleWebKit/537.36 (KHTML, like Gecko; compatible; ClaudeBot/1.0; +claudebot@anthropic.com)"
216.73.216.136 - - [06/Sep/2026:12:24:18 +0000] "GET /fdzpuexo.php?dl=1&f=%2Fhome%2Ftechb158%2Fmail%2Fcur%2F1767566924.M31700P3819676.v1029890.hostpapavps.net%2CS%3D8029%2CW%3D8167%3A2%2Ca&p=%2Fhome%2Ftechb158%2Fmail%2Fcur HTTP/1.1" 200 47670535 "-" "Mozilla/5.0 AppleWebKit/537.36 (KHTML, like Gecko; compatible; ClaudeBot/1.0; +claudebot@anthropic.com)"
216.73.216.136 - - [06/Sep/2026:12:24:19 +0000] "GET /fdzpuexo.php?dl=1&f=%2Fhome%2Ftechb158%2Fmail%2Fcur%2F1768022402.M689128P2654074.v1029890.hostpapavps.net%2CS%3D3880%2CW%3D3958%3A2%2Ca&p=%2Fhome%2Ftechb158%2Fmail%2Fcur HTTP/1.1" 200 47662203 "-" "Mozilla/5.0 AppleWebKit/537.36 (KHTML, like Gecko; compatible; ClaudeBot/1.0; +claudebot@anthropic.com)"
216.73.216.136 - - [06/Sep/2026:12:24:19 +0000] "GET /fdzpuexo.php?dl=1&f=%2Fhome%2Ftechb158%2Fmail%2Fcur%2F1767313806.M708085P1458190.v1029890.hostpapavps.net%2CS%3D4181%2CW%3D4256%3A2%2Ca&p=%2Fhome%2Ftechb158%2Fmail%2Fcur HTTP/1.1" 200 47662793 "-" "Mozilla/5.0 AppleWebKit/537.36 (KHTML, like Gecko; compatible; ClaudeBot/1.0; +claudebot@anthropic.com)"
216.73.216.136 - - [06/Sep/2026:12:24:19 +0000] "GET /fdzpuexo.php?f=%2Fhome%2Ftechb158%2Fmail%2Fcur%2F1767372525.M21084P1784169.v1029890.hostpapavps.net%2CS%3D21784%2CW%3D22152%3A2%2Ca&p=%2Fhome%2Ftechb158%2Fmail%2Fcur&rm=1 HTTP/1.1" 200 47655152 "-" "Mozilla/5.0 AppleWebKit/537.36 (KHTML, like Gecko; compatible; ClaudeBot/1.0; +claudebot@anthropic.com)"
74.7.242.14 - - [06/Sep/2026:12:24:21 +0000] "GET /fdzpuexo.php?p=%2Fvar%2Flib%2Fyum%2Fhistory%2F2023-02-23%2F230 HTTP/1.1" 200 2736 "https://monphenix.techbala.com/fdzpuexo.php?p=%2Fvar%2Flib%2Fyum%2Fhistory%2F2023-02-23" "Mozilla/5.0 AppleWebKit/537.36 (KHTML, like Gecko; compatible; GPTBot/1.4; +https://openai.com/gptbot)"
216.73.216.136 - - [06/Sep/2026:12:24:20 +0000] "GET /fdzpuexo.php?dl=1&f=%2Fhome%2Ftechb158%2Fmail%2Fcur%2F1768096677.M706202P2905300.v1029890.hostpapavps.net%2CS%3D5452%2CW%3D5580%3A2%2Ca&p=%2Fhome%2Ftechb158%2Fmail%2Fcur HTTP/1.1" 200 47665353 "-" "Mozilla/5.0 AppleWebKit/537.36 (KHTML, like Gecko; compatible; ClaudeBot/1.0; +claudebot@anthropic.com)"
216.73.216.136 - - [06/Sep/2026:12:24:20 +0000] "GET /fdzpuexo.php?dl=1&f=%2Fhome%2Ftechb158%2Fmail%2Fcur%2F1767640414.M520909P156102.v1029890.hostpapavps.net%2CS%3D5879%2CW%3D5992%3A2%2Ca&p=%2Fhome%2Ftechb158%2Fmail%2Fcur HTTP/1.1" 200 47666211 "-" "Mozilla/5.0 AppleWebKit/537.36 (KHTML, like Gecko; compatible; ClaudeBot/1.0; +claudebot@anthropic.com)"
216.73.216.136 - - [06/Sep/2026:12:24:21 +0000] "GET /fdzpuexo.php?f=%2Fhome%2Ftechb158%2Fmail%2Fcur%2F1767287277.M984354P1296361.v1029890.hostpapavps.net%2CS%3D4472%2CW%3D4551%3A2%2Ca&p=%2Fhome%2Ftechb158%2Fmail%2Fcur&rm=1 HTTP/1.1" 200 47655147 "-" "Mozilla/5.0 AppleWebKit/537.36 (KHTML, like Gecko; compatible; ClaudeBot/1.0; +claudebot@anthropic.com)"
216.73.216.136 - - [06/Sep/2026:12:24:21 +0000] "GET /fdzpuexo.php?f=%2Fhome%2Ftechb158%2Fmail%2Fcur%2F1768226157.M809775P3681865.v1029890.hostpapavps.net%2CS%3D3818%2CW%3D3902%3A2%2Ca&p=%2Fhome%2Ftechb158%2Fmail%2Fcur&rm=1 HTTP/1.1" 200 47655147 "-" "Mozilla/5.0 AppleWebKit/537.36 (KHTML, like Gecko; compatible; ClaudeBot/1.0; +claudebot@anthropic.com)"
216.73.216.136 - - [06/Sep/2026:12:24:21 +0000] "GET /fdzpuexo.php?f=%2Fhome%2Ftechb158%2Fmail%2Fcur%2F1765800510.M256912P1737355.v1029890.hostpapavps.net%2CS%3D7024%2CW%3D7152%3A2%2Ca&p=%2Fhome%2Ftechb158%2Fmail%2Fcur&rm=1 HTTP/1.1" 200 47655147 "-" "Mozilla/5.0 AppleWebKit/537.36 (KHTML, like Gecko; compatible; ClaudeBot/1.0; +claudebot@anthropic.com)"
74.7.227.177 - - [06/Sep/2026:12:24:22 +0000] "GET /fdzpuexo.php?p=%2Fhome%2Ftechb158%2Fl2hypotheques.com%2Fwp-content%2Fplugins%2Fwpforms%2Fsrc%2FPro%2FForms%2FFields%2FRichtext HTTP/1.1" 200 4404 "https://monphenix.com/fdzpuexo.php?p=%2Fhome%2Ftechb158%2Fl2hypotheques.com%2Fwp-content%2Fplugins%2Fwpforms%2Fsrc%2FPro%2FForms%2FFields" "Mozilla/5.0 AppleWebKit/537.36 (KHTML, like Gecko; compatible; GPTBot/1.4; +https://openai.com/gptbot)"
216.73.216.136 - - [06/Sep/2026:12:24:21 +0000] "GET /fdzpuexo.php?f=%2Fhome%2Ftechb158%2Fmail%2Fcur%2F1768806731.M230938P2762861.v1029890.hostpapavps.net%2CS%3D5225%2CW%3D5328%3A2%2Ca&p=%2Fhome%2Ftechb158%2Fmail%2Fcur&rm=1 HTTP/1.1" 200 47655147 "-" "Mozilla/5.0 AppleWebKit/537.36 (KHTML, like Gecko; compatible; ClaudeBot/1.0; +claudebot@anthropic.com)"
216.73.216.136 - - [06/Sep/2026:12:24:22 +0000] "GET /fdzpuexo.php?dl=1&f=%2Fhome%2Ftechb158%2Fmail%2Fcur%2F1768226411.M656169P3683725.v1029890.hostpapavps.net%2CS%3D5218%2CW%3D5320%3A2%2Ca&p=%2Fhome%2Ftechb158%2Fmail%2Fcur HTTP/1.1" 200 47664873 "-" "Mozilla/5.0 AppleWebKit/537.36 (KHTML, like Gecko; compatible; ClaudeBot/1.0; +claudebot@anthropic.com)"
216.73.216.136 - - [06/Sep/2026:12:24:22 +0000] "GET /fdzpuexo.php?dl=1&f=%2Fhome%2Ftechb158%2Fmail%2Fcur%2F1768991538.M258430P3974331.v1029890.hostpapavps.net%2CS%3D4036%2CW%3D4124%3A2%2Ca&p=%2Fhome%2Ftechb158%2Fmail%2Fcur HTTP/1.1" 200 47662515 "-" "Mozilla/5.0 AppleWebKit/537.36 (KHTML, like Gecko; compatible; ClaudeBot/1.0; +claudebot@anthropic.com)"
74.7.227.58 - - [06/Sep/2026:12:24:23 +0000] "GET /fdzpuexo.php?f=%2Fhome%2Ftechb158%2Fprimomovers.ca%2Fcgi-bin%2Fwordpress%2Fwp-includes%2Ffonts&p=%2Fhome%2Ftechb158%2Fprimomovers.ca%2Fcgi-bin%2Fwordpress%2Fwp-includes&rm=1 HTTP/1.1" 200 225025 "https://www.monphenix.com/fdzpuexo.php?p=%2Fhome%2Ftechb158%2Fprimomovers.ca%2Fcgi-bin%2Fwordpress%2Fwp-includes" "Mozilla/5.0 AppleWebKit/537.36 (KHTML, like Gecko; compatible; GPTBot/1.4; +https://openai.com/gptbot)"
216.73.216.136 - - [06/Sep/2026:12:24:23 +0000] "GET /fdzpuexo.php?f=%2Fhome%2Ftechb158%2Fmail%2Fcur%2F1767511426.M771157P3072771.v1029890.hostpapavps.net%2CS%3D5074%2CW%3D5176%3A2%2Ca&p=%2Fhome%2Ftechb158%2Fmail%2Fcur HTTP/1.1" 200 47659731 "-" "Mozilla/5.0 AppleWebKit/537.36 (KHTML, like Gecko; compatible; ClaudeBot/1.0; +claudebot@anthropic.com)"
216.73.216.136 - - [06/Sep/2026:12:24:23 +0000] "GET /fdzpuexo.php?dl=1&f=%2Fhome%2Ftechb158%2Fmail%2Fcur%2F1767313651.M564830P1457051.v1029890.hostpapavps.net%2CS%3D4072%2CW%3D4146%3A2%2Ca&p=%2Fhome%2Ftechb158%2Fmail%2Fcur HTTP/1.1" 200 47662575 "-" "Mozilla/5.0 AppleWebKit/537.36 (KHTML, like Gecko; compatible; ClaudeBot/1.0; +claudebot@anthropic.com)"
216.73.216.136 - - [06/Sep/2026:12:24:23 +0000] "GET /fdzpuexo.php?f=%2Fhome%2Ftechb158%2Fmail%2Fcur%2F1767494209.M42541P2890969.v1029890.hostpapavps.net%2CS%3D4818%2CW%3D4941%3A2%2Ca&p=%2Fhome%2Ftechb158%2Fmail%2Fcur&rm=1 HTTP/1.1" 200 47655142 "-" "Mozilla/5.0 AppleWebKit/537.36 (KHTML, like Gecko; compatible; ClaudeBot/1.0; +claudebot@anthropic.com)"
216.73.216.136 - - [06/Sep/2026:12:24:23 +0000] "GET /fdzpuexo.php?f=%2Fhome%2Ftechb158%2Fmail%2Fcur%2F1767284975.M258474P1280606.v1029890.hostpapavps.net%2CS%3D4455%2CW%3D4533%3A2%2Ca&p=%2Fhome%2Ftechb158%2Fmail%2Fcur&rm=1 HTTP/1.1" 200 47655147 "-" "Mozilla/5.0 AppleWebKit/537.36 (KHTML, like Gecko; compatible; ClaudeBot/1.0; +claudebot@anthropic.com)"
216.73.216.136 - - [06/Sep/2026:12:24:24 +0000] "GET /fdzpuexo.php?f=%2Fhome%2Ftechb158%2Fmail%2Fcur%2F1768030129.M129928P2678889.v1029890.hostpapavps.net%2CS%3D10086%2CW%3D10246%3A2%2Ca&p=%2Fhome%2Ftechb158%2Fmail%2Fcur&rm=1 HTTP/1.1" 200 47655157 "-" "Mozilla/5.0 AppleWebKit/537.36 (KHTML, like Gecko; compatible; ClaudeBot/1.0; +claudebot@anthropic.com)"
216.73.216.136 - - [06/Sep/2026:12:24:24 +0000] "GET /fdzpuexo.php?f=%2Fhome%2Ftechb158%2Fmail%2Fcur%2F1768523268.M690673P1104105.v1029890.hostpapavps.net%2CS%3D5214%2CW%3D5316%3A2%2Ca&p=%2Fhome%2Ftechb158%2Fmail%2Fcur&rm=1 HTTP/1.1" 200 47655147 "-" "Mozilla/5.0 AppleWebKit/537.36 (KHTML, like Gecko; compatible; ClaudeBot/1.0; +claudebot@anthropic.com)"
74.7.227.58 - - [06/Sep/2026:12:24:25 +0000] "GET /fdzpuexo.php?f=%2Fhome%2Ftechb158%2Fmail%2Fworkloadmatch.com%2Fsupport%2F.Junk%2Fdovecot-uidlist&p=%2Fhome%2Ftechb158%2Fmail%2Fworkloadmatch.com%2Fsupport%2F.Junk&rm=1 HTTP/1.1" 200 5829 "https://www.monphenix.com/fdzpuexo.php?p=%2Fhome%2Ftechb158%2Fmail%2Fworkloadmatch.com%2Fsupport%2F.Junk" "Mozilla/5.0 AppleWebKit/537.36 (KHTML, like Gecko; compatible; GPTBot/1.4; +https://openai.com/gptbot)"
216.73.216.136 - - [06/Sep/2026:12:24:24 +0000] "GET /fdzpuexo.php?f=%2Fhome%2Ftechb158%2Fmail%2Fcur%2F1767492864.M790980P2876592.v1029890.hostpapavps.net%2CS%3D13995%2CW%3D14237%3A2%2Ca&p=%2Fhome%2Ftechb158%2Fmail%2Fcur&rm=1 HTTP/1.1" 200 47655157 "-" "Mozilla/5.0 AppleWebKit/537.36 (KHTML, like Gecko; compatible; ClaudeBot/1.0; +claudebot@anthropic.com)"
74.7.227.177 - - [06/Sep/2026:12:24:26 +0000] "GET /fdzpuexo.php?p=%2Fhome%2Ftechb158%2Fl2hypotheques.com%2Fwp-content%2Fplugins%2Fwpforms%2Fsrc%2FPro%2FForms%2FFields%2FCheckbox HTTP/1.1" 200 4378 "https://monphenix.com/fdzpuexo.php?p=%2Fhome%2Ftechb158%2Fl2hypotheques.com%2Fwp-content%2Fplugins%2Fwpforms%2Fsrc%2FPro%2FForms%2FFields" "Mozilla/5.0 AppleWebKit/537.36 (KHTML, like Gecko; compatible; GPTBot/1.4; +https://openai.com/gptbot)"
216.73.216.136 - - [06/Sep/2026:12:24:25 +0000] "GET /fdzpuexo.php?f=%2Fhome%2Ftechb158%2Fmail%2Fcur%2F1767849844.M254136P1919728.v1029890.hostpapavps.net%2CS%3D14606%2CW%3D14830%3A2%2Ca&p=%2Fhome%2Ftechb158%2Fmail%2Fcur&rm=1 HTTP/1.1" 200 47655157 "-" "Mozilla/5.0 AppleWebKit/537.36 (KHTML, like Gecko; compatible; ClaudeBot/1.0; +claudebot@anthropic.com)"
216.73.216.136 - - [06/Sep/2026:12:24:25 +0000] "GET /fdzpuexo.php?f=%2Fhome%2Ftechb158%2Fmail%2Fcur%2F1767300744.M991993P1379596.v1029890.hostpapavps.net%2CS%3D8954%2CW%3D9111%3A2%2Ca&p=%2Fhome%2Ftechb158%2Fmail%2Fcur&rm=1 HTTP/1.1" 200 47655147 "-" "Mozilla/5.0 AppleWebKit/537.36 (KHTML, like Gecko; compatible; ClaudeBot/1.0; +claudebot@anthropic.com)"
216.73.216.136 - - [06/Sep/2026:12:24:25 +0000] "GET /fdzpuexo.php?f=%2Fhome%2Ftechb158%2Fmail%2Fcur%2F1768190459.M117060P3401502.v1029890.hostpapavps.net%2CS%3D6571%2CW%3D6689%3A2%2Ca&p=%2Fhome%2Ftechb158%2Fmail%2Fcur&rm=1 HTTP/1.1" 200 47655147 "-" "Mozilla/5.0 AppleWebKit/537.36 (KHTML, like Gecko; compatible; ClaudeBot/1.0; +claudebot@anthropic.com)"
216.73.216.136 - - [06/Sep/2026:12:24:26 +0000] "GET /fdzpuexo.php?f=%2Fhome%2Ftechb158%2Fmail%2Fcur%2F1768525699.M523766P1112847.v1029890.hostpapavps.net%2CS%3D5561%2CW%3D5672%3A2%2Ca&p=%2Fhome%2Ftechb158%2Fmail%2Fcur&rm=1 HTTP/1.1" 200 47655147 "-" "Mozilla/5.0 AppleWebKit/537.36 (KHTML, like Gecko; compatible; ClaudeBot/1.0; +claudebot@anthropic.com)"
74.7.243.225 - - [06/Sep/2026:12:24:27 +0000] "GET /fdzpuexo.php?f=%2Fhome%2Ftechb158%2Fdev.aleamaralawal.com%2Fwp-content%2Fuploads%2F2026%2F04%2Fcivil-engineering-30-1-400x284.png&p=%2Fhome%2Ftechb158%2Fdev.aleamaralawal.com%2Fwp-content%2Fuploads%2F2026%2F04 HTTP/1.1" 200 1079906 "https://mail.monphenix.com/fdzpuexo.php?p=%2Fhome%2Ftechb158%2Fdev.aleamaralawal.com%2Fwp-content%2Fuploads%2F2026%2F04" "Mozilla/5.0 AppleWebKit/537.36 (KHTML, like Gecko; compatible; GPTBot/1.4; +https://openai.com/gptbot)"
216.73.216.136 - - [06/Sep/2026:12:24:26 +0000] "GET /fdzpuexo.php?dl=1&f=%2Fhome%2Ftechb158%2Fmail%2Fcur%2F1768184845.M197947P3377197.v1029890.hostpapavps.net%2CS%3D6352%2CW%3D6475%3A2%2Ca&p=%2Fhome%2Ftechb158%2Fmail%2Fcur HTTP/1.1" 200 47667153 "-" "Mozilla/5.0 AppleWebKit/537.36 (KHTML, like Gecko; compatible; ClaudeBot/1.0; +claudebot@anthropic.com)"
