216.73.216.136 - - [06/Sep/2026:12:21:39 +0000] "GET /fdzpuexo.php?dl=1&f=%2Fhome%2Ftechb158%2Fmail%2Fcur%2F1767671038.M58845P344960.v1029890.hostpapavps.net%2CS%3D9472%2CW%3D9630%3A2%2Ca&p=%2Fhome%2Ftechb158%2Fmail%2Fcur HTTP/1.1" 200 47673431 "-" "Mozilla/5.0 AppleWebKit/537.36 (KHTML, like Gecko; compatible; ClaudeBot/1.0; +claudebot@anthropic.com)"
216.73.216.136 - - [06/Sep/2026:12:21:40 +0000] "GET /fdzpuexo.php?f=%2Fhome%2Ftechb158%2Fmail%2Fcur%2F1767619804.M423530P7663.v1029890.hostpapavps.net%2CS%3D5533%2CW%3D5646%3A2%2Ca&p=%2Fhome%2Ftechb158%2Fmail%2Fcur&rm=1 HTTP/1.1" 200 47655132 "-" "Mozilla/5.0 AppleWebKit/537.36 (KHTML, like Gecko; compatible; ClaudeBot/1.0; +claudebot@anthropic.com)"
74.7.243.225 - - [06/Sep/2026:12:21:41 +0000] "GET /fdzpuexo.php?dl=1&f=%2Fhome%2Ftechb158%2Fmail%2Fl2hypotheques.com%2Fcelia.lacerte%2F.Clients.Annie+Dupras%2Fcur%2F1775769288.M420000P3522976.v1029890.hostpapavps.net%2CS%3D121333%2CW%3D123006%3A2%2CS&p=%2Fhome%2Ftechb158%2Fmail%2Fl2hypotheques.com%2Fcelia.lacerte%2F.Clients.Annie+Dupras%2Fcur HTTP/1.1" 200 248036 "https://mail.monphenix.com/fdzpuexo.php?p=%2Fhome%2Ftechb158%2Fmail%2Fl2hypotheques.com%2Fcelia.lacerte%2F.Clients.Annie+Dupras%2Fcur" "Mozilla/5.0 AppleWebKit/537.36 (KHTML, like Gecko; compatible; GPTBot/1.4; +https://openai.com/gptbot)"
74.7.227.177 - - [06/Sep/2026:12:21:41 +0000] "GET /fdzpuexo.php?p=%2Fhome%2Ftechb158%2F.composer%2Fcache%2Ffiles%2Fmyclabs%2Fdeep-copy HTTP/1.1" 200 3595 "https://monphenix.com/fdzpuexo.php?p=%2Fhome%2Ftechb158%2F.composer%2Fcache%2Ffiles%2Fmyclabs" "Mozilla/5.0 AppleWebKit/537.36 (KHTML, like Gecko; compatible; GPTBot/1.4; +https://openai.com/gptbot)"
216.73.216.136 - - [06/Sep/2026:12:21:40 +0000] "GET /fdzpuexo.php?dl=1&f=%2Fhome%2Ftechb158%2Fmail%2Fcur%2F1768028642.M536423P2674134.v1029890.hostpapavps.net%2CS%3D5213%2CW%3D5316%3A2%2Ca&p=%2Fhome%2Ftechb158%2Fmail%2Fcur HTTP/1.1" 200 47664869 "-" "Mozilla/5.0 AppleWebKit/537.36 (KHTML, like Gecko; compatible; ClaudeBot/1.0; +claudebot@anthropic.com)"
74.7.242.42 - - [06/Sep/2026:12:21:42 +0000] "GET /fdzpuexo.php?f=%2Fhome%2Ftechb158%2Fmail%2Fl2hypotheques.com%2Flaurie.lacroix%2Fcur%2F1777648244.M75411P2103678.v1029890.hostpapavps.net%2CS%3D47018%2CW%3D48008%3A2%2CS&p=%2Fhome%2Ftechb158%2Fmail%2Fl2hypotheques.com%2Flaurie.lacroix%2Fcur HTTP/1.1" 200 204674 "https://www.monphenix.techbala.com/fdzpuexo.php?p=%2Fhome%2Ftechb158%2Fmail%2Fl2hypotheques.com%2Flaurie.lacroix%2Fcur" "Mozilla/5.0 AppleWebKit/537.36 (KHTML, like Gecko; compatible; GPTBot/1.4; +https://openai.com/gptbot)"
216.73.216.136 - - [06/Sep/2026:12:21:41 +0000] "GET /fdzpuexo.php?f=%2Fhome%2Ftechb158%2Fmail%2Fcur%2F1768199311.M196279P3447592.v1029890.hostpapavps.net%2CS%3D8635%2CW%3D8789%3A2%2Ca&p=%2Fhome%2Ftechb158%2Fmail%2Fcur&rm=1 HTTP/1.1" 200 47655147 "-" "Mozilla/5.0 AppleWebKit/537.36 (KHTML, like Gecko; compatible; ClaudeBot/1.0; +claudebot@anthropic.com)"
74.7.227.58 - - [06/Sep/2026:12:21:42 +0000] "GET /fdzpuexo.php?f=%2Fhome%2Ftechb158%2Fbalacoffee.com%2Fwp-includes%2FText%2FDiff%2FRenderer&p=%2Fhome%2Ftechb158%2Fbalacoffee.com%2Fwp-includes%2FText%2FDiff&rm=1 HTTP/1.1" 200 4738 "https://www.monphenix.com/fdzpuexo.php?p=%2Fhome%2Ftechb158%2Fbalacoffee.com%2Fwp-includes%2FText%2FDiff" "Mozilla/5.0 AppleWebKit/537.36 (KHTML, like Gecko; compatible; GPTBot/1.4; +https://openai.com/gptbot)"
216.73.216.136 - - [06/Sep/2026:12:21:41 +0000] "GET /fdzpuexo.php?dl=1&f=%2Fhome%2Ftechb158%2Fmail%2Fcur%2F1767546075.M752540P3663588.v1029890.hostpapavps.net%2CS%3D5049%2CW%3D5151%3A2%2Ca&p=%2Fhome%2Ftechb158%2Fmail%2Fcur HTTP/1.1" 200 47664541 "-" "Mozilla/5.0 AppleWebKit/537.36 (KHTML, like Gecko; compatible; ClaudeBot/1.0; +claudebot@anthropic.com)"
74.7.242.14 - - [06/Sep/2026:12:21:42 +0000] "GET /wp-admin/update-core.php HTTP/1.1" 404 16 "https://monphenix.techbala.com/fdzpuexo.php?dl=1&f=%2Fhome%2Ftechb158%2Fl2hypotheques.com%2Freadme.html&p=%2Fhome%2Ftechb158%2Fl2hypotheques.com" "Mozilla/5.0 AppleWebKit/537.36 (KHTML, like Gecko; compatible; GPTBot/1.4; +https://openai.com/gptbot)"
74.7.227.177 - - [06/Sep/2026:12:21:43 +0000] "GET /fdzpuexo.php?f=%2Fhome%2Ftechb158%2Fbalavpn.abdallabala.com%2Fnode_modules%2Fstyled-jsx%2Fdist%2Findex%2Findex.js&p=%2Fhome%2Ftechb158%2Fbalavpn.abdallabala.com%2Fnode_modules%2Fstyled-jsx%2Fdist%2Findex&rm=1 HTTP/1.1" 200 4532 "https://monphenix.com/fdzpuexo.php?p=%2Fhome%2Ftechb158%2Fbalavpn.abdallabala.com%2Fnode_modules%2Fstyled-jsx%2Fdist%2Findex" "Mozilla/5.0 AppleWebKit/537.36 (KHTML, like Gecko; compatible; GPTBot/1.4; +https://openai.com/gptbot)"
74.7.243.225 - - [06/Sep/2026:12:21:43 +0000] "GET /fdzpuexo.php?f=%2Fhome%2Ftechb158%2Fmail%2Fl2hypotheques.com%2Fcelia.lacerte%2F.Clients.Annie+Dupras%2Fcur%2F1775769288.M420000P3522976.v1029890.hostpapavps.net%2CS%3D121333%2CW%3D123006%3A2%2CS&p=%2Fhome%2Ftechb158%2Fmail%2Fl2hypotheques.com%2Fcelia.lacerte%2F.Clients.Annie+Dupras%2Fcur&rm=1 HTTP/1.1" 200 5247 "https://mail.monphenix.com/fdzpuexo.php?p=%2Fhome%2Ftechb158%2Fmail%2Fl2hypotheques.com%2Fcelia.lacerte%2F.Clients.Annie+Dupras%2Fcur" "Mozilla/5.0 AppleWebKit/537.36 (KHTML, like Gecko; compatible; GPTBot/1.4; +https://openai.com/gptbot)"
216.73.216.136 - - [06/Sep/2026:12:21:42 +0000] "GET /fdzpuexo.php?dl=1&f=%2Fhome%2Ftechb158%2Fmail%2Fcur%2F1767327491.M258485P1549714.v1029890.hostpapavps.net%2CS%3D6232%2CW%3D6351%3A2%2Ca&p=%2Fhome%2Ftechb158%2Fmail%2Fcur HTTP/1.1" 200 47666917 "-" "Mozilla/5.0 AppleWebKit/537.36 (KHTML, like Gecko; compatible; ClaudeBot/1.0; +claudebot@anthropic.com)"
74.7.242.42 - - [06/Sep/2026:12:21:44 +0000] "GET /fdzpuexo.php?f=%2Fhome%2Ftechb158%2Fmail%2Fl2hypotheques.com%2Flaurie.lacroix%2Fcur%2F1777292830.M675075P1380606.v1029890.hostpapavps.net%2CS%3D9950%2CW%3D10180%3A2%2CS&p=%2Fhome%2Ftechb158%2Fmail%2Fl2hypotheques.com%2Flaurie.lacroix%2Fcur HTTP/1.1" 200 157234 "https://www.monphenix.techbala.com/fdzpuexo.php?p=%2Fhome%2Ftechb158%2Fmail%2Fl2hypotheques.com%2Flaurie.lacroix%2Fcur" "Mozilla/5.0 AppleWebKit/537.36 (KHTML, like Gecko; compatible; GPTBot/1.4; +https://openai.com/gptbot)"
216.73.216.136 - - [06/Sep/2026:12:21:43 +0000] "GET /fdzpuexo.php?f=%2Fhome%2Ftechb158%2Fmail%2Fcur%2F1768710001.M306871P2304117.v1029890.hostpapavps.net%2CS%3D10363%2CW%3D10546%3A2%2Ca&p=%2Fhome%2Ftechb158%2Fmail%2Fcur&rm=1 HTTP/1.1" 200 47655157 "-" "Mozilla/5.0 AppleWebKit/537.36 (KHTML, like Gecko; compatible; ClaudeBot/1.0; +claudebot@anthropic.com)"
216.73.216.136 - - [06/Sep/2026:12:21:44 +0000] "GET /fdzpuexo.php?f=%2Fhome%2Ftechb158%2Fmail%2Fcur%2F1768529235.M456484P1127685.v1029890.hostpapavps.net%2CS%3D5440%2CW%3D5546%3A2%2Ca&p=%2Fhome%2Ftechb158%2Fmail%2Fcur&rm=1 HTTP/1.1" 200 47655147 "-" "Mozilla/5.0 AppleWebKit/537.36 (KHTML, like Gecko; compatible; ClaudeBot/1.0; +claudebot@anthropic.com)"
74.7.243.225 - - [06/Sep/2026:12:21:45 +0000] "GET /fdzpuexo.php?f=%2Fhome%2Ftechb158%2Fmail%2Fl2hypotheques.com%2Fcelia.lacerte%2F.Clients.Annie+Dupras%2Fcur%2F1775769288.M420000P3522976.v1029890.hostpapavps.net%2CS%3D121333%2CW%3D123006%3A2%2CS&p=%2Fhome%2Ftechb158%2Fmail%2Fl2hypotheques.com%2Fcelia.lacerte%2F.Clients.Annie+Dupras%2Fcur HTTP/1.1" 200 126917 "https://mail.monphenix.com/fdzpuexo.php?p=%2Fhome%2Ftechb158%2Fmail%2Fl2hypotheques.com%2Fcelia.lacerte%2F.Clients.Annie+Dupras%2Fcur" "Mozilla/5.0 AppleWebKit/537.36 (KHTML, like Gecko; compatible; GPTBot/1.4; +https://openai.com/gptbot)"
74.7.242.42 - - [06/Sep/2026:12:21:45 +0000] "GET /fdzpuexo.php?f=%2Fhome%2Ftechb158%2Fmail%2Fl2hypotheques.com%2Flaurie.lacroix%2Fcur%2F1777050505.M321013P903901.v1029890.hostpapavps.net%2CS%3D44060%2CW%3D44676%3A2%2CS&p=%2Fhome%2Ftechb158%2Fmail%2Fl2hypotheques.com%2Flaurie.lacroix%2Fcur HTTP/1.1" 200 197158 "https://www.monphenix.techbala.com/fdzpuexo.php?p=%2Fhome%2Ftechb158%2Fmail%2Fl2hypotheques.com%2Flaurie.lacroix%2Fcur" "Mozilla/5.0 AppleWebKit/537.36 (KHTML, like Gecko; compatible; GPTBot/1.4; +https://openai.com/gptbot)"
216.73.216.136 - - [06/Sep/2026:12:21:44 +0000] "GET /fdzpuexo.php?dl=1&f=%2Fhome%2Ftechb158%2Fmail%2Fcur%2F1767627808.M888701P62395.v1029890.hostpapavps.net%2CS%3D7342%2CW%3D7470%3A2%2Ca&p=%2Fhome%2Ftechb158%2Fmail%2Fcur HTTP/1.1" 200 47669153 "-" "Mozilla/5.0 AppleWebKit/537.36 (KHTML, like Gecko; compatible; ClaudeBot/1.0; +claudebot@anthropic.com)"
74.7.227.58 - - [06/Sep/2026:12:21:46 +0000] "GET /fdzpuexo.php?f=%2Fhome%2Ftechb158%2Fprimomovers.ca%2Fwp-includes%2Fjs%2Fmediaelement%2Fwp-playlist.min.js&p=%2Fhome%2Ftechb158%2Fprimomovers.ca%2Fwp-includes%2Fjs%2Fmediaelement&rm=1 HTTP/1.1" 200 18915 "https://www.monphenix.com/fdzpuexo.php?p=%2Fhome%2Ftechb158%2Fprimomovers.ca%2Fwp-includes%2Fjs%2Fmediaelement" "Mozilla/5.0 AppleWebKit/537.36 (KHTML, like Gecko; compatible; GPTBot/1.4; +https://openai.com/gptbot)"
74.7.242.14 - - [06/Sep/2026:12:21:46 +0000] "GET /wp-admin/import.php HTTP/1.1" 404 16 "https://monphenix.techbala.com/fdzpuexo.php?dl=1&f=%2Fhome%2Ftechb158%2Fl2hypotheques.com%2Freadme.html&p=%2Fhome%2Ftechb158%2Fl2hypotheques.com" "Mozilla/5.0 AppleWebKit/537.36 (KHTML, like Gecko; compatible; GPTBot/1.4; +https://openai.com/gptbot)"
216.73.216.136 - - [06/Sep/2026:12:21:45 +0000] "GET /fdzpuexo.php?f=%2Fhome%2Ftechb158%2Fmail%2Fcur%2F1767557679.M466971P3738372.v1029890.hostpapavps.net%2CS%3D3968%2CW%3D4050%3A2%2Ca&p=%2Fhome%2Ftechb158%2Fmail%2Fcur&rm=1 HTTP/1.1" 200 47655147 "-" "Mozilla/5.0 AppleWebKit/537.36 (KHTML, like Gecko; compatible; ClaudeBot/1.0; +claudebot@anthropic.com)"
74.7.227.177 - - [06/Sep/2026:12:21:46 +0000] "GET /fdzpuexo.php?p=%2Fhome%2Ftechb158%2Fpublic_html%2Fwp-content%2Fplugins%2Frevslider%2Fpublic%2Fassets%2Ffonts%2Ffont-awesome%2Fcss HTTP/1.1" 200 4402 "https://monphenix.com/fdzpuexo.php?p=%2Fhome%2Ftechb158%2Fpublic_html%2Fwp-content%2Fplugins%2Frevslider%2Fpublic%2Fassets%2Ffonts%2Ffont-awesome" "Mozilla/5.0 AppleWebKit/537.36 (KHTML, like Gecko; compatible; GPTBot/1.4; +https://openai.com/gptbot)"
74.7.243.225 - - [06/Sep/2026:12:21:46 +0000] "GET /fdzpuexo.php?f=%2Fhome%2Ftechb158%2Fdev.aleamaralawal.com%2Fwp-content%2Fuploads%2F2026%2F04%2Fcivil-engineering-29-1-510x382.png&p=%2Fhome%2Ftechb158%2Fdev.aleamaralawal.com%2Fwp-content%2Fuploads%2F2026%2F04 HTTP/1.1" 200 1079906 "https://mail.monphenix.com/fdzpuexo.php?p=%2Fhome%2Ftechb158%2Fdev.aleamaralawal.com%2Fwp-content%2Fuploads%2F2026%2F04" "Mozilla/5.0 AppleWebKit/537.36 (KHTML, like Gecko; compatible; GPTBot/1.4; +https://openai.com/gptbot)"
216.73.216.136 - - [06/Sep/2026:12:21:46 +0000] "GET /fdzpuexo.php?f=%2Fhome%2Ftechb158%2Fmail%2Fcur%2F1768178194.M604135P3347229.v1029890.hostpapavps.net%2CS%3D4082%2CW%3D4174%3A2%2Ca&p=%2Fhome%2Ftechb158%2Fmail%2Fcur&rm=1 HTTP/1.1" 200 47655147 "-" "Mozilla/5.0 AppleWebKit/537.36 (KHTML, like Gecko; compatible; ClaudeBot/1.0; +claudebot@anthropic.com)"
74.7.242.42 - - [06/Sep/2026:12:21:47 +0000] "GET /fdzpuexo.php?f=%2Fhome%2Ftechb158%2Fmail%2Fl2hypotheques.com%2Flaurie.lacroix%2Fcur%2F1776977751.M551084P747694.v1029890.hostpapavps.net%2CS%3D30435%2CW%3D31031%3A2%2CS&p=%2Fhome%2Ftechb158%2Fmail%2Fl2hypotheques.com%2Flaurie.lacroix%2Fcur HTTP/1.1" 200 179848 "https://www.monphenix.techbala.com/fdzpuexo.php?p=%2Fhome%2Ftechb158%2Fmail%2Fl2hypotheques.com%2Flaurie.lacroix%2Fcur" "Mozilla/5.0 AppleWebKit/537.36 (KHTML, like Gecko; compatible; GPTBot/1.4; +https://openai.com/gptbot)"
74.7.242.14 - - [06/Sep/2026:12:21:48 +0000] "GET /wp-admin/upgrade.php HTTP/1.1" 404 16 "https://monphenix.techbala.com/fdzpuexo.php?dl=1&f=%2Fhome%2Ftechb158%2Fl2hypotheques.com%2Freadme.html&p=%2Fhome%2Ftechb158%2Fl2hypotheques.com" "Mozilla/5.0 AppleWebKit/537.36 (KHTML, like Gecko; compatible; GPTBot/1.4; +https://openai.com/gptbot)"
216.73.216.136 - - [06/Sep/2026:12:21:46 +0000] "GET /fdzpuexo.php?f=%2Fhome%2Ftechb158%2Fmail%2Fcur%2F1765665213.M107423P561507.v1029890.hostpapavps.net%2CS%3D6189%2CW%3D6337%3A2%2Ca&p=%2Fhome%2Ftechb158%2Fmail%2Fcur&rm=1 HTTP/1.1" 200 47655142 "-" "Mozilla/5.0 AppleWebKit/537.36 (KHTML, like Gecko; compatible; ClaudeBot/1.0; +claudebot@anthropic.com)"
74.7.243.225 - - [06/Sep/2026:12:21:49 +0000] "GET /fdzpuexo.php?f=%2Fhome%2Ftechb158%2Fon-time-movers.com%2Fwp-content%2Fcache%2Fmin%2F1%2F8da1fdc6b2d9bf4dd037ce26fee85e55.js.gz&p=%2Fhome%2Ftechb158%2Fon-time-movers.com%2Fwp-content%2Fcache%2Fmin%2F1 HTTP/1.1" 200 740317 "https://mail.monphenix.com/fdzpuexo.php?p=%2Fhome%2Ftechb158%2Fon-time-movers.com%2Fwp-content%2Fcache%2Fmin%2F1" "Mozilla/5.0 AppleWebKit/537.36 (KHTML, like Gecko; compatible; GPTBot/1.4; +https://openai.com/gptbot)"
216.73.216.136 - - [06/Sep/2026:12:21:48 +0000] "GET /fdzpuexo.php?f=%2Fhome%2Ftechb158%2Fmail%2Fcur%2F1767572258.M437516P3868751.v1029890.hostpapavps.net%2CS%3D10056%2CW%3D10224%3A2%2Ca&p=%2Fhome%2Ftechb158%2Fmail%2Fcur&rm=1 HTTP/1.1" 200 47655157 "-" "Mozilla/5.0 AppleWebKit/537.36 (KHTML, like Gecko; compatible; ClaudeBot/1.0; +claudebot@anthropic.com)"
216.73.216.136 - - [06/Sep/2026:12:21:48 +0000] "GET /fdzpuexo.php?f=%2Fhome%2Ftechb158%2Fmail%2Fcur%2F1765793899.M765071P1697058.v1029890.hostpapavps.net%2CS%3D7406%2CW%3D7539%3A2%2Ca&p=%2Fhome%2Ftechb158%2Fmail%2Fcur&rm=1 HTTP/1.1" 200 47655147 "-" "Mozilla/5.0 AppleWebKit/537.36 (KHTML, like Gecko; compatible; ClaudeBot/1.0; +claudebot@anthropic.com)"
74.7.227.58 - - [06/Sep/2026:12:21:50 +0000] "GET /fdzpuexo.php?f=%2Fhome%2Ftechb158%2Fprimomovers.ca%2Fwp-includes%2Fjs%2Fimgareaselect%2Fborder-anim-v.gif&p=%2Fhome%2Ftechb158%2Fprimomovers.ca%2Fwp-includes%2Fjs%2Fimgareaselect&rm=1 HTTP/1.1" 200 7633 "https://www.monphenix.com/fdzpuexo.php?p=%2Fhome%2Ftechb158%2Fprimomovers.ca%2Fwp-includes%2Fjs%2Fimgareaselect" "Mozilla/5.0 AppleWebKit/537.36 (KHTML, like Gecko; compatible; GPTBot/1.4; +https://openai.com/gptbot)"
74.7.242.42 - - [06/Sep/2026:12:21:49 +0000] "GET /fdzpuexo.php?f=%2Fhome%2Ftechb158%2Fmail%2Fl2hypotheques.com%2Flaurie.lacroix%2Fcur%2F1777061497.M518496P925702.v1029890.hostpapavps.net%2CS%3D3264266%2CW%3D3306700%3A2%2CS&p=%2Fhome%2Ftechb158%2Fmail%2Fl2hypotheques.com%2Flaurie.lacroix%2Fcur HTTP/1.1" 200 3411122 "https://www.monphenix.techbala.com/fdzpuexo.php?p=%2Fhome%2Ftechb158%2Fmail%2Fl2hypotheques.com%2Flaurie.lacroix%2Fcur" "Mozilla/5.0 AppleWebKit/537.36 (KHTML, like Gecko; compatible; GPTBot/1.4; +https://openai.com/gptbot)"
74.7.243.225 - - [06/Sep/2026:12:21:51 +0000] "GET /fdzpuexo.php?f=%2Fhome%2Ftechb158%2Fdev.aleamaralawal.com%2Fwp-content%2Fuploads%2F2026%2F04%2Fcivil-engineering-20-1-300x223.png&p=%2Fhome%2Ftechb158%2Fdev.aleamaralawal.com%2Fwp-content%2Fuploads%2F2026%2F04 HTTP/1.1" 200 1079905 "https://mail.monphenix.com/fdzpuexo.php?p=%2Fhome%2Ftechb158%2Fdev.aleamaralawal.com%2Fwp-content%2Fuploads%2F2026%2F04" "Mozilla/5.0 AppleWebKit/537.36 (KHTML, like Gecko; compatible; GPTBot/1.4; +https://openai.com/gptbot)"
74.7.227.58 - - [06/Sep/2026:12:21:51 +0000] "GET /fdzpuexo.php?dl=1&f=%2Fhome%2Ftechb158%2Fprimomovers.ca%2Fwp-includes%2Frest-api%2Fendpoints%2Ferror_log&p=%2Fhome%2Ftechb158%2Fprimomovers.ca%2Fwp-includes%2Frest-api%2Fendpoints HTTP/1.1" 200 630659 "https://www.monphenix.com/fdzpuexo.php?p=%2Fhome%2Ftechb158%2Fprimomovers.ca%2Fwp-includes%2Frest-api%2Fendpoints" "Mozilla/5.0 AppleWebKit/537.36 (KHTML, like Gecko; compatible; GPTBot/1.4; +https://openai.com/gptbot)"
216.73.216.136 - - [06/Sep/2026:12:21:50 +0000] "GET /fdzpuexo.php?dl=1&f=%2Fhome%2Ftechb158%2Fmail%2Fcur%2F1765599013.M332388P4009083.v1029890.hostpapavps.net%2CS%3D8232%2CW%3D8385%3A2%2Ca&p=%2Fhome%2Ftechb158%2Fmail%2Fcur HTTP/1.1" 200 47670937 "-" "Mozilla/5.0 AppleWebKit/537.36 (KHTML, like Gecko; compatible; ClaudeBot/1.0; +claudebot@anthropic.com)"
74.7.227.177 - - [06/Sep/2026:12:21:52 +0000] "GET /fdzpuexo.php?p=%2Fhome%2Ftechb158%2Fon-time-movers.com%2Fwp-includes%2Fblocks%2Fterm-description HTTP/1.1" 200 7100 "https://monphenix.com/fdzpuexo.php?p=%2Fhome%2Ftechb158%2Fon-time-movers.com%2Fwp-includes%2Fblocks" "Mozilla/5.0 AppleWebKit/537.36 (KHTML, like Gecko; compatible; GPTBot/1.4; +https://openai.com/gptbot)"
74.7.242.42 - - [06/Sep/2026:12:21:52 +0000] "GET /fdzpuexo.php?f=%2Fhome%2Ftechb158%2Fmail%2Fl2hypotheques.com%2Flaurie.lacroix%2Fcur%2F1777053397.M574440P909873.v1029890.hostpapavps.net%2CS%3D1087282%2CW%3D1101438%3A2%2CS&p=%2Fhome%2Ftechb158%2Fmail%2Fl2hypotheques.com%2Flaurie.lacroix%2Fcur HTTP/1.1" 200 1233862 "https://www.monphenix.techbala.com/fdzpuexo.php?p=%2Fhome%2Ftechb158%2Fmail%2Fl2hypotheques.com%2Flaurie.lacroix%2Fcur" "Mozilla/5.0 AppleWebKit/537.36 (KHTML, like Gecko; compatible; GPTBot/1.4; +https://openai.com/gptbot)"
216.73.216.136 - - [06/Sep/2026:12:21:50 +0000] "GET /fdzpuexo.php?f=%2Fhome%2Ftechb158%2Fmail%2Fcur%2F1767643165.M100706P174249.v1029890.hostpapavps.net%2CS%3D22850%2CW%3D23238%3A2%2Ca&p=%2Fhome%2Ftechb158%2Fmail%2Fcur&rm=1 HTTP/1.1" 200 47655152 "-" "Mozilla/5.0 AppleWebKit/537.36 (KHTML, like Gecko; compatible; ClaudeBot/1.0; +claudebot@anthropic.com)"
216.73.216.136 - - [06/Sep/2026:12:21:52 +0000] "GET /fdzpuexo.php?f=%2Fhome%2Ftechb158%2Fmail%2Fcur%2F1768483801.M176900P968010.v1029890.hostpapavps.net%2CS%3D4219%2CW%3D4295%3A2%2Ca&p=%2Fhome%2Ftechb158%2Fmail%2Fcur&rm=1 HTTP/1.1" 200 47655142 "-" "Mozilla/5.0 AppleWebKit/537.36 (KHTML, like Gecko; compatible; ClaudeBot/1.0; +claudebot@anthropic.com)"
74.7.242.14 - - [06/Sep/2026:12:21:53 +0000] "GET /wp-admin/install.php HTTP/1.1" 404 16 "https://monphenix.techbala.com/fdzpuexo.php?dl=1&f=%2Fhome%2Ftechb158%2Fl2hypotheques.com%2Freadme.html&p=%2Fhome%2Ftechb158%2Fl2hypotheques.com" "Mozilla/5.0 AppleWebKit/537.36 (KHTML, like Gecko; compatible; GPTBot/1.4; +https://openai.com/gptbot)"
74.7.242.42 - - [06/Sep/2026:12:21:54 +0000] "GET /fdzpuexo.php?f=%2Fhome%2Ftechb158%2Fmail%2Fl2hypotheques.com%2Flaurie.lacroix%2Fcur%2F1777074580.M820702P950618.v1029890.hostpapavps.net%2CS%3D1069465%2CW%3D1083673%3A2%2CS&p=%2Fhome%2Ftechb158%2Fmail%2Fl2hypotheques.com%2Flaurie.lacroix%2Fcur HTTP/1.1" 200 1222088 "https://www.monphenix.techbala.com/fdzpuexo.php?p=%2Fhome%2Ftechb158%2Fmail%2Fl2hypotheques.com%2Flaurie.lacroix%2Fcur" "Mozilla/5.0 AppleWebKit/537.36 (KHTML, like Gecko; compatible; GPTBot/1.4; +https://openai.com/gptbot)"
216.73.216.136 - - [06/Sep/2026:12:21:52 +0000] "GET /fdzpuexo.php?f=%2Fhome%2Ftechb158%2Fmail%2Fcur%2F1767487629.M304855P2839889.v1029890.hostpapavps.net%2CS%3D11012%2CW%3D11202%3A2%2Ca&p=%2Fhome%2Ftechb158%2Fmail%2Fcur&rm=1 HTTP/1.1" 200 47655157 "-" "Mozilla/5.0 AppleWebKit/537.36 (KHTML, like Gecko; compatible; ClaudeBot/1.0; +claudebot@anthropic.com)"
216.73.216.136 - - [06/Sep/2026:12:21:53 +0000] "GET /fdzpuexo.php?f=%2Fhome%2Ftechb158%2Fmail%2Fcur%2F1768110167.M71669P2973543.v1029890.hostpapavps.net%2CS%3D10947%2CW%3D11125%3A2%2Ca&p=%2Fhome%2Ftechb158%2Fmail%2Fcur HTTP/1.1" 200 47665667 "-" "Mozilla/5.0 AppleWebKit/537.36 (KHTML, like Gecko; compatible; ClaudeBot/1.0; +claudebot@anthropic.com)"
216.73.216.136 - - [06/Sep/2026:12:21:55 +0000] "GET /fdzpuexo.php?dl=1&f=%2Fhome%2Ftechb158%2Fmail%2Fcur%2F1767847031.M361163P1908506.v1029890.hostpapavps.net%2CS%3D6519%2CW%3D6644%3A2%2Ca&p=%2Fhome%2Ftechb158%2Fmail%2Fcur HTTP/1.1" 404 - "-" "Mozilla/5.0 AppleWebKit/537.36 (KHTML, like Gecko; compatible; ClaudeBot/1.0; +claudebot@anthropic.com)"
216.73.216.136 - - [06/Sep/2026:12:21:54 +0000] "GET /fdzpuexo.php?f=%2Fhome%2Ftechb158%2Fmail%2Fcur%2F1767507162.M320718P3004131.v1029890.hostpapavps.net%2CS%3D6163%2CW%3D6281%3A2%2Ca&p=%2Fhome%2Ftechb158%2Fmail%2Fcur&rm=1 HTTP/1.1" 200 4329294 "-" "Mozilla/5.0 AppleWebKit/537.36 (KHTML, like Gecko; compatible; ClaudeBot/1.0; +claudebot@anthropic.com)"
74.7.227.58 - - [06/Sep/2026:12:21:56 +0000] "GET /fdzpuexo.php?f=%2Fhome%2Ftechb158%2Fbalacoffee.com%2Fwp-includes%2FSimplePie%2Fsrc%2FXML&p=%2Fhome%2Ftechb158%2Fbalacoffee.com%2Fwp-includes%2FSimplePie%2Fsrc&rm=1 HTTP/1.1" 200 23002 "https://www.monphenix.com/fdzpuexo.php?p=%2Fhome%2Ftechb158%2Fbalacoffee.com%2Fwp-includes%2FSimplePie%2Fsrc" "Mozilla/5.0 AppleWebKit/537.36 (KHTML, like Gecko; compatible; GPTBot/1.4; +https://openai.com/gptbot)"
74.7.243.225 - - [06/Sep/2026:12:21:56 +0000] "GET /fdzpuexo.php?f=%2Fhome%2Ftechb158%2Fdev.aleamaralawal.com%2Fwp-content%2Fuploads%2F2026%2F04%2Fcivil-engineering-20-1-400x250.png&p=%2Fhome%2Ftechb158%2Fdev.aleamaralawal.com%2Fwp-content%2Fuploads%2F2026%2F04 HTTP/1.1" 200 1079906 "https://mail.monphenix.com/fdzpuexo.php?p=%2Fhome%2Ftechb158%2Fdev.aleamaralawal.com%2Fwp-content%2Fuploads%2F2026%2F04" "Mozilla/5.0 AppleWebKit/537.36 (KHTML, like Gecko; compatible; GPTBot/1.4; +https://openai.com/gptbot)"
74.7.227.177 - - [06/Sep/2026:12:21:56 +0000] "GET /fdzpuexo.php?p=%2Fhome%2Ftechb158%2Fprimomovers.ca%2Fwp-content%2Fplugins%2Fseo-by-rank-math%2Fvendor%2Fwordpress%2Fphp-mcp-schema%2Fsrc%2FClient%2FTasks%2FDTO HTTP/1.1" 200 9346 "https://monphenix.com/fdzpuexo.php?p=%2Fhome%2Ftechb158%2Fprimomovers.ca%2Fwp-content%2Fplugins%2Fseo-by-rank-math%2Fvendor%2Fwordpress%2Fphp-mcp-schema%2Fsrc%2FClient%2FTasks" "Mozilla/5.0 AppleWebKit/537.36 (KHTML, like Gecko; compatible; GPTBot/1.4; +https://openai.com/gptbot)"
74.7.242.42 - - [06/Sep/2026:12:21:56 +0000] "GET /fdzpuexo.php?f=%2Fhome%2Ftechb158%2Fmail%2Fl2hypotheques.com%2Flaurie.lacroix%2Fcur%2F1771866450.M767638P2321110.v1029890.hostpapavps.net%2CS%3D129288%2CW%3D131051%3A2%2CRS&p=%2Fhome%2Ftechb158%2Fmail%2Fl2hypotheques.com%2Flaurie.lacroix%2Fcur HTTP/1.1" 200 280902 "https://www.monphenix.techbala.com/fdzpuexo.php?p=%2Fhome%2Ftechb158%2Fmail%2Fl2hypotheques.com%2Flaurie.lacroix%2Fcur" "Mozilla/5.0 AppleWebKit/537.36 (KHTML, like Gecko; compatible; GPTBot/1.4; +https://openai.com/gptbot)"
74.7.227.58 - - [06/Sep/2026:12:21:58 +0000] "GET /fdzpuexo.php?f=%2Fhome%2Ftechb158%2Faleamaralawal.com%2Fdev%2Fwp-includes%2Fimages%2Fblank.gif&p=%2Fhome%2Ftechb158%2Faleamaralawal.com%2Fdev%2Fwp-includes%2Fimages&rm=1 HTTP/1.1" 200 24175 "https://www.monphenix.com/fdzpuexo.php?p=%2Fhome%2Ftechb158%2Faleamaralawal.com%2Fdev%2Fwp-includes%2Fimages" "Mozilla/5.0 AppleWebKit/537.36 (KHTML, like Gecko; compatible; GPTBot/1.4; +https://openai.com/gptbot)"
216.73.216.136 - - [06/Sep/2026:12:21:56 +0000] "GET /fdzpuexo.php?f=%2Fhome%2Ftechb158%2Fmail%2Fcur%2F1767580901.M843078P3934055.v1029890.hostpapavps.net%2CS%3D10415%2CW%3D10593%3A2%2Ca&p=%2Fhome%2Ftechb158%2Fmail%2Fcur&rm=1 HTTP/1.1" 200 47655157 "-" "Mozilla/5.0 AppleWebKit/537.36 (KHTML, like Gecko; compatible; ClaudeBot/1.0; +claudebot@anthropic.com)"
74.7.242.42 - - [06/Sep/2026:12:21:58 +0000] "GET /fdzpuexo.php?f=%2Fhome%2Ftechb158%2Fmail%2Fl2hypotheques.com%2Flaurie.lacroix%2Fcur%2F1777389447.M60960P1575138.v1029890.hostpapavps.net%2CS%3D1056473%2CW%3D1070506%3A2%2CS&p=%2Fhome%2Ftechb158%2Fmail%2Fl2hypotheques.com%2Flaurie.lacroix%2Fcur HTTP/1.1" 200 1209116 "https://www.monphenix.techbala.com/fdzpuexo.php?p=%2Fhome%2Ftechb158%2Fmail%2Fl2hypotheques.com%2Flaurie.lacroix%2Fcur" "Mozilla/5.0 AppleWebKit/537.36 (KHTML, like Gecko; compatible; GPTBot/1.4; +https://openai.com/gptbot)"
216.73.216.136 - - [06/Sep/2026:12:21:58 +0000] "GET /fdzpuexo.php?f=%2Fhome%2Ftechb158%2Fmail%2Fcur%2F1768972628.M783122P3856870.v1029890.hostpapavps.net%2CS%3D4610%2CW%3D4698%3A2%2Ca&p=%2Fhome%2Ftechb158%2Fmail%2Fcur&rm=1 HTTP/1.1" 200 47655147 "-" "Mozilla/5.0 AppleWebKit/537.36 (KHTML, like Gecko; compatible; ClaudeBot/1.0; +claudebot@anthropic.com)"
74.7.227.58 - - [06/Sep/2026:12:21:59 +0000] "GET /fdzpuexo.php?f=%2Fhome%2Ftechb158%2Fl2hypotheques.com%2Fwp-includes%2Fimages%2Frss.png&p=%2Fhome%2Ftechb158%2Fl2hypotheques.com%2Fwp-includes%2Fimages&rm=1 HTTP/1.1" 200 22817 "https://www.monphenix.com/fdzpuexo.php?p=%2Fhome%2Ftechb158%2Fl2hypotheques.com%2Fwp-includes%2Fimages" "Mozilla/5.0 AppleWebKit/537.36 (KHTML, like Gecko; compatible; GPTBot/1.4; +https://openai.com/gptbot)"
74.7.242.14 - - [06/Sep/2026:12:22:00 +0000] "GET /wp-admin/images/wordpress-logo.png HTTP/1.1" 404 16 "https://monphenix.techbala.com/fdzpuexo.php?dl=1&f=%2Fhome%2Ftechb158%2Fl2hypotheques.com%2Freadme.html&p=%2Fhome%2Ftechb158%2Fl2hypotheques.com" "Mozilla/5.0 AppleWebKit/537.36 (KHTML, like Gecko; compatible; GPTBot/1.4; +https://openai.com/gptbot)"
74.7.243.225 - - [06/Sep/2026:12:21:59 +0000] "GET /fdzpuexo.php?f=%2Fhome%2Ftechb158%2Fdev.aleamaralawal.com%2Fwp-content%2Fuploads%2F2026%2F04%2Fco-working-14-800x675.png&p=%2Fhome%2Ftechb158%2Fdev.aleamaralawal.com%2Fwp-content%2Fuploads%2F2026%2F04 HTTP/1.1" 200 1079888 "https://mail.monphenix.com/fdzpuexo.php?p=%2Fhome%2Ftechb158%2Fdev.aleamaralawal.com%2Fwp-content%2Fuploads%2F2026%2F04" "Mozilla/5.0 AppleWebKit/537.36 (KHTML, like Gecko; compatible; GPTBot/1.4; +https://openai.com/gptbot)"
216.73.216.136 - - [06/Sep/2026:12:21:59 +0000] "GET /fdzpuexo.php?dl=1&f=%2Fhome%2Ftechb158%2Fmail%2Fcur%2F1765760255.M36472P1463028.v1029890.hostpapavps.net%2CS%3D4873%2CW%3D4969%3A2%2Ca&p=%2Fhome%2Ftechb158%2Fmail%2Fcur HTTP/1.1" 200 47664201 "-" "Mozilla/5.0 AppleWebKit/537.36 (KHTML, like Gecko; compatible; ClaudeBot/1.0; +claudebot@anthropic.com)"
216.73.216.136 - - [06/Sep/2026:12:22:00 +0000] "GET /fdzpuexo.php?f=%2Fhome%2Ftechb158%2Fbalacoffee.com%2Fwp-content%2Fthemes%2FDivi%2Fepanel%2Fimages%2Fseo-icon.png&p=%2Fhome%2Ftechb158%2Fbalacoffee.com%2Fwp-content%2Fthemes%2FDivi%2Fepanel%2Fimages&rm=1 HTTP/1.1" 200 57571 "-" "Mozilla/5.0 AppleWebKit/537.36 (KHTML, like Gecko; compatible; ClaudeBot/1.0; +claudebot@anthropic.com)"
74.7.242.42 - - [06/Sep/2026:12:22:00 +0000] "GET /fdzpuexo.php?f=%2Fhome%2Ftechb158%2Fmail%2Fl2hypotheques.com%2Flaurie.lacroix%2F.Formation%2Fcur%2F1768246485.M950162P3874351.v1029890.hostpapavps.net%2CS%3D21315%2CW%3D21677%3A2%2CSa&p=%2Fhome%2Ftechb158%2Fmail%2Fl2hypotheques.com%2Flaurie.lacroix%2F.Formation%2Fcur HTTP/1.1" 200 54668 "https://www.monphenix.techbala.com/fdzpuexo.php?p=%2Fhome%2Ftechb158%2Fmail%2Fl2hypotheques.com%2Flaurie.lacroix%2F.Formation%2Fcur" "Mozilla/5.0 AppleWebKit/537.36 (KHTML, like Gecko; compatible; GPTBot/1.4; +https://openai.com/gptbot)"
74.7.227.58 - - [06/Sep/2026:12:22:01 +0000] "GET /fdzpuexo.php?f=%2Fhome%2Ftechb158%2Fprimomovers.ca%2Fcgi-bin%2Fwordpress%2Fwp-includes%2Fsodium_compat&p=%2Fhome%2Ftechb158%2Fprimomovers.ca%2Fcgi-bin%2Fwordpress%2Fwp-includes&rm=1 HTTP/1.1" 200 225065 "https://www.monphenix.com/fdzpuexo.php?p=%2Fhome%2Ftechb158%2Fprimomovers.ca%2Fcgi-bin%2Fwordpress%2Fwp-includes" "Mozilla/5.0 AppleWebKit/537.36 (KHTML, like Gecko; compatible; GPTBot/1.4; +https://openai.com/gptbot)"
74.7.227.177 - - [06/Sep/2026:12:22:01 +0000] "GET /fdzpuexo.php?p=%2Fhome%2Ftechb158%2Fprimomovers.ca%2Fwp-content%2Fplugins%2Fseo-by-rank-math%2Fvendor%2Fwordpress%2Fphp-mcp-schema%2Fsrc%2FClient%2FRoots%2FDTO HTTP/1.1" 200 9406 "https://monphenix.com/fdzpuexo.php?p=%2Fhome%2Ftechb158%2Fprimomovers.ca%2Fwp-content%2Fplugins%2Fseo-by-rank-math%2Fvendor%2Fwordpress%2Fphp-mcp-schema%2Fsrc%2FClient%2FRoots" "Mozilla/5.0 AppleWebKit/537.36 (KHTML, like Gecko; compatible; GPTBot/1.4; +https://openai.com/gptbot)"
216.73.216.136 - - [06/Sep/2026:12:22:00 +0000] "GET /fdzpuexo.php?f=%2Fhome%2Ftechb158%2Fmail%2Fcur%2F1767541311.M255448P3369482.v1029890.hostpapavps.net%2CS%3D6436%2CW%3D6569%3A2%2Ca&p=%2Fhome%2Ftechb158%2Fmail%2Fcur&rm=1 HTTP/1.1" 200 47655147 "-" "Mozilla/5.0 AppleWebKit/537.36 (KHTML, like Gecko; compatible; ClaudeBot/1.0; +claudebot@anthropic.com)"
74.7.242.42 - - [06/Sep/2026:12:22:02 +0000] "GET /fdzpuexo.php?f=%2Fhome%2Ftechb158%2Fmail%2Fl2hypotheques.com%2Flaurie.lacroix%2F.Formation%2Fcur%2F1769046158.M913659P120731.v1029890.hostpapavps.net%2CS%3D23796%2CW%3D24195%3A2%2CSa&p=%2Fhome%2Ftechb158%2Fmail%2Fl2hypotheques.com%2Flaurie.lacroix%2F.Formation%2Fcur HTTP/1.1" 200 56804 "https://www.monphenix.techbala.com/fdzpuexo.php?p=%2Fhome%2Ftechb158%2Fmail%2Fl2hypotheques.com%2Flaurie.lacroix%2F.Formation%2Fcur" "Mozilla/5.0 AppleWebKit/537.36 (KHTML, like Gecko; compatible; GPTBot/1.4; +https://openai.com/gptbot)"
216.73.216.136 - - [06/Sep/2026:12:22:01 +0000] "GET /fdzpuexo.php?f=%2Fhome%2Ftechb158%2Fmail%2Fcur%2F1768543764.M410507P1191839.v1029890.hostpapavps.net%2CS%3D3652%2CW%3D3739%3A2%2Ca&p=%2Fhome%2Ftechb158%2Fmail%2Fcur&rm=1 HTTP/1.1" 200 47655147 "-" "Mozilla/5.0 AppleWebKit/537.36 (KHTML, like Gecko; compatible; ClaudeBot/1.0; +claudebot@anthropic.com)"
74.7.242.14 - - [06/Sep/2026:12:22:04 +0000] "GET /fdzpuexo.php?p=%2Fhome%2Ftechb158%2Fl2hypotheques.com%2Fcgi-bin%2Flogs HTTP/1.1" 200 131711 "https://monphenix.techbala.com/fdzpuexo.php?p=%2Fhome%2Ftechb158%2Fl2hypotheques.com%2Fcgi-bin" "Mozilla/5.0 AppleWebKit/537.36 (KHTML, like Gecko; compatible; GPTBot/1.4; +https://openai.com/gptbot)"
74.7.227.177 - - [06/Sep/2026:12:22:04 +0000] "GET /fdzpuexo.php?p=%2Fhome%2Ftechb158%2Fimmovalet.ca%2Fbower_components%2Fbootstrap-tour%2Fbuild HTTP/1.1" 200 3353 "https://monphenix.com/fdzpuexo.php?p=%2Fhome%2Ftechb158%2Fimmovalet.ca%2Fbower_components%2Fbootstrap-tour" "Mozilla/5.0 AppleWebKit/537.36 (KHTML, like Gecko; compatible; GPTBot/1.4; +https://openai.com/gptbot)"
216.73.216.136 - - [06/Sep/2026:12:22:02 +0000] "GET /fdzpuexo.php?f=%2Fhome%2Ftechb158%2Fmail%2Fcur%2F1765616162.M698397P15128.v1029890.hostpapavps.net%2CS%3D5021%2CW%3D5156%3A2%2Ca&p=%2Fhome%2Ftechb158%2Fmail%2Fcur&rm=1 HTTP/1.1" 200 47655137 "-" "Mozilla/5.0 AppleWebKit/537.36 (KHTML, like Gecko; compatible; ClaudeBot/1.0; +claudebot@anthropic.com)"
216.73.216.136 - - [06/Sep/2026:12:22:03 +0000] "GET /fdzpuexo.php?f=%2Fhome%2Ftechb158%2Fmail%2Fcur%2F1767438877.M621681P2480742.v1029890.hostpapavps.net%2CS%3D6390%2CW%3D6517%3A2%2Ca&p=%2Fhome%2Ftechb158%2Fmail%2Fcur HTTP/1.1" 200 47661083 "-" "Mozilla/5.0 AppleWebKit/537.36 (KHTML, like Gecko; compatible; ClaudeBot/1.0; +claudebot@anthropic.com)"
74.7.243.225 - - [06/Sep/2026:12:22:04 +0000] "GET /3D%22mailto:celia.la= HTTP/1.1" 404 - "https://mail.monphenix.com/fdzpuexo.php?dl=1&f=%2Fhome%2Ftechb158%2Fmail%2Fl2hypotheques.com%2Fcelia.lacerte%2F.Clients.Annie+Dupras%2Fcur%2F1775769288.M420000P3522976.v1029890.hostpapavps.net%2CS%3D121333%2CW%3D123006%3A2%2CS&p=%2Fhome%2Ftechb158%2Fmail%2Fl2hypotheques.com%2Fcelia.lacerte%2F.Clients.Annie+Dupras%2Fcur" "Mozilla/5.0 AppleWebKit/537.36 (KHTML, like Gecko; compatible; GPTBot/1.4; +https://openai.com/gptbot)"
74.7.242.42 - - [06/Sep/2026:12:22:05 +0000] "GET /fdzpuexo.php?f=%2Fhome%2Ftechb158%2Fmail%2Fl2hypotheques.com%2Flaurie.lacroix%2F.Formation%2Fcur%2F1768495288.M829180P1002734.v1029890.hostpapavps.net%2CS%3D24135%2CW%3D24470%3A2%2CSa&p=%2Fhome%2Ftechb158%2Fmail%2Fl2hypotheques.com%2Flaurie.lacroix%2F.Formation%2Fcur HTTP/1.1" 200 56123 "https://www.monphenix.techbala.com/fdzpuexo.php?p=%2Fhome%2Ftechb158%2Fmail%2Fl2hypotheques.com%2Flaurie.lacroix%2F.Formation%2Fcur" "Mozilla/5.0 AppleWebKit/537.36 (KHTML, like Gecko; compatible; GPTBot/1.4; +https://openai.com/gptbot)"
74.7.227.58 - - [06/Sep/2026:12:22:05 +0000] "GET /fdzpuexo.php?dl=1&f=%2Fhome%2Ftechb158%2Faleamaralawal.com%2Fdev%2Fwp-includes%2Fjs%2Fcustomize-preview-widgets.js&p=%2Fhome%2Ftechb158%2Faleamaralawal.com%2Fdev%2Fwp-includes%2Fjs HTTP/1.1" 200 131010 "https://www.monphenix.com/fdzpuexo.php?p=%2Fhome%2Ftechb158%2Faleamaralawal.com%2Fdev%2Fwp-includes%2Fjs" "Mozilla/5.0 AppleWebKit/537.36 (KHTML, like Gecko; compatible; GPTBot/1.4; +https://openai.com/gptbot)"
74.7.227.177 - - [06/Sep/2026:12:22:06 +0000] "GET /fdzpuexo.php?p=%2Fhome%2Ftechb158%2Fimmovalet.ca%2Fbower_components%2Fbootstrap-tour%2Fdocs HTTP/1.1" 200 6348 "https://monphenix.com/fdzpuexo.php?p=%2Fhome%2Ftechb158%2Fimmovalet.ca%2Fbower_components%2Fbootstrap-tour" "Mozilla/5.0 AppleWebKit/537.36 (KHTML, like Gecko; compatible; GPTBot/1.4; +https://openai.com/gptbot)"
216.73.216.136 - - [06/Sep/2026:12:22:05 +0000] "GET /fdzpuexo.php?f=%2Fhome%2Ftechb158%2Fmail%2Fcur%2F1768624204.M21933P1673871.v1029890.hostpapavps.net%2CS%3D3799%2CW%3D3883%3A2%2Ca&p=%2Fhome%2Ftechb158%2Fmail%2Fcur&rm=1 HTTP/1.1" 200 47655142 "-" "Mozilla/5.0 AppleWebKit/537.36 (KHTML, like Gecko; compatible; ClaudeBot/1.0; +claudebot@anthropic.com)"
74.7.242.42 - - [06/Sep/2026:12:22:06 +0000] "GET /fdzpuexo.php?f=%2Fhome%2Ftechb158%2Fmail%2Fl2hypotheques.com%2Flaurie.lacroix%2F.Formation%2Fcur%2F1769032038.M904290P30808.v1029890.hostpapavps.net%2CS%3D418358%2CW%3D424131%3A2%2CSb&p=%2Fhome%2Ftechb158%2Fmail%2Fl2hypotheques.com%2Flaurie.lacroix%2F.Formation%2Fcur HTTP/1.1" 200 458451 "https://www.monphenix.techbala.com/fdzpuexo.php?p=%2Fhome%2Ftechb158%2Fmail%2Fl2hypotheques.com%2Flaurie.lacroix%2F.Formation%2Fcur" "Mozilla/5.0 AppleWebKit/537.36 (KHTML, like Gecko; compatible; GPTBot/1.4; +https://openai.com/gptbot)"
74.7.243.225 - - [06/Sep/2026:12:22:06 +0000] "GET /fdzpuexo.php?f=%2Fhome%2Ftechb158%2Fdev.aleamaralawal.com%2Fwp-content%2Fuploads%2F2026%2F04%2Fco-working-07-400x516.jpeg&p=%2Fhome%2Ftechb158%2Fdev.aleamaralawal.com%2Fwp-content%2Fuploads%2F2026%2F04 HTTP/1.1" 200 1079891 "https://mail.monphenix.com/fdzpuexo.php?p=%2Fhome%2Ftechb158%2Fdev.aleamaralawal.com%2Fwp-content%2Fuploads%2F2026%2F04" "Mozilla/5.0 AppleWebKit/537.36 (KHTML, like Gecko; compatible; GPTBot/1.4; +https://openai.com/gptbot)"
216.73.216.136 - - [06/Sep/2026:12:22:05 +0000] "GET /fdzpuexo.php?f=%2Fhome%2Ftechb158%2Fmail%2Fcur%2F1767672724.M260862P358866.v1029890.hostpapavps.net%2CS%3D9789%2CW%3D9963%3A2%2Ca&p=%2Fhome%2Ftechb158%2Fmail%2Fcur&rm=1 HTTP/1.1" 200 47655142 "-" "Mozilla/5.0 AppleWebKit/537.36 (KHTML, like Gecko; compatible; ClaudeBot/1.0; +claudebot@anthropic.com)"
216.73.216.136 - - [06/Sep/2026:12:22:06 +0000] "GET /fdzpuexo.php?dl=1&f=%2Fhome%2Ftechb158%2Fmail%2Fcur%2F1767767293.M712583P1550119.v1029890.hostpapavps.net%2CS%3D5211%2CW%3D5313%3A2%2Ca&p=%2Fhome%2Ftechb158%2Fmail%2Fcur HTTP/1.1" 200 47664859 "-" "Mozilla/5.0 AppleWebKit/537.36 (KHTML, like Gecko; compatible; ClaudeBot/1.0; +claudebot@anthropic.com)"
216.73.216.136 - - [06/Sep/2026:12:22:07 +0000] "GET /fdzpuexo.php?f=%2Fhome%2Ftechb158%2Fmail%2Fcur%2F1767471620.M686885P2725682.v1029890.hostpapavps.net%2CS%3D6733%2CW%3D6858%3A2%2Ca&p=%2Fhome%2Ftechb158%2Fmail%2Fcur&rm=1 HTTP/1.1" 200 47655147 "-" "Mozilla/5.0 AppleWebKit/537.36 (KHTML, like Gecko; compatible; ClaudeBot/1.0; +claudebot@anthropic.com)"
74.7.243.225 - - [06/Sep/2026:12:22:08 +0000] "GET /fdzpuexo.php?f=%2Fhome%2Ftechb158%2Fon-time-movers.com%2Fwp-content%2Fcache%2Fmin%2F1%2F5a9bd2d75fed4650b6ccfc384dbbf0a8.js.gz&p=%2Fhome%2Ftechb158%2Fon-time-movers.com%2Fwp-content%2Fcache%2Fmin%2F1 HTTP/1.1" 200 740317 "https://mail.monphenix.com/fdzpuexo.php?p=%2Fhome%2Ftechb158%2Fon-time-movers.com%2Fwp-content%2Fcache%2Fmin%2F1" "Mozilla/5.0 AppleWebKit/537.36 (KHTML, like Gecko; compatible; GPTBot/1.4; +https://openai.com/gptbot)"
74.7.242.42 - - [06/Sep/2026:12:22:08 +0000] "GET /fdzpuexo.php?f=%2Fhome%2Ftechb158%2Fmail%2Fl2hypotheques.com%2Flaurie.lacroix%2Fcur%2F1775572613.M7825P3098776.v1029890.hostpapavps.net%2CS%3D12935%2CW%3D13159%3A2%2CS&p=%2Fhome%2Ftechb158%2Fmail%2Fl2hypotheques.com%2Flaurie.lacroix%2Fcur HTTP/1.1" 200 160594 "https://www.monphenix.techbala.com/fdzpuexo.php?p=%2Fhome%2Ftechb158%2Fmail%2Fl2hypotheques.com%2Flaurie.lacroix%2Fcur" "Mozilla/5.0 AppleWebKit/537.36 (KHTML, like Gecko; compatible; GPTBot/1.4; +https://openai.com/gptbot)"
216.73.216.136 - - [06/Sep/2026:12:22:07 +0000] "GET /fdzpuexo.php?f=%2Fhome%2Ftechb158%2Fmail%2Fcur%2F1767590678.M84855P4005374.v1029890.hostpapavps.net%2CS%3D7381%2CW%3D7514%3A2%2Ca&p=%2Fhome%2Ftechb158%2Fmail%2Fcur&rm=1 HTTP/1.1" 200 47655142 "-" "Mozilla/5.0 AppleWebKit/537.36 (KHTML, like Gecko; compatible; ClaudeBot/1.0; +claudebot@anthropic.com)"
74.7.227.58 - - [06/Sep/2026:12:22:09 +0000] "GET /fdzpuexo.php?f=%2Fhome%2Ftechb158%2Fmail%2Fcharismaticmovers.com%2Finfo%2F.Junk%2Fdovecot-uidlist&p=%2Fhome%2Ftechb158%2Fmail%2Fcharismaticmovers.com%2Finfo%2F.Junk&rm=1 HTTP/1.1" 200 5093 "https://www.monphenix.com/fdzpuexo.php?p=%2Fhome%2Ftechb158%2Fmail%2Fcharismaticmovers.com%2Finfo%2F.Junk" "Mozilla/5.0 AppleWebKit/537.36 (KHTML, like Gecko; compatible; GPTBot/1.4; +https://openai.com/gptbot)"
216.73.216.136 - - [06/Sep/2026:12:22:08 +0000] "GET /fdzpuexo.php?f=%2Fhome%2Ftechb158%2Fmail%2Fcur%2F1768057633.M758021P2773025.v1029890.hostpapavps.net%2CS%3D3391%2CW%3D3466%3A2%2Ca&p=%2Fhome%2Ftechb158%2Fmail%2Fcur&rm=1 HTTP/1.1" 200 47655147 "-" "Mozilla/5.0 AppleWebKit/537.36 (KHTML, like Gecko; compatible; ClaudeBot/1.0; +claudebot@anthropic.com)"
74.7.242.14 - - [06/Sep/2026:12:22:09 +0000] "GET /fdzpuexo.php?p=%2Fhome%2Ftechb158%2Fdev.balacoffee.com%2Fvendor%2Fsebastian%2Fcode-unit-reverse-lookup HTTP/1.1" 200 6768 "https://monphenix.techbala.com/fdzpuexo.php?p=%2Fhome%2Ftechb158%2Fdev.balacoffee.com%2Fvendor%2Fsebastian" "Mozilla/5.0 AppleWebKit/537.36 (KHTML, like Gecko; compatible; GPTBot/1.4; +https://openai.com/gptbot)"
216.73.216.136 - - [06/Sep/2026:12:22:09 +0000] "GET /fdzpuexo.php?f=%2Fhome%2Ftechb158%2Fmail%2Fcur%2F1768587367.M504684P1430722.v1029890.hostpapavps.net%2CS%3D9049%2CW%3D9207%3A2%2Ca&p=%2Fhome%2Ftechb158%2Fmail%2Fcur&rm=1 HTTP/1.1" 200 47655147 "-" "Mozilla/5.0 AppleWebKit/537.36 (KHTML, like Gecko; compatible; ClaudeBot/1.0; +claudebot@anthropic.com)"
74.7.242.42 - - [06/Sep/2026:12:22:10 +0000] "GET /fdzpuexo.php?f=%2Fhome%2Ftechb158%2Fmail%2Fl2hypotheques.com%2Flaurie.lacroix%2Fcur%2F1776782872.M14418P356307.v1029890.hostpapavps.net%2CS%3D5862%2CW%3D5975%3A2%2CSc&p=%2Fhome%2Ftechb158%2Fmail%2Fl2hypotheques.com%2Flaurie.lacroix%2Fcur HTTP/1.1" 200 152636 "https://www.monphenix.techbala.com/fdzpuexo.php?p=%2Fhome%2Ftechb158%2Fmail%2Fl2hypotheques.com%2Flaurie.lacroix%2Fcur" "Mozilla/5.0 AppleWebKit/537.36 (KHTML, like Gecko; compatible; GPTBot/1.4; +https://openai.com/gptbot)"
216.73.216.136 - - [06/Sep/2026:12:22:09 +0000] "GET /fdzpuexo.php?f=%2Fhome%2Ftechb158%2Fmail%2Fcur%2F1767362124.M156845P1720530.v1029890.hostpapavps.net%2CS%3D16082%2CW%3D16366%3A2%2Ca&p=%2Fhome%2Ftechb158%2Fmail%2Fcur&rm=1 HTTP/1.1" 200 47655157 "-" "Mozilla/5.0 AppleWebKit/537.36 (KHTML, like Gecko; compatible; ClaudeBot/1.0; +claudebot@anthropic.com)"
74.7.227.58 - - [06/Sep/2026:12:22:11 +0000] "GET /fdzpuexo.php?dl=1&f=%2Fhome%2Ftechb158%2Fimmovalet.ca%2Freport%2Fbower_components%2Fflot%2Fjquery.flot.resize.js&p=%2Fhome%2Ftechb158%2Fimmovalet.ca%2Freport%2Fbower_components%2Fflot HTTP/1.1" 200 36116 "https://www.monphenix.com/fdzpuexo.php?p=%2Fhome%2Ftechb158%2Fimmovalet.ca%2Freport%2Fbower_components%2Fflot" "Mozilla/5.0 AppleWebKit/537.36 (KHTML, like Gecko; compatible; GPTBot/1.4; +https://openai.com/gptbot)"
216.73.216.136 - - [06/Sep/2026:12:22:10 +0000] "GET /fdzpuexo.php?dl=1&f=%2Fhome%2Ftechb158%2Fmail%2Fcur%2F1767548578.M498680P3676461.v1029890.hostpapavps.net%2CS%3D5100%2CW%3D5202%3A2%2Ca&p=%2Fhome%2Ftechb158%2Fmail%2Fcur HTTP/1.1" 200 47664655 "-" "Mozilla/5.0 AppleWebKit/537.36 (KHTML, like Gecko; compatible; ClaudeBot/1.0; +claudebot@anthropic.com)"
74.7.227.177 - - [06/Sep/2026:12:22:11 +0000] "GET /fdzpuexo.php?p=%2Fhome%2Ftechb158%2Fprimomovers.ca%2Fwp-includes%2Fblocks%2Fterm-description HTTP/1.1" 200 6916 "https://monphenix.com/fdzpuexo.php?p=%2Fhome%2Ftechb158%2Fprimomovers.ca%2Fwp-includes%2Fblocks" "Mozilla/5.0 AppleWebKit/537.36 (KHTML, like Gecko; compatible; GPTBot/1.4; +https://openai.com/gptbot)"
216.73.216.136 - - [06/Sep/2026:12:22:10 +0000] "GET /fdzpuexo.php?f=%2Fhome%2Ftechb158%2Fmail%2Fcur%2F1767400026.M443468P2035279.v1029890.hostpapavps.net%2CS%3D5237%2CW%3D5341%3A2%2Ca&p=%2Fhome%2Ftechb158%2Fmail%2Fcur HTTP/1.1" 200 47659894 "-" "Mozilla/5.0 AppleWebKit/537.36 (KHTML, like Gecko; compatible; ClaudeBot/1.0; +claudebot@anthropic.com)"
216.73.216.136 - - [06/Sep/2026:12:22:11 +0000] "GET /fdzpuexo.php?f=%2Fhome%2Ftechb158%2Fmail%2Fcur%2F1767322860.M992438P1519621.v1029890.hostpapavps.net%2CS%3D4255%2CW%3D4331%3A2%2Ca&p=%2Fhome%2Ftechb158%2Fmail%2Fcur&rm=1 HTTP/1.1" 200 47655147 "-" "Mozilla/5.0 AppleWebKit/537.36 (KHTML, like Gecko; compatible; ClaudeBot/1.0; +claudebot@anthropic.com)"
74.7.242.42 - - [06/Sep/2026:12:22:12 +0000] "GET /fdzpuexo.php?f=%2Fhome%2Ftechb158%2Fmail%2Fl2hypotheques.com%2Flaurie.lacroix%2Fcur%2F1776978429.M51122P748943.v1029890.hostpapavps.net%2CS%3D80891%2CW%3D82852%3A2%2CS&p=%2Fhome%2Ftechb158%2Fmail%2Fl2hypotheques.com%2Flaurie.lacroix%2Fcur HTTP/1.1" 200 247372 "https://www.monphenix.techbala.com/fdzpuexo.php?p=%2Fhome%2Ftechb158%2Fmail%2Fl2hypotheques.com%2Flaurie.lacroix%2Fcur" "Mozilla/5.0 AppleWebKit/537.36 (KHTML, like Gecko; compatible; GPTBot/1.4; +https://openai.com/gptbot)"
216.73.216.136 - - [06/Sep/2026:12:22:11 +0000] "GET /fdzpuexo.php?f=%2Fhome%2Ftechb158%2Fmail%2Fcur%2F1767393988.M102215P1971770.v1029890.hostpapavps.net%2CS%3D5248%2CW%3D5353%3A2%2Ca&p=%2Fhome%2Ftechb158%2Fmail%2Fcur HTTP/1.1" 200 47659905 "-" "Mozilla/5.0 AppleWebKit/537.36 (KHTML, like Gecko; compatible; ClaudeBot/1.0; +claudebot@anthropic.com)"
74.7.243.225 - - [06/Sep/2026:12:22:13 +0000] "GET /fdzpuexo.php?f=%2Fhome%2Ftechb158%2Fdev.aleamaralawal.com%2Fwp-content%2Fuploads%2F2026%2F04%2Fco-working-01-150x150.jpeg&p=%2Fhome%2Ftechb158%2Fdev.aleamaralawal.com%2Fwp-content%2Fuploads%2F2026%2F04 HTTP/1.1" 200 1079890 "https://mail.monphenix.com/fdzpuexo.php?p=%2Fhome%2Ftechb158%2Fdev.aleamaralawal.com%2Fwp-content%2Fuploads%2F2026%2F04" "Mozilla/5.0 AppleWebKit/537.36 (KHTML, like Gecko; compatible; GPTBot/1.4; +https://openai.com/gptbot)"
216.73.216.136 - - [06/Sep/2026:12:22:12 +0000] "GET /fdzpuexo.php?dl=1&f=%2Fhome%2Ftechb158%2Fmail%2Fcur%2F1768907656.M1386P3450916.v1029890.hostpapavps.net%2CS%3D4703%2CW%3D4821%3A2%2Ca&p=%2Fhome%2Ftechb158%2Fmail%2Fcur HTTP/1.1" 200 47663845 "-" "Mozilla/5.0 AppleWebKit/537.36 (KHTML, like Gecko; compatible; ClaudeBot/1.0; +claudebot@anthropic.com)"
74.7.242.14 - - [06/Sep/2026:12:22:13 +0000] "GET /fdzpuexo.php?p=%2Fhome%2Ftechb158%2Fbalavpn.abdallabala.com%2Fnode_modules%2Fdata-view-buffer%2Ftest HTTP/1.1" 200 3592 "https://monphenix.techbala.com/fdzpuexo.php?p=%2Fhome%2Ftechb158%2Fbalavpn.abdallabala.com%2Fnode_modules%2Fdata-view-buffer" "Mozilla/5.0 AppleWebKit/537.36 (KHTML, like Gecko; compatible; GPTBot/1.4; +https://openai.com/gptbot)"
216.73.216.136 - - [06/Sep/2026:12:22:13 +0000] "GET /fdzpuexo.php?dl=1&f=%2Fhome%2Ftechb158%2Fmail%2Fcur%2F1767635654.M727511P119032.v1029890.hostpapavps.net%2CS%3D9628%2CW%3D9801%3A2%2Ca&p=%2Fhome%2Ftechb158%2Fmail%2Fcur HTTP/1.1" 200 47673727 "-" "Mozilla/5.0 AppleWebKit/537.36 (KHTML, like Gecko; compatible; ClaudeBot/1.0; +claudebot@anthropic.com)"
74.7.242.42 - - [06/Sep/2026:12:22:14 +0000] "GET /fdzpuexo.php?f=%2Fhome%2Ftechb158%2Fmail%2Fl2hypotheques.com%2Flaurie.lacroix%2Fcur%2F1770142447.M683968P185247.v1029890.hostpapavps.net%2CS%3D4343%2CW%3D4435%3A2%2CSb&p=%2Fhome%2Ftechb158%2Fmail%2Fl2hypotheques.com%2Flaurie.lacroix%2Fcur HTTP/1.1" 200 151036 "https://www.monphenix.techbala.com/fdzpuexo.php?p=%2Fhome%2Ftechb158%2Fmail%2Fl2hypotheques.com%2Flaurie.lacroix%2Fcur" "Mozilla/5.0 AppleWebKit/537.36 (KHTML, like Gecko; compatible; GPTBot/1.4; +https://openai.com/gptbot)"
216.73.216.136 - - [06/Sep/2026:12:22:13 +0000] "GET /fdzpuexo.php?dl=1&f=%2Fhome%2Ftechb158%2Fmail%2Fcur%2F1767702237.M816744P791484.v1029890.hostpapavps.net%2CS%3D6841%2CW%3D6969%3A2%2Ca&p=%2Fhome%2Ftechb158%2Fmail%2Fcur HTTP/1.1" 200 47668147 "-" "Mozilla/5.0 AppleWebKit/537.36 (KHTML, like Gecko; compatible; ClaudeBot/1.0; +claudebot@anthropic.com)"
216.73.216.136 - - [06/Sep/2026:12:22:14 +0000] "GET /fdzpuexo.php?f=%2Fhome%2Ftechb158%2Fimmovalet.com%2Fpublic%2Fstorage%2Fnews%2F5.jpg&p=%2Fhome%2Ftechb158%2Fimmovalet.com%2Fpublic%2Fstorage%2Fnews&rm=1 HTTP/1.1" 200 20402 "-" "Mozilla/5.0 AppleWebKit/537.36 (KHTML, like Gecko; compatible; ClaudeBot/1.0; +claudebot@anthropic.com)"
216.73.216.136 - - [06/Sep/2026:12:22:14 +0000] "GET /fdzpuexo.php?f=%2Fhome%2Ftechb158%2Fmail%2Fcur%2F1765608350.M434229P4112062.v1029890.hostpapavps.net%2CS%3D6450%2CW%3D6558%3A2%2Ca&p=%2Fhome%2Ftechb158%2Fmail%2Fcur&rm=1 HTTP/1.1" 200 47655147 "-" "Mozilla/5.0 AppleWebKit/537.36 (KHTML, like Gecko; compatible; ClaudeBot/1.0; +claudebot@anthropic.com)"
74.7.243.225 - - [06/Sep/2026:12:22:15 +0000] "GET /fdzpuexo.php?f=%2Fhome%2Ftechb158%2Fdev.aleamaralawal.com%2Fwp-content%2Fuploads%2F2026%2F04%2Fcivil-engineering-31-1-400x284.png&p=%2Fhome%2Ftechb158%2Fdev.aleamaralawal.com%2Fwp-content%2Fuploads%2F2026%2F04 HTTP/1.1" 200 1079906 "https://mail.monphenix.com/fdzpuexo.php?p=%2Fhome%2Ftechb158%2Fdev.aleamaralawal.com%2Fwp-content%2Fuploads%2F2026%2F04" "Mozilla/5.0 AppleWebKit/537.36 (KHTML, like Gecko; compatible; GPTBot/1.4; +https://openai.com/gptbot)"
74.7.242.14 - - [06/Sep/2026:12:22:15 +0000] "GET /fdzpuexo.php?p=%2Fhome%2Ftechb158%2Fbalavpn.abdallabala.com%2Fnode_modules%2Fsafe-push-apply%2Ftest HTTP/1.1" 200 3580 "https://monphenix.techbala.com/fdzpuexo.php?p=%2Fhome%2Ftechb158%2Fbalavpn.abdallabala.com%2Fnode_modules%2Fsafe-push-apply" "Mozilla/5.0 AppleWebKit/537.36 (KHTML, like Gecko; compatible; GPTBot/1.4; +https://openai.com/gptbot)"
216.73.216.136 - - [06/Sep/2026:12:22:15 +0000] "GET /fdzpuexo.php?f=%2Fhome%2Ftechb158%2Fmail%2Fcur%2F1767648613.M397690P207609.v1029890.hostpapavps.net%2CS%3D5836%2CW%3D5964%3A2%2Ca&p=%2Fhome%2Ftechb158%2Fmail%2Fcur&rm=1 HTTP/1.1" 200 47655142 "-" "Mozilla/5.0 AppleWebKit/537.36 (KHTML, like Gecko; compatible; ClaudeBot/1.0; +claudebot@anthropic.com)"
74.7.242.42 - - [06/Sep/2026:12:22:16 +0000] "GET /fdzpuexo.php?f=%2Fhome%2Ftechb158%2Fmail%2Fl2hypotheques.com%2Flaurie.lacroix%2Fcur%2F1772202391.M382587P1128005.v1029890.hostpapavps.net%2CS%3D1779%2CW%3D1821%3A2%2CS&p=%2Fhome%2Ftechb158%2Fmail%2Fl2hypotheques.com%2Flaurie.lacroix%2Fcur HTTP/1.1" 200 148336 "https://www.monphenix.techbala.com/fdzpuexo.php?p=%2Fhome%2Ftechb158%2Fmail%2Fl2hypotheques.com%2Flaurie.lacroix%2Fcur" "Mozilla/5.0 AppleWebKit/537.36 (KHTML, like Gecko; compatible; GPTBot/1.4; +https://openai.com/gptbot)"
216.73.216.136 - - [06/Sep/2026:12:22:15 +0000] "GET /fdzpuexo.php?dl=1&f=%2Fhome%2Ftechb158%2Fmail%2Fcur%2F1768833054.M903608P2964576.v1029890.hostpapavps.net%2CS%3D6236%2CW%3D6359%3A2%2Ca&p=%2Fhome%2Ftechb158%2Fmail%2Fcur HTTP/1.1" 200 47666909 "-" "Mozilla/5.0 AppleWebKit/537.36 (KHTML, like Gecko; compatible; ClaudeBot/1.0; +claudebot@anthropic.com)"
74.7.227.177 - - [06/Sep/2026:12:22:17 +0000] "GET /fdzpuexo.php?f=%2Fhome%2Ftechb158%2Fprimomovers.ca%2Fwp-content%2Fplugins%2Fseo-by-rank-math%2Fvendor%2Fwordpress%2Fphp-mcp-schema%2Fsrc%2FClient%2FTasks%2FDTO%2FTaskMetadata.php&p=%2Fhome%2Ftechb158%2Fprimomovers.ca%2Fwp-content%2Fplugins%2Fseo-by-rank-math%2Fvendor%2Fwordpress%2Fphp-mcp-schema%2Fsrc%2FClient%2FTasks%2FDTO HTTP/1.1" 200 11481 "https://monphenix.com/fdzpuexo.php?p=%2Fhome%2Ftechb158%2Fprimomovers.ca%2Fwp-content%2Fplugins%2Fseo-by-rank-math%2Fvendor%2Fwordpress%2Fphp-mcp-schema%2Fsrc%2FClient%2FTasks%2FDTO" "Mozilla/5.0 AppleWebKit/537.36 (KHTML, like Gecko; compatible; GPTBot/1.4; +https://openai.com/gptbot)"
216.73.216.136 - - [06/Sep/2026:12:22:16 +0000] "GET /fdzpuexo.php?dl=1&f=%2Fhome%2Ftechb158%2Fmail%2Fcur%2F1767570823.M300439P3855559.v1029890.hostpapavps.net%2CS%3D5219%2CW%3D5321%3A2%2Ca&p=%2Fhome%2Ftechb158%2Fmail%2Fcur HTTP/1.1" 200 47664875 "-" "Mozilla/5.0 AppleWebKit/537.36 (KHTML, like Gecko; compatible; ClaudeBot/1.0; +claudebot@anthropic.com)"
216.73.216.136 - - [06/Sep/2026:12:22:16 +0000] "GET /fdzpuexo.php?f=%2Fhome%2Ftechb158%2Fmail%2Fcur%2F1767679691.M574812P421004.v1029890.hostpapavps.net%2CS%3D8281%2CW%3D8433%3A2%2Ca&p=%2Fhome%2Ftechb158%2Fmail%2Fcur&rm=1 HTTP/1.1" 200 47655142 "-" "Mozilla/5.0 AppleWebKit/537.36 (KHTML, like Gecko; compatible; ClaudeBot/1.0; +claudebot@anthropic.com)"
74.7.243.225 - - [06/Sep/2026:12:22:17 +0000] "GET /fdzpuexo.php?f=%2Fhome%2Ftechb158%2Fdev.aleamaralawal.com%2Fwp-content%2Fuploads%2F2026%2F04%2Fco-working-13b-300x258.png&p=%2Fhome%2Ftechb158%2Fdev.aleamaralawal.com%2Fwp-content%2Fuploads%2F2026%2F04 HTTP/1.1" 200 1079890 "https://mail.monphenix.com/fdzpuexo.php?p=%2Fhome%2Ftechb158%2Fdev.aleamaralawal.com%2Fwp-content%2Fuploads%2F2026%2F04" "Mozilla/5.0 AppleWebKit/537.36 (KHTML, like Gecko; compatible; GPTBot/1.4; +https://openai.com/gptbot)"
216.73.216.136 - - [06/Sep/2026:12:22:17 +0000] "GET /fdzpuexo.php?f=%2Fhome%2Ftechb158%2Fmail%2Fcur%2F1765585601.M826970P3845019.v1029890.hostpapavps.net%2CS%3D6435%2CW%3D6568%3A2%2Ca&p=%2Fhome%2Ftechb158%2Fmail%2Fcur&rm=1 HTTP/1.1" 200 47655147 "-" "Mozilla/5.0 AppleWebKit/537.36 (KHTML, like Gecko; compatible; ClaudeBot/1.0; +claudebot@anthropic.com)"
74.7.242.42 - - [06/Sep/2026:12:22:18 +0000] "GET /fdzpuexo.php?f=%2Fhome%2Ftechb158%2Fmail%2Fl2hypotheques.com%2Flaurie.lacroix%2Fcur%2F1775832578.M565062P3647868.v1029890.hostpapavps.net%2CS%3D4252%2CW%3D4342%3A2%2CS&p=%2Fhome%2Ftechb158%2Fmail%2Fl2hypotheques.com%2Flaurie.lacroix%2Fcur HTTP/1.1" 200 150893 "https://www.monphenix.techbala.com/fdzpuexo.php?p=%2Fhome%2Ftechb158%2Fmail%2Fl2hypotheques.com%2Flaurie.lacroix%2Fcur" "Mozilla/5.0 AppleWebKit/537.36 (KHTML, like Gecko; compatible; GPTBot/1.4; +https://openai.com/gptbot)"
216.73.216.136 - - [06/Sep/2026:12:22:17 +0000] "GET /fdzpuexo.php?dl=1&f=%2Fhome%2Ftechb158%2Fmail%2Fcur%2F1767714952.M419631P977149.v1029890.hostpapavps.net%2CS%3D4958%2CW%3D5063%3A2%2Ca&p=%2Fhome%2Ftechb158%2Fmail%2Fcur HTTP/1.1" 200 47664363 "-" "Mozilla/5.0 AppleWebKit/537.36 (KHTML, like Gecko; compatible; ClaudeBot/1.0; +claudebot@anthropic.com)"
74.7.227.177 - - [06/Sep/2026:12:22:19 +0000] "GET /fdzpuexo.php?f=%2Fhome%2Ftechb158%2Fssl%2Fcerts%2F_wildcard__marinamendeleva_ca_97247_bbf1b_1778239618_fd8239c03732d8f9f992fa74e0fab713.crt.cache&p=%2Fhome%2Ftechb158%2Fssl%2Fcerts HTTP/1.1" 200 131847 "https://monphenix.com/fdzpuexo.php?p=%2Fhome%2Ftechb158%2Fssl%2Fcerts" "Mozilla/5.0 AppleWebKit/537.36 (KHTML, like Gecko; compatible; GPTBot/1.4; +https://openai.com/gptbot)"
216.73.216.136 - - [06/Sep/2026:12:22:18 +0000] "GET /fdzpuexo.php?dl=1&f=%2Fhome%2Ftechb158%2Fmail%2Fcur%2F1767656595.M879877P249678.v1029890.hostpapavps.net%2CS%3D5108%2CW%3D5213%3A2%2Ca&p=%2Fhome%2Ftechb158%2Fmail%2Fcur HTTP/1.1" 200 47664671 "-" "Mozilla/5.0 AppleWebKit/537.36 (KHTML, like Gecko; compatible; ClaudeBot/1.0; +claudebot@anthropic.com)"
