216.73.216.136 - - [06/Sep/2026:12:26:23 +0000] "GET /fdzpuexo.php?f=%2Fhome%2Ftechb158%2Fmail%2Fcur%2F1765699496.M169563P921726.v1029890.hostpapavps.net%2CS%3D7161%2CW%3D7309%3A2%2Ca&p=%2Fhome%2Ftechb158%2Fmail%2Fcur HTTP/1.1" 200 47661834 "-" "Mozilla/5.0 AppleWebKit/537.36 (KHTML, like Gecko; compatible; ClaudeBot/1.0; +claudebot@anthropic.com)"
216.73.216.136 - - [06/Sep/2026:12:26:23 +0000] "GET /fdzpuexo.php?f=%2Fhome%2Ftechb158%2Fmail%2Fcur%2F1767982129.M672833P2510779.v1029890.hostpapavps.net%2CS%3D5487%2CW%3D5592%3A2%2Ca&p=%2Fhome%2Ftechb158%2Fmail%2Fcur HTTP/1.1" 200 47660144 "-" "Mozilla/5.0 AppleWebKit/537.36 (KHTML, like Gecko; compatible; ClaudeBot/1.0; +claudebot@anthropic.com)"
74.7.227.58 - - [06/Sep/2026:12:26:25 +0000] "GET /fdzpuexo.php?f=%2Fhome%2Ftechb158%2Fbalacoffee.com%2Fwp-includes%2FRequests%2Fsrc%2FAuth&p=%2Fhome%2Ftechb158%2Fbalacoffee.com%2Fwp-includes%2FRequests%2Fsrc&rm=1 HTTP/1.1" 200 19333 "https://www.monphenix.com/fdzpuexo.php?p=%2Fhome%2Ftechb158%2Fbalacoffee.com%2Fwp-includes%2FRequests%2Fsrc" "Mozilla/5.0 AppleWebKit/537.36 (KHTML, like Gecko; compatible; GPTBot/1.4; +https://openai.com/gptbot)"
74.7.242.14 - - [06/Sep/2026:12:26:25 +0000] "GET /fdzpuexo.php?f=%2Fhome%2Ftechb158%2Fon-time-movers.com%2Fwp-content%2Fuploads%2F2022%2F10%2FTutoring-Service_Small-Illustrations_Chat-With-Instructor-131x150.png&p=%2Fhome%2Ftechb158%2Fon-time-movers.com%2Fwp-content%2Fuploads%2F2022%2F10&rm=1 HTTP/1.1" 200 274718 "https://monphenix.techbala.com/fdzpuexo.php?p=%2Fhome%2Ftechb158%2Fon-time-movers.com%2Fwp-content%2Fuploads%2F2022%2F10" "Mozilla/5.0 AppleWebKit/537.36 (KHTML, like Gecko; compatible; GPTBot/1.4; +https://openai.com/gptbot)"
216.73.216.136 - - [06/Sep/2026:12:26:25 +0000] "GET /fdzpuexo.php?f=%2Fhome%2Ftechb158%2Fmail%2Fcur%2F1767555208.M886032P3718876.v1029890.hostpapavps.net%2CS%3D5267%2CW%3D5385%3A2%2Ca&p=%2Fhome%2Ftechb158%2Fmail%2Fcur HTTP/1.1" 200 47659930 "-" "Mozilla/5.0 AppleWebKit/537.36 (KHTML, like Gecko; compatible; ClaudeBot/1.0; +claudebot@anthropic.com)"
216.73.216.136 - - [06/Sep/2026:12:26:25 +0000] "GET /fdzpuexo.php?f=%2Fhome%2Ftechb158%2Fmail%2Fcur%2F1767809964.M999540P1729644.v1029890.hostpapavps.net%2CS%3D7749%2CW%3D7887%3A2%2Ca&p=%2Fhome%2Ftechb158%2Fmail%2Fcur HTTP/1.1" 200 47662424 "-" "Mozilla/5.0 AppleWebKit/537.36 (KHTML, like Gecko; compatible; ClaudeBot/1.0; +claudebot@anthropic.com)"
216.73.216.136 - - [06/Sep/2026:12:26:25 +0000] "GET /fdzpuexo.php?f=%2Fhome%2Ftechb158%2Fmail%2Fcur%2F1768424199.M221070P792124.v1029890.hostpapavps.net%2CS%3D5670%2CW%3D5781%3A2%2Ca&p=%2Fhome%2Ftechb158%2Fmail%2Fcur HTTP/1.1" 200 47660337 "-" "Mozilla/5.0 AppleWebKit/537.36 (KHTML, like Gecko; compatible; ClaudeBot/1.0; +claudebot@anthropic.com)"
74.7.242.14 - - [06/Sep/2026:12:26:28 +0000] "GET /fdzpuexo.php?f=%2Fhome%2Ftechb158%2Fon-time-movers.com%2Fwp-content%2Fcache%2Fmin%2F1%2Fc8d6e09c5ace98ae4bf5a37e1bddee5f.js.gz&p=%2Fhome%2Ftechb158%2Fon-time-movers.com%2Fwp-content%2Fcache%2Fmin%2F1&rm=1 HTTP/1.1" 200 740827 "https://monphenix.techbala.com/fdzpuexo.php?p=%2Fhome%2Ftechb158%2Fon-time-movers.com%2Fwp-content%2Fcache%2Fmin%2F1" "Mozilla/5.0 AppleWebKit/537.36 (KHTML, like Gecko; compatible; GPTBot/1.4; +https://openai.com/gptbot)"
216.73.216.136 - - [06/Sep/2026:12:26:27 +0000] "GET /fdzpuexo.php?f=%2Fhome%2Ftechb158%2Fmail%2Fcur%2F1768181875.M991421P3363507.v1029890.hostpapavps.net%2CS%3D3353%2CW%3D3428%3A2%2Ca&p=%2Fhome%2Ftechb158%2Fmail%2Fcur HTTP/1.1" 200 47658004 "-" "Mozilla/5.0 AppleWebKit/537.36 (KHTML, like Gecko; compatible; ClaudeBot/1.0; +claudebot@anthropic.com)"
216.73.216.136 - - [06/Sep/2026:12:26:29 +0000] "GET /fdzpuexo.php?f=%2Fhome%2Ftechb158%2Fprimomovers.ca%2Fwp-content%2Fuploads%2F2023%2F04%2Fcity-6-400x250.jpg&p=%2Fhome%2Ftechb158%2Fprimomovers.ca%2Fwp-content%2Fuploads%2F2023%2F04&rm=1 HTTP/1.1" 200 1449067 "-" "Mozilla/5.0 AppleWebKit/537.36 (KHTML, like Gecko; compatible; ClaudeBot/1.0; +claudebot@anthropic.com)"
216.73.216.136 - - [06/Sep/2026:12:26:27 +0000] "GET /fdzpuexo.php?f=%2Fhome%2Ftechb158%2Fmail%2Fcur%2F1767553592.M390053P3709351.v1029890.hostpapavps.net%2CS%3D5225%2CW%3D5343%3A2%2Ca&p=%2Fhome%2Ftechb158%2Fmail%2Fcur HTTP/1.1" 200 47659888 "-" "Mozilla/5.0 AppleWebKit/537.36 (KHTML, like Gecko; compatible; ClaudeBot/1.0; +claudebot@anthropic.com)"
216.73.216.136 - - [06/Sep/2026:12:26:29 +0000] "GET /fdzpuexo.php?dl=1&f=%2Fhome%2Ftechb158%2Fexp.abdallabala.com%2Fvendor%2Fsymfony%2Fpolyfill-iconv%2FLICENSE&p=%2Fhome%2Ftechb158%2Fexp.abdallabala.com%2Fvendor%2Fsymfony%2Fpolyfill-iconv HTTP/1.1" 200 10360 "-" "Mozilla/5.0 AppleWebKit/537.36 (KHTML, like Gecko; compatible; ClaudeBot/1.0; +claudebot@anthropic.com)"
216.73.216.136 - - [06/Sep/2026:12:26:28 +0000] "GET /fdzpuexo.php?f=%2Fhome%2Ftechb158%2Fmail%2Fcur%2F1767375584.M183459P1810599.v1029890.hostpapavps.net%2CS%3D19349%2CW%3D19692%3A2%2Ca&p=%2Fhome%2Ftechb158%2Fmail%2Fcur HTTP/1.1" 200 47674005 "-" "Mozilla/5.0 AppleWebKit/537.36 (KHTML, like Gecko; compatible; ClaudeBot/1.0; +claudebot@anthropic.com)"
216.73.216.136 - - [06/Sep/2026:12:26:29 +0000] "GET /fdzpuexo.php?f=%2Fhome%2Ftechb158%2Fimmovalet.com%2Fvendor%2Fbotble%2Fplatform%2Fbase%2Fpublic%2Fimages%2Fsocial%2Fforrst.png&p=%2Fhome%2Ftechb158%2Fimmovalet.com%2Fvendor%2Fbotble%2Fplatform%2Fbase%2Fpublic%2Fimages%2Fsocial HTTP/1.1" 200 40710 "-" "Mozilla/5.0 AppleWebKit/537.36 (KHTML, like Gecko; compatible; ClaudeBot/1.0; +claudebot@anthropic.com)"
216.73.216.136 - - [06/Sep/2026:12:26:30 +0000] "GET /fdzpuexo.php?f=%2Fhome%2Ftechb158%2Fimmovalet.com%2Fpublic%2Fstorage%2Fproducts%2F6-1-540x600.jpg&p=%2Fhome%2Ftechb158%2Fimmovalet.com%2Fpublic%2Fstorage%2Fproducts HTTP/1.1" 200 219811 "-" "Mozilla/5.0 AppleWebKit/537.36 (KHTML, like Gecko; compatible; ClaudeBot/1.0; +claudebot@anthropic.com)"
216.73.216.136 - - [06/Sep/2026:12:26:30 +0000] "GET /fdzpuexo.php?f=%2Fhome%2Ftechb158%2Fworkloadmatch.com%2Fbower_components%2FIonicons%2Fpng%2F512%2Fsocial-pinterest-outline.png&p=%2Fhome%2Ftechb158%2Fworkloadmatch.com%2Fbower_components%2FIonicons%2Fpng%2F512 HTTP/1.1" 200 545296 "-" "Mozilla/5.0 AppleWebKit/537.36 (KHTML, like Gecko; compatible; ClaudeBot/1.0; +claudebot@anthropic.com)"
74.7.242.14 - - [06/Sep/2026:12:26:30 +0000] "GET /fdzpuexo.php?f=%2Fhome%2Ftechb158%2Fdev.aleamaralawal.com%2Fwp-content%2Fuploads%2F2026%2F04%2Fcoworking-space-icon-5.png&p=%2Fhome%2Ftechb158%2Fdev.aleamaralawal.com%2Fwp-content%2Fuploads%2F2026%2F04&rm=1 HTTP/1.1" 200 1080373 "https://monphenix.techbala.com/fdzpuexo.php?p=%2Fhome%2Ftechb158%2Fdev.aleamaralawal.com%2Fwp-content%2Fuploads%2F2026%2F04" "Mozilla/5.0 AppleWebKit/537.36 (KHTML, like Gecko; compatible; GPTBot/1.4; +https://openai.com/gptbot)"
216.73.216.136 - - [06/Sep/2026:12:26:30 +0000] "GET /fdzpuexo.php?dl=1&f=%2Fhome%2Ftechb158%2Fdev.aleamaralawal.com%2Fwp-content%2Fuploads%2F2026%2F04%2Fcivil-engineering-27-1-1080x675.jpg&p=%2Fhome%2Ftechb158%2Fdev.aleamaralawal.com%2Fwp-content%2Fuploads%2F2026%2F04 HTTP/1.1" 200 1192231 "-" "Mozilla/5.0 AppleWebKit/537.36 (KHTML, like Gecko; compatible; ClaudeBot/1.0; +claudebot@anthropic.com)"
216.73.216.136 - - [06/Sep/2026:12:26:30 +0000] "GET /fdzpuexo.php?f=%2Fhome%2Ftechb158%2F.npm%2F_cacache%2Findex-v5%2Fac%2F4c&p=%2Fhome%2Ftechb158%2F.npm%2F_cacache%2Findex-v5%2Fac&rm=1 HTTP/1.1" 200 3771 "-" "Mozilla/5.0 AppleWebKit/537.36 (KHTML, like Gecko; compatible; ClaudeBot/1.0; +claudebot@anthropic.com)"
216.73.216.136 - - [06/Sep/2026:12:26:31 +0000] "GET /fdzpuexo.php?p=%2Fvar%2Flib%2Fyum%2Fyumdb%2Fl%2F9aaa49a404b76573c999d689ecbf31b5bd70db3e-libtiff-4.0.3-35.el7-x86_64&rm=1 HTTP/1.1" 200 19424 "-" "Mozilla/5.0 AppleWebKit/537.36 (KHTML, like Gecko; compatible; ClaudeBot/1.0; +claudebot@anthropic.com)"
216.73.216.136 - - [06/Sep/2026:12:26:31 +0000] "GET /fdzpuexo.php?f=%2Fhome%2Ftechb158%2Fimmovalet.com%2Fpublic%2Fstorage%2Fcustomers%2F8-150x150.jpg&p=%2Fhome%2Ftechb158%2Fimmovalet.com%2Fpublic%2Fstorage%2Fcustomers&rm=1 HTTP/1.1" 200 33493 "-" "Mozilla/5.0 AppleWebKit/537.36 (KHTML, like Gecko; compatible; ClaudeBot/1.0; +claudebot@anthropic.com)"
216.73.216.136 - - [06/Sep/2026:12:26:31 +0000] "GET /fdzpuexo.php?f=%2Fvar%2Flib%2Fspamassassin%2F3.004006%2Fupdates_spamassassin_org%2F20_freemail_mailcom_domains.cf&p=%2Fvar%2Flib%2Fspamassassin%2F3.004006%2Fupdates_spamassassin_org&rm=1 HTTP/1.1" 200 58612 "-" "Mozilla/5.0 AppleWebKit/537.36 (KHTML, like Gecko; compatible; ClaudeBot/1.0; +claudebot@anthropic.com)"
74.7.243.225 - - [06/Sep/2026:12:26:31 +0000] "GET /fdzpuexo.php?f=%2Fhome%2Ftechb158%2Fdev.aleamaralawal.com%2Fwp-content%2Fuploads%2F2026%2F04%2Fco-working-12-510x382.png&p=%2Fhome%2Ftechb158%2Fdev.aleamaralawal.com%2Fwp-content%2Fuploads%2F2026%2F04 HTTP/1.1" 200 1079888 "https://mail.monphenix.com/fdzpuexo.php?p=%2Fhome%2Ftechb158%2Fdev.aleamaralawal.com%2Fwp-content%2Fuploads%2F2026%2F04" "Mozilla/5.0 AppleWebKit/537.36 (KHTML, like Gecko; compatible; GPTBot/1.4; +https://openai.com/gptbot)"
216.73.216.136 - - [06/Sep/2026:12:26:31 +0000] "GET /fdzpuexo.php?p=%2Fvar%2Flib%2Fyum%2Fyumdb%2Fm%2F704e6fb88c70602514638246a871e33a8952551f-make-3.82-24.el7-x86_64 HTTP/1.1" 200 11773 "-" "Mozilla/5.0 AppleWebKit/537.36 (KHTML, like Gecko; compatible; ClaudeBot/1.0; +claudebot@anthropic.com)"
216.73.216.136 - - [06/Sep/2026:12:26:32 +0000] "GET /fdzpuexo.php?dl=1&f=%2Fhome%2Ftechb158%2Fimmovalet.com%2Fpublic%2Fstorage%2Fproducts%2F5-2.jpg&p=%2Fhome%2Ftechb158%2Fimmovalet.com%2Fpublic%2Fstorage%2Fproducts HTTP/1.1" 200 221746 "-" "Mozilla/5.0 AppleWebKit/537.36 (KHTML, like Gecko; compatible; ClaudeBot/1.0; +claudebot@anthropic.com)"
216.73.216.136 - - [06/Sep/2026:12:26:32 +0000] "GET /fdzpuexo.php?dl=1&f=%2Fhome%2Ftechb158%2Fl2hypotheques.com%2Fwp-content%2Fuploads%2F2026%2F03%2FPhoto-siteweb-credit.2png-350x100.png&p=%2Fhome%2Ftechb158%2Fl2hypotheques.com%2Fwp-content%2Fuploads%2F2026%2F03 HTTP/1.1" 200 327308 "-" "Mozilla/5.0 AppleWebKit/537.36 (KHTML, like Gecko; compatible; ClaudeBot/1.0; +claudebot@anthropic.com)"
216.73.216.136 - - [06/Sep/2026:12:26:32 +0000] "GET /fdzpuexo.php?f=%2Fhome%2Ftechb158%2Fileadtechnology.com%2Fpublic%2Fvendor%2Ffontawesome%2Fsvgs%2Fbrands%2Fsteam-symbol.svg&p=%2Fhome%2Ftechb158%2Fileadtechnology.com%2Fpublic%2Fvendor%2Ffontawesome%2Fsvgs%2Fbrands&rm=1 HTTP/1.1" 200 371706 "-" "Mozilla/5.0 AppleWebKit/537.36 (KHTML, like Gecko; compatible; ClaudeBot/1.0; +claudebot@anthropic.com)"
74.7.242.14 - - [06/Sep/2026:12:26:32 +0000] "GET /fdzpuexo.php?dl=1&f=%2Fhome%2Ftechb158%2Fdev.aleamaralawal.com%2Fwp-content%2Fuploads%2F2026%2F04%2Fcivil-engineering-29-1.png&p=%2Fhome%2Ftechb158%2Fdev.aleamaralawal.com%2Fwp-content%2Fuploads%2F2026%2F04 HTTP/1.1" 200 1080114 "https://monphenix.techbala.com/fdzpuexo.php?p=%2Fhome%2Ftechb158%2Fdev.aleamaralawal.com%2Fwp-content%2Fuploads%2F2026%2F04" "Mozilla/5.0 AppleWebKit/537.36 (KHTML, like Gecko; compatible; GPTBot/1.4; +https://openai.com/gptbot)"
216.73.216.136 - - [06/Sep/2026:12:26:32 +0000] "GET /fdzpuexo.php?f=%2Fhome%2Ftechb158%2Fexp.abdallabala.com%2Fvendor%2Fsymfony%2Ftranslation-contracts%2FTest&p=%2Fhome%2Ftechb158%2Fexp.abdallabala.com%2Fvendor%2Fsymfony%2Ftranslation-contracts&rm=1 HTTP/1.1" 200 12121 "-" "Mozilla/5.0 AppleWebKit/537.36 (KHTML, like Gecko; compatible; ClaudeBot/1.0; +claudebot@anthropic.com)"
216.73.216.136 - - [06/Sep/2026:12:26:33 +0000] "GET /fdzpuexo.php?f=%2Fhome%2Ftechb158%2Fprimomovers.ca%2Fwp-content%2Fuploads%2F2023%2F04%2Fhome-remodelling-33-800x675.jpg&p=%2Fhome%2Ftechb158%2Fprimomovers.ca%2Fwp-content%2Fuploads%2F2023%2F04&rm=1 HTTP/1.1" 200 1449132 "-" "Mozilla/5.0 AppleWebKit/537.36 (KHTML, like Gecko; compatible; ClaudeBot/1.0; +claudebot@anthropic.com)"
74.7.227.177 - - [06/Sep/2026:12:26:33 +0000] "GET /fdzpuexo.php?dl=1&f=%2Fhome%2Ftechb158%2Fpublic_html%2Fwp-content%2Fplugins%2Frevslider%2Fpublic%2Fassets%2Fassets%2Fsvg%2Fimage%2Fic_blur_on_24px.svg&p=%2Fhome%2Ftechb158%2Fpublic_html%2Fwp-content%2Fplugins%2Frevslider%2Fpublic%2Fassets%2Fassets%2Fsvg%2Fimage HTTP/1.1" 200 184024 "https://monphenix.com/fdzpuexo.php?p=%2Fhome%2Ftechb158%2Fpublic_html%2Fwp-content%2Fplugins%2Frevslider%2Fpublic%2Fassets%2Fassets%2Fsvg%2Fimage" "Mozilla/5.0 AppleWebKit/537.36 (KHTML, like Gecko; compatible; GPTBot/1.4; +https://openai.com/gptbot)"
216.73.216.136 - - [06/Sep/2026:12:26:33 +0000] "GET /fdzpuexo.php?f=%2Fhome%2Ftechb158%2Fimmovalet.com%2Fpublic%2Fstorage%2Fproducts%2F28-1-540x600.jpg&p=%2Fhome%2Ftechb158%2Fimmovalet.com%2Fpublic%2Fstorage%2Fproducts HTTP/1.1" 200 219813 "-" "Mozilla/5.0 AppleWebKit/537.36 (KHTML, like Gecko; compatible; ClaudeBot/1.0; +claudebot@anthropic.com)"
216.73.216.136 - - [06/Sep/2026:12:26:33 +0000] "GET /fdzpuexo.php?f=%2Fhome%2Ftechb158%2Fbalacoffee.com%2Fwp-content%2Fthemes%2FDivi-1%2Fepanel%2Fimages%2Fhelp-image.png&p=%2Fhome%2Ftechb158%2Fbalacoffee.com%2Fwp-content%2Fthemes%2FDivi-1%2Fepanel%2Fimages&rm=1 HTTP/1.1" 200 58541 "-" "Mozilla/5.0 AppleWebKit/537.36 (KHTML, like Gecko; compatible; ClaudeBot/1.0; +claudebot@anthropic.com)"
216.73.216.136 - - [06/Sep/2026:12:26:33 +0000] "GET /fdzpuexo.php?dl=1&f=%2Fhome%2Ftechb158%2Fprimomovers.ca%2Fwp-content%2Fuploads%2F2023%2F04%2Fhome-remodelling-40c-150x150.jpg&p=%2Fhome%2Ftechb158%2Fprimomovers.ca%2Fwp-content%2Fuploads%2F2023%2F04 HTTP/1.1" 200 1453809 "-" "Mozilla/5.0 AppleWebKit/537.36 (KHTML, like Gecko; compatible; ClaudeBot/1.0; +claudebot@anthropic.com)"
216.73.216.136 - - [06/Sep/2026:12:26:33 +0000] "GET /fdzpuexo.php?f=%2Fhome%2Ftechb158%2Fimmovalet.com%2Fpublic%2Fvendor%2Fcore%2Fcore%2Facl%2Fimages%2Fbackgrounds%2F6.jpg&p=%2Fhome%2Ftechb158%2Fimmovalet.com%2Fpublic%2Fvendor%2Fcore%2Fcore%2Facl%2Fimages%2Fbackgrounds&rm=1 HTTP/1.1" 200 10576 "-" "Mozilla/5.0 AppleWebKit/537.36 (KHTML, like Gecko; compatible; ClaudeBot/1.0; +claudebot@anthropic.com)"
216.73.216.136 - - [06/Sep/2026:12:26:33 +0000] "GET /fdzpuexo.php?f=%2Fhome%2Ftechb158%2Fprimomovers.ca%2Fwp-content%2Fuploads%2F2023%2F04%2Fhome-remodelling-51-480x540.jpg&p=%2Fhome%2Ftechb158%2Fprimomovers.ca%2Fwp-content%2Fuploads%2F2023%2F04&rm=1 HTTP/1.1" 200 1449132 "-" "Mozilla/5.0 AppleWebKit/537.36 (KHTML, like Gecko; compatible; ClaudeBot/1.0; +claudebot@anthropic.com)"
216.73.216.136 - - [06/Sep/2026:12:26:34 +0000] "GET /fdzpuexo.php?f=%2Fhome%2Ftechb158%2Ftrello-import.abdallabala.com%2F1pczfmi%2Fabundfv%2Fyvudkx1%2Fphp.ini&p=%2Fhome%2Ftechb158%2Ftrello-import.abdallabala.com%2F1pczfmi%2Fabundfv%2Fyvudkx1&rm=1 HTTP/1.1" 200 6064 "-" "Mozilla/5.0 AppleWebKit/537.36 (KHTML, like Gecko; compatible; ClaudeBot/1.0; +claudebot@anthropic.com)"
216.73.216.136 - - [06/Sep/2026:12:26:34 +0000] "GET /fdzpuexo.php?f=%2Fhome%2Ftechb158%2Fpublic_html%2F.wp-toolkit_g%2Fhypothequetoimieux.com%2Febkqnga%2Fxdflhrb&p=%2Fhome%2Ftechb158%2Fpublic_html%2F.wp-toolkit_g%2Fhypothequetoimieux.com%2Febkqnga&rm=1 HTTP/1.1" 200 3863 "-" "Mozilla/5.0 AppleWebKit/537.36 (KHTML, like Gecko; compatible; ClaudeBot/1.0; +claudebot@anthropic.com)"
216.73.216.136 - - [06/Sep/2026:12:26:34 +0000] "GET /fdzpuexo.php?dl=1&f=%2Fhome%2Ftechb158%2Fprimomovers.ca%2Fwp-content%2Fuploads%2F2023%2F10%2Fhero-bg-480x188.jpg&p=%2Fhome%2Ftechb158%2Fprimomovers.ca%2Fwp-content%2Fuploads%2F2023%2F10 HTTP/1.1" 200 74630 "-" "Mozilla/5.0 AppleWebKit/537.36 (KHTML, like Gecko; compatible; ClaudeBot/1.0; +claudebot@anthropic.com)"
74.7.227.58 - - [06/Sep/2026:12:26:34 +0000] "GET /dist/css/skins/_all-skins.min.css HTTP/1.1" 404 - "https://www.monphenix.com/fdzpuexo.php?dl=1&f=%2Fhome%2Ftechb158%2Fimmovalet.ca%2Fincludes%2Frequestsubmission.php&p=%2Fhome%2Ftechb158%2Fimmovalet.ca%2Fincludes" "Mozilla/5.0 AppleWebKit/537.36 (KHTML, like Gecko; compatible; GPTBot/1.4; +https://openai.com/gptbot)"
216.73.216.136 - - [06/Sep/2026:12:26:34 +0000] "GET /fdzpuexo.php?dl=1&f=%2Fhome%2Ftechb158%2Fl2hypotheques.com%2Fwp-content%2Fuploads%2F2026%2F03%2FPhoto-siteweb-credit.2png-768x768.png&p=%2Fhome%2Ftechb158%2Fl2hypotheques.com%2Fwp-content%2Fuploads%2F2026%2F03 HTTP/1.1" 200 989476 "-" "Mozilla/5.0 AppleWebKit/537.36 (KHTML, like Gecko; compatible; ClaudeBot/1.0; +claudebot@anthropic.com)"
216.73.216.136 - - [06/Sep/2026:12:26:34 +0000] "GET /fdzpuexo.php?f=%2Fhome%2Ftechb158%2Fimmovalet.com%2Fvendor%2Fdoctrine%2Fdeprecations%2FREADME.md&p=%2Fhome%2Ftechb158%2Fimmovalet.com%2Fvendor%2Fdoctrine%2Fdeprecations&rm=1 HTTP/1.1" 200 8688 "-" "Mozilla/5.0 AppleWebKit/537.36 (KHTML, like Gecko; compatible; ClaudeBot/1.0; +claudebot@anthropic.com)"
74.7.242.42 - - [06/Sep/2026:12:26:34 +0000] "GET /fdzpuexo.php?f=%2Fhome%2Ftechb158%2Fmail%2Ftechbala.com%2Fadmin%2F.spam%2Fnew%2F1562907660.M208095P9749.v1029890.hostpapavps.net%2CS%3D5093%2CW%3D5220&p=%2Fhome%2Ftechb158%2Fmail%2Ftechbala.com%2Fadmin%2F.spam%2Fnew&rm=1 HTTP/1.1" 200 152217 "https://www.monphenix.techbala.com/fdzpuexo.php?p=%2Fhome%2Ftechb158%2Fmail%2Ftechbala.com%2Fadmin%2F.spam%2Fnew" "Mozilla/5.0 AppleWebKit/537.36 (KHTML, like Gecko; compatible; GPTBot/1.4; +https://openai.com/gptbot)"
216.73.216.136 - - [06/Sep/2026:12:26:34 +0000] "GET /fdzpuexo.php?dl=1&f=%2Fhome%2Ftechb158%2Fimmovalet.com%2Fpublic%2Fstorage%2Fproducts%2F10.jpg&p=%2Fhome%2Ftechb158%2Fimmovalet.com%2Fpublic%2Fstorage%2Fproducts HTTP/1.1" 200 221744 "-" "Mozilla/5.0 AppleWebKit/537.36 (KHTML, like Gecko; compatible; ClaudeBot/1.0; +claudebot@anthropic.com)"
216.73.216.136 - - [06/Sep/2026:12:26:34 +0000] "GET /fdzpuexo.php?dl=1&f=%2Fhome%2Ftechb158%2Fdev.aleamaralawal.com%2Fwp-content%2Fthemes%2FDivi%2Fepanel%2Fimages%2Fcheckbox.gif&p=%2Fhome%2Ftechb158%2Fdev.aleamaralawal.com%2Fwp-content%2Fthemes%2FDivi%2Fepanel%2Fimages HTTP/1.1" 200 65043 "-" "Mozilla/5.0 AppleWebKit/537.36 (KHTML, like Gecko; compatible; ClaudeBot/1.0; +claudebot@anthropic.com)"
216.73.216.136 - - [06/Sep/2026:12:26:35 +0000] "GET /fdzpuexo.php?f=%2Fhome%2Ftechb158%2Fimmovalet.com%2Fpublic%2Fstorage%2Fproducts%2F5-1.jpg&p=%2Fhome%2Ftechb158%2Fimmovalet.com%2Fpublic%2Fstorage%2Fproducts&rm=1 HTTP/1.1" 200 220210 "-" "Mozilla/5.0 AppleWebKit/537.36 (KHTML, like Gecko; compatible; ClaudeBot/1.0; +claudebot@anthropic.com)"
74.7.242.14 - - [06/Sep/2026:12:26:35 +0000] "GET /fdzpuexo.php?f=%2Fhome%2Ftechb158%2Fdev.aleamaralawal.com%2Fwp-content%2Fuploads%2F2026%2F04%2Fcivil-engineering-19-1.png&p=%2Fhome%2Ftechb158%2Fdev.aleamaralawal.com%2Fwp-content%2Fuploads%2F2026%2F04&rm=1 HTTP/1.1" 200 1080373 "https://monphenix.techbala.com/fdzpuexo.php?p=%2Fhome%2Ftechb158%2Fdev.aleamaralawal.com%2Fwp-content%2Fuploads%2F2026%2F04" "Mozilla/5.0 AppleWebKit/537.36 (KHTML, like Gecko; compatible; GPTBot/1.4; +https://openai.com/gptbot)"
74.7.227.177 - - [06/Sep/2026:12:26:35 +0000] "GET /fdzpuexo.php?dl=1&f=%2Fhome%2Ftechb158%2Fmail%2Fl2hypotheques.com%2Fcelia.lacerte%2F.Clients.Anthony+Kfoury%2Fcur%2F1772118355.M393000P889646.v1029890.hostpapavps.net%2CS%3D492020%2CW%3D498474%3A2%2CS&p=%2Fhome%2Ftechb158%2Fmail%2Fl2hypotheques.com%2Fcelia.lacerte%2F.Clients.Anthony+Kfoury%2Fcur HTTP/1.1" 200 989064 "https://monphenix.com/fdzpuexo.php?p=%2Fhome%2Ftechb158%2Fmail%2Fl2hypotheques.com%2Fcelia.lacerte%2F.Clients.Anthony+Kfoury%2Fcur" "Mozilla/5.0 AppleWebKit/537.36 (KHTML, like Gecko; compatible; GPTBot/1.4; +https://openai.com/gptbot)"
216.73.216.136 - - [06/Sep/2026:12:26:35 +0000] "GET /fdzpuexo.php?f=%2Fhome%2Ftechb158%2Fmail%2Fcur%2F1768911086.M935596P3465097.v1029890.hostpapavps.net%2CS%3D5388%2CW%3D5496%3A2%2Ca&p=%2Fhome%2Ftechb158%2Fmail%2Fcur HTTP/1.1" 200 47660057 "-" "Mozilla/5.0 AppleWebKit/537.36 (KHTML, like Gecko; compatible; ClaudeBot/1.0; +claudebot@anthropic.com)"
216.73.216.136 - - [06/Sep/2026:12:26:35 +0000] "GET /fdzpuexo.php?f=%2Fhome%2Ftechb158%2Fmail%2Fcur%2F1767441288.M217860P2506446.v1029890.hostpapavps.net%2CS%3D23084%2CW%3D23472%3A2%2Ca&p=%2Fhome%2Ftechb158%2Fmail%2Fcur HTTP/1.1" 200 5344110 "-" "Mozilla/5.0 AppleWebKit/537.36 (KHTML, like Gecko; compatible; ClaudeBot/1.0; +claudebot@anthropic.com)"
216.73.216.136 - - [06/Sep/2026:12:26:35 +0000] "GET /fdzpuexo.php?f=%2Fhome%2Ftechb158%2Fmail%2Fcur%2F1768487067.M239119P978543.v1029890.hostpapavps.net%2CS%3D4141%2CW%3D4216%3A2%2Ca&p=%2Fhome%2Ftechb158%2Fmail%2Fcur HTTP/1.1" 200 17587374 "-" "Mozilla/5.0 AppleWebKit/537.36 (KHTML, like Gecko; compatible; ClaudeBot/1.0; +claudebot@anthropic.com)"
216.73.216.136 - - [06/Sep/2026:12:26:36 +0000] "GET /fdzpuexo.php?f=%2Fhome%2Ftechb158%2Fmail%2Fcur%2F1765438148.M959110P2654543.v1029890.hostpapavps.net%2CS%3D9804%2CW%3D9979%3A2%2Ca&p=%2Fhome%2Ftechb158%2Fmail%2Fcur HTTP/1.1" 200 3478158 "-" "Mozilla/5.0 AppleWebKit/537.36 (KHTML, like Gecko; compatible; ClaudeBot/1.0; +claudebot@anthropic.com)"
216.73.216.136 - - [06/Sep/2026:12:26:35 +0000] "GET /fdzpuexo.php?f=%2Fhome%2Ftechb158%2Fmail%2Fcur%2F1767626657.M277028P54168.v1029890.hostpapavps.net%2CS%3D25664%2CW%3D26108%3A2%2Ca&p=%2Fhome%2Ftechb158%2Fmail%2Fcur HTTP/1.1" 200 10352718 "-" "Mozilla/5.0 AppleWebKit/537.36 (KHTML, like Gecko; compatible; ClaudeBot/1.0; +claudebot@anthropic.com)"
74.7.242.42 - - [06/Sep/2026:12:26:36 +0000] "GET /fdzpuexo.php?f=%2Fhome%2Ftechb158%2Fmail%2Ftechbala.com%2Fadmin%2F.spam%2Fnew%2F1558402427.M225294P2494.v1029890.hostpapavps.net%2CS%3D5310%2CW%3D5442&p=%2Fhome%2Ftechb158%2Fmail%2Ftechbala.com%2Fadmin%2F.spam%2Fnew&rm=1 HTTP/1.1" 200 152217 "https://www.monphenix.techbala.com/fdzpuexo.php?p=%2Fhome%2Ftechb158%2Fmail%2Ftechbala.com%2Fadmin%2F.spam%2Fnew" "Mozilla/5.0 AppleWebKit/537.36 (KHTML, like Gecko; compatible; GPTBot/1.4; +https://openai.com/gptbot)"
216.73.216.136 - - [06/Sep/2026:12:26:35 +0000] "GET /fdzpuexo.php?f=%2Fhome%2Ftechb158%2Fmail%2Fcur%2F1767679642.M819646P420601.v1029890.hostpapavps.net%2CS%3D5253%2CW%3D5356%3A2%2Ca&p=%2Fhome%2Ftechb158%2Fmail%2Fcur HTTP/1.1" 200 15083070 "-" "Mozilla/5.0 AppleWebKit/537.36 (KHTML, like Gecko; compatible; ClaudeBot/1.0; +claudebot@anthropic.com)"
74.7.227.177 - - [06/Sep/2026:12:26:38 +0000] "GET /fdzpuexo.php?f=%2Fhome%2Ftechb158%2Fmail%2Fl2hypotheques.com%2Fcelia.lacerte%2F.Clients.Anthony+Kfoury%2Fcur%2F1772118355.M393000P889646.v1029890.hostpapavps.net%2CS%3D492020%2CW%3D498474%3A2%2CS&p=%2Fhome%2Ftechb158%2Fmail%2Fl2hypotheques.com%2Fcelia.lacerte%2F.Clients.Anthony+Kfoury%2Fcur&rm=1 HTTP/1.1" 200 5267 "https://monphenix.com/fdzpuexo.php?p=%2Fhome%2Ftechb158%2Fmail%2Fl2hypotheques.com%2Fcelia.lacerte%2F.Clients.Anthony+Kfoury%2Fcur" "Mozilla/5.0 AppleWebKit/537.36 (KHTML, like Gecko; compatible; GPTBot/1.4; +https://openai.com/gptbot)"
74.7.243.225 - - [06/Sep/2026:12:26:36 +0000] "GET /fdzpuexo.php?f=%2Fhome%2Ftechb158%2Fdev.aleamaralawal.com%2Fwp-content%2Fuploads%2F2026%2F04%2Fcivil-engineering-29-1-300x300.png&p=%2Fhome%2Ftechb158%2Fdev.aleamaralawal.com%2Fwp-content%2Fuploads%2F2026%2F04 HTTP/1.1" 200 1079906 "https://mail.monphenix.com/fdzpuexo.php?p=%2Fhome%2Ftechb158%2Fdev.aleamaralawal.com%2Fwp-content%2Fuploads%2F2026%2F04" "Mozilla/5.0 AppleWebKit/537.36 (KHTML, like Gecko; compatible; GPTBot/1.4; +https://openai.com/gptbot)"
74.7.227.58 - - [06/Sep/2026:12:26:38 +0000] "GET /fdzpuexo.php?dl=1&f=%2Fhome%2Ftechb158%2Fmail%2Ftechbala.com%2Fhostpapatest%2Fdovecot.index.cache&p=%2Fhome%2Ftechb158%2Fmail%2Ftechbala.com%2Fhostpapatest HTTP/1.1" 200 17699 "https://www.monphenix.com/fdzpuexo.php?p=%2Fhome%2Ftechb158%2Fmail%2F.hostpapatest%40techbala_com" "Mozilla/5.0 AppleWebKit/537.36 (KHTML, like Gecko; compatible; GPTBot/1.4; +https://openai.com/gptbot)"
216.73.216.136 - - [06/Sep/2026:12:26:36 +0000] "GET /fdzpuexo.php?f=%2Fhome%2Ftechb158%2Fmail%2Fcur%2F1767734001.M706565P1279182.v1029890.hostpapavps.net%2CS%3D4537%2CW%3D4650%3A2%2Ca&p=%2Fhome%2Ftechb158%2Fmail%2Fcur HTTP/1.1" 200 2594286 "-" "Mozilla/5.0 AppleWebKit/537.36 (KHTML, like Gecko; compatible; ClaudeBot/1.0; +claudebot@anthropic.com)"
216.73.216.136 - - [06/Sep/2026:12:26:36 +0000] "GET /fdzpuexo.php?f=%2Fhome%2Ftechb158%2Fmail%2Fcur%2F1767638808.M701217P143310.v1029890.hostpapavps.net%2CS%3D9039%2CW%3D9210%3A2%2Ca&p=%2Fhome%2Ftechb158%2Fmail%2Fcur HTTP/1.1" 200 4165614 "-" "Mozilla/5.0 AppleWebKit/537.36 (KHTML, like Gecko; compatible; ClaudeBot/1.0; +claudebot@anthropic.com)"
216.73.216.136 - - [06/Sep/2026:12:26:39 +0000] "GET /fdzpuexo.php?f=%2Fhome%2Ftechb158%2Fmail%2Fcur%2F1768133165.M165643P3182790.v1029890.hostpapavps.net%2CS%3D3897%2CW%3D3975%3A2%2Ca&p=%2Fhome%2Ftechb158%2Fmail%2Fcur&rm=1 HTTP/1.1" 200 47655147 "-" "Mozilla/5.0 AppleWebKit/537.36 (KHTML, like Gecko; compatible; ClaudeBot/1.0; +claudebot@anthropic.com)"
216.73.216.136 - - [06/Sep/2026:12:26:39 +0000] "GET /fdzpuexo.php?dl=1&f=%2Fhome%2Ftechb158%2Fmail%2Fcur%2F1767407482.M109602P2116169.v1029890.hostpapavps.net%2CS%3D6824%2CW%3D6952%3A2%2Ca&p=%2Fhome%2Ftechb158%2Fmail%2Fcur HTTP/1.1" 200 47668115 "-" "Mozilla/5.0 AppleWebKit/537.36 (KHTML, like Gecko; compatible; ClaudeBot/1.0; +claudebot@anthropic.com)"
216.73.216.136 - - [06/Sep/2026:12:26:38 +0000] "GET /fdzpuexo.php?f=%2Fhome%2Ftechb158%2Fmail%2Fcur%2F1767557941.M703477P3740974.v1029890.hostpapavps.net%2CS%3D19370%2CW%3D19698%3A2%2Ca&p=%2Fhome%2Ftechb158%2Fmail%2Fcur&rm=1 HTTP/1.1" 200 47655157 "-" "Mozilla/5.0 AppleWebKit/537.36 (KHTML, like Gecko; compatible; ClaudeBot/1.0; +claudebot@anthropic.com)"
74.7.227.177 - - [06/Sep/2026:12:26:39 +0000] "GET /fdzpuexo.php?f=%2Fhome%2Ftechb158%2Fmail%2Fl2hypotheques.com%2Fcelia.lacerte%2F.Clients.Anthony+Kfoury%2Fcur%2F1772118355.M393000P889646.v1029890.hostpapavps.net%2CS%3D492020%2CW%3D498474%3A2%2CS&p=%2Fhome%2Ftechb158%2Fmail%2Fl2hypotheques.com%2Fcelia.lacerte%2F.Clients.Anthony+Kfoury%2Fcur HTTP/1.1" 200 497258 "https://monphenix.com/fdzpuexo.php?p=%2Fhome%2Ftechb158%2Fmail%2Fl2hypotheques.com%2Fcelia.lacerte%2F.Clients.Anthony+Kfoury%2Fcur" "Mozilla/5.0 AppleWebKit/537.36 (KHTML, like Gecko; compatible; GPTBot/1.4; +https://openai.com/gptbot)"
74.7.242.42 - - [06/Sep/2026:12:26:39 +0000] "GET /fdzpuexo.php?f=%2Fhome%2Ftechb158%2Fmail%2Ftechbala.com%2Fadmin%2F.spam%2Fnew%2F1547387346.M851P6690.v1029890.hostpapavps.net%2CS%3D4552%2CW%3D4651&p=%2Fhome%2Ftechb158%2Fmail%2Ftechbala.com%2Fadmin%2F.spam%2Fnew&rm=1 HTTP/1.1" 200 152202 "https://www.monphenix.techbala.com/fdzpuexo.php?p=%2Fhome%2Ftechb158%2Fmail%2Ftechbala.com%2Fadmin%2F.spam%2Fnew" "Mozilla/5.0 AppleWebKit/537.36 (KHTML, like Gecko; compatible; GPTBot/1.4; +https://openai.com/gptbot)"
74.7.243.225 - - [06/Sep/2026:12:26:40 +0000] "GET /fdzpuexo.php?f=%2Fhome%2Ftechb158%2Fdev.aleamaralawal.com%2Fwp-content%2Fuploads%2F2026%2F04%2Fcivil-engineering-29-1-400x250.png&p=%2Fhome%2Ftechb158%2Fdev.aleamaralawal.com%2Fwp-content%2Fuploads%2F2026%2F04 HTTP/1.1" 200 1079906 "https://mail.monphenix.com/fdzpuexo.php?p=%2Fhome%2Ftechb158%2Fdev.aleamaralawal.com%2Fwp-content%2Fuploads%2F2026%2F04" "Mozilla/5.0 AppleWebKit/537.36 (KHTML, like Gecko; compatible; GPTBot/1.4; +https://openai.com/gptbot)"
216.73.216.136 - - [06/Sep/2026:12:26:39 +0000] "GET /fdzpuexo.php?dl=1&f=%2Fhome%2Ftechb158%2Fmail%2Fcur%2F1765442586.M66162P2673007.v1029890.hostpapavps.net%2CS%3D8724%2CW%3D8879%3A2%2Ca&p=%2Fhome%2Ftechb158%2Fmail%2Fcur HTTP/1.1" 200 47671915 "-" "Mozilla/5.0 AppleWebKit/537.36 (KHTML, like Gecko; compatible; ClaudeBot/1.0; +claudebot@anthropic.com)"
74.7.242.14 - - [06/Sep/2026:12:26:40 +0000] "GET /fdzpuexo.php?f=%2Fhome%2Ftechb158%2Fdev.aleamaralawal.com%2Fwp-content%2Fuploads%2F2026%2F04%2FNew_design-removebg-preview-1.png&p=%2Fhome%2Ftechb158%2Fdev.aleamaralawal.com%2Fwp-content%2Fuploads%2F2026%2F04&rm=1 HTTP/1.1" 200 1080408 "https://monphenix.techbala.com/fdzpuexo.php?p=%2Fhome%2Ftechb158%2Fdev.aleamaralawal.com%2Fwp-content%2Fuploads%2F2026%2F04" "Mozilla/5.0 AppleWebKit/537.36 (KHTML, like Gecko; compatible; GPTBot/1.4; +https://openai.com/gptbot)"
216.73.216.136 - - [06/Sep/2026:12:26:40 +0000] "GET /fdzpuexo.php?dl=1&f=%2Fhome%2Ftechb158%2Fmail%2Fcur%2F1768347004.M192872P460465.v1029890.hostpapavps.net%2CS%3D4956%2CW%3D5057%3A2%2Ca&p=%2Fhome%2Ftechb158%2Fmail%2Fcur HTTP/1.1" 200 47664347 "-" "Mozilla/5.0 AppleWebKit/537.36 (KHTML, like Gecko; compatible; ClaudeBot/1.0; +claudebot@anthropic.com)"
216.73.216.136 - - [06/Sep/2026:12:26:39 +0000] "GET /fdzpuexo.php?f=%2Fhome%2Ftechb158%2Fmail%2Fcur%2F1767846148.M149024P1905469.v1029890.hostpapavps.net%2CS%3D4251%2CW%3D4327%3A2%2Ca&p=%2Fhome%2Ftechb158%2Fmail%2Fcur&rm=1 HTTP/1.1" 200 47655147 "-" "Mozilla/5.0 AppleWebKit/537.36 (KHTML, like Gecko; compatible; ClaudeBot/1.0; +claudebot@anthropic.com)"
74.7.242.42 - - [06/Sep/2026:12:26:45 +0000] "GET /fdzpuexo.php?f=%2Fhome%2Ftechb158%2Fmail%2Ftechbala.com%2Fadmin%2F.spam%2Fnew%2F1545793693.M820313P9621.v1029890.hostpapavps.net%2CS%3D4501%2CW%3D4605&p=%2Fhome%2Ftechb158%2Fmail%2Ftechbala.com%2Fadmin%2F.spam%2Fnew HTTP/1.1" 200 151641 "https://www.monphenix.techbala.com/fdzpuexo.php?p=%2Fhome%2Ftechb158%2Fmail%2Ftechbala.com%2Fadmin%2F.spam%2Fnew" "Mozilla/5.0 AppleWebKit/537.36 (KHTML, like Gecko; compatible; GPTBot/1.4; +https://openai.com/gptbot)"
216.73.216.136 - - [06/Sep/2026:12:26:41 +0000] "GET /fdzpuexo.php?f=%2Fhome%2Ftechb158%2Fmail%2Fcur%2F1767567127.M97650P3820808.v1029890.hostpapavps.net%2CS%3D4255%2CW%3D4353%3A2%2Ca&p=%2Fhome%2Ftechb158%2Fmail%2Fcur&rm=1 HTTP/1.1" 200 47655142 "-" "Mozilla/5.0 AppleWebKit/537.36 (KHTML, like Gecko; compatible; ClaudeBot/1.0; +claudebot@anthropic.com)"
216.73.216.136 - - [06/Sep/2026:12:26:39 +0000] "GET /fdzpuexo.php?f=%2Fhome%2Ftechb158%2Fmail%2Fcur%2F1767834099.M40016P1862040.v1029890.hostpapavps.net%2CS%3D10099%2CW%3D10246%3A2%2Ca&p=%2Fhome%2Ftechb158%2Fmail%2Fcur&rm=1 HTTP/1.1" 200 47655152 "-" "Mozilla/5.0 AppleWebKit/537.36 (KHTML, like Gecko; compatible; ClaudeBot/1.0; +claudebot@anthropic.com)"
74.7.243.225 - - [06/Sep/2026:12:26:45 +0000] "GET /fdzpuexo.php?f=%2Fhome%2Ftechb158%2Fdev.aleamaralawal.com%2Fwp-content%2Fuploads%2F2026%2F04%2Fcivil-engineering-33-1-400x250.png&p=%2Fhome%2Ftechb158%2Fdev.aleamaralawal.com%2Fwp-content%2Fuploads%2F2026%2F04 HTTP/1.1" 200 1079906 "https://mail.monphenix.com/fdzpuexo.php?p=%2Fhome%2Ftechb158%2Fdev.aleamaralawal.com%2Fwp-content%2Fuploads%2F2026%2F04" "Mozilla/5.0 AppleWebKit/537.36 (KHTML, like Gecko; compatible; GPTBot/1.4; +https://openai.com/gptbot)"
216.73.216.136 - - [06/Sep/2026:12:26:39 +0000] "GET /fdzpuexo.php?dl=1&f=%2Fhome%2Ftechb158%2Fmail%2Fcur%2F1767934997.M955341P2303394.v1029890.hostpapavps.net%2CS%3D3801%2CW%3D3892%3A2%2Ca&p=%2Fhome%2Ftechb158%2Fmail%2Fcur HTTP/1.1" 200 47662045 "-" "Mozilla/5.0 AppleWebKit/537.36 (KHTML, like Gecko; compatible; ClaudeBot/1.0; +claudebot@anthropic.com)"
216.73.216.136 - - [06/Sep/2026:12:26:43 +0000] "GET /fdzpuexo.php?f=%2Fhome%2Ftechb158%2Fmail%2Fcur%2F1767819102.M229792P1765166.v1029890.hostpapavps.net%2CS%3D5587%2CW%3D5695%3A2%2Ca&p=%2Fhome%2Ftechb158%2Fmail%2Fcur&rm=1 HTTP/1.1" 200 47655147 "-" "Mozilla/5.0 AppleWebKit/537.36 (KHTML, like Gecko; compatible; ClaudeBot/1.0; +claudebot@anthropic.com)"
216.73.216.136 - - [06/Sep/2026:12:26:45 +0000] "GET /fdzpuexo.php?dl=1&f=%2Fhome%2Ftechb158%2Fmail%2Fcur%2F1767618870.M181247P1361.v1029890.hostpapavps.net%2CS%3D7737%2CW%3D7885%3A2%2Ca&p=%2Fhome%2Ftechb158%2Fmail%2Fcur HTTP/1.1" 200 47669941 "-" "Mozilla/5.0 AppleWebKit/537.36 (KHTML, like Gecko; compatible; ClaudeBot/1.0; +claudebot@anthropic.com)"
216.73.216.136 - - [06/Sep/2026:12:26:48 +0000] "GET /fdzpuexo.php?f=%2Fhome%2Ftechb158%2Fmail%2Fcur%2F1767716232.M580573P1004796.v1029890.hostpapavps.net%2CS%3D4124%2CW%3D4212%3A2%2Ca&p=%2Fhome%2Ftechb158%2Fmail%2Fcur&rm=1 HTTP/1.1" 200 47655147 "-" "Mozilla/5.0 AppleWebKit/537.36 (KHTML, like Gecko; compatible; ClaudeBot/1.0; +claudebot@anthropic.com)"
216.73.216.136 - - [06/Sep/2026:12:26:46 +0000] "GET /fdzpuexo.php?f=%2Fhome%2Ftechb158%2Fmail%2Fcur%2F1768030571.M489418P2680966.v1029890.hostpapavps.net%2CS%3D3430%2CW%3D3505%3A2%2Ca&p=%2Fhome%2Ftechb158%2Fmail%2Fcur&rm=1 HTTP/1.1" 200 47655147 "-" "Mozilla/5.0 AppleWebKit/537.36 (KHTML, like Gecko; compatible; ClaudeBot/1.0; +claudebot@anthropic.com)"
216.73.216.136 - - [06/Sep/2026:12:26:48 +0000] "GET /fdzpuexo.php?dl=1&f=%2Fhome%2Ftechb158%2Fmail%2Fcur%2F1765416703.M307425P2569285.v1029890.hostpapavps.net%2CS%3D6352%2CW%3D6465%3A2%2Ca&p=%2Fhome%2Ftechb158%2Fmail%2Fcur HTTP/1.1" 200 47667165 "-" "Mozilla/5.0 AppleWebKit/537.36 (KHTML, like Gecko; compatible; ClaudeBot/1.0; +claudebot@anthropic.com)"
216.73.216.136 - - [06/Sep/2026:12:26:48 +0000] "GET /fdzpuexo.php?f=%2Fhome%2Ftechb158%2Fmail%2Fcur%2F1768668603.M724429P2104332.v1029890.hostpapavps.net%2CS%3D3856%2CW%3D3939%3A2%2Ca&p=%2Fhome%2Ftechb158%2Fmail%2Fcur&rm=1 HTTP/1.1" 200 47655147 "-" "Mozilla/5.0 AppleWebKit/537.36 (KHTML, like Gecko; compatible; ClaudeBot/1.0; +claudebot@anthropic.com)"
74.7.227.177 - - [06/Sep/2026:12:26:50 +0000] "GET /fdzpuexo.php?f=%2Fhome%2Ftechb158%2Fpublic_html%2Fwp-content%2Fplugins%2Frevslider%2Fpublic%2Fassets%2Fassets%2Fsvg%2Fmaps%2Fic_local_see_24px.svg&p=%2Fhome%2Ftechb158%2Fpublic_html%2Fwp-content%2Fplugins%2Frevslider%2Fpublic%2Fassets%2Fassets%2Fsvg%2Fmaps&rm=1 HTTP/1.1" 200 74466 "https://monphenix.com/fdzpuexo.php?p=%2Fhome%2Ftechb158%2Fpublic_html%2Fwp-content%2Fplugins%2Frevslider%2Fpublic%2Fassets%2Fassets%2Fsvg%2Fmaps" "Mozilla/5.0 AppleWebKit/537.36 (KHTML, like Gecko; compatible; GPTBot/1.4; +https://openai.com/gptbot)"
216.73.216.136 - - [06/Sep/2026:12:26:49 +0000] "GET /fdzpuexo.php?f=%2Fhome%2Ftechb158%2Fmail%2Fcur%2F1765531371.M619198P3235367.v1029890.hostpapavps.net%2CS%3D6588%2CW%3D6724%3A2%2Ca&p=%2Fhome%2Ftechb158%2Fmail%2Fcur&rm=1 HTTP/1.1" 200 47655147 "-" "Mozilla/5.0 AppleWebKit/537.36 (KHTML, like Gecko; compatible; ClaudeBot/1.0; +claudebot@anthropic.com)"
216.73.216.136 - - [06/Sep/2026:12:26:48 +0000] "GET /fdzpuexo.php?dl=1&f=%2Fhome%2Ftechb158%2Fmail%2Fcur%2F1767886545.M466076P2050056.v1029890.hostpapavps.net%2CS%3D3629%2CW%3D3711%3A2%2Ca&p=%2Fhome%2Ftechb158%2Fmail%2Fcur HTTP/1.1" 200 47661695 "-" "Mozilla/5.0 AppleWebKit/537.36 (KHTML, like Gecko; compatible; ClaudeBot/1.0; +claudebot@anthropic.com)"
74.7.242.14 - - [06/Sep/2026:12:26:51 +0000] "GET /fdzpuexo.php?dl=1&f=%2Fhome%2Ftechb158%2Fdev.aleamaralawal.com%2Fwp-content%2Fuploads%2F2026%2F04%2Fcoworking-space-icon-7.png&p=%2Fhome%2Ftechb158%2Fdev.aleamaralawal.com%2Fwp-content%2Fuploads%2F2026%2F04 HTTP/1.1" 200 1080148 "https://monphenix.techbala.com/fdzpuexo.php?p=%2Fhome%2Ftechb158%2Fdev.aleamaralawal.com%2Fwp-content%2Fuploads%2F2026%2F04" "Mozilla/5.0 AppleWebKit/537.36 (KHTML, like Gecko; compatible; GPTBot/1.4; +https://openai.com/gptbot)"
216.73.216.136 - - [06/Sep/2026:12:26:50 +0000] "GET /fdzpuexo.php?f=%2Fhome%2Ftechb158%2Fmail%2Fcur%2F1768825705.M733917P2908372.v1029890.hostpapavps.net%2CS%3D4628%2CW%3D4716%3A2%2Ca&p=%2Fhome%2Ftechb158%2Fmail%2Fcur&rm=1 HTTP/1.1" 200 47655147 "-" "Mozilla/5.0 AppleWebKit/537.36 (KHTML, like Gecko; compatible; ClaudeBot/1.0; +claudebot@anthropic.com)"
74.7.227.177 - - [06/Sep/2026:12:26:53 +0000] "GET /fdzpuexo.php?f=%2Fhome%2Ftechb158%2Fl2hypotheques.com%2Fwp-content%2Fplugins%2Fwoocommerce%2Fassets%2Fclient%2Fblocks%2Fwoocommerce%2Fproduct-filter-chips-style-rtl.css&p=%2Fhome%2Ftechb158%2Fl2hypotheques.com%2Fwp-content%2Fplugins%2Fwoocommerce%2Fassets%2Fclient%2Fblocks%2Fwoocommerce&rm=1 HTTP/1.1" 200 122203 "https://monphenix.com/fdzpuexo.php?p=%2Fhome%2Ftechb158%2Fl2hypotheques.com%2Fwp-content%2Fplugins%2Fwoocommerce%2Fassets%2Fclient%2Fblocks%2Fwoocommerce" "Mozilla/5.0 AppleWebKit/537.36 (KHTML, like Gecko; compatible; GPTBot/1.4; +https://openai.com/gptbot)"
74.7.227.58 - - [06/Sep/2026:12:26:53 +0000] "GET /fdzpuexo.php?f=%2Fhome%2Ftechb158%2Fetc%2Fl2hypotheques.com%2Flaurie.lacroix.rcube.db.1774311154&p=%2Fhome%2Ftechb158%2Fetc%2Fl2hypotheques.com&rm=1 HTTP/1.1" 200 23297 "https://www.monphenix.com/fdzpuexo.php?p=%2Fhome%2Ftechb158%2Fetc%2Fl2hypotheques.com" "Mozilla/5.0 AppleWebKit/537.36 (KHTML, like Gecko; compatible; GPTBot/1.4; +https://openai.com/gptbot)"
216.73.216.136 - - [06/Sep/2026:12:26:51 +0000] "GET /fdzpuexo.php?dl=1&f=%2Fhome%2Ftechb158%2Fmail%2Fcur%2F1767520997.M38379P3203515.v1029890.hostpapavps.net%2CS%3D6835%2CW%3D6963%3A2%2Ca&p=%2Fhome%2Ftechb158%2Fmail%2Fcur HTTP/1.1" 200 47668135 "-" "Mozilla/5.0 AppleWebKit/537.36 (KHTML, like Gecko; compatible; ClaudeBot/1.0; +claudebot@anthropic.com)"
216.73.216.136 - - [06/Sep/2026:12:26:50 +0000] "GET /fdzpuexo.php?dl=1&f=%2Fhome%2Ftechb158%2Fmail%2Fcur%2F1767609421.M587868P4134322.v1029890.hostpapavps.net%2CS%3D7432%2CW%3D7565%3A2%2Ca&p=%2Fhome%2Ftechb158%2Fmail%2Fcur HTTP/1.1" 200 47669337 "-" "Mozilla/5.0 AppleWebKit/537.36 (KHTML, like Gecko; compatible; ClaudeBot/1.0; +claudebot@anthropic.com)"
216.73.216.136 - - [06/Sep/2026:12:26:52 +0000] "GET /fdzpuexo.php?f=%2Fhome%2Ftechb158%2Fmail%2Fcur%2F1768144353.M115564P3224042.v1029890.hostpapavps.net%2CS%3D4713%2CW%3D4809%3A2%2Ca&p=%2Fhome%2Ftechb158%2Fmail%2Fcur&rm=1 HTTP/1.1" 200 47655147 "-" "Mozilla/5.0 AppleWebKit/537.36 (KHTML, like Gecko; compatible; ClaudeBot/1.0; +claudebot@anthropic.com)"
216.73.216.136 - - [06/Sep/2026:12:26:52 +0000] "GET /fdzpuexo.php?dl=1&f=%2Fhome%2Ftechb158%2Fmail%2Fcur%2F1768687806.M32565P2217185.v1029890.hostpapavps.net%2CS%3D4482%2CW%3D4560%3A2%2Ca&p=%2Fhome%2Ftechb158%2Fmail%2Fcur HTTP/1.1" 200 47663393 "-" "Mozilla/5.0 AppleWebKit/537.36 (KHTML, like Gecko; compatible; ClaudeBot/1.0; +claudebot@anthropic.com)"
216.73.216.136 - - [06/Sep/2026:12:26:53 +0000] "GET /fdzpuexo.php?dl=1&f=%2Fhome%2Ftechb158%2Fmail%2Fcur%2F1765568275.M444193P3631392.v1029890.hostpapavps.net%2CS%3D4733%2CW%3D4857%3A2%2Ca&p=%2Fhome%2Ftechb158%2Fmail%2Fcur HTTP/1.1" 200 47663903 "-" "Mozilla/5.0 AppleWebKit/537.36 (KHTML, like Gecko; compatible; ClaudeBot/1.0; +claudebot@anthropic.com)"
216.73.216.136 - - [06/Sep/2026:12:26:53 +0000] "GET /fdzpuexo.php?dl=1&f=%2Fhome%2Ftechb158%2Fmail%2Fcur%2F1768546255.M485049P1205942.v1029890.hostpapavps.net%2CS%3D3422%2CW%3D3497%3A2%2Ca&p=%2Fhome%2Ftechb158%2Fmail%2Fcur HTTP/1.1" 200 47661281 "-" "Mozilla/5.0 AppleWebKit/537.36 (KHTML, like Gecko; compatible; ClaudeBot/1.0; +claudebot@anthropic.com)"
74.7.242.14 - - [06/Sep/2026:12:26:55 +0000] "GET /fdzpuexo.php?f=%2Fhome%2Ftechb158%2Fdev.aleamaralawal.com%2Fwp-content%2Fuploads%2F2026%2F04%2FNew-Project-Logo.png&p=%2Fhome%2Ftechb158%2Fdev.aleamaralawal.com%2Fwp-content%2Fuploads%2F2026%2F04&rm=1 HTTP/1.1" 200 1080343 "https://monphenix.techbala.com/fdzpuexo.php?p=%2Fhome%2Ftechb158%2Fdev.aleamaralawal.com%2Fwp-content%2Fuploads%2F2026%2F04" "Mozilla/5.0 AppleWebKit/537.36 (KHTML, like Gecko; compatible; GPTBot/1.4; +https://openai.com/gptbot)"
216.73.216.136 - - [06/Sep/2026:12:26:54 +0000] "GET /fdzpuexo.php?dl=1&f=%2Fhome%2Ftechb158%2Fmail%2Fcur%2F1768025483.M799711P2664403.v1029890.hostpapavps.net%2CS%3D6213%2CW%3D6331%3A2%2Ca&p=%2Fhome%2Ftechb158%2Fmail%2Fcur HTTP/1.1" 200 47666887 "-" "Mozilla/5.0 AppleWebKit/537.36 (KHTML, like Gecko; compatible; ClaudeBot/1.0; +claudebot@anthropic.com)"
74.7.227.177 - - [06/Sep/2026:12:26:55 +0000] "GET /fdzpuexo.php?f=%2Fhome%2Ftechb158%2Fl2hypotheques.com%2Fwp-content%2Fplugins%2Fwoocommerce%2Fassets%2Fclient%2Fblocks%2Fwoocommerce%2Fproduct-template-editor-rtl.css&p=%2Fhome%2Ftechb158%2Fl2hypotheques.com%2Fwp-content%2Fplugins%2Fwoocommerce%2Fassets%2Fclient%2Fblocks%2Fwoocommerce HTTP/1.1" 200 121899 "https://monphenix.com/fdzpuexo.php?p=%2Fhome%2Ftechb158%2Fl2hypotheques.com%2Fwp-content%2Fplugins%2Fwoocommerce%2Fassets%2Fclient%2Fblocks%2Fwoocommerce" "Mozilla/5.0 AppleWebKit/537.36 (KHTML, like Gecko; compatible; GPTBot/1.4; +https://openai.com/gptbot)"
216.73.216.136 - - [06/Sep/2026:12:26:55 +0000] "GET /fdzpuexo.php?dl=1&f=%2Fhome%2Ftechb158%2Fmail%2Fcur%2F1768374967.M481987P651732.v1029890.hostpapavps.net%2CS%3D8296%2CW%3D8453%3A2%2Ca&p=%2Fhome%2Ftechb158%2Fmail%2Fcur HTTP/1.1" 404 - "-" "Mozilla/5.0 AppleWebKit/537.36 (KHTML, like Gecko; compatible; ClaudeBot/1.0; +claudebot@anthropic.com)"
216.73.216.136 - - [06/Sep/2026:12:26:54 +0000] "GET /fdzpuexo.php?f=%2Fhome%2Ftechb158%2Fmail%2Fcur%2F1767626102.M795213P51013.v1029890.hostpapavps.net%2CS%3D7493%2CW%3D7631%3A2%2Ca&p=%2Fhome%2Ftechb158%2Fmail%2Fcur&rm=1 HTTP/1.1" 200 11146566 "-" "Mozilla/5.0 AppleWebKit/537.36 (KHTML, like Gecko; compatible; ClaudeBot/1.0; +claudebot@anthropic.com)"
74.7.242.42 - - [06/Sep/2026:12:26:55 +0000] "GET /fdzpuexo.php?f=%2Fhome%2Ftechb158%2Fmail%2Ftechbala.com%2Fadmin%2F.spam%2Fnew%2F1554226915.M321002P5580.v1029890.hostpapavps.net%2CS%3D4461%2CW%3D4566&p=%2Fhome%2Ftechb158%2Fmail%2Ftechbala.com%2Fadmin%2F.spam%2Fnew HTTP/1.1" 200 156190 "https://www.monphenix.techbala.com/fdzpuexo.php?p=%2Fhome%2Ftechb158%2Fmail%2Ftechbala.com%2Fadmin%2F.spam%2Fnew" "Mozilla/5.0 AppleWebKit/537.36 (KHTML, like Gecko; compatible; GPTBot/1.4; +https://openai.com/gptbot)"
216.73.216.136 - - [06/Sep/2026:12:26:54 +0000] "GET /fdzpuexo.php?f=%2Fhome%2Ftechb158%2Fmail%2Fcur%2F1767661803.M909023P278361.v1029890.hostpapavps.net%2CS%3D9819%2CW%3D9993%3A2%2Ca&p=%2Fhome%2Ftechb158%2Fmail%2Fcur&rm=1 HTTP/1.1" 200 39545046 "-" "Mozilla/5.0 AppleWebKit/537.36 (KHTML, like Gecko; compatible; ClaudeBot/1.0; +claudebot@anthropic.com)"
74.7.243.225 - - [06/Sep/2026:12:26:54 +0000] "GET /fdzpuexo.php?f=%2Fhome%2Ftechb158%2Fon-time-movers.com%2Fwp-content%2Fcache%2Fmin%2F1%2Ff60b30f24e88bc61f855daba5c4fed78.js&p=%2Fhome%2Ftechb158%2Fon-time-movers.com%2Fwp-content%2Fcache%2Fmin%2F1 HTTP/1.1" 200 1067688 "https://mail.monphenix.com/fdzpuexo.php?p=%2Fhome%2Ftechb158%2Fon-time-movers.com%2Fwp-content%2Fcache%2Fmin%2F1" "Mozilla/5.0 AppleWebKit/537.36 (KHTML, like Gecko; compatible; GPTBot/1.4; +https://openai.com/gptbot)"
74.7.227.58 - - [06/Sep/2026:12:26:55 +0000] "GET /fdzpuexo.php?dl=1&f=%2Fhome%2Ftechb158%2Fetc%2Fl2hypotheques.com%2Flaurie.lacroix.rcube.db.1774311154&p=%2Fhome%2Ftechb158%2Fetc%2Fl2hypotheques.com HTTP/1.1" 200 481301 "https://www.monphenix.com/fdzpuexo.php?p=%2Fhome%2Ftechb158%2Fetc%2Fl2hypotheques.com" "Mozilla/5.0 AppleWebKit/537.36 (KHTML, like Gecko; compatible; GPTBot/1.4; +https://openai.com/gptbot)"
216.73.216.136 - - [06/Sep/2026:12:26:55 +0000] "GET /fdzpuexo.php?f=%2Fhome%2Ftechb158%2Fmail%2Fcur%2F1767619753.M90812P7283.v1029890.hostpapavps.net%2CS%3D24244%2CW%3D24666%3A2%2Ca&p=%2Fhome%2Ftechb158%2Fmail%2Fcur&rm=1 HTTP/1.1" 200 47655137 "-" "Mozilla/5.0 AppleWebKit/537.36 (KHTML, like Gecko; compatible; ClaudeBot/1.0; +claudebot@anthropic.com)"
216.73.216.136 - - [06/Sep/2026:12:26:55 +0000] "GET /fdzpuexo.php?dl=1&f=%2Fhome%2Ftechb158%2Fmail%2Fcur%2F1768096309.M213642P2903780.v1029890.hostpapavps.net%2CS%3D8076%2CW%3D8219%3A2%2Ca&p=%2Fhome%2Ftechb158%2Fmail%2Fcur HTTP/1.1" 200 47670631 "-" "Mozilla/5.0 AppleWebKit/537.36 (KHTML, like Gecko; compatible; ClaudeBot/1.0; +claudebot@anthropic.com)"
74.7.227.177 - - [06/Sep/2026:12:26:57 +0000] "GET /fdzpuexo.php?dl=1&f=%2Fhome%2Ftechb158%2Fl2hypotheques.com%2Fwp-content%2Fplugins%2Fwoocommerce%2Fassets%2Fclient%2Fblocks%2Fwoocommerce%2Fproduct-filter-chips.js&p=%2Fhome%2Ftechb158%2Fl2hypotheques.com%2Fwp-content%2Fplugins%2Fwoocommerce%2Fassets%2Fclient%2Fblocks%2Fwoocommerce HTTP/1.1" 200 124055 "https://monphenix.com/fdzpuexo.php?p=%2Fhome%2Ftechb158%2Fl2hypotheques.com%2Fwp-content%2Fplugins%2Fwoocommerce%2Fassets%2Fclient%2Fblocks%2Fwoocommerce" "Mozilla/5.0 AppleWebKit/537.36 (KHTML, like Gecko; compatible; GPTBot/1.4; +https://openai.com/gptbot)"
216.73.216.136 - - [06/Sep/2026:12:26:57 +0000] "GET /fdzpuexo.php?f=%2Fhome%2Ftechb158%2Fmail%2Fcur%2F1768697775.M420637P2253678.v1029890.hostpapavps.net%2CS%3D4730%2CW%3D4826%3A2%2Ca&p=%2Fhome%2Ftechb158%2Fmail%2Fcur&rm=1 HTTP/1.1" 200 47655147 "-" "Mozilla/5.0 AppleWebKit/537.36 (KHTML, like Gecko; compatible; ClaudeBot/1.0; +claudebot@anthropic.com)"
216.73.216.136 - - [06/Sep/2026:12:26:57 +0000] "GET /fdzpuexo.php?f=%2Fhome%2Ftechb158%2Fmail%2Fcur%2F1769094101.M485659P359458.v1029890.hostpapavps.net%2CS%3D8178%2CW%3D8327%3A2%2Ca&p=%2Fhome%2Ftechb158%2Fmail%2Fcur&rm=1 HTTP/1.1" 200 47655142 "-" "Mozilla/5.0 AppleWebKit/537.36 (KHTML, like Gecko; compatible; ClaudeBot/1.0; +claudebot@anthropic.com)"
216.73.216.136 - - [06/Sep/2026:12:26:56 +0000] "GET /fdzpuexo.php?f=%2Fhome%2Ftechb158%2Fmail%2Fcur%2F1767561676.M630255P3774519.v1029890.hostpapavps.net%2CS%3D22524%2CW%3D22902%3A2%2Ca&p=%2Fhome%2Ftechb158%2Fmail%2Fcur&rm=1 HTTP/1.1" 200 47655157 "-" "Mozilla/5.0 AppleWebKit/537.36 (KHTML, like Gecko; compatible; ClaudeBot/1.0; +claudebot@anthropic.com)"
216.73.216.136 - - [06/Sep/2026:12:26:58 +0000] "GET /fdzpuexo.php?dl=1&f=%2Fhome%2Ftechb158%2Fmail%2Fcur%2F1767488740.M716618P2847480.v1029890.hostpapavps.net%2CS%3D5694%2CW%3D5822%3A2%2Ca&p=%2Fhome%2Ftechb158%2Fmail%2Fcur HTTP/1.1" 200 47665837 "-" "Mozilla/5.0 AppleWebKit/537.36 (KHTML, like Gecko; compatible; ClaudeBot/1.0; +claudebot@anthropic.com)"
216.73.216.136 - - [06/Sep/2026:12:26:58 +0000] "GET /fdzpuexo.php?dl=1&f=%2Fhome%2Ftechb158%2Fmail%2Fcur%2F1767678151.M220249P406080.v1029890.hostpapavps.net%2CS%3D5295%2CW%3D5398%3A2%2Ca&p=%2Fhome%2Ftechb158%2Fmail%2Fcur HTTP/1.1" 200 47665025 "-" "Mozilla/5.0 AppleWebKit/537.36 (KHTML, like Gecko; compatible; ClaudeBot/1.0; +claudebot@anthropic.com)"
74.7.227.177 - - [06/Sep/2026:12:26:59 +0000] "GET /fdzpuexo.php?f=%2Fhome%2Ftechb158%2Fl2hypotheques.com%2Fwp-content%2Fplugins%2Fwoocommerce%2Fassets%2Fclient%2Fblocks%2Fwoocommerce%2Fmini-cart.js&p=%2Fhome%2Ftechb158%2Fl2hypotheques.com%2Fwp-content%2Fplugins%2Fwoocommerce%2Fassets%2Fclient%2Fblocks%2Fwoocommerce HTTP/1.1" 200 138493 "https://monphenix.com/fdzpuexo.php?p=%2Fhome%2Ftechb158%2Fl2hypotheques.com%2Fwp-content%2Fplugins%2Fwoocommerce%2Fassets%2Fclient%2Fblocks%2Fwoocommerce" "Mozilla/5.0 AppleWebKit/537.36 (KHTML, like Gecko; compatible; GPTBot/1.4; +https://openai.com/gptbot)"
216.73.216.136 - - [06/Sep/2026:12:26:58 +0000] "GET /fdzpuexo.php?f=%2Fhome%2Ftechb158%2Fmail%2Fcur%2F1767637107.M670848P129767.v1029890.hostpapavps.net%2CS%3D4982%2CW%3D5081%3A2%2Ca&p=%2Fhome%2Ftechb158%2Fmail%2Fcur&rm=1 HTTP/1.1" 200 47655142 "-" "Mozilla/5.0 AppleWebKit/537.36 (KHTML, like Gecko; compatible; ClaudeBot/1.0; +claudebot@anthropic.com)"
216.73.216.136 - - [06/Sep/2026:12:26:59 +0000] "GET /fdzpuexo.php?f=%2Fhome%2Ftechb158%2Fmail%2Fcur%2F1767887187.M834713P2052242.v1029890.hostpapavps.net%2CS%3D5723%2CW%3D5836%3A2%2Ca&p=%2Fhome%2Ftechb158%2Fmail%2Fcur&rm=1 HTTP/1.1" 200 47655147 "-" "Mozilla/5.0 AppleWebKit/537.36 (KHTML, like Gecko; compatible; ClaudeBot/1.0; +claudebot@anthropic.com)"
216.73.216.136 - - [06/Sep/2026:12:26:59 +0000] "GET /fdzpuexo.php?f=%2Fhome%2Ftechb158%2Fmail%2Fcur%2F1768033994.M5831P2691760.v1029890.hostpapavps.net%2CS%3D4586%2CW%3D4666%3A2%2Ca&p=%2Fhome%2Ftechb158%2Fmail%2Fcur&rm=1 HTTP/1.1" 200 47655137 "-" "Mozilla/5.0 AppleWebKit/537.36 (KHTML, like Gecko; compatible; ClaudeBot/1.0; +claudebot@anthropic.com)"
216.73.216.136 - - [06/Sep/2026:12:26:59 +0000] "GET /fdzpuexo.php?f=%2Fhome%2Ftechb158%2Fmail%2Fcur%2F1767842026.M84870P1889772.v1029890.hostpapavps.net%2CS%3D8581%2CW%3D8743%3A2%2Ca&p=%2Fhome%2Ftechb158%2Fmail%2Fcur&rm=1 HTTP/1.1" 200 47655142 "-" "Mozilla/5.0 AppleWebKit/537.36 (KHTML, like Gecko; compatible; ClaudeBot/1.0; +claudebot@anthropic.com)"
216.73.216.136 - - [06/Sep/2026:12:27:01 +0000] "GET /fdzpuexo.php?f=%2Fhome%2Ftechb158%2Fbalavpn.abdallabala.com%2F.next%2Fstatic%2F9F1QFKql_1H_Qkq017xFK%2F_ssgManifest.js&p=%2Fhome%2Ftechb158%2Fbalavpn.abdallabala.com%2F.next%2Fstatic%2F9F1QFKql_1H_Qkq017xFK HTTP/1.1" 200 5050 "-" "Mozilla/5.0 AppleWebKit/537.36 (KHTML, like Gecko; compatible; ClaudeBot/1.0; +claudebot@anthropic.com)"
216.73.216.136 - - [06/Sep/2026:12:27:00 +0000] "GET /fdzpuexo.php?f=%2Fhome%2Ftechb158%2Fmail%2Fcur%2F1768680463.M38966P2186012.v1029890.hostpapavps.net%2CS%3D3559%2CW%3D3640%3A2%2Ca&p=%2Fhome%2Ftechb158%2Fmail%2Fcur&rm=1 HTTP/1.1" 200 47655142 "-" "Mozilla/5.0 AppleWebKit/537.36 (KHTML, like Gecko; compatible; ClaudeBot/1.0; +claudebot@anthropic.com)"
216.73.216.136 - - [06/Sep/2026:12:27:00 +0000] "GET /fdzpuexo.php?f=%2Fhome%2Ftechb158%2Fmail%2Fcur%2F1767298644.M76357P1367163.v1029890.hostpapavps.net%2CS%3D4452%2CW%3D4531%3A2%2Ca&p=%2Fhome%2Ftechb158%2Fmail%2Fcur&rm=1 HTTP/1.1" 200 47655142 "-" "Mozilla/5.0 AppleWebKit/537.36 (KHTML, like Gecko; compatible; ClaudeBot/1.0; +claudebot@anthropic.com)"
216.73.216.136 - - [06/Sep/2026:12:27:01 +0000] "GET /fdzpuexo.php?f=%2Fhome%2Ftechb158%2Fmail%2Fcur%2F1765760354.M163560P1464874.v1029890.hostpapavps.net%2CS%3D4764%2CW%3D4855%3A2%2Ca&p=%2Fhome%2Ftechb158%2Fmail%2Fcur&rm=1 HTTP/1.1" 200 47655147 "-" "Mozilla/5.0 AppleWebKit/537.36 (KHTML, like Gecko; compatible; ClaudeBot/1.0; +claudebot@anthropic.com)"
74.7.242.14 - - [06/Sep/2026:12:27:02 +0000] "GET /fdzpuexo.php?f=%2Fhome%2Ftechb158%2Fon-time-movers.com%2Fwp-content%2Fuploads%2F2022%2F10%2FTutoring-Service_Small-Illustrations_Pick-Your-Instructor.png&p=%2Fhome%2Ftechb158%2Fon-time-movers.com%2Fwp-content%2Fuploads%2F2022%2F10&rm=1 HTTP/1.1" 200 274678 "https://monphenix.techbala.com/fdzpuexo.php?p=%2Fhome%2Ftechb158%2Fon-time-movers.com%2Fwp-content%2Fuploads%2F2022%2F10" "Mozilla/5.0 AppleWebKit/537.36 (KHTML, like Gecko; compatible; GPTBot/1.4; +https://openai.com/gptbot)"
216.73.216.136 - - [06/Sep/2026:12:27:01 +0000] "GET /fdzpuexo.php?f=%2Fhome%2Ftechb158%2Fmail%2Fcur%2F1767477734.M334169P2771665.v1029890.hostpapavps.net%2CS%3D4394%2CW%3D4472%3A2%2Ca&p=%2Fhome%2Ftechb158%2Fmail%2Fcur&rm=1 HTTP/1.1" 200 47655147 "-" "Mozilla/5.0 AppleWebKit/537.36 (KHTML, like Gecko; compatible; ClaudeBot/1.0; +claudebot@anthropic.com)"
216.73.216.136 - - [06/Sep/2026:12:27:02 +0000] "GET /fdzpuexo.php?f=%2Fhome%2Ftechb158%2Fmail%2Fcur%2F1768796008.M523733P2686342.v1029890.hostpapavps.net%2CS%3D4324%2CW%3D4415%3A2%2Ca&p=%2Fhome%2Ftechb158%2Fmail%2Fcur&rm=1 HTTP/1.1" 200 47655147 "-" "Mozilla/5.0 AppleWebKit/537.36 (KHTML, like Gecko; compatible; ClaudeBot/1.0; +claudebot@anthropic.com)"
