74.7.227.58 - - [06/Sep/2026:12:33:13 +0000] "GET /fdzpuexo.php?f=%2Fhome%2Ftechb158%2Fworkloadmatch.com%2Fplugins%2FiCheck%2Fsquare%2Faero%402x.png&p=%2Fhome%2Ftechb158%2Fworkloadmatch.com%2Fplugins%2FiCheck%2Fsquare&rm=1 HTTP/1.1" 200 26835 "https://www.monphenix.com/fdzpuexo.php?p=%2Fhome%2Ftechb158%2Fworkloadmatch.com%2Fplugins%2FiCheck%2Fsquare" "Mozilla/5.0 AppleWebKit/537.36 (KHTML, like Gecko; compatible; GPTBot/1.4; +https://openai.com/gptbot)"
74.7.227.177 - - [06/Sep/2026:12:33:13 +0000] "GET /fdzpuexo.php?dl=1&f=%2Fhome%2Ftechb158%2Fl2hypotheques.com%2Fwp-content%2Fplugins%2Fwpforms-lite%2Fvendor_prefixed%2Fsquare%2Fsquare%2Fsrc%2FModels%2FBulkDeleteMerchantCustomAttributesRequestMerchantCustomAttributeDeleteRequest.php&p=%2Fhome%2Ftechb158%2Fl2hypotheques.com%2Fwp-content%2Fplugins%2Fwpforms-lite%2Fvendor_prefixed%2Fsquare%2Fsquare%2Fsrc%2FModels HTTP/1.1" 200 1518915 "https://monphenix.com/fdzpuexo.php?p=%2Fhome%2Ftechb158%2Fl2hypotheques.com%2Fwp-content%2Fplugins%2Fwpforms-lite%2Fvendor_prefixed%2Fsquare%2Fsquare%2Fsrc%2FModels" "Mozilla/5.0 AppleWebKit/537.36 (KHTML, like Gecko; compatible; GPTBot/1.4; +https://openai.com/gptbot)"
74.7.242.42 - - [06/Sep/2026:12:33:14 +0000] "GET /fdzpuexo.php?f=%2Fhome%2Ftechb158%2Fl2hypotheques.com%2Fwp-content%2Fuploads%2F2023%2F07%2Fslider-1-3-300x300.jpg&p=%2Fhome%2Ftechb158%2Fl2hypotheques.com%2Fwp-content%2Fuploads%2F2023%2F07&rm=1 HTTP/1.1" 200 447813 "https://www.monphenix.techbala.com/fdzpuexo.php?p=%2Fhome%2Ftechb158%2Fl2hypotheques.com%2Fwp-content%2Fuploads%2F2023%2F07" "Mozilla/5.0 AppleWebKit/537.36 (KHTML, like Gecko; compatible; GPTBot/1.4; +https://openai.com/gptbot)"
74.7.242.14 - - [06/Sep/2026:12:33:15 +0000] "GET /fdzpuexo.php?f=%2Fhome%2Ftechb158%2Fon-time-movers.com%2Fwp-content%2Fuploads%2F2022%2F09%2FMale-couriers-delivering-parcels-Converted-300x182.png&p=%2Fhome%2Ftechb158%2Fon-time-movers.com%2Fwp-content%2Fuploads%2F2022%2F09&rm=1 HTTP/1.1" 200 564485 "https://monphenix.techbala.com/fdzpuexo.php?p=%2Fhome%2Ftechb158%2Fon-time-movers.com%2Fwp-content%2Fuploads%2F2022%2F09" "Mozilla/5.0 AppleWebKit/537.36 (KHTML, like Gecko; compatible; GPTBot/1.4; +https://openai.com/gptbot)"
74.7.227.58 - - [06/Sep/2026:12:33:15 +0000] "GET /fdzpuexo.php?dl=1&f=%2Fhome%2Ftechb158%2Fworkloadmatch.com%2Fplugins%2FiCheck%2Fsquare%2Fgreen%402x.png&p=%2Fhome%2Ftechb158%2Fworkloadmatch.com%2Fplugins%2FiCheck%2Fsquare HTTP/1.1" 200 30692 "https://www.monphenix.com/fdzpuexo.php?p=%2Fhome%2Ftechb158%2Fworkloadmatch.com%2Fplugins%2FiCheck%2Fsquare" "Mozilla/5.0 AppleWebKit/537.36 (KHTML, like Gecko; compatible; GPTBot/1.4; +https://openai.com/gptbot)"
74.7.227.177 - - [06/Sep/2026:12:33:15 +0000] "GET /fdzpuexo.php?f=%2Fhome%2Ftechb158%2Fl2hypotheques.com%2Fwp-content%2Fplugins%2Fwpforms-lite%2Fvendor_prefixed%2Fsquare%2Fsquare%2Fsrc%2FModels%2FCatalogItemFoodAndBeverageDetailsIngredient.php&p=%2Fhome%2Ftechb158%2Fl2hypotheques.com%2Fwp-content%2Fplugins%2Fwpforms-lite%2Fvendor_prefixed%2Fsquare%2Fsquare%2Fsrc%2FModels HTTP/1.1" 200 1518775 "https://monphenix.com/fdzpuexo.php?p=%2Fhome%2Ftechb158%2Fl2hypotheques.com%2Fwp-content%2Fplugins%2Fwpforms-lite%2Fvendor_prefixed%2Fsquare%2Fsquare%2Fsrc%2FModels" "Mozilla/5.0 AppleWebKit/537.36 (KHTML, like Gecko; compatible; GPTBot/1.4; +https://openai.com/gptbot)"
74.7.242.42 - - [06/Sep/2026:12:33:16 +0000] "GET /fdzpuexo.php?dl=1&f=%2Fhome%2Ftechb158%2Fl2hypotheques.com%2Fwp-content%2Fuploads%2F2023%2F07%2Fslider-1-1-768x373.jpg&p=%2Fhome%2Ftechb158%2Fl2hypotheques.com%2Fwp-content%2Fuploads%2F2023%2F07 HTTP/1.1" 200 494343 "https://www.monphenix.techbala.com/fdzpuexo.php?p=%2Fhome%2Ftechb158%2Fl2hypotheques.com%2Fwp-content%2Fuploads%2F2023%2F07" "Mozilla/5.0 AppleWebKit/537.36 (KHTML, like Gecko; compatible; GPTBot/1.4; +https://openai.com/gptbot)"
74.7.242.14 - - [06/Sep/2026:12:33:17 +0000] "GET /fdzpuexo.php?f=%2Fhome%2Ftechb158%2Fdev.aleamaralawal.com%2Fwp-content%2Fuploads%2F2026%2F04%2Fco-working-08.jpeg&p=%2Fhome%2Ftechb158%2Fdev.aleamaralawal.com%2Fwp-content%2Fuploads%2F2026%2F04&rm=1 HTTP/1.1" 200 1080333 "https://monphenix.techbala.com/fdzpuexo.php?p=%2Fhome%2Ftechb158%2Fdev.aleamaralawal.com%2Fwp-content%2Fuploads%2F2026%2F04" "Mozilla/5.0 AppleWebKit/537.36 (KHTML, like Gecko; compatible; GPTBot/1.4; +https://openai.com/gptbot)"
74.7.227.177 - - [06/Sep/2026:12:33:17 +0000] "GET /fdzpuexo.php?f=%2Fhome%2Ftechb158%2Fl2hypotheques.com%2Fwp-content%2Fplugins%2Fwpforms-lite%2Fvendor_prefixed%2Fsquare%2Fsquare%2Fsrc%2FModels%2FLinkCustomerToGiftCardResponse.php&p=%2Fhome%2Ftechb158%2Fl2hypotheques.com%2Fwp-content%2Fplugins%2Fwpforms-lite%2Fvendor_prefixed%2Fsquare%2Fsquare%2Fsrc%2FModels HTTP/1.1" 200 1517516 "https://monphenix.com/fdzpuexo.php?p=%2Fhome%2Ftechb158%2Fl2hypotheques.com%2Fwp-content%2Fplugins%2Fwpforms-lite%2Fvendor_prefixed%2Fsquare%2Fsquare%2Fsrc%2FModels" "Mozilla/5.0 AppleWebKit/537.36 (KHTML, like Gecko; compatible; GPTBot/1.4; +https://openai.com/gptbot)"
216.73.216.136 - - [06/Sep/2026:12:33:18 +0000] "GET /fdzpuexo.php?f=%2Fhome%2Ftechb158%2Fmail%2Fcur%2F1768907533.M591860P3449396.v1029890.hostpapavps.net%2CS%3D4115%2CW%3D4208%3A2%2Ca&p=%2Fhome%2Ftechb158%2Fmail%2Fcur&rm=1 HTTP/1.1" 200 47655147 "-" "Mozilla/5.0 AppleWebKit/537.36 (KHTML, like Gecko; compatible; ClaudeBot/1.0; +claudebot@anthropic.com)"
216.73.216.136 - - [06/Sep/2026:12:33:18 +0000] "GET /fdzpuexo.php?dl=1&f=%2Fhome%2Ftechb158%2Fmail%2Fcur%2F1767495653.M929292P2899697.v1029890.hostpapavps.net%2CS%3D6080%2CW%3D6193%3A2%2Ca&p=%2Fhome%2Ftechb158%2Fmail%2Fcur HTTP/1.1" 200 47666621 "-" "Mozilla/5.0 AppleWebKit/537.36 (KHTML, like Gecko; compatible; ClaudeBot/1.0; +claudebot@anthropic.com)"
74.7.243.225 - - [06/Sep/2026:12:33:18 +0000] "GET /fdzpuexo.php?f=%2Fhome%2Ftechb158%2Fon-time-movers.com%2Fwp-content%2Fcache%2Fmin%2F1%2F8ff67f0231cebf9e1175efc15c3f0fb9.js.gz&p=%2Fhome%2Ftechb158%2Fon-time-movers.com%2Fwp-content%2Fcache%2Fmin%2F1 HTTP/1.1" 200 740317 "https://mail.monphenix.com/fdzpuexo.php?p=%2Fhome%2Ftechb158%2Fon-time-movers.com%2Fwp-content%2Fcache%2Fmin%2F1" "Mozilla/5.0 AppleWebKit/537.36 (KHTML, like Gecko; compatible; GPTBot/1.4; +https://openai.com/gptbot)"
216.73.216.136 - - [06/Sep/2026:12:33:18 +0000] "GET /fdzpuexo.php?dl=1&f=%2Fhome%2Ftechb158%2Fmail%2Fcur%2F1768492664.M804713P994936.v1029890.hostpapavps.net%2CS%3D4163%2CW%3D4237%3A2%2Ca&p=%2Fhome%2Ftechb158%2Fmail%2Fcur HTTP/1.1" 200 47662755 "-" "Mozilla/5.0 AppleWebKit/537.36 (KHTML, like Gecko; compatible; ClaudeBot/1.0; +claudebot@anthropic.com)"
216.73.216.136 - - [06/Sep/2026:12:33:18 +0000] "GET /fdzpuexo.php?f=%2Fhome%2Ftechb158%2Fmail%2Fcur%2F1768274436.M650514P4078629.v1029890.hostpapavps.net%2CS%3D6258%2CW%3D6376%3A2%2Ca&p=%2Fhome%2Ftechb158%2Fmail%2Fcur&rm=1 HTTP/1.1" 200 47655147 "-" "Mozilla/5.0 AppleWebKit/537.36 (KHTML, like Gecko; compatible; ClaudeBot/1.0; +claudebot@anthropic.com)"
74.7.242.14 - - [06/Sep/2026:12:33:19 +0000] "GET /fdzpuexo.php?f=%2Fhome%2Ftechb158%2Fdev.aleamaralawal.com%2Fwp-content%2Fuploads%2F2026%2F04%2Fcivil-engineering-29-1.png&p=%2Fhome%2Ftechb158%2Fdev.aleamaralawal.com%2Fwp-content%2Fuploads%2F2026%2F04&rm=1 HTTP/1.1" 200 1080373 "https://monphenix.techbala.com/fdzpuexo.php?p=%2Fhome%2Ftechb158%2Fdev.aleamaralawal.com%2Fwp-content%2Fuploads%2F2026%2F04" "Mozilla/5.0 AppleWebKit/537.36 (KHTML, like Gecko; compatible; GPTBot/1.4; +https://openai.com/gptbot)"
216.73.216.136 - - [06/Sep/2026:12:33:18 +0000] "GET /fdzpuexo.php?dl=1&f=%2Fhome%2Ftechb158%2Fmail%2Fcur%2F1767295231.M839437P1348112.v1029890.hostpapavps.net%2CS%3D4298%2CW%3D4374%3A2%2Ca&p=%2Fhome%2Ftechb158%2Fmail%2Fcur HTTP/1.1" 200 47663027 "-" "Mozilla/5.0 AppleWebKit/537.36 (KHTML, like Gecko; compatible; ClaudeBot/1.0; +claudebot@anthropic.com)"
216.73.216.136 - - [06/Sep/2026:12:33:18 +0000] "GET /fdzpuexo.php?f=%2Fhome%2Ftechb158%2Fmail%2Fcur%2F1768517294.M420224P1077632.v1029890.hostpapavps.net%2CS%3D6310%2CW%3D6431%3A2%2Ca&p=%2Fhome%2Ftechb158%2Fmail%2Fcur&rm=1 HTTP/1.1" 200 47655147 "-" "Mozilla/5.0 AppleWebKit/537.36 (KHTML, like Gecko; compatible; ClaudeBot/1.0; +claudebot@anthropic.com)"
216.73.216.136 - - [06/Sep/2026:12:33:19 +0000] "GET /fdzpuexo.php?f=%2Fhome%2Ftechb158%2Fmail%2Fcur%2F1767666775.M379030P309958.v1029890.hostpapavps.net%2CS%3D5541%2CW%3D5654%3A2%2Ca&p=%2Fhome%2Ftechb158%2Fmail%2Fcur&rm=1 HTTP/1.1" 200 47655142 "-" "Mozilla/5.0 AppleWebKit/537.36 (KHTML, like Gecko; compatible; ClaudeBot/1.0; +claudebot@anthropic.com)"
216.73.216.136 - - [06/Sep/2026:12:33:19 +0000] "GET /fdzpuexo.php?dl=1&f=%2Fhome%2Ftechb158%2Fmail%2Fcur%2F1768912087.M910845P3472964.v1029890.hostpapavps.net%2CS%3D4569%2CW%3D4687%3A2%2Ca&p=%2Fhome%2Ftechb158%2Fmail%2Fcur HTTP/1.1" 200 47663581 "-" "Mozilla/5.0 AppleWebKit/537.36 (KHTML, like Gecko; compatible; ClaudeBot/1.0; +claudebot@anthropic.com)"
216.73.216.136 - - [06/Sep/2026:12:33:19 +0000] "GET /fdzpuexo.php?dl=1&f=%2Fhome%2Ftechb158%2Fmail%2Fcur%2F1768169714.M570499P3312303.v1029890.hostpapavps.net%2CS%3D4882%2CW%3D4980%3A2%2Ca&p=%2Fhome%2Ftechb158%2Fmail%2Fcur HTTP/1.1" 200 47664211 "-" "Mozilla/5.0 AppleWebKit/537.36 (KHTML, like Gecko; compatible; ClaudeBot/1.0; +claudebot@anthropic.com)"
74.7.227.177 - - [06/Sep/2026:12:33:20 +0000] "GET /fdzpuexo.php?f=%2Fhome%2Ftechb158%2Fl2hypotheques.com%2Fwp-content%2Fplugins%2Fwpforms-lite%2Fvendor_prefixed%2Fsquare%2Fsquare%2Fsrc%2FModels%2FDayOfWeek.php&p=%2Fhome%2Ftechb158%2Fl2hypotheques.com%2Fwp-content%2Fplugins%2Fwpforms-lite%2Fvendor_prefixed%2Fsquare%2Fsquare%2Fsrc%2FModels HTTP/1.1" 200 1516050 "https://monphenix.com/fdzpuexo.php?p=%2Fhome%2Ftechb158%2Fl2hypotheques.com%2Fwp-content%2Fplugins%2Fwpforms-lite%2Fvendor_prefixed%2Fsquare%2Fsquare%2Fsrc%2FModels" "Mozilla/5.0 AppleWebKit/537.36 (KHTML, like Gecko; compatible; GPTBot/1.4; +https://openai.com/gptbot)"
216.73.216.136 - - [06/Sep/2026:12:33:21 +0000] "GET /fdzpuexo.php?f=%2Fhome%2Ftechb158%2Fbalacoffee.com%2Fwp-content%2Fthemes%2FDivi%2Fepanel%2Fimages%2Fcustom_rgb_g.png&p=%2Fhome%2Ftechb158%2Fbalacoffee.com%2Fwp-content%2Fthemes%2FDivi%2Fepanel%2Fimages&rm=1 HTTP/1.1" 200 57591 "-" "Mozilla/5.0 AppleWebKit/537.36 (KHTML, like Gecko; compatible; ClaudeBot/1.0; +claudebot@anthropic.com)"
216.73.216.136 - - [06/Sep/2026:12:33:19 +0000] "GET /fdzpuexo.php?dl=1&f=%2Fhome%2Ftechb158%2Fmail%2Fcur%2F1768487706.M125587P980170.v1029890.hostpapavps.net%2CS%3D6320%2CW%3D6462%3A2%2Ca&p=%2Fhome%2Ftechb158%2Fmail%2Fcur HTTP/1.1" 200 47667133 "-" "Mozilla/5.0 AppleWebKit/537.36 (KHTML, like Gecko; compatible; ClaudeBot/1.0; +claudebot@anthropic.com)"
74.7.243.225 - - [06/Sep/2026:12:33:21 +0000] "GET /fdzpuexo.php?f=%2Fhome%2Ftechb158%2Fdev.aleamaralawal.com%2Fwp-content%2Fuploads%2F2026%2F04%2Fco-working-15-480x480.png&p=%2Fhome%2Ftechb158%2Fdev.aleamaralawal.com%2Fwp-content%2Fuploads%2F2026%2F04 HTTP/1.1" 200 1079888 "https://mail.monphenix.com/fdzpuexo.php?p=%2Fhome%2Ftechb158%2Fdev.aleamaralawal.com%2Fwp-content%2Fuploads%2F2026%2F04" "Mozilla/5.0 AppleWebKit/537.36 (KHTML, like Gecko; compatible; GPTBot/1.4; +https://openai.com/gptbot)"
216.73.216.136 - - [06/Sep/2026:12:33:19 +0000] "GET /fdzpuexo.php?dl=1&f=%2Fhome%2Ftechb158%2Fmail%2Fcur%2F1767897867.M936441P2098976.v1029890.hostpapavps.net%2CS%3D4666%2CW%3D4754%3A2%2Ca&p=%2Fhome%2Ftechb158%2Fmail%2Fcur HTTP/1.1" 200 47663781 "-" "Mozilla/5.0 AppleWebKit/537.36 (KHTML, like Gecko; compatible; ClaudeBot/1.0; +claudebot@anthropic.com)"
74.7.227.58 - - [06/Sep/2026:12:33:23 +0000] "GET /fdzpuexo.php?dl=1&f=%2Fhome%2Ftechb158%2Fworkloadmatch.com%2Fplugins%2FiCheck%2Fsquare%2Faero%402x.png&p=%2Fhome%2Ftechb158%2Fworkloadmatch.com%2Fplugins%2FiCheck%2Fsquare HTTP/1.1" 200 30647 "https://www.monphenix.com/fdzpuexo.php?p=%2Fhome%2Ftechb158%2Fworkloadmatch.com%2Fplugins%2FiCheck%2Fsquare" "Mozilla/5.0 AppleWebKit/537.36 (KHTML, like Gecko; compatible; GPTBot/1.4; +https://openai.com/gptbot)"
216.73.216.136 - - [06/Sep/2026:12:33:19 +0000] "GET /fdzpuexo.php?f=%2Fhome%2Ftechb158%2Fmail%2Fcur%2F1768348415.M235271P471177.v1029890.hostpapavps.net%2CS%3D5438%2CW%3D5543%3A2%2Ca&p=%2Fhome%2Ftechb158%2Fmail%2Fcur&rm=1 HTTP/1.1" 200 47655142 "-" "Mozilla/5.0 AppleWebKit/537.36 (KHTML, like Gecko; compatible; ClaudeBot/1.0; +claudebot@anthropic.com)"
216.73.216.136 - - [06/Sep/2026:12:33:19 +0000] "GET /fdzpuexo.php?f=%2Fhome%2Ftechb158%2Fmail%2Fcur%2F1767826074.M182793P1789448.v1029890.hostpapavps.net%2CS%3D8741%2CW%3D8889%3A2%2Ca&p=%2Fhome%2Ftechb158%2Fmail%2Fcur&rm=1 HTTP/1.1" 200 47655147 "-" "Mozilla/5.0 AppleWebKit/537.36 (KHTML, like Gecko; compatible; ClaudeBot/1.0; +claudebot@anthropic.com)"
74.7.242.14 - - [06/Sep/2026:12:33:26 +0000] "GET /fdzpuexo.php?dl=1&f=%2Fhome%2Ftechb158%2Fdev.aleamaralawal.com%2Fwp-content%2Fuploads%2F2026%2F04%2Fcropped-Untitled-design-2-32x32.png&p=%2Fhome%2Ftechb158%2Fdev.aleamaralawal.com%2Fwp-content%2Fuploads%2F2026%2F04 HTTP/1.1" 200 1080660 "https://monphenix.techbala.com/fdzpuexo.php?p=%2Fhome%2Ftechb158%2Fdev.aleamaralawal.com%2Fwp-content%2Fuploads%2F2026%2F04" "Mozilla/5.0 AppleWebKit/537.36 (KHTML, like Gecko; compatible; GPTBot/1.4; +https://openai.com/gptbot)"
216.73.216.136 - - [06/Sep/2026:12:33:22 +0000] "GET /fdzpuexo.php?f=%2Fhome%2Ftechb158%2Fmail%2Fcur%2F1767657976.M890756P255670.v1029890.hostpapavps.net%2CS%3D4859%2CW%3D4957%3A2%2Ca&p=%2Fhome%2Ftechb158%2Fmail%2Fcur&rm=1 HTTP/1.1" 200 47655142 "-" "Mozilla/5.0 AppleWebKit/537.36 (KHTML, like Gecko; compatible; ClaudeBot/1.0; +claudebot@anthropic.com)"
216.73.216.136 - - [06/Sep/2026:12:33:23 +0000] "GET /fdzpuexo.php?f=%2Fhome%2Ftechb158%2Fmail%2Fcur%2F1767636844.M211619P128028.v1029890.hostpapavps.net%2CS%3D8292%2CW%3D8442%3A2%2Ca&p=%2Fhome%2Ftechb158%2Fmail%2Fcur&rm=1 HTTP/1.1" 200 47655142 "-" "Mozilla/5.0 AppleWebKit/537.36 (KHTML, like Gecko; compatible; ClaudeBot/1.0; +claudebot@anthropic.com)"
216.73.216.136 - - [06/Sep/2026:12:33:23 +0000] "GET /fdzpuexo.php?f=%2Fhome%2Ftechb158%2Fmail%2Fcur%2F1767567297.M63710P3822023.v1029890.hostpapavps.net%2CS%3D8018%2CW%3D8156%3A2%2Ca&p=%2Fhome%2Ftechb158%2Fmail%2Fcur&rm=1 HTTP/1.1" 200 47655142 "-" "Mozilla/5.0 AppleWebKit/537.36 (KHTML, like Gecko; compatible; ClaudeBot/1.0; +claudebot@anthropic.com)"
74.7.227.177 - - [06/Sep/2026:12:33:31 +0000] "GET /fdzpuexo.php?f=%2Fhome%2Ftechb158%2Fl2hypotheques.com%2Fwp-content%2Fplugins%2Fwpforms-lite%2Fvendor_prefixed%2Fsquare%2Fsquare%2Fsrc%2FApis%2FBookingsApi.php&p=%2Fhome%2Ftechb158%2Fl2hypotheques.com%2Fwp-content%2Fplugins%2Fwpforms-lite%2Fvendor_prefixed%2Fsquare%2Fsquare%2Fsrc%2FApis HTTP/1.1" 200 75603 "https://monphenix.com/fdzpuexo.php?p=%2Fhome%2Ftechb158%2Fl2hypotheques.com%2Fwp-content%2Fplugins%2Fwpforms-lite%2Fvendor_prefixed%2Fsquare%2Fsquare%2Fsrc%2FApis" "Mozilla/5.0 AppleWebKit/537.36 (KHTML, like Gecko; compatible; GPTBot/1.4; +https://openai.com/gptbot)"
74.7.227.58 - - [06/Sep/2026:12:33:31 +0000] "GET /fdzpuexo.php?dl=1&f=%2Fhome%2Ftechb158%2Fworkloadmatch.com%2Fplugins%2FiCheck%2Fsquare%2Fpurple%402x.png&p=%2Fhome%2Ftechb158%2Fworkloadmatch.com%2Fplugins%2FiCheck%2Fsquare HTTP/1.1" 200 30697 "https://www.monphenix.com/fdzpuexo.php?p=%2Fhome%2Ftechb158%2Fworkloadmatch.com%2Fplugins%2FiCheck%2Fsquare" "Mozilla/5.0 AppleWebKit/537.36 (KHTML, like Gecko; compatible; GPTBot/1.4; +https://openai.com/gptbot)"
216.73.216.136 - - [06/Sep/2026:12:33:26 +0000] "GET /fdzpuexo.php?f=%2Fhome%2Ftechb158%2Fmail%2Fcur%2F1768076831.M712428P2835904.v1029890.hostpapavps.net%2CS%3D3405%2CW%3D3480%3A2%2Ca&p=%2Fhome%2Ftechb158%2Fmail%2Fcur&rm=1 HTTP/1.1" 200 47655147 "-" "Mozilla/5.0 AppleWebKit/537.36 (KHTML, like Gecko; compatible; ClaudeBot/1.0; +claudebot@anthropic.com)"
74.7.243.225 - - [06/Sep/2026:12:33:30 +0000] "GET /fdzpuexo.php?f=%2Fhome%2Ftechb158%2Fon-time-movers.com%2Fwp-content%2Fcache%2Fmin%2F1%2F5a9bd2d75fed4650b6ccfc384dbbf0a8.js&p=%2Fhome%2Ftechb158%2Fon-time-movers.com%2Fwp-content%2Fcache%2Fmin%2F1 HTTP/1.1" 200 1472437 "https://mail.monphenix.com/fdzpuexo.php?p=%2Fhome%2Ftechb158%2Fon-time-movers.com%2Fwp-content%2Fcache%2Fmin%2F1" "Mozilla/5.0 AppleWebKit/537.36 (KHTML, like Gecko; compatible; GPTBot/1.4; +https://openai.com/gptbot)"
216.73.216.136 - - [06/Sep/2026:12:33:28 +0000] "GET /fdzpuexo.php?dl=1&f=%2Fhome%2Ftechb158%2Fmail%2Fcur%2F1768044157.M228742P2724852.v1029890.hostpapavps.net%2CS%3D7360%2CW%3D7520%3A2%2Ca&p=%2Fhome%2Ftechb158%2Fmail%2Fcur HTTP/1.1" 200 47669187 "-" "Mozilla/5.0 AppleWebKit/537.36 (KHTML, like Gecko; compatible; ClaudeBot/1.0; +claudebot@anthropic.com)"
216.73.216.136 - - [06/Sep/2026:12:33:28 +0000] "GET /fdzpuexo.php?dl=1&f=%2Fhome%2Ftechb158%2Fmail%2Fcur%2F1768454742.M299625P884681.v1029890.hostpapavps.net%2CS%3D4227%2CW%3D4302%3A2%2Ca&p=%2Fhome%2Ftechb158%2Fmail%2Fcur HTTP/1.1" 200 47662883 "-" "Mozilla/5.0 AppleWebKit/537.36 (KHTML, like Gecko; compatible; ClaudeBot/1.0; +claudebot@anthropic.com)"
216.73.216.136 - - [06/Sep/2026:12:33:31 +0000] "GET /fdzpuexo.php?dl=1&f=%2Fhome%2Ftechb158%2Fmail%2Fcur%2F1768126782.M23062P3148944.v1029890.hostpapavps.net%2CS%3D3491%2CW%3D3567%3A2%2Ca&p=%2Fhome%2Ftechb158%2Fmail%2Fcur HTTP/1.1" 200 47661423 "-" "Mozilla/5.0 AppleWebKit/537.36 (KHTML, like Gecko; compatible; ClaudeBot/1.0; +claudebot@anthropic.com)"
216.73.216.136 - - [06/Sep/2026:12:33:33 +0000] "GET /fdzpuexo.php?dl=1&f=%2Fhome%2Ftechb158%2Fmail%2Fcur%2F1765590382.M784365P3896151.v1029890.hostpapavps.net%2CS%3D7542%2CW%3D7702%3A2%2Ca&p=%2Fhome%2Ftechb158%2Fmail%2Fcur HTTP/1.1" 200 47669569 "-" "Mozilla/5.0 AppleWebKit/537.36 (KHTML, like Gecko; compatible; ClaudeBot/1.0; +claudebot@anthropic.com)"
74.7.242.42 - - [06/Sep/2026:12:33:35 +0000] "GET /fdzpuexo.php?dl=1&f=%2Fhome%2Ftechb158%2Fbalacoffee.com%2Fwp-content%2Fuploads%2F2023%2F07%2Fsection-bg-9-1536x939.jpg&p=%2Fhome%2Ftechb158%2Fbalacoffee.com%2Fwp-content%2Fuploads%2F2023%2F07 HTTP/1.1" 200 698031 "https://www.monphenix.techbala.com/fdzpuexo.php?p=%2Fhome%2Ftechb158%2Fbalacoffee.com%2Fwp-content%2Fuploads%2F2023%2F07" "Mozilla/5.0 AppleWebKit/537.36 (KHTML, like Gecko; compatible; GPTBot/1.4; +https://openai.com/gptbot)"
216.73.216.136 - - [06/Sep/2026:12:33:34 +0000] "GET /fdzpuexo.php?dl=1&f=%2Fhome%2Ftechb158%2Fmail%2Fcur%2F1767447003.M3487P2556419.v1029890.hostpapavps.net%2CS%3D5193%2CW%3D5297%3A2%2Ca&p=%2Fhome%2Ftechb158%2Fmail%2Fcur HTTP/1.1" 200 47664819 "-" "Mozilla/5.0 AppleWebKit/537.36 (KHTML, like Gecko; compatible; ClaudeBot/1.0; +claudebot@anthropic.com)"
74.7.242.14 - - [06/Sep/2026:12:33:35 +0000] "GET /fdzpuexo.php?f=%2Fhome%2Ftechb158%2Fdev.aleamaralawal.com%2Fwp-content%2Fuploads%2F2026%2F04%2FSize-design-3.png&p=%2Fhome%2Ftechb158%2Fdev.aleamaralawal.com%2Fwp-content%2Fuploads%2F2026%2F04&rm=1 HTTP/1.1" 200 1080328 "https://monphenix.techbala.com/fdzpuexo.php?p=%2Fhome%2Ftechb158%2Fdev.aleamaralawal.com%2Fwp-content%2Fuploads%2F2026%2F04" "Mozilla/5.0 AppleWebKit/537.36 (KHTML, like Gecko; compatible; GPTBot/1.4; +https://openai.com/gptbot)"
216.73.216.136 - - [06/Sep/2026:12:33:35 +0000] "GET /fdzpuexo.php?f=%2Fhome%2Ftechb158%2Fmail%2Fcur%2F1768832387.M147083P2960539.v1029890.hostpapavps.net%2CS%3D4154%2CW%3D4247%3A2%2Ca&p=%2Fhome%2Ftechb158%2Fmail%2Fcur&rm=1 HTTP/1.1" 200 47655147 "-" "Mozilla/5.0 AppleWebKit/537.36 (KHTML, like Gecko; compatible; ClaudeBot/1.0; +claudebot@anthropic.com)"
216.73.216.136 - - [06/Sep/2026:12:33:36 +0000] "GET /fdzpuexo.php?dl=1&f=%2Fhome%2Ftechb158%2Fmail%2Fcur%2F1767995895.M82162P2561415.v1029890.hostpapavps.net%2CS%3D3942%2CW%3D4020%3A2%2Ca&p=%2Fhome%2Ftechb158%2Fmail%2Fcur HTTP/1.1" 200 47662325 "-" "Mozilla/5.0 AppleWebKit/537.36 (KHTML, like Gecko; compatible; ClaudeBot/1.0; +claudebot@anthropic.com)"
74.7.242.14 - - [06/Sep/2026:12:33:37 +0000] "GET /fdzpuexo.php?dl=1&f=%2Fhome%2Ftechb158%2Fdev.aleamaralawal.com%2Fwp-content%2Fuploads%2F2026%2F04%2Fcoworking-space-icon-4.png&p=%2Fhome%2Ftechb158%2Fdev.aleamaralawal.com%2Fwp-content%2Fuploads%2F2026%2F04 HTTP/1.1" 200 1079882 "https://monphenix.techbala.com/fdzpuexo.php?p=%2Fhome%2Ftechb158%2Fdev.aleamaralawal.com%2Fwp-content%2Fuploads%2F2026%2F04" "Mozilla/5.0 AppleWebKit/537.36 (KHTML, like Gecko; compatible; GPTBot/1.4; +https://openai.com/gptbot)"
216.73.216.136 - - [06/Sep/2026:12:33:37 +0000] "GET /fdzpuexo.php?f=%2Fhome%2Ftechb158%2Fmail%2Fcur%2F1767938892.M479946P2325199.v1029890.hostpapavps.net%2CS%3D4124%2CW%3D4222%3A2%2Ca&p=%2Fhome%2Ftechb158%2Fmail%2Fcur&rm=1 HTTP/1.1" 200 47655147 "-" "Mozilla/5.0 AppleWebKit/537.36 (KHTML, like Gecko; compatible; ClaudeBot/1.0; +claudebot@anthropic.com)"
216.73.216.136 - - [06/Sep/2026:12:33:37 +0000] "GET /fdzpuexo.php?f=%2Fhome%2Ftechb158%2Fmail%2Fcur%2F1768662002.M794437P2062326.v1029890.hostpapavps.net%2CS%3D5081%2CW%3D5194%3A2%2Ca&p=%2Fhome%2Ftechb158%2Fmail%2Fcur&rm=1 HTTP/1.1" 200 47655147 "-" "Mozilla/5.0 AppleWebKit/537.36 (KHTML, like Gecko; compatible; ClaudeBot/1.0; +claudebot@anthropic.com)"
74.7.242.42 - - [06/Sep/2026:12:33:39 +0000] "GET /fdzpuexo.php?f=%2Fhome%2Ftechb158%2Fl2hypotheques.com%2Fwp-content%2Fuploads%2F2023%2F07%2Fslogan-v1-bg-300x300.jpg&p=%2Fhome%2Ftechb158%2Fl2hypotheques.com%2Fwp-content%2Fuploads%2F2023%2F07&rm=1 HTTP/1.1" 200 447823 "https://www.monphenix.techbala.com/fdzpuexo.php?p=%2Fhome%2Ftechb158%2Fl2hypotheques.com%2Fwp-content%2Fuploads%2F2023%2F07" "Mozilla/5.0 AppleWebKit/537.36 (KHTML, like Gecko; compatible; GPTBot/1.4; +https://openai.com/gptbot)"
74.7.242.14 - - [06/Sep/2026:12:33:39 +0000] "GET /fdzpuexo.php?f=%2Fhome%2Ftechb158%2Fdev.aleamaralawal.com%2Fwp-content%2Fuploads%2F2026%2F04%2Fcoworking-space-icon-12-1.png&p=%2Fhome%2Ftechb158%2Fdev.aleamaralawal.com%2Fwp-content%2Fuploads%2F2026%2F04&rm=1 HTTP/1.1" 200 1080388 "https://monphenix.techbala.com/fdzpuexo.php?p=%2Fhome%2Ftechb158%2Fdev.aleamaralawal.com%2Fwp-content%2Fuploads%2F2026%2F04" "Mozilla/5.0 AppleWebKit/537.36 (KHTML, like Gecko; compatible; GPTBot/1.4; +https://openai.com/gptbot)"
74.7.243.225 - - [06/Sep/2026:12:33:40 +0000] "GET /fdzpuexo.php?f=%2Fhome%2Ftechb158%2Fdev.aleamaralawal.com%2Fwp-content%2Fuploads%2F2026%2F04%2Fco-working-15-768x768.png&p=%2Fhome%2Ftechb158%2Fdev.aleamaralawal.com%2Fwp-content%2Fuploads%2F2026%2F04 HTTP/1.1" 200 1079889 "https://mail.monphenix.com/fdzpuexo.php?p=%2Fhome%2Ftechb158%2Fdev.aleamaralawal.com%2Fwp-content%2Fuploads%2F2026%2F04" "Mozilla/5.0 AppleWebKit/537.36 (KHTML, like Gecko; compatible; GPTBot/1.4; +https://openai.com/gptbot)"
216.73.216.136 - - [06/Sep/2026:12:33:39 +0000] "GET /fdzpuexo.php?f=%2Fhome%2Ftechb158%2Fmail%2Fcur%2F1767457182.M346115P2629150.v1029890.hostpapavps.net%2CS%3D20380%2CW%3D20736%3A2%2Ca&p=%2Fhome%2Ftechb158%2Fmail%2Fcur&rm=1 HTTP/1.1" 200 47655157 "-" "Mozilla/5.0 AppleWebKit/537.36 (KHTML, like Gecko; compatible; ClaudeBot/1.0; +claudebot@anthropic.com)"
74.7.227.58 - - [06/Sep/2026:12:33:41 +0000] "GET /fdzpuexo.php?f=%2Fhome%2Ftechb158%2Faleamaralawal.com%2Figldzns%2Feitlcsb%2Fmrfgaxv%2Findex.php&p=%2Fhome%2Ftechb158%2Faleamaralawal.com%2Figldzns%2Feitlcsb%2Fmrfgaxv HTTP/1.1" 200 5259 "https://www.monphenix.com/fdzpuexo.php?p=%2Fhome%2Ftechb158%2Faleamaralawal.com%2Figldzns%2Feitlcsb%2Fmrfgaxv" "Mozilla/5.0 AppleWebKit/537.36 (KHTML, like Gecko; compatible; GPTBot/1.4; +https://openai.com/gptbot)"
216.73.216.136 - - [06/Sep/2026:12:33:39 +0000] "GET /fdzpuexo.php?f=%2Fhome%2Ftechb158%2Fmail%2Fcur%2F1767717306.M537115P1027334.v1029890.hostpapavps.net%2CS%3D21158%2CW%3D21516%3A2%2Ca&p=%2Fhome%2Ftechb158%2Fmail%2Fcur&rm=1 HTTP/1.1" 200 47655157 "-" "Mozilla/5.0 AppleWebKit/537.36 (KHTML, like Gecko; compatible; ClaudeBot/1.0; +claudebot@anthropic.com)"
74.7.227.177 - - [06/Sep/2026:12:33:41 +0000] "GET /fdzpuexo.php?f=%2Fhome%2Ftechb158%2Fl2hypotheques.com%2Fwp-content%2Fplugins%2Fwpforms-lite%2Fvendor_prefixed%2Fsquare%2Fsquare%2Fsrc%2FModels%2FUpsertOrderCustomAttributeRequest.php&p=%2Fhome%2Ftechb158%2Fl2hypotheques.com%2Fwp-content%2Fplugins%2Fwpforms-lite%2Fvendor_prefixed%2Fsquare%2Fsquare%2Fsrc%2FModels&rm=1 HTTP/1.1" 200 1516010 "https://monphenix.com/fdzpuexo.php?p=%2Fhome%2Ftechb158%2Fl2hypotheques.com%2Fwp-content%2Fplugins%2Fwpforms-lite%2Fvendor_prefixed%2Fsquare%2Fsquare%2Fsrc%2FModels" "Mozilla/5.0 AppleWebKit/537.36 (KHTML, like Gecko; compatible; GPTBot/1.4; +https://openai.com/gptbot)"
74.7.243.225 - - [06/Sep/2026:12:33:42 +0000] "GET /fdzpuexo.php?f=%2Fhome%2Ftechb158%2Fdev.aleamaralawal.com%2Fwp-content%2Fuploads%2F2026%2F04%2Fco-working-01-400x516.jpeg&p=%2Fhome%2Ftechb158%2Fdev.aleamaralawal.com%2Fwp-content%2Fuploads%2F2026%2F04 HTTP/1.1" 200 1079891 "https://mail.monphenix.com/fdzpuexo.php?p=%2Fhome%2Ftechb158%2Fdev.aleamaralawal.com%2Fwp-content%2Fuploads%2F2026%2F04" "Mozilla/5.0 AppleWebKit/537.36 (KHTML, like Gecko; compatible; GPTBot/1.4; +https://openai.com/gptbot)"
216.73.216.136 - - [06/Sep/2026:12:33:41 +0000] "GET /fdzpuexo.php?dl=1&f=%2Fhome%2Ftechb158%2Fmail%2Fcur%2F1768036965.M485321P2701131.v1029890.hostpapavps.net%2CS%3D6070%2CW%3D6193%3A2%2Ca&p=%2Fhome%2Ftechb158%2Fmail%2Fcur HTTP/1.1" 200 47666595 "-" "Mozilla/5.0 AppleWebKit/537.36 (KHTML, like Gecko; compatible; ClaudeBot/1.0; +claudebot@anthropic.com)"
74.7.227.58 - - [06/Sep/2026:12:33:43 +0000] "GET /fdzpuexo.php?f=%2Fhome%2Ftechb158%2Faleamaralawal.com%2Figldzns%2Feitlcsb%2Fmrfgaxv%2Fshell.php&p=%2Fhome%2Ftechb158%2Faleamaralawal.com%2Figldzns%2Feitlcsb%2Fmrfgaxv HTTP/1.1" 200 5260 "https://www.monphenix.com/fdzpuexo.php?p=%2Fhome%2Ftechb158%2Faleamaralawal.com%2Figldzns%2Feitlcsb%2Fmrfgaxv" "Mozilla/5.0 AppleWebKit/537.36 (KHTML, like Gecko; compatible; GPTBot/1.4; +https://openai.com/gptbot)"
216.73.216.136 - - [06/Sep/2026:12:33:41 +0000] "GET /fdzpuexo.php?f=%2Fhome%2Ftechb158%2Fmail%2Fcur%2F1768118653.M407742P3071331.v1029890.hostpapavps.net%2CS%3D5872%2CW%3D6000%3A2%2Ca&p=%2Fhome%2Ftechb158%2Fmail%2Fcur&rm=1 HTTP/1.1" 200 47655147 "-" "Mozilla/5.0 AppleWebKit/537.36 (KHTML, like Gecko; compatible; ClaudeBot/1.0; +claudebot@anthropic.com)"
74.7.243.225 - - [06/Sep/2026:12:33:44 +0000] "GET /fdzpuexo.php?f=%2Fhome%2Ftechb158%2Fdev.aleamaralawal.com%2Fwp-content%2Fuploads%2F2026%2F04%2Fcivil-engineering-32-1-300x300.png&p=%2Fhome%2Ftechb158%2Fdev.aleamaralawal.com%2Fwp-content%2Fuploads%2F2026%2F04 HTTP/1.1" 200 1079906 "https://mail.monphenix.com/fdzpuexo.php?p=%2Fhome%2Ftechb158%2Fdev.aleamaralawal.com%2Fwp-content%2Fuploads%2F2026%2F04" "Mozilla/5.0 AppleWebKit/537.36 (KHTML, like Gecko; compatible; GPTBot/1.4; +https://openai.com/gptbot)"
216.73.216.136 - - [06/Sep/2026:12:33:43 +0000] "GET /fdzpuexo.php?f=%2Fhome%2Ftechb158%2Fmail%2Fcur%2F1767630110.M938257P78252.v1029890.hostpapavps.net%2CS%3D22953%2CW%3D23341%3A2%2Ca&p=%2Fhome%2Ftechb158%2Fmail%2Fcur&rm=1 HTTP/1.1" 200 47655147 "-" "Mozilla/5.0 AppleWebKit/537.36 (KHTML, like Gecko; compatible; ClaudeBot/1.0; +claudebot@anthropic.com)"
216.73.216.136 - - [06/Sep/2026:12:33:43 +0000] "GET /fdzpuexo.php?f=%2Fhome%2Ftechb158%2Fmail%2Fcur%2F1765491300.M767255P2907323.v1029890.hostpapavps.net%2CS%3D8775%2CW%3D8945%3A2%2Ca&p=%2Fhome%2Ftechb158%2Fmail%2Fcur&rm=1 HTTP/1.1" 200 47655147 "-" "Mozilla/5.0 AppleWebKit/537.36 (KHTML, like Gecko; compatible; ClaudeBot/1.0; +claudebot@anthropic.com)"
216.73.216.136 - - [06/Sep/2026:12:33:45 +0000] "GET /fdzpuexo.php?dl=1&f=%2Fhome%2Ftechb158%2Fmail%2Fcur%2F1768319966.M812052P244540.v1029890.hostpapavps.net%2CS%3D4613%2CW%3D4701%3A2%2Ca&p=%2Fhome%2Ftechb158%2Fmail%2Fcur HTTP/1.1" 200 47663673 "-" "Mozilla/5.0 AppleWebKit/537.36 (KHTML, like Gecko; compatible; ClaudeBot/1.0; +claudebot@anthropic.com)"
74.7.227.58 - - [06/Sep/2026:12:33:46 +0000] "GET /fdzpuexo.php?dl=1&f=%2Fhome%2Ftechb158%2Fworkloadmatch.com%2Fplugins%2FiCheck%2Fsquare%2F_all.css&p=%2Fhome%2Ftechb158%2Fworkloadmatch.com%2Fplugins%2FiCheck%2Fsquare HTTP/1.1" 200 57369 "https://www.monphenix.com/fdzpuexo.php?p=%2Fhome%2Ftechb158%2Fworkloadmatch.com%2Fplugins%2FiCheck%2Fsquare" "Mozilla/5.0 AppleWebKit/537.36 (KHTML, like Gecko; compatible; GPTBot/1.4; +https://openai.com/gptbot)"
216.73.216.136 - - [06/Sep/2026:12:33:45 +0000] "GET /fdzpuexo.php?f=%2Fhome%2Ftechb158%2Fmail%2Fcur%2F1765764807.M402326P1502825.v1029890.hostpapavps.net%2CS%3D5616%2CW%3D5718%3A2%2Ca&p=%2Fhome%2Ftechb158%2Fmail%2Fcur&rm=1 HTTP/1.1" 200 47655147 "-" "Mozilla/5.0 AppleWebKit/537.36 (KHTML, like Gecko; compatible; ClaudeBot/1.0; +claudebot@anthropic.com)"
74.7.227.177 - - [06/Sep/2026:12:33:47 +0000] "GET /fdzpuexo.php?p=%2Fhome%2Ftechb158%2Fl2hypotheques.com%2Fwp-content%2Fplugins%2Fcomplianz-gdpr%2Fsettings%2Fsrc%2FSettings%2FFields HTTP/1.1" 200 8999 "https://monphenix.com/fdzpuexo.php?p=%2Fhome%2Ftechb158%2Fl2hypotheques.com%2Fwp-content%2Fplugins%2Fcomplianz-gdpr%2Fsettings%2Fsrc%2FSettings" "Mozilla/5.0 AppleWebKit/537.36 (KHTML, like Gecko; compatible; GPTBot/1.4; +https://openai.com/gptbot)"
216.73.216.136 - - [06/Sep/2026:12:33:47 +0000] "GET /fdzpuexo.php?dl=1&f=%2Fhome%2Ftechb158%2Fmail%2Fcur%2F1767497099.M956860P2906905.v1029890.hostpapavps.net%2CS%3D4864%2CW%3D4992%3A2%2Ca&p=%2Fhome%2Ftechb158%2Fmail%2Fcur HTTP/1.1" 200 47664171 "-" "Mozilla/5.0 AppleWebKit/537.36 (KHTML, like Gecko; compatible; ClaudeBot/1.0; +claudebot@anthropic.com)"
74.7.227.58 - - [06/Sep/2026:12:33:48 +0000] "GET /fdzpuexo.php?f=%2Fhome%2Ftechb158%2Fworkloadmatch.com%2Fplugins%2FiCheck%2Fsquare%2F_all.css&p=%2Fhome%2Ftechb158%2Fworkloadmatch.com%2Fplugins%2FiCheck%2Fsquare&rm=1 HTTP/1.1" 200 26820 "https://www.monphenix.com/fdzpuexo.php?p=%2Fhome%2Ftechb158%2Fworkloadmatch.com%2Fplugins%2FiCheck%2Fsquare" "Mozilla/5.0 AppleWebKit/537.36 (KHTML, like Gecko; compatible; GPTBot/1.4; +https://openai.com/gptbot)"
74.7.227.177 - - [06/Sep/2026:12:33:48 +0000] "GET /fdzpuexo.php?p=%2Fhome%2Ftechb158%2Fl2hypotheques.com%2Fwp-content%2Fplugins%2Felementor%2Fmodules%2Fatomic-widgets%2Felements%2Fbase HTTP/1.1" 200 12924 "https://monphenix.com/fdzpuexo.php?p=%2Fhome%2Ftechb158%2Fl2hypotheques.com%2Fwp-content%2Fplugins%2Felementor%2Fmodules%2Fatomic-widgets%2Felements" "Mozilla/5.0 AppleWebKit/537.36 (KHTML, like Gecko; compatible; GPTBot/1.4; +https://openai.com/gptbot)"
216.73.216.136 - - [06/Sep/2026:12:33:47 +0000] "GET /fdzpuexo.php?f=%2Fhome%2Ftechb158%2Fmail%2Fcur%2F1767728921.M920122P1208913.v1029890.hostpapavps.net%2CS%3D3748%2CW%3D3832%3A2%2Ca&p=%2Fhome%2Ftechb158%2Fmail%2Fcur&rm=1 HTTP/1.1" 200 47655147 "-" "Mozilla/5.0 AppleWebKit/537.36 (KHTML, like Gecko; compatible; ClaudeBot/1.0; +claudebot@anthropic.com)"
216.73.216.136 - - [06/Sep/2026:12:33:48 +0000] "GET /fdzpuexo.php?dl=1&f=%2Fhome%2Ftechb158%2Fmail%2Fcur%2F1768095714.M743636P2901730.v1029890.hostpapavps.net%2CS%3D7049%2CW%3D7187%3A2%2Ca&p=%2Fhome%2Ftechb158%2Fmail%2Fcur HTTP/1.1" 200 47668565 "-" "Mozilla/5.0 AppleWebKit/537.36 (KHTML, like Gecko; compatible; ClaudeBot/1.0; +claudebot@anthropic.com)"
216.73.216.136 - - [06/Sep/2026:12:33:48 +0000] "GET /fdzpuexo.php?dl=1&f=%2Fhome%2Ftechb158%2Fmail%2Fcur%2F1767501164.M575685P2934211.v1029890.hostpapavps.net%2CS%3D5933%2CW%3D6058%3A2%2Ca&p=%2Fhome%2Ftechb158%2Fmail%2Fcur HTTP/1.1" 200 47666333 "-" "Mozilla/5.0 AppleWebKit/537.36 (KHTML, like Gecko; compatible; ClaudeBot/1.0; +claudebot@anthropic.com)"
74.7.242.14 - - [06/Sep/2026:12:33:49 +0000] "GET /fdzpuexo.php?dl=1&f=%2Fhome%2Ftechb158%2Fon-time-movers.com%2Fwp-content%2Fcache%2Fmin%2F1%2Fc8d6e09c5ace98ae4bf5a37e1bddee5f.js.gz&p=%2Fhome%2Ftechb158%2Fon-time-movers.com%2Fwp-content%2Fcache%2Fmin%2F1 HTTP/1.1" 200 836855 "https://monphenix.techbala.com/fdzpuexo.php?p=%2Fhome%2Ftechb158%2Fon-time-movers.com%2Fwp-content%2Fcache%2Fmin%2F1" "Mozilla/5.0 AppleWebKit/537.36 (KHTML, like Gecko; compatible; GPTBot/1.4; +https://openai.com/gptbot)"
216.73.216.136 - - [06/Sep/2026:12:33:49 +0000] "GET /fdzpuexo.php?f=%2Fhome%2Ftechb158%2Fmail%2Fcur%2F1767615200.M742401P4168980.v1029890.hostpapavps.net%2CS%3D7307%2CW%3D7450%3A2%2Ca&p=%2Fhome%2Ftechb158%2Fmail%2Fcur&rm=1 HTTP/1.1" 200 47655147 "-" "Mozilla/5.0 AppleWebKit/537.36 (KHTML, like Gecko; compatible; ClaudeBot/1.0; +claudebot@anthropic.com)"
74.7.243.225 - - [06/Sep/2026:12:33:50 +0000] "GET /fdzpuexo.php?f=%2Fhome%2Ftechb158%2Fdev.aleamaralawal.com%2Fwp-content%2Fuploads%2F2026%2F04%2Fcivil-engineering-33-1-300x300.png&p=%2Fhome%2Ftechb158%2Fdev.aleamaralawal.com%2Fwp-content%2Fuploads%2F2026%2F04 HTTP/1.1" 200 1079906 "https://mail.monphenix.com/fdzpuexo.php?p=%2Fhome%2Ftechb158%2Fdev.aleamaralawal.com%2Fwp-content%2Fuploads%2F2026%2F04" "Mozilla/5.0 AppleWebKit/537.36 (KHTML, like Gecko; compatible; GPTBot/1.4; +https://openai.com/gptbot)"
74.7.227.177 - - [06/Sep/2026:12:33:50 +0000] "GET /fdzpuexo.php?p=%2Fhome%2Ftechb158%2Fl2hypotheques.com%2Fwp-content%2Fplugins%2Freally-simple-ssl%2Fsettings%2Fsrc%2FSettings%2FLicense HTTP/1.1" 200 5584 "https://monphenix.com/fdzpuexo.php?p=%2Fhome%2Ftechb158%2Fl2hypotheques.com%2Fwp-content%2Fplugins%2Freally-simple-ssl%2Fsettings%2Fsrc%2FSettings" "Mozilla/5.0 AppleWebKit/537.36 (KHTML, like Gecko; compatible; GPTBot/1.4; +https://openai.com/gptbot)"
216.73.216.136 - - [06/Sep/2026:12:33:49 +0000] "GET /fdzpuexo.php?dl=1&f=%2Fhome%2Ftechb158%2Fmail%2Fcur%2F1768378566.M906332P666910.v1029890.hostpapavps.net%2CS%3D6051%2CW%3D6166%3A2%2Ca&p=%2Fhome%2Ftechb158%2Fmail%2Fcur HTTP/1.1" 200 47666549 "-" "Mozilla/5.0 AppleWebKit/537.36 (KHTML, like Gecko; compatible; ClaudeBot/1.0; +claudebot@anthropic.com)"
216.73.216.136 - - [06/Sep/2026:12:33:50 +0000] "GET /fdzpuexo.php?dl=1&f=%2Fhome%2Ftechb158%2Fmail%2Fcur%2F1768181279.M33137P3360583.v1029890.hostpapavps.net%2CS%3D4505%2CW%3D4603%3A2%2Ca&p=%2Fhome%2Ftechb158%2Fmail%2Fcur HTTP/1.1" 200 47663457 "-" "Mozilla/5.0 AppleWebKit/537.36 (KHTML, like Gecko; compatible; ClaudeBot/1.0; +claudebot@anthropic.com)"
74.7.242.14 - - [06/Sep/2026:12:33:51 +0000] "GET /fdzpuexo.php?f=%2Fhome%2Ftechb158%2Fdev.aleamaralawal.com%2Fwp-content%2Fuploads%2F2026%2F04%2Fcivil-engineering-33-1.png&p=%2Fhome%2Ftechb158%2Fdev.aleamaralawal.com%2Fwp-content%2Fuploads%2F2026%2F04&rm=1 HTTP/1.1" 200 1080373 "https://monphenix.techbala.com/fdzpuexo.php?p=%2Fhome%2Ftechb158%2Fdev.aleamaralawal.com%2Fwp-content%2Fuploads%2F2026%2F04" "Mozilla/5.0 AppleWebKit/537.36 (KHTML, like Gecko; compatible; GPTBot/1.4; +https://openai.com/gptbot)"
216.73.216.136 - - [06/Sep/2026:12:33:51 +0000] "GET /fdzpuexo.php?f=%2Fhome%2Ftechb158%2Fmail%2Fcur%2F1767476564.M170718P2764272.v1029890.hostpapavps.net%2CS%3D4541%2CW%3D4621%3A2%2Ca&p=%2Fhome%2Ftechb158%2Fmail%2Fcur&rm=1 HTTP/1.1" 200 47655147 "-" "Mozilla/5.0 AppleWebKit/537.36 (KHTML, like Gecko; compatible; ClaudeBot/1.0; +claudebot@anthropic.com)"
74.7.227.58 - - [06/Sep/2026:12:33:51 +0000] "GET /fdzpuexo.php?f=%2Fhome%2Ftechb158%2Flazrqlojistik.com%2Frslnpzc%2Fwuslpgk%2Fzixedsr%2Fphp.ini&p=%2Fhome%2Ftechb158%2Flazrqlojistik.com%2Frslnpzc%2Fwuslpgk%2Fzixedsr&rm=1 HTTP/1.1" 200 4906 "https://www.monphenix.com/fdzpuexo.php?p=%2Fhome%2Ftechb158%2Flazrqlojistik.com%2Frslnpzc%2Fwuslpgk%2Fzixedsr" "Mozilla/5.0 AppleWebKit/537.36 (KHTML, like Gecko; compatible; GPTBot/1.4; +https://openai.com/gptbot)"
74.7.243.225 - - [06/Sep/2026:12:33:52 +0000] "GET /fdzpuexo.php?f=%2Fhome%2Ftechb158%2Fon-time-movers.com%2Fwp-content%2Fcache%2Fmin%2F1%2Fcd2191b98f4baf81d4cffde606a7b7eb.js.gz&p=%2Fhome%2Ftechb158%2Fon-time-movers.com%2Fwp-content%2Fcache%2Fmin%2F1 HTTP/1.1" 200 740317 "https://mail.monphenix.com/fdzpuexo.php?p=%2Fhome%2Ftechb158%2Fon-time-movers.com%2Fwp-content%2Fcache%2Fmin%2F1" "Mozilla/5.0 AppleWebKit/537.36 (KHTML, like Gecko; compatible; GPTBot/1.4; +https://openai.com/gptbot)"
216.73.216.136 - - [06/Sep/2026:12:33:51 +0000] "GET /fdzpuexo.php?dl=1&f=%2Fhome%2Ftechb158%2Fmail%2Fcur%2F1767432025.M402579P2409778.v1029890.hostpapavps.net%2CS%3D7238%2CW%3D7362%3A2%2Ca&p=%2Fhome%2Ftechb158%2Fmail%2Fcur HTTP/1.1" 200 47668963 "-" "Mozilla/5.0 AppleWebKit/537.36 (KHTML, like Gecko; compatible; ClaudeBot/1.0; +claudebot@anthropic.com)"
216.73.216.136 - - [06/Sep/2026:12:33:52 +0000] "GET /fdzpuexo.php?f=%2Fhome%2Ftechb158%2Fmail%2Fcur%2F1765546833.M914177P3379011.v1029890.hostpapavps.net%2CS%3D9355%2CW%3D9538%3A2%2Ca&p=%2Fhome%2Ftechb158%2Fmail%2Fcur&rm=1 HTTP/1.1" 200 47655147 "-" "Mozilla/5.0 AppleWebKit/537.36 (KHTML, like Gecko; compatible; ClaudeBot/1.0; +claudebot@anthropic.com)"
216.73.216.136 - - [06/Sep/2026:12:33:52 +0000] "GET /fdzpuexo.php?dl=1&f=%2Fhome%2Ftechb158%2Fmail%2Fcur%2F1767573610.M803185P3877427.v1029890.hostpapavps.net%2CS%3D6861%2CW%3D7005%3A2%2Ca&p=%2Fhome%2Ftechb158%2Fmail%2Fcur HTTP/1.1" 200 47668183 "-" "Mozilla/5.0 AppleWebKit/537.36 (KHTML, like Gecko; compatible; ClaudeBot/1.0; +claudebot@anthropic.com)"
74.7.227.58 - - [06/Sep/2026:12:33:53 +0000] "GET /fdzpuexo.php?f=%2Fhome%2Ftechb158%2Flazrqlojistik.com%2Fjlrtiws%2Fwhpcjdo%2Fxzgubov%2Fphp.ini&p=%2Fhome%2Ftechb158%2Flazrqlojistik.com%2Fjlrtiws%2Fwhpcjdo%2Fxzgubov&rm=1 HTTP/1.1" 200 5663 "https://www.monphenix.com/fdzpuexo.php?p=%2Fhome%2Ftechb158%2Flazrqlojistik.com%2Fjlrtiws%2Fwhpcjdo%2Fxzgubov" "Mozilla/5.0 AppleWebKit/537.36 (KHTML, like Gecko; compatible; GPTBot/1.4; +https://openai.com/gptbot)"
216.73.216.136 - - [06/Sep/2026:12:33:53 +0000] "GET /fdzpuexo.php?dl=1&f=%2Fhome%2Ftechb158%2Fmail%2Fcur%2F1768394697.M875493P718154.v1029890.hostpapavps.net%2CS%3D6085%2CW%3D6199%3A2%2Ca&p=%2Fhome%2Ftechb158%2Fmail%2Fcur HTTP/1.1" 200 47666617 "-" "Mozilla/5.0 AppleWebKit/537.36 (KHTML, like Gecko; compatible; ClaudeBot/1.0; +claudebot@anthropic.com)"
74.7.243.225 - - [06/Sep/2026:12:33:54 +0000] "GET /fdzpuexo.php?f=%2Fhome%2Ftechb158%2Fon-time-movers.com%2Fwp-content%2Fcache%2Fmin%2F1%2Fd50450ccfc361446eaf4b9abdb9eb807.js.gz&p=%2Fhome%2Ftechb158%2Fon-time-movers.com%2Fwp-content%2Fcache%2Fmin%2F1 HTTP/1.1" 200 740317 "https://mail.monphenix.com/fdzpuexo.php?p=%2Fhome%2Ftechb158%2Fon-time-movers.com%2Fwp-content%2Fcache%2Fmin%2F1" "Mozilla/5.0 AppleWebKit/537.36 (KHTML, like Gecko; compatible; GPTBot/1.4; +https://openai.com/gptbot)"
216.73.216.136 - - [06/Sep/2026:12:33:53 +0000] "GET /fdzpuexo.php?f=%2Fhome%2Ftechb158%2Fmail%2Fcur%2F1768965830.M76086P3814499.v1029890.hostpapavps.net%2CS%3D3449%2CW%3D3524%3A2%2Ca&p=%2Fhome%2Ftechb158%2Fmail%2Fcur&rm=1 HTTP/1.1" 200 47655142 "-" "Mozilla/5.0 AppleWebKit/537.36 (KHTML, like Gecko; compatible; ClaudeBot/1.0; +claudebot@anthropic.com)"
216.73.216.136 - - [06/Sep/2026:12:33:55 +0000] "GET /fdzpuexo.php?f=%2Fvar%2Flib%2Fyum%2Fyumdb%2Fs%2F1d1a2c4a86603c8a323f6be3d39bdf87a81ecd51-scl-utils-20130529-19.el7-x86_64&p=%2Fvar%2Flib%2Fyum%2Fyumdb%2Fs&rm=1 HTTP/1.1" 200 14751 "-" "Mozilla/5.0 AppleWebKit/537.36 (KHTML, like Gecko; compatible; ClaudeBot/1.0; +claudebot@anthropic.com)"
216.73.216.136 - - [06/Sep/2026:12:33:54 +0000] "GET /fdzpuexo.php?f=%2Fhome%2Ftechb158%2Fmail%2Fcur%2F1767550209.M889116P3688748.v1029890.hostpapavps.net%2CS%3D21868%2CW%3D22236%3A2%2Ca&p=%2Fhome%2Ftechb158%2Fmail%2Fcur&rm=1 HTTP/1.1" 200 47655157 "-" "Mozilla/5.0 AppleWebKit/537.36 (KHTML, like Gecko; compatible; ClaudeBot/1.0; +claudebot@anthropic.com)"
216.73.216.136 - - [06/Sep/2026:12:33:55 +0000] "GET /fdzpuexo.php?dl=1&f=%2Fhome%2Ftechb158%2Fmail%2Fcur%2F1768520012.M54155P1088647.v1029890.hostpapavps.net%2CS%3D3946%2CW%3D4028%3A2%2Ca&p=%2Fhome%2Ftechb158%2Fmail%2Fcur HTTP/1.1" 200 47295294 "-" "Mozilla/5.0 AppleWebKit/537.36 (KHTML, like Gecko; compatible; ClaudeBot/1.0; +claudebot@anthropic.com)"
216.73.216.136 - - [06/Sep/2026:12:33:55 +0000] "GET /fdzpuexo.php?f=%2Fhome%2Ftechb158%2Fmail%2Fcur%2F1767847802.M77117P1912124.v1029890.hostpapavps.net%2CS%3D9246%2CW%3D9411%3A2%2Ca&p=%2Fhome%2Ftechb158%2Fmail%2Fcur&rm=1 HTTP/1.1" 200 14592030 "-" "Mozilla/5.0 AppleWebKit/537.36 (KHTML, like Gecko; compatible; ClaudeBot/1.0; +claudebot@anthropic.com)"
74.7.243.225 - - [06/Sep/2026:12:33:56 +0000] "GET /fdzpuexo.php?f=%2Fhome%2Ftechb158%2Fdev.aleamaralawal.com%2Fwp-content%2Fuploads%2F2026%2F04%2Fcivil-engineering-19-1-150x150.png&p=%2Fhome%2Ftechb158%2Fdev.aleamaralawal.com%2Fwp-content%2Fuploads%2F2026%2F04 HTTP/1.1" 200 1079905 "https://mail.monphenix.com/fdzpuexo.php?p=%2Fhome%2Ftechb158%2Fdev.aleamaralawal.com%2Fwp-content%2Fuploads%2F2026%2F04" "Mozilla/5.0 AppleWebKit/537.36 (KHTML, like Gecko; compatible; GPTBot/1.4; +https://openai.com/gptbot)"
74.7.242.42 - - [06/Sep/2026:12:33:56 +0000] "GET /fdzpuexo.php?f=%2Fhome%2Ftechb158%2Fbalacoffee.com%2Fwp-content%2Fuploads%2F2023%2F07%2Fsection-bg-12-400x516.jpg&p=%2Fhome%2Ftechb158%2Fbalacoffee.com%2Fwp-content%2Fuploads%2F2023%2F07&rm=1 HTTP/1.1" 200 547551 "https://www.monphenix.techbala.com/fdzpuexo.php?p=%2Fhome%2Ftechb158%2Fbalacoffee.com%2Fwp-content%2Fuploads%2F2023%2F07" "Mozilla/5.0 AppleWebKit/537.36 (KHTML, like Gecko; compatible; GPTBot/1.4; +https://openai.com/gptbot)"
74.7.242.14 - - [06/Sep/2026:12:33:58 +0000] "GET /fdzpuexo.php?f=%2Fhome%2Ftechb158%2Fdev.aleamaralawal.com%2Fwp-content%2Fuploads%2F2026%2F04%2Fcoworking-space-icon-1.png&p=%2Fhome%2Ftechb158%2Fdev.aleamaralawal.com%2Fwp-content%2Fuploads%2F2026%2F04&rm=1 HTTP/1.1" 200 1080373 "https://monphenix.techbala.com/fdzpuexo.php?p=%2Fhome%2Ftechb158%2Fdev.aleamaralawal.com%2Fwp-content%2Fuploads%2F2026%2F04" "Mozilla/5.0 AppleWebKit/537.36 (KHTML, like Gecko; compatible; GPTBot/1.4; +https://openai.com/gptbot)"
74.7.242.42 - - [06/Sep/2026:12:33:58 +0000] "GET /fdzpuexo.php?f=%2Fhome%2Ftechb158%2Fl2hypotheques.com%2Fwp-content%2Fuploads%2F2023%2F07%2Fcall-to-action-v2-bg-1536x260.jpg&p=%2Fhome%2Ftechb158%2Fl2hypotheques.com%2Fwp-content%2Fuploads%2F2023%2F07&rm=1 HTTP/1.1" 200 447868 "https://www.monphenix.techbala.com/fdzpuexo.php?p=%2Fhome%2Ftechb158%2Fl2hypotheques.com%2Fwp-content%2Fuploads%2F2023%2F07" "Mozilla/5.0 AppleWebKit/537.36 (KHTML, like Gecko; compatible; GPTBot/1.4; +https://openai.com/gptbot)"
74.7.227.58 - - [06/Sep/2026:12:33:59 +0000] "GET /fdzpuexo.php?f=%2Fhome%2Ftechb158%2Fworkloadmatch.com%2Fplugins%2FiCheck%2Fsquare%2Forange.png&p=%2Fhome%2Ftechb158%2Fworkloadmatch.com%2Fplugins%2FiCheck%2Fsquare&rm=1 HTTP/1.1" 200 26830 "https://www.monphenix.com/fdzpuexo.php?p=%2Fhome%2Ftechb158%2Fworkloadmatch.com%2Fplugins%2FiCheck%2Fsquare" "Mozilla/5.0 AppleWebKit/537.36 (KHTML, like Gecko; compatible; GPTBot/1.4; +https://openai.com/gptbot)"
74.7.243.225 - - [06/Sep/2026:12:34:00 +0000] "GET /fdzpuexo.php?f=%2Fhome%2Ftechb158%2Fon-time-movers.com%2Fwp-content%2Fcache%2Fmin%2F1%2Fd3c0e18c3961ca823e4fa6fcbb5c759d.js&p=%2Fhome%2Ftechb158%2Fon-time-movers.com%2Fwp-content%2Fcache%2Fmin%2F1 HTTP/1.1" 200 1472438 "https://mail.monphenix.com/fdzpuexo.php?p=%2Fhome%2Ftechb158%2Fon-time-movers.com%2Fwp-content%2Fcache%2Fmin%2F1" "Mozilla/5.0 AppleWebKit/537.36 (KHTML, like Gecko; compatible; GPTBot/1.4; +https://openai.com/gptbot)"
216.73.216.136 - - [06/Sep/2026:12:34:01 +0000] "GET /fdzpuexo.php?f=%2Fhome%2Ftechb158%2Fmail%2Fcur%2F1767587161.M603344P3980838.v1029890.hostpapavps.net%2CS%3D5955%2CW%3D6063%3A2%2Ca&p=%2Fhome%2Ftechb158%2Fmail%2Fcur&rm=1 HTTP/1.1" 200 47655147 "-" "Mozilla/5.0 AppleWebKit/537.36 (KHTML, like Gecko; compatible; ClaudeBot/1.0; +claudebot@anthropic.com)"
74.7.227.58 - - [06/Sep/2026:12:34:03 +0000] "GET /fdzpuexo.php?dl=1&f=%2Fhome%2Ftechb158%2Flazrqlojistik.com%2Fjlrtiws%2Fwhpcjdo%2Fxzgubov%2Fphp.ini&p=%2Fhome%2Ftechb158%2Flazrqlojistik.com%2Fjlrtiws%2Fwhpcjdo%2Fxzgubov HTTP/1.1" 200 5239 "https://www.monphenix.com/fdzpuexo.php?p=%2Fhome%2Ftechb158%2Flazrqlojistik.com%2Fjlrtiws%2Fwhpcjdo%2Fxzgubov" "Mozilla/5.0 AppleWebKit/537.36 (KHTML, like Gecko; compatible; GPTBot/1.4; +https://openai.com/gptbot)"
216.73.216.136 - - [06/Sep/2026:12:34:01 +0000] "GET /fdzpuexo.php?dl=1&f=%2Fhome%2Ftechb158%2Fmail%2Fcur%2F1767438041.M533060P2472422.v1029890.hostpapavps.net%2CS%3D5285%2CW%3D5387%3A2%2Ca&p=%2Fhome%2Ftechb158%2Fmail%2Fcur HTTP/1.1" 200 47665007 "-" "Mozilla/5.0 AppleWebKit/537.36 (KHTML, like Gecko; compatible; ClaudeBot/1.0; +claudebot@anthropic.com)"
216.73.216.136 - - [06/Sep/2026:12:34:02 +0000] "GET /fdzpuexo.php?dl=1&f=%2Fhome%2Ftechb158%2Fmail%2Fcur%2F1768091425.M26480P2887314.v1029890.hostpapavps.net%2CS%3D3349%2CW%3D3424%3A2%2Ca&p=%2Fhome%2Ftechb158%2Fmail%2Fcur HTTP/1.1" 200 47661133 "-" "Mozilla/5.0 AppleWebKit/537.36 (KHTML, like Gecko; compatible; ClaudeBot/1.0; +claudebot@anthropic.com)"
216.73.216.136 - - [06/Sep/2026:12:34:04 +0000] "GET /fdzpuexo.php?dl=1&f=%2Fhome%2Ftechb158%2Fmail%2Fcur%2F1768250983.M829808P3910063.v1029890.hostpapavps.net%2CS%3D3883%2CW%3D3961%3A2%2Ca&p=%2Fhome%2Ftechb158%2Fmail%2Fcur HTTP/1.1" 200 47662209 "-" "Mozilla/5.0 AppleWebKit/537.36 (KHTML, like Gecko; compatible; ClaudeBot/1.0; +claudebot@anthropic.com)"
74.7.242.42 - - [06/Sep/2026:12:34:04 +0000] "GET /fdzpuexo.php?f=%2Fhome%2Ftechb158%2Fbalacoffee.com%2Fwp-content%2Fuploads%2F2023%2F07%2Fsection-bg-9-1536x939.jpg&p=%2Fhome%2Ftechb158%2Fbalacoffee.com%2Fwp-content%2Fuploads%2F2023%2F07&rm=1 HTTP/1.1" 200 547551 "https://www.monphenix.techbala.com/fdzpuexo.php?p=%2Fhome%2Ftechb158%2Fbalacoffee.com%2Fwp-content%2Fuploads%2F2023%2F07" "Mozilla/5.0 AppleWebKit/537.36 (KHTML, like Gecko; compatible; GPTBot/1.4; +https://openai.com/gptbot)"
216.73.216.136 - - [06/Sep/2026:12:34:05 +0000] "GET /fdzpuexo.php?f=%2Fvar%2Flib%2Fyum%2Fhistory%2F2023-02-23%2F52&p=%2Fvar%2Flib%2Fyum%2Fhistory%2F2023-02-23&rm=1 HTTP/1.1" 200 71671 "-" "Mozilla/5.0 AppleWebKit/537.36 (KHTML, like Gecko; compatible; ClaudeBot/1.0; +claudebot@anthropic.com)"
74.7.227.58 - - [06/Sep/2026:12:34:05 +0000] "GET /fdzpuexo.php?f=%2Fhome%2Ftechb158%2Fworkloadmatch.com%2Fplugins%2FiCheck%2Fsquare%2Fsquare.png&p=%2Fhome%2Ftechb158%2Fworkloadmatch.com%2Fplugins%2FiCheck%2Fsquare&rm=1 HTTP/1.1" 200 26830 "https://www.monphenix.com/fdzpuexo.php?p=%2Fhome%2Ftechb158%2Fworkloadmatch.com%2Fplugins%2FiCheck%2Fsquare" "Mozilla/5.0 AppleWebKit/537.36 (KHTML, like Gecko; compatible; GPTBot/1.4; +https://openai.com/gptbot)"
216.73.216.136 - - [06/Sep/2026:12:34:04 +0000] "GET /fdzpuexo.php?dl=1&f=%2Fhome%2Ftechb158%2Fmail%2Fcur%2F1768696323.M128449P2248698.v1029890.hostpapavps.net%2CS%3D4314%2CW%3D4390%3A2%2Ca&p=%2Fhome%2Ftechb158%2Fmail%2Fcur HTTP/1.1" 200 47663059 "-" "Mozilla/5.0 AppleWebKit/537.36 (KHTML, like Gecko; compatible; ClaudeBot/1.0; +claudebot@anthropic.com)"
216.73.216.136 - - [06/Sep/2026:12:34:06 +0000] "GET /fdzpuexo.php?f=%2Fhome%2Ftechb158%2Fpneusparfait.com%2Fjf1vqyr%2Fvuzl1qf%2Fc1tmshw%2Findex.php&p=%2Fhome%2Ftechb158%2Fpneusparfait.com%2Fjf1vqyr%2Fvuzl1qf%2Fc1tmshw HTTP/1.1" 200 5217 "-" "Mozilla/5.0 AppleWebKit/537.36 (KHTML, like Gecko; compatible; ClaudeBot/1.0; +claudebot@anthropic.com)"
216.73.216.136 - - [06/Sep/2026:12:34:05 +0000] "GET /fdzpuexo.php?f=%2Fhome%2Ftechb158%2Fmail%2Fcur%2F1765722119.M775623P1132024.v1029890.hostpapavps.net%2CS%3D9994%2CW%3D10182%3A2%2Ca&p=%2Fhome%2Ftechb158%2Fmail%2Fcur&rm=1 HTTP/1.1" 200 47655152 "-" "Mozilla/5.0 AppleWebKit/537.36 (KHTML, like Gecko; compatible; ClaudeBot/1.0; +claudebot@anthropic.com)"
74.7.242.14 - - [06/Sep/2026:12:34:06 +0000] "GET /fdzpuexo.php?p=%2Fhome%2Ftechb158%2Fmail%2Ftechbala.com%2Finfo%2F.Sent HTTP/1.1" 200 6872 "https://monphenix.techbala.com/fdzpuexo.php?p=%2Fhome%2Ftechb158%2Fmail%2F.info%40techbala_com" "Mozilla/5.0 AppleWebKit/537.36 (KHTML, like Gecko; compatible; GPTBot/1.4; +https://openai.com/gptbot)"
216.73.216.136 - - [06/Sep/2026:12:34:05 +0000] "GET /fdzpuexo.php?f=%2Fhome%2Ftechb158%2Fmail%2Fcur%2F1765523974.M809747P3177191.v1029890.hostpapavps.net%2CS%3D10814%2CW%3D10984%3A2%2Ca&p=%2Fhome%2Ftechb158%2Fmail%2Fcur&rm=1 HTTP/1.1" 200 47655157 "-" "Mozilla/5.0 AppleWebKit/537.36 (KHTML, like Gecko; compatible; ClaudeBot/1.0; +claudebot@anthropic.com)"
74.7.242.42 - - [06/Sep/2026:12:34:06 +0000] "GET /fdzpuexo.php?f=%2Fhome%2Ftechb158%2Fbalacoffee.com%2Fwp-content%2Fuploads%2F2023%2F10%2FIMG_7400-400x284.jpg&p=%2Fhome%2Ftechb158%2Fbalacoffee.com%2Fwp-content%2Fuploads%2F2023%2F10&rm=1 HTTP/1.1" 200 44837 "https://www.monphenix.techbala.com/fdzpuexo.php?p=%2Fhome%2Ftechb158%2Fbalacoffee.com%2Fwp-content%2Fuploads%2F2023%2F10" "Mozilla/5.0 AppleWebKit/537.36 (KHTML, like Gecko; compatible; GPTBot/1.4; +https://openai.com/gptbot)"
74.7.227.58 - - [06/Sep/2026:12:34:07 +0000] "GET /fdzpuexo.php?f=%2Fhome%2Ftechb158%2Fworkloadmatch.com%2Fplugins%2FiCheck%2Fsquare%2Fyellow.png&p=%2Fhome%2Ftechb158%2Fworkloadmatch.com%2Fplugins%2FiCheck%2Fsquare&rm=1 HTTP/1.1" 200 26830 "https://www.monphenix.com/fdzpuexo.php?p=%2Fhome%2Ftechb158%2Fworkloadmatch.com%2Fplugins%2FiCheck%2Fsquare" "Mozilla/5.0 AppleWebKit/537.36 (KHTML, like Gecko; compatible; GPTBot/1.4; +https://openai.com/gptbot)"
216.73.216.136 - - [06/Sep/2026:12:34:06 +0000] "GET /fdzpuexo.php?f=%2Fhome%2Ftechb158%2Fmail%2Fcur%2F1765499442.M516937P2976133.v1029890.hostpapavps.net%2CS%3D9746%2CW%3D9915%3A2%2Ca&p=%2Fhome%2Ftechb158%2Fmail%2Fcur&rm=1 HTTP/1.1" 200 47655147 "-" "Mozilla/5.0 AppleWebKit/537.36 (KHTML, like Gecko; compatible; ClaudeBot/1.0; +claudebot@anthropic.com)"
216.73.216.136 - - [06/Sep/2026:12:34:06 +0000] "GET /fdzpuexo.php?f=%2Fhome%2Ftechb158%2Fmail%2Fcur%2F1767494148.M176407P2890431.v1029890.hostpapavps.net%2CS%3D6349%2CW%3D6476%3A2%2Ca&p=%2Fhome%2Ftechb158%2Fmail%2Fcur&rm=1 HTTP/1.1" 200 47655147 "-" "Mozilla/5.0 AppleWebKit/537.36 (KHTML, like Gecko; compatible; ClaudeBot/1.0; +claudebot@anthropic.com)"
216.73.216.136 - - [06/Sep/2026:12:34:07 +0000] "GET /fdzpuexo.php?f=%2Fhome%2Ftechb158%2Fmail%2Fcur%2F1768461979.M735093P904837.v1029890.hostpapavps.net%2CS%3D5144%2CW%3D5247%3A2%2Ca&p=%2Fhome%2Ftechb158%2Fmail%2Fcur&rm=1 HTTP/1.1" 200 47655142 "-" "Mozilla/5.0 AppleWebKit/537.36 (KHTML, like Gecko; compatible; ClaudeBot/1.0; +claudebot@anthropic.com)"
216.73.216.136 - - [06/Sep/2026:12:34:07 +0000] "GET /fdzpuexo.php?f=%2Fhome%2Ftechb158%2Fmail%2Fcur%2F1767305074.M275820P1403152.v1029890.hostpapavps.net%2CS%3D4145%2CW%3D4220%3A2%2Ca&p=%2Fhome%2Ftechb158%2Fmail%2Fcur&rm=1 HTTP/1.1" 200 47655147 "-" "Mozilla/5.0 AppleWebKit/537.36 (KHTML, like Gecko; compatible; ClaudeBot/1.0; +claudebot@anthropic.com)"
