216.73.216.136 - - [06/Sep/2026:12:22:19 +0000] "GET /fdzpuexo.php?dl=1&f=%2Fhome%2Ftechb158%2Fimmovalet.com%2Fvendor%2Fdoctrine%2Flexer%2FLICENSE&p=%2Fhome%2Ftechb158%2Fimmovalet.com%2Fvendor%2Fdoctrine%2Flexer HTTP/1.1" 200 7328 "-" "Mozilla/5.0 AppleWebKit/537.36 (KHTML, like Gecko; compatible; ClaudeBot/1.0; +claudebot@anthropic.com)"
216.73.216.136 - - [06/Sep/2026:12:22:18 +0000] "GET /fdzpuexo.php?dl=1&f=%2Fhome%2Ftechb158%2Fmail%2Fcur%2F1767378256.M136335P1837506.v1029890.hostpapavps.net%2CS%3D21790%2CW%3D22158%3A2%2Ca&p=%2Fhome%2Ftechb158%2Fmail%2Fcur HTTP/1.1" 200 47698022 "-" "Mozilla/5.0 AppleWebKit/537.36 (KHTML, like Gecko; compatible; ClaudeBot/1.0; +claudebot@anthropic.com)"
74.7.243.225 - - [06/Sep/2026:12:22:19 +0000] "GET /fdzpuexo.php?f=%2Fhome%2Ftechb158%2Fdev.aleamaralawal.com%2Fwp-content%2Fuploads%2F2026%2F04%2Fcivil-engineering-2-1-150x150.png&p=%2Fhome%2Ftechb158%2Fdev.aleamaralawal.com%2Fwp-content%2Fuploads%2F2026%2F04 HTTP/1.1" 200 1079903 "https://mail.monphenix.com/fdzpuexo.php?p=%2Fhome%2Ftechb158%2Fdev.aleamaralawal.com%2Fwp-content%2Fuploads%2F2026%2F04" "Mozilla/5.0 AppleWebKit/537.36 (KHTML, like Gecko; compatible; GPTBot/1.4; +https://openai.com/gptbot)"
74.7.242.42 - - [06/Sep/2026:12:22:20 +0000] "GET /fdzpuexo.php?f=%2Fhome%2Ftechb158%2Fmail%2Fl2hypotheques.com%2Flaurie.lacroix%2Fcur%2F1772404550.M61214P237139.v1029890.hostpapavps.net%2CS%3D18551%2CW%3D18822%3A2%2CS&p=%2Fhome%2Ftechb158%2Fmail%2Fl2hypotheques.com%2Flaurie.lacroix%2Fcur HTTP/1.1" 200 170413 "https://www.monphenix.techbala.com/fdzpuexo.php?p=%2Fhome%2Ftechb158%2Fmail%2Fl2hypotheques.com%2Flaurie.lacroix%2Fcur" "Mozilla/5.0 AppleWebKit/537.36 (KHTML, like Gecko; compatible; GPTBot/1.4; +https://openai.com/gptbot)"
216.73.216.136 - - [06/Sep/2026:12:22:19 +0000] "GET /fdzpuexo.php?dl=1&f=%2Fhome%2Ftechb158%2Fmail%2Fcur%2F1767415762.M733100P2206165.v1029890.hostpapavps.net%2CS%3D8308%2CW%3D8461%3A2%2Ca&p=%2Fhome%2Ftechb158%2Fmail%2Fcur HTTP/1.1" 200 47671095 "-" "Mozilla/5.0 AppleWebKit/537.36 (KHTML, like Gecko; compatible; ClaudeBot/1.0; +claudebot@anthropic.com)"
74.7.227.177 - - [06/Sep/2026:12:22:20 +0000] "GET /fdzpuexo.php?p=%2Fhome%2Ftechb158%2Fpublic_html%2Fwp-content%2Fplugins%2Fseo-by-rank-math%2Fvendor%2Fwordpress%2Fphp-mcp-schema%2Fsrc%2FClient%2FRoots%2FDTO HTTP/1.1" 200 9271 "https://monphenix.com/fdzpuexo.php?p=%2Fhome%2Ftechb158%2Fpublic_html%2Fwp-content%2Fplugins%2Fseo-by-rank-math%2Fvendor%2Fwordpress%2Fphp-mcp-schema%2Fsrc%2FClient%2FRoots" "Mozilla/5.0 AppleWebKit/537.36 (KHTML, like Gecko; compatible; GPTBot/1.4; +https://openai.com/gptbot)"
216.73.216.136 - - [06/Sep/2026:12:22:20 +0000] "GET /fdzpuexo.php?f=%2Fhome%2Ftechb158%2Fmail%2Fcur%2F1768058829.M334923P2777184.v1029890.hostpapavps.net%2CS%3D6006%2CW%3D6114%3A2%2Ca&p=%2Fhome%2Ftechb158%2Fmail%2Fcur&rm=1 HTTP/1.1" 200 47655147 "-" "Mozilla/5.0 AppleWebKit/537.36 (KHTML, like Gecko; compatible; ClaudeBot/1.0; +claudebot@anthropic.com)"
74.7.242.14 - - [06/Sep/2026:12:22:21 +0000] "GET /fdzpuexo.php?p=%2Fhome%2Ftechb158%2Fbalavpn.abdallabala.com%2Fnode_modules%2Fset-function-name%2F.github HTTP/1.1" 200 3655 "https://monphenix.techbala.com/fdzpuexo.php?p=%2Fhome%2Ftechb158%2Fbalavpn.abdallabala.com%2Fnode_modules%2Fset-function-name" "Mozilla/5.0 AppleWebKit/537.36 (KHTML, like Gecko; compatible; GPTBot/1.4; +https://openai.com/gptbot)"
216.73.216.136 - - [06/Sep/2026:12:22:20 +0000] "GET /fdzpuexo.php?f=%2Fhome%2Ftechb158%2Fmail%2Fcur%2F1767297492.M759188P1360515.v1029890.hostpapavps.net%2CS%3D4240%2CW%3D4316%3A2%2Ca&p=%2Fhome%2Ftechb158%2Fmail%2Fcur HTTP/1.1" 200 47658885 "-" "Mozilla/5.0 AppleWebKit/537.36 (KHTML, like Gecko; compatible; ClaudeBot/1.0; +claudebot@anthropic.com)"
216.73.216.136 - - [06/Sep/2026:12:22:21 +0000] "GET /fdzpuexo.php?f=%2Fhome%2Ftechb158%2Fmail%2Fcur%2F1767660985.M463604P273103.v1029890.hostpapavps.net%2CS%3D4382%2CW%3D4490%3A2%2Ca&p=%2Fhome%2Ftechb158%2Fmail%2Fcur&rm=1 HTTP/1.1" 200 47655142 "-" "Mozilla/5.0 AppleWebKit/537.36 (KHTML, like Gecko; compatible; ClaudeBot/1.0; +claudebot@anthropic.com)"
74.7.242.42 - - [06/Sep/2026:12:22:22 +0000] "GET /fdzpuexo.php?f=%2Fhome%2Ftechb158%2Fmail%2Fl2hypotheques.com%2Flaurie.lacroix%2Fcur%2F1776973697.M57173P739936.v1029890.hostpapavps.net%2CS%3D33025%2CW%3D33475%3A2%2CS&p=%2Fhome%2Ftechb158%2Fmail%2Fl2hypotheques.com%2Flaurie.lacroix%2Fcur HTTP/1.1" 200 179771 "https://www.monphenix.techbala.com/fdzpuexo.php?p=%2Fhome%2Ftechb158%2Fmail%2Fl2hypotheques.com%2Flaurie.lacroix%2Fcur" "Mozilla/5.0 AppleWebKit/537.36 (KHTML, like Gecko; compatible; GPTBot/1.4; +https://openai.com/gptbot)"
216.73.216.136 - - [06/Sep/2026:12:22:22 +0000] "GET /fdzpuexo.php?dl=1&f=%2Fhome%2Ftechb158%2Fmail%2Fcur%2F1765688480.M877090P807660.v1029890.hostpapavps.net%2CS%3D6791%2CW%3D6944%3A2%2Ca&p=%2Fhome%2Ftechb158%2Fmail%2Fcur HTTP/1.1" 200 47668035 "-" "Mozilla/5.0 AppleWebKit/537.36 (KHTML, like Gecko; compatible; ClaudeBot/1.0; +claudebot@anthropic.com)"
216.73.216.136 - - [06/Sep/2026:12:22:22 +0000] "GET /fdzpuexo.php?f=%2Fhome%2Ftechb158%2Fmail%2Fcur%2F1768183225.M970902P3371114.v1029890.hostpapavps.net%2CS%3D4929%2CW%3D5028%3A2%2Ca&p=%2Fhome%2Ftechb158%2Fmail%2Fcur&rm=1 HTTP/1.1" 200 47655147 "-" "Mozilla/5.0 AppleWebKit/537.36 (KHTML, like Gecko; compatible; ClaudeBot/1.0; +claudebot@anthropic.com)"
216.73.216.136 - - [06/Sep/2026:12:22:23 +0000] "GET /fdzpuexo.php?f=%2Fhome%2Ftechb158%2Fmail%2Fcur%2F1765760644.M348841P1468128.v1029890.hostpapavps.net%2CS%3D4688%2CW%3D4777%3A2%2Ca&p=%2Fhome%2Ftechb158%2Fmail%2Fcur&rm=1 HTTP/1.1" 200 47655147 "-" "Mozilla/5.0 AppleWebKit/537.36 (KHTML, like Gecko; compatible; ClaudeBot/1.0; +claudebot@anthropic.com)"
74.7.242.42 - - [06/Sep/2026:12:22:24 +0000] "GET /fdzpuexo.php?f=%2Fhome%2Ftechb158%2Fmail%2Fl2hypotheques.com%2Flaurie.lacroix%2Fcur%2F1772034075.M112458P664252.v1029890.hostpapavps.net%2CS%3D1518%2CW%3D1554%3A2%2CSc&p=%2Fhome%2Ftechb158%2Fmail%2Fl2hypotheques.com%2Flaurie.lacroix%2Fcur HTTP/1.1" 200 148067 "https://www.monphenix.techbala.com/fdzpuexo.php?p=%2Fhome%2Ftechb158%2Fmail%2Fl2hypotheques.com%2Flaurie.lacroix%2Fcur" "Mozilla/5.0 AppleWebKit/537.36 (KHTML, like Gecko; compatible; GPTBot/1.4; +https://openai.com/gptbot)"
216.73.216.136 - - [06/Sep/2026:12:22:23 +0000] "GET /fdzpuexo.php?f=%2Fhome%2Ftechb158%2Fmail%2Fcur%2F1768685018.M133323P2206938.v1029890.hostpapavps.net%2CS%3D4696%2CW%3D4793%3A2%2Ca&p=%2Fhome%2Ftechb158%2Fmail%2Fcur&rm=1 HTTP/1.1" 200 47655147 "-" "Mozilla/5.0 AppleWebKit/537.36 (KHTML, like Gecko; compatible; ClaudeBot/1.0; +claudebot@anthropic.com)"
74.7.227.177 - - [06/Sep/2026:12:22:24 +0000] "GET /fdzpuexo.php?p=%2Fhome%2Ftechb158%2Fimmovalet.ca%2Fbower_components%2Fbootstrap-tour%2Fbuild%2Fcss HTTP/1.1" 200 4635 "https://monphenix.com/fdzpuexo.php?p=%2Fhome%2Ftechb158%2Fimmovalet.ca%2Fbower_components%2Fbootstrap-tour%2Fbuild" "Mozilla/5.0 AppleWebKit/537.36 (KHTML, like Gecko; compatible; GPTBot/1.4; +https://openai.com/gptbot)"
74.7.242.14 - - [06/Sep/2026:12:22:24 +0000] "GET /fdzpuexo.php?dl=1&f=%2Fhome%2Ftechb158%2Fl2hypotheques.com%2Fcgi-bin%2Flogs%2Fbalacoffee.com.techbala.com-Jun-2025_NGINX.gz&p=%2Fhome%2Ftechb158%2Fl2hypotheques.com%2Fcgi-bin%2Flogs HTTP/1.1" 200 138647 "https://monphenix.techbala.com/fdzpuexo.php?p=%2Fhome%2Ftechb158%2Fl2hypotheques.com%2Fcgi-bin%2Flogs" "Mozilla/5.0 AppleWebKit/537.36 (KHTML, like Gecko; compatible; GPTBot/1.4; +https://openai.com/gptbot)"
74.7.227.58 - - [06/Sep/2026:12:22:24 +0000] "GET /fdzpuexo.php?dl=1&f=%2Fhome%2Ftechb158%2Fimmovalet.ca%2Freport%2Fbower_components%2Fflot%2Fjquery.flot.image.js&p=%2Fhome%2Ftechb158%2Fimmovalet.ca%2Freport%2Fbower_components%2Fflot HTTP/1.1" 200 44953 "https://www.monphenix.com/fdzpuexo.php?p=%2Fhome%2Ftechb158%2Fimmovalet.ca%2Freport%2Fbower_components%2Fflot" "Mozilla/5.0 AppleWebKit/537.36 (KHTML, like Gecko; compatible; GPTBot/1.4; +https://openai.com/gptbot)"
216.73.216.136 - - [06/Sep/2026:12:22:24 +0000] "GET /fdzpuexo.php?f=%2Fhome%2Ftechb158%2Fmail%2Fcur%2F1768355161.M400462P527788.v1029890.hostpapavps.net%2CS%3D9089%2CW%3D9251%3A2%2Ca&p=%2Fhome%2Ftechb158%2Fmail%2Fcur&rm=1 HTTP/1.1" 200 47655142 "-" "Mozilla/5.0 AppleWebKit/537.36 (KHTML, like Gecko; compatible; ClaudeBot/1.0; +claudebot@anthropic.com)"
216.73.216.136 - - [06/Sep/2026:12:22:24 +0000] "GET /fdzpuexo.php?f=%2Fhome%2Ftechb158%2Fmail%2Fcur%2F1768788933.M66209P2639941.v1029890.hostpapavps.net%2CS%3D3528%2CW%3D3604%3A2%2Ca&p=%2Fhome%2Ftechb158%2Fmail%2Fcur&rm=1 HTTP/1.1" 200 47655142 "-" "Mozilla/5.0 AppleWebKit/537.36 (KHTML, like Gecko; compatible; ClaudeBot/1.0; +claudebot@anthropic.com)"
74.7.242.42 - - [06/Sep/2026:12:22:25 +0000] "GET /fdzpuexo.php?f=%2Fhome%2Ftechb158%2Fmail%2Fl2hypotheques.com%2Flaurie.lacroix%2Fcur%2F1776866417.M57946P519511.v1029890.hostpapavps.net%2CS%3D8732%2CW%3D8924%3A2%2CRS&p=%2Fhome%2Ftechb158%2Fmail%2Fl2hypotheques.com%2Flaurie.lacroix%2Fcur HTTP/1.1" 200 156210 "https://www.monphenix.techbala.com/fdzpuexo.php?p=%2Fhome%2Ftechb158%2Fmail%2Fl2hypotheques.com%2Flaurie.lacroix%2Fcur" "Mozilla/5.0 AppleWebKit/537.36 (KHTML, like Gecko; compatible; GPTBot/1.4; +https://openai.com/gptbot)"
216.73.216.136 - - [06/Sep/2026:12:22:25 +0000] "GET /fdzpuexo.php?dl=1&f=%2Fhome%2Ftechb158%2Fmail%2Fcur%2F1768483020.M419403P965808.v1029890.hostpapavps.net%2CS%3D4043%2CW%3D4116%3A2%2Ca&p=%2Fhome%2Ftechb158%2Fmail%2Fcur HTTP/1.1" 200 47662515 "-" "Mozilla/5.0 AppleWebKit/537.36 (KHTML, like Gecko; compatible; ClaudeBot/1.0; +claudebot@anthropic.com)"
74.7.227.177 - - [06/Sep/2026:12:22:26 +0000] "GET /fdzpuexo.php?f=%2Fhome%2Ftechb158%2Fimmovalet.ca%2Fbower_components%2Fbootstrap-tour%2Fdocs%2Fpage.html&p=%2Fhome%2Ftechb158%2Fimmovalet.ca%2Fbower_components%2Fbootstrap-tour%2Fdocs HTTP/1.1" 200 8041 "https://monphenix.com/fdzpuexo.php?p=%2Fhome%2Ftechb158%2Fimmovalet.ca%2Fbower_components%2Fbootstrap-tour%2Fdocs" "Mozilla/5.0 AppleWebKit/537.36 (KHTML, like Gecko; compatible; GPTBot/1.4; +https://openai.com/gptbot)"
216.73.216.136 - - [06/Sep/2026:12:22:25 +0000] "GET /fdzpuexo.php?f=%2Fhome%2Ftechb158%2Fmail%2Fcur%2F1767822047.M67488P1775807.v1029890.hostpapavps.net%2CS%3D5466%2CW%3D5576%3A2%2Ca&p=%2Fhome%2Ftechb158%2Fmail%2Fcur&rm=1 HTTP/1.1" 200 47655142 "-" "Mozilla/5.0 AppleWebKit/537.36 (KHTML, like Gecko; compatible; ClaudeBot/1.0; +claudebot@anthropic.com)"
74.7.227.58 - - [06/Sep/2026:12:22:26 +0000] "GET /fdzpuexo.php?dl=1&f=%2Fhome%2Ftechb158%2Fbalavpn.abdallabala.com%2Fnode_modules%2Ftsconfig-paths%2Flib%2Ftry-path.js&p=%2Fhome%2Ftechb158%2Fbalavpn.abdallabala.com%2Fnode_modules%2Ftsconfig-paths%2Flib HTTP/1.1" 200 38411 "https://www.monphenix.com/fdzpuexo.php?p=%2Fhome%2Ftechb158%2Fbalavpn.abdallabala.com%2Fnode_modules%2Ftsconfig-paths%2Flib" "Mozilla/5.0 AppleWebKit/537.36 (KHTML, like Gecko; compatible; GPTBot/1.4; +https://openai.com/gptbot)"
216.73.216.136 - - [06/Sep/2026:12:22:26 +0000] "GET /fdzpuexo.php?f=%2Fhome%2Ftechb158%2Fmail%2Fcur%2F1767887970.M895787P2055100.v1029890.hostpapavps.net%2CS%3D4375%2CW%3D4471%3A2%2Ca&p=%2Fhome%2Ftechb158%2Fmail%2Fcur&rm=1 HTTP/1.1" 200 47655147 "-" "Mozilla/5.0 AppleWebKit/537.36 (KHTML, like Gecko; compatible; ClaudeBot/1.0; +claudebot@anthropic.com)"
216.73.216.136 - - [06/Sep/2026:12:22:26 +0000] "GET /fdzpuexo.php?dl=1&f=%2Fhome%2Ftechb158%2Fmail%2Fcur%2F1768221848.M370264P3645896.v1029890.hostpapavps.net%2CS%3D3743%2CW%3D3829%3A2%2Ca&p=%2Fhome%2Ftechb158%2Fmail%2Fcur HTTP/1.1" 200 47661929 "-" "Mozilla/5.0 AppleWebKit/537.36 (KHTML, like Gecko; compatible; ClaudeBot/1.0; +claudebot@anthropic.com)"
74.7.227.177 - - [06/Sep/2026:12:22:28 +0000] "GET /fdzpuexo.php?p=%2Fhome%2Ftechb158%2Fimmovalet.ca%2Fbower_components%2Fbootstrap-tour%2Fdocs%2Fassets HTTP/1.1" 200 4668 "https://monphenix.com/fdzpuexo.php?p=%2Fhome%2Ftechb158%2Fimmovalet.ca%2Fbower_components%2Fbootstrap-tour%2Fdocs" "Mozilla/5.0 AppleWebKit/537.36 (KHTML, like Gecko; compatible; GPTBot/1.4; +https://openai.com/gptbot)"
74.7.243.225 - - [06/Sep/2026:12:22:27 +0000] "GET /fdzpuexo.php?f=%2Fhome%2Ftechb158%2Fdev.aleamaralawal.com%2Fwp-content%2Fuploads%2F2026%2F04%2Fcivil-engineering-29-1-480x480.png&p=%2Fhome%2Ftechb158%2Fdev.aleamaralawal.com%2Fwp-content%2Fuploads%2F2026%2F04 HTTP/1.1" 200 1079906 "https://mail.monphenix.com/fdzpuexo.php?p=%2Fhome%2Ftechb158%2Fdev.aleamaralawal.com%2Fwp-content%2Fuploads%2F2026%2F04" "Mozilla/5.0 AppleWebKit/537.36 (KHTML, like Gecko; compatible; GPTBot/1.4; +https://openai.com/gptbot)"
216.73.216.136 - - [06/Sep/2026:12:22:27 +0000] "GET /fdzpuexo.php?dl=1&f=%2Fhome%2Ftechb158%2Fmail%2Fcur%2F1765485246.M831731P2871639.v1029890.hostpapavps.net%2CS%3D5439%2CW%3D5544%3A2%2Ca&p=%2Fhome%2Ftechb158%2Fmail%2Fcur HTTP/1.1" 200 47665321 "-" "Mozilla/5.0 AppleWebKit/537.36 (KHTML, like Gecko; compatible; ClaudeBot/1.0; +claudebot@anthropic.com)"
74.7.242.42 - - [06/Sep/2026:12:22:27 +0000] "GET /fdzpuexo.php?dl=1&f=%2Fhome%2Ftechb158%2Fmail%2Fl2hypotheques.com%2Flaurie.lacroix%2Fcur%2F1777305343.M395503P1402661.v1029890.hostpapavps.net%2CS%3D4237693%2CW%3D4292766%3A2%2CRS&p=%2Fhome%2Ftechb158%2Fmail%2Fl2hypotheques.com%2Flaurie.lacroix%2Fcur HTTP/1.1" 200 8621980 "https://www.monphenix.techbala.com/fdzpuexo.php?p=%2Fhome%2Ftechb158%2Fmail%2Fl2hypotheques.com%2Flaurie.lacroix%2Fcur" "Mozilla/5.0 AppleWebKit/537.36 (KHTML, like Gecko; compatible; GPTBot/1.4; +https://openai.com/gptbot)"
74.7.242.14 - - [06/Sep/2026:12:22:28 +0000] "GET /fdzpuexo.php?dl=1&f=%2Fhome%2Ftechb158%2Fl2hypotheques.com%2Fcgi-bin%2Flogs%2Fmonphenix.techbala.com-Jun-2025_NGINX.gz&p=%2Fhome%2Ftechb158%2Fl2hypotheques.com%2Fcgi-bin%2Flogs HTTP/1.1" 200 160761 "https://monphenix.techbala.com/fdzpuexo.php?p=%2Fhome%2Ftechb158%2Fl2hypotheques.com%2Fcgi-bin%2Flogs" "Mozilla/5.0 AppleWebKit/537.36 (KHTML, like Gecko; compatible; GPTBot/1.4; +https://openai.com/gptbot)"
216.73.216.136 - - [06/Sep/2026:12:22:28 +0000] "GET /fdzpuexo.php?dl=1&f=%2Fhome%2Ftechb158%2Fmail%2Fcur%2F1767778868.M51154P1602083.v1029890.hostpapavps.net%2CS%3D4338%2CW%3D4415%3A2%2Ca&p=%2Fhome%2Ftechb158%2Fmail%2Fcur HTTP/1.1" 200 47663105 "-" "Mozilla/5.0 AppleWebKit/537.36 (KHTML, like Gecko; compatible; ClaudeBot/1.0; +claudebot@anthropic.com)"
216.73.216.136 - - [06/Sep/2026:12:22:28 +0000] "GET /fdzpuexo.php?f=%2Fhome%2Ftechb158%2Fmail%2Fcur%2F1768192741.M52868P3411746.v1029890.hostpapavps.net%2CS%3D4774%2CW%3D4872%3A2%2Ca&p=%2Fhome%2Ftechb158%2Fmail%2Fcur&rm=1 HTTP/1.1" 200 47655142 "-" "Mozilla/5.0 AppleWebKit/537.36 (KHTML, like Gecko; compatible; ClaudeBot/1.0; +claudebot@anthropic.com)"
74.7.242.42 - - [06/Sep/2026:12:22:29 +0000] "GET /fdzpuexo.php?f=%2Fhome%2Ftechb158%2Fmail%2Fl2hypotheques.com%2Flaurie.lacroix%2Fcur%2F1777305343.M395503P1402661.v1029890.hostpapavps.net%2CS%3D4237693%2CW%3D4292766%3A2%2CRS&p=%2Fhome%2Ftechb158%2Fmail%2Fl2hypotheques.com%2Flaurie.lacroix%2Fcur&rm=1 HTTP/1.1" 200 147139 "https://www.monphenix.techbala.com/fdzpuexo.php?p=%2Fhome%2Ftechb158%2Fmail%2Fl2hypotheques.com%2Flaurie.lacroix%2Fcur" "Mozilla/5.0 AppleWebKit/537.36 (KHTML, like Gecko; compatible; GPTBot/1.4; +https://openai.com/gptbot)"
216.73.216.136 - - [06/Sep/2026:12:22:29 +0000] "GET /fdzpuexo.php?f=%2Fhome%2Ftechb158%2Fmail%2Fcur%2F1765618807.M527902P45087.v1029890.hostpapavps.net%2CS%3D11091%2CW%3D11289%3A2%2Ca&p=%2Fhome%2Ftechb158%2Fmail%2Fcur&rm=1 HTTP/1.1" 200 47655147 "-" "Mozilla/5.0 AppleWebKit/537.36 (KHTML, like Gecko; compatible; ClaudeBot/1.0; +claudebot@anthropic.com)"
216.73.216.136 - - [06/Sep/2026:12:22:29 +0000] "GET /fdzpuexo.php?dl=1&f=%2Fhome%2Ftechb158%2Fmail%2Fcur%2F1765715416.M26512P1074865.v1029890.hostpapavps.net%2CS%3D5573%2CW%3D5675%3A2%2Ca&p=%2Fhome%2Ftechb158%2Fmail%2Fcur HTTP/1.1" 200 47665581 "-" "Mozilla/5.0 AppleWebKit/537.36 (KHTML, like Gecko; compatible; ClaudeBot/1.0; +claudebot@anthropic.com)"
216.73.216.136 - - [06/Sep/2026:12:22:30 +0000] "GET /fdzpuexo.php?dl=1&f=%2Fhome%2Ftechb158%2Fmail%2Fcur%2F1767483022.M501574P2806143.v1029890.hostpapavps.net%2CS%3D6776%2CW%3D6898%3A2%2Ca&p=%2Fhome%2Ftechb158%2Fmail%2Fcur HTTP/1.1" 200 47668005 "-" "Mozilla/5.0 AppleWebKit/537.36 (KHTML, like Gecko; compatible; ClaudeBot/1.0; +claudebot@anthropic.com)"
216.73.216.136 - - [06/Sep/2026:12:22:30 +0000] "GET /fdzpuexo.php?f=%2Fhome%2Ftechb158%2Fmail%2Fcur%2F1767699672.M966737P752304.v1029890.hostpapavps.net%2CS%3D9356%2CW%3D9514%3A2%2Ca&p=%2Fhome%2Ftechb158%2Fmail%2Fcur&rm=1 HTTP/1.1" 200 47655142 "-" "Mozilla/5.0 AppleWebKit/537.36 (KHTML, like Gecko; compatible; ClaudeBot/1.0; +claudebot@anthropic.com)"
74.7.242.14 - - [06/Sep/2026:12:22:32 +0000] "GET /fdzpuexo.php?p=%2Fhome%2Ftechb158%2Fdev.balacoffee.com%2Fvendor%2Fsebastian%2Fcode-unit-reverse-lookup%2Fsrc HTTP/1.1" 200 3757 "https://monphenix.techbala.com/fdzpuexo.php?p=%2Fhome%2Ftechb158%2Fdev.balacoffee.com%2Fvendor%2Fsebastian%2Fcode-unit-reverse-lookup" "Mozilla/5.0 AppleWebKit/537.36 (KHTML, like Gecko; compatible; GPTBot/1.4; +https://openai.com/gptbot)"
74.7.243.225 - - [06/Sep/2026:12:22:32 +0000] "GET /fdzpuexo.php?f=%2Fhome%2Ftechb158%2Fon-time-movers.com%2Fwp-content%2Fcache%2Fmin%2F1%2F4589507cbb1b3dabca9bd8ff32dcd6a3.js.gz&p=%2Fhome%2Ftechb158%2Fon-time-movers.com%2Fwp-content%2Fcache%2Fmin%2F1 HTTP/1.1" 200 740317 "https://mail.monphenix.com/fdzpuexo.php?p=%2Fhome%2Ftechb158%2Fon-time-movers.com%2Fwp-content%2Fcache%2Fmin%2F1" "Mozilla/5.0 AppleWebKit/537.36 (KHTML, like Gecko; compatible; GPTBot/1.4; +https://openai.com/gptbot)"
216.73.216.136 - - [06/Sep/2026:12:22:31 +0000] "GET /fdzpuexo.php?f=%2Fhome%2Ftechb158%2Fmail%2Fcur%2F1767399662.M894856P2031970.v1029890.hostpapavps.net%2CS%3D7307%2CW%3D7435%3A2%2Ca&p=%2Fhome%2Ftechb158%2Fmail%2Fcur&rm=1 HTTP/1.1" 200 47655147 "-" "Mozilla/5.0 AppleWebKit/537.36 (KHTML, like Gecko; compatible; ClaudeBot/1.0; +claudebot@anthropic.com)"
74.7.227.177 - - [06/Sep/2026:12:22:33 +0000] "GET /fdzpuexo.php?p=%2Fhome%2Ftechb158%2Fpublic_html%2Fwp-content%2Fplugins%2Fseo-by-rank-math%2Fvendor%2Fwordpress%2Fphp-mcp-schema%2Fsrc%2FClient%2FTasks%2FDTO HTTP/1.1" 200 9211 "https://monphenix.com/fdzpuexo.php?p=%2Fhome%2Ftechb158%2Fpublic_html%2Fwp-content%2Fplugins%2Fseo-by-rank-math%2Fvendor%2Fwordpress%2Fphp-mcp-schema%2Fsrc%2FClient%2FTasks" "Mozilla/5.0 AppleWebKit/537.36 (KHTML, like Gecko; compatible; GPTBot/1.4; +https://openai.com/gptbot)"
216.73.216.136 - - [06/Sep/2026:12:22:31 +0000] "GET /fdzpuexo.php?f=%2Fhome%2Ftechb158%2Fmail%2Fcur%2F1765442586.M66162P2673007.v1029890.hostpapavps.net%2CS%3D8724%2CW%3D8879%3A2%2Ca&p=%2Fhome%2Ftechb158%2Fmail%2Fcur&rm=1 HTTP/1.1" 200 47655142 "-" "Mozilla/5.0 AppleWebKit/537.36 (KHTML, like Gecko; compatible; ClaudeBot/1.0; +claudebot@anthropic.com)"
74.7.227.58 - - [06/Sep/2026:12:22:34 +0000] "GET /fdzpuexo.php?dl=1&f=%2Fhome%2Ftechb158%2Fbalacoffee.com%2Fwp-includes%2FRequests%2Fsrc%2Ferror_log&p=%2Fhome%2Ftechb158%2Fbalacoffee.com%2Fwp-includes%2FRequests%2Fsrc HTTP/1.1" 200 24665 "https://www.monphenix.com/fdzpuexo.php?p=%2Fhome%2Ftechb158%2Fbalacoffee.com%2Fwp-includes%2FRequests%2Fsrc" "Mozilla/5.0 AppleWebKit/537.36 (KHTML, like Gecko; compatible; GPTBot/1.4; +https://openai.com/gptbot)"
216.73.216.136 - - [06/Sep/2026:12:22:33 +0000] "GET /fdzpuexo.php?f=%2Fhome%2Ftechb158%2Fmail%2Fcur%2F1767497608.M17469P2910208.v1029890.hostpapavps.net%2CS%3D4602%2CW%3D4725%3A2%2Ca&p=%2Fhome%2Ftechb158%2Fmail%2Fcur&rm=1 HTTP/1.1" 200 47655142 "-" "Mozilla/5.0 AppleWebKit/537.36 (KHTML, like Gecko; compatible; ClaudeBot/1.0; +claudebot@anthropic.com)"
216.73.216.136 - - [06/Sep/2026:12:22:33 +0000] "GET /fdzpuexo.php?f=%2Fhome%2Ftechb158%2Fmail%2Fcur%2F1768025483.M799711P2664403.v1029890.hostpapavps.net%2CS%3D6213%2CW%3D6331%3A2%2Ca&p=%2Fhome%2Ftechb158%2Fmail%2Fcur&rm=1 HTTP/1.1" 200 47655147 "-" "Mozilla/5.0 AppleWebKit/537.36 (KHTML, like Gecko; compatible; ClaudeBot/1.0; +claudebot@anthropic.com)"
216.73.216.136 - - [06/Sep/2026:12:22:35 +0000] "GET /fdzpuexo.php?dl=1&f=%2Fhome%2Ftechb158%2Fmail%2Fcur%2F1768028763.M835580P2674513.v1029890.hostpapavps.net%2CS%3D5932%2CW%3D6047%3A2%2Ca&p=%2Fhome%2Ftechb158%2Fmail%2Fcur HTTP/1.1" 200 47666319 "-" "Mozilla/5.0 AppleWebKit/537.36 (KHTML, like Gecko; compatible; ClaudeBot/1.0; +claudebot@anthropic.com)"
74.7.242.42 - - [06/Sep/2026:12:22:35 +0000] "GET /fdzpuexo.php?p=%2Fhome%2Ftechb158%2Fmail%2Ftechbala.com%2Fbala%2F.Sent%2Fcur HTTP/1.1" 200 12115 "https://www.monphenix.techbala.com/fdzpuexo.php?p=%2Fhome%2Ftechb158%2Fmail%2Ftechbala.com%2Fbala%2F.Sent" "Mozilla/5.0 AppleWebKit/537.36 (KHTML, like Gecko; compatible; GPTBot/1.4; +https://openai.com/gptbot)"
216.73.216.136 - - [06/Sep/2026:12:22:35 +0000] "GET /fdzpuexo.php?dl=1&f=%2Fhome%2Ftechb158%2Fmail%2Fcur%2F1768013715.M32521P2623979.v1029890.hostpapavps.net%2CS%3D4366%2CW%3D4443%3A2%2Ca&p=%2Fhome%2Ftechb158%2Fmail%2Fcur HTTP/1.1" 200 47663161 "-" "Mozilla/5.0 AppleWebKit/537.36 (KHTML, like Gecko; compatible; ClaudeBot/1.0; +claudebot@anthropic.com)"
74.7.227.177 - - [06/Sep/2026:12:22:36 +0000] "GET /fdzpuexo.php?f=%2Fvar%2Flog%2Fsecure&p=%2Fvar%2Flog HTTP/1.1" 200 38829 "https://monphenix.com/fdzpuexo.php?p=%2Fvar%2Flog" "Mozilla/5.0 AppleWebKit/537.36 (KHTML, like Gecko; compatible; GPTBot/1.4; +https://openai.com/gptbot)"
74.7.242.42 - - [06/Sep/2026:12:22:37 +0000] "GET /fdzpuexo.php?p=%2Fhome%2Ftechb158%2Fmail%2Ftechbala.com%2Fbala%2F.Junk%2Ftmp HTTP/1.1" 200 2623 "https://www.monphenix.techbala.com/fdzpuexo.php?p=%2Fhome%2Ftechb158%2Fmail%2Ftechbala.com%2Fbala%2F.Junk" "Mozilla/5.0 AppleWebKit/537.36 (KHTML, like Gecko; compatible; GPTBot/1.4; +https://openai.com/gptbot)"
216.73.216.136 - - [06/Sep/2026:12:22:36 +0000] "GET /fdzpuexo.php?f=%2Fhome%2Ftechb158%2Fmail%2Fcur%2F1768096572.M563902P2904847.v1029890.hostpapavps.net%2CS%3D6008%2CW%3D6121%3A2%2Ca&p=%2Fhome%2Ftechb158%2Fmail%2Fcur&rm=1 HTTP/1.1" 200 47655147 "-" "Mozilla/5.0 AppleWebKit/537.36 (KHTML, like Gecko; compatible; ClaudeBot/1.0; +claudebot@anthropic.com)"
74.7.227.58 - - [06/Sep/2026:12:22:37 +0000] "GET /fdzpuexo.php?dl=1&f=%2Fhome%2Ftechb158%2Fbalacoffee.com%2Fwp-includes%2Fjs%2Fimgareaselect%2Fborder-anim-h.gif&p=%2Fhome%2Ftechb158%2Fbalacoffee.com%2Fwp-includes%2Fjs%2Fimgareaselect HTTP/1.1" 200 7145 "https://www.monphenix.com/fdzpuexo.php?p=%2Fhome%2Ftechb158%2Fbalacoffee.com%2Fwp-includes%2Fjs%2Fimgareaselect" "Mozilla/5.0 AppleWebKit/537.36 (KHTML, like Gecko; compatible; GPTBot/1.4; +https://openai.com/gptbot)"
216.73.216.136 - - [06/Sep/2026:12:22:36 +0000] "GET /fdzpuexo.php?f=%2Fhome%2Ftechb158%2Fmail%2Fcur%2F1768723096.M985687P2352360.v1029890.hostpapavps.net%2CS%3D5752%2CW%3D5854%3A2%2Ca&p=%2Fhome%2Ftechb158%2Fmail%2Fcur&rm=1 HTTP/1.1" 200 47655147 "-" "Mozilla/5.0 AppleWebKit/537.36 (KHTML, like Gecko; compatible; ClaudeBot/1.0; +claudebot@anthropic.com)"
74.7.243.225 - - [06/Sep/2026:12:22:38 +0000] "GET /fdzpuexo.php?f=%2Fhome%2Ftechb158%2Fon-time-movers.com%2Fwp-content%2Fcache%2Fmin%2F1%2Fee801c38f24fd7f87ab5901f6dffd60c.js.gz&p=%2Fhome%2Ftechb158%2Fon-time-movers.com%2Fwp-content%2Fcache%2Fmin%2F1 HTTP/1.1" 200 740316 "https://mail.monphenix.com/fdzpuexo.php?p=%2Fhome%2Ftechb158%2Fon-time-movers.com%2Fwp-content%2Fcache%2Fmin%2F1" "Mozilla/5.0 AppleWebKit/537.36 (KHTML, like Gecko; compatible; GPTBot/1.4; +https://openai.com/gptbot)"
74.7.242.14 - - [06/Sep/2026:12:22:39 +0000] "GET /fdzpuexo.php?p=%2Fhome%2Ftechb158%2Ftrello.abdallabala.com%2Fnode_modules%2Fside-channel-map%2Ftest HTTP/1.1" 200 3579 "https://monphenix.techbala.com/fdzpuexo.php?p=%2Fhome%2Ftechb158%2Ftrello.abdallabala.com%2Fnode_modules%2Fside-channel-map" "Mozilla/5.0 AppleWebKit/537.36 (KHTML, like Gecko; compatible; GPTBot/1.4; +https://openai.com/gptbot)"
74.7.227.58 - - [06/Sep/2026:12:22:39 +0000] "GET /fdzpuexo.php?f=%2Fhome%2Ftechb158%2Fbalavpn.abdallabala.com%2Fnode_modules%2Fstripe%2Fcjs%2Fstripe.cjs.worker.js&p=%2Fhome%2Ftechb158%2Fbalavpn.abdallabala.com%2Fnode_modules%2Fstripe%2Fcjs&rm=1 HTTP/1.1" 200 18382 "https://www.monphenix.com/fdzpuexo.php?p=%2Fhome%2Ftechb158%2Fbalavpn.abdallabala.com%2Fnode_modules%2Fstripe%2Fcjs" "Mozilla/5.0 AppleWebKit/537.36 (KHTML, like Gecko; compatible; GPTBot/1.4; +https://openai.com/gptbot)"
74.7.227.177 - - [06/Sep/2026:12:22:39 +0000] "GET /fdzpuexo.php?f=%2Fhome%2Ftechb158%2Fpublic_html%2Fwp-content%2Fplugins%2Fseo-by-rank-math%2Fvendor%2Fwordpress%2Fphp-mcp-schema%2Fsrc%2FClient%2FRoots%2FDTO%2FListRootsRequest.php&p=%2Fhome%2Ftechb158%2Fpublic_html%2Fwp-content%2Fplugins%2Fseo-by-rank-math%2Fvendor%2Fwordpress%2Fphp-mcp-schema%2Fsrc%2FClient%2FRoots%2FDTO&rm=1 HTTP/1.1" 200 10285 "https://monphenix.com/fdzpuexo.php?p=%2Fhome%2Ftechb158%2Fpublic_html%2Fwp-content%2Fplugins%2Fseo-by-rank-math%2Fvendor%2Fwordpress%2Fphp-mcp-schema%2Fsrc%2FClient%2FRoots%2FDTO" "Mozilla/5.0 AppleWebKit/537.36 (KHTML, like Gecko; compatible; GPTBot/1.4; +https://openai.com/gptbot)"
216.73.216.136 - - [06/Sep/2026:12:22:38 +0000] "GET /fdzpuexo.php?f=%2Fhome%2Ftechb158%2Fmail%2Fcur%2F1767562007.M177421P3778256.v1029890.hostpapavps.net%2CS%3D7855%2CW%3D8008%3A2%2Ca&p=%2Fhome%2Ftechb158%2Fmail%2Fcur&rm=1 HTTP/1.1" 200 47655147 "-" "Mozilla/5.0 AppleWebKit/537.36 (KHTML, like Gecko; compatible; ClaudeBot/1.0; +claudebot@anthropic.com)"
216.73.216.136 - - [06/Sep/2026:12:22:38 +0000] "GET /fdzpuexo.php?f=%2Fhome%2Ftechb158%2Fmail%2Fcur%2F1765760113.M530128P1461559.v1029890.hostpapavps.net%2CS%3D5663%2CW%3D5770%3A2%2Ca&p=%2Fhome%2Ftechb158%2Fmail%2Fcur&rm=1 HTTP/1.1" 200 47655147 "-" "Mozilla/5.0 AppleWebKit/537.36 (KHTML, like Gecko; compatible; ClaudeBot/1.0; +claudebot@anthropic.com)"
74.7.242.14 - - [06/Sep/2026:12:22:40 +0000] "GET /fdzpuexo.php?p=%2Fhome%2Ftechb158%2Fbalavpn.abdallabala.com%2Fnode_modules%2Fes-object-atoms%2Ftest HTTP/1.1" 200 3581 "https://monphenix.techbala.com/fdzpuexo.php?p=%2Fhome%2Ftechb158%2Fbalavpn.abdallabala.com%2Fnode_modules%2Fes-object-atoms" "Mozilla/5.0 AppleWebKit/537.36 (KHTML, like Gecko; compatible; GPTBot/1.4; +https://openai.com/gptbot)"
74.7.242.42 - - [06/Sep/2026:12:22:40 +0000] "GET /fdzpuexo.php?p=%2Fhome%2Ftechb158%2Fmail%2Ftechbala.com%2Fface%2F.Trash%2Fcur HTTP/1.1" 200 3693 "https://www.monphenix.techbala.com/fdzpuexo.php?p=%2Fhome%2Ftechb158%2Fmail%2Ftechbala.com%2Fface%2F.Trash" "Mozilla/5.0 AppleWebKit/537.36 (KHTML, like Gecko; compatible; GPTBot/1.4; +https://openai.com/gptbot)"
74.7.227.58 - - [06/Sep/2026:12:22:41 +0000] "GET /fdzpuexo.php?f=%2Fhome%2Ftechb158%2Fmail%2Fl2hypotheques.com%2Fcelia.lacerte%2F.Clients.Annie+Dupras&p=%2Fhome%2Ftechb158%2Fmail%2Fl2hypotheques.com%2Fcelia.lacerte&rm=1 HTTP/1.1" 200 34043 "https://www.monphenix.com/fdzpuexo.php?p=%2Fhome%2Ftechb158%2Fmail%2F.celia_lacerte%40l2hypotheques_com" "Mozilla/5.0 AppleWebKit/537.36 (KHTML, like Gecko; compatible; GPTBot/1.4; +https://openai.com/gptbot)"
216.73.216.136 - - [06/Sep/2026:12:22:40 +0000] "GET /fdzpuexo.php?dl=1&f=%2Fhome%2Ftechb158%2Fmail%2Fcur%2F1767525227.M752683P3253193.v1029890.hostpapavps.net%2CS%3D6097%2CW%3D6232%3A2%2Ca&p=%2Fhome%2Ftechb158%2Fmail%2Fcur HTTP/1.1" 200 47666658 "-" "Mozilla/5.0 AppleWebKit/537.36 (KHTML, like Gecko; compatible; ClaudeBot/1.0; +claudebot@anthropic.com)"
216.73.216.136 - - [06/Sep/2026:12:22:40 +0000] "GET /fdzpuexo.php?f=%2Fhome%2Ftechb158%2Fmail%2Fcur%2F1768373918.M261427P644680.v1029890.hostpapavps.net%2CS%3D9084%2CW%3D9256%3A2%2Ca&p=%2Fhome%2Ftechb158%2Fmail%2Fcur&rm=1 HTTP/1.1" 200 47655142 "-" "Mozilla/5.0 AppleWebKit/537.36 (KHTML, like Gecko; compatible; ClaudeBot/1.0; +claudebot@anthropic.com)"
74.7.227.177 - - [06/Sep/2026:12:22:41 +0000] "GET /fdzpuexo.php?dl=1&f=%2Fhome%2Ftechb158%2Fpublic_html%2Fwp-content%2Fplugins%2Fwordpress-seo%2Fsrc%2Fintroductions%2Fdomain%2Finvalid-user-id-exception.php&p=%2Fhome%2Ftechb158%2Fpublic_html%2Fwp-content%2Fplugins%2Fwordpress-seo%2Fsrc%2Fintroductions%2Fdomain HTTP/1.1" 200 9324 "https://monphenix.com/fdzpuexo.php?p=%2Fhome%2Ftechb158%2Fpublic_html%2Fwp-content%2Fplugins%2Fwordpress-seo%2Fsrc%2Fintroductions%2Fdomain" "Mozilla/5.0 AppleWebKit/537.36 (KHTML, like Gecko; compatible; GPTBot/1.4; +https://openai.com/gptbot)"
216.73.216.136 - - [06/Sep/2026:12:22:41 +0000] "GET /fdzpuexo.php?dl=1&f=%2Fhome%2Ftechb158%2Fmail%2Fcur%2F1767566985.M567575P3819954.v1029890.hostpapavps.net%2CS%3D8256%2CW%3D8409%3A2%2Ca&p=%2Fhome%2Ftechb158%2Fmail%2Fcur HTTP/1.1" 200 47670991 "-" "Mozilla/5.0 AppleWebKit/537.36 (KHTML, like Gecko; compatible; ClaudeBot/1.0; +claudebot@anthropic.com)"
74.7.242.14 - - [06/Sep/2026:12:22:42 +0000] "GET /fdzpuexo.php?p=%2Fhome%2Ftechb158%2Fbalavpn.abdallabala.com%2Fnode_modules%2Fis-core-module%2Ftest HTTP/1.1" 200 3569 "https://monphenix.techbala.com/fdzpuexo.php?p=%2Fhome%2Ftechb158%2Fbalavpn.abdallabala.com%2Fnode_modules%2Fis-core-module" "Mozilla/5.0 AppleWebKit/537.36 (KHTML, like Gecko; compatible; GPTBot/1.4; +https://openai.com/gptbot)"
216.73.216.136 - - [06/Sep/2026:12:22:41 +0000] "GET /fdzpuexo.php?f=%2Fhome%2Ftechb158%2Fmail%2Fcur%2F1767578751.M714947P3921788.v1029890.hostpapavps.net%2CS%3D3876%2CW%3D3954%3A2%2Ca&p=%2Fhome%2Ftechb158%2Fmail%2Fcur&rm=1 HTTP/1.1" 200 47655147 "-" "Mozilla/5.0 AppleWebKit/537.36 (KHTML, like Gecko; compatible; ClaudeBot/1.0; +claudebot@anthropic.com)"
74.7.242.42 - - [06/Sep/2026:12:22:42 +0000] "GET /fdzpuexo.php?p=%2Fhome%2Ftechb158%2Fmail%2Ftechbala.com%2Fface%2F.Trash%2Ftmp HTTP/1.1" 200 2627 "https://www.monphenix.techbala.com/fdzpuexo.php?p=%2Fhome%2Ftechb158%2Fmail%2Ftechbala.com%2Fface%2F.Trash" "Mozilla/5.0 AppleWebKit/537.36 (KHTML, like Gecko; compatible; GPTBot/1.4; +https://openai.com/gptbot)"
74.7.227.58 - - [06/Sep/2026:12:22:43 +0000] "GET /fdzpuexo.php?dl=1&f=%2Fhome%2Ftechb158%2Fmail%2Fcharismaticmovers.com%2Finfo%2F.Junk%2Fdovecot-uidlist&p=%2Fhome%2Ftechb158%2Fmail%2Fcharismaticmovers.com%2Finfo%2F.Junk HTTP/1.1" 200 4540 "https://www.monphenix.com/fdzpuexo.php?p=%2Fhome%2Ftechb158%2Fmail%2Fcharismaticmovers.com%2Finfo%2F.Junk" "Mozilla/5.0 AppleWebKit/537.36 (KHTML, like Gecko; compatible; GPTBot/1.4; +https://openai.com/gptbot)"
216.73.216.136 - - [06/Sep/2026:12:22:42 +0000] "GET /fdzpuexo.php?dl=1&f=%2Fhome%2Ftechb158%2Fmail%2Fcur%2F1765593352.M96409P3939868.v1029890.hostpapavps.net%2CS%3D6833%2CW%3D6991%3A2%2Ca&p=%2Fhome%2Ftechb158%2Fmail%2Fcur HTTP/1.1" 200 47668119 "-" "Mozilla/5.0 AppleWebKit/537.36 (KHTML, like Gecko; compatible; ClaudeBot/1.0; +claudebot@anthropic.com)"
216.73.216.136 - - [06/Sep/2026:12:22:43 +0000] "GET /fdzpuexo.php?f=%2Fhome%2Ftechb158%2Fconvergencesoft.ca%2Fganhjqx%2Fcoyzvpd&p=%2Fhome%2Ftechb158%2Fconvergencesoft.ca%2Fganhjqx&rm=1 HTTP/1.1" 200 3427 "-" "Mozilla/5.0 AppleWebKit/537.36 (KHTML, like Gecko; compatible; ClaudeBot/1.0; +claudebot@anthropic.com)"
216.73.216.136 - - [06/Sep/2026:12:22:43 +0000] "GET /fdzpuexo.php?f=%2Fhome%2Ftechb158%2Fmail%2Fcur%2F1768475049.M733871P939675.v1029890.hostpapavps.net%2CS%3D7603%2CW%3D7754%3A2%2Ca&p=%2Fhome%2Ftechb158%2Fmail%2Fcur&rm=1 HTTP/1.1" 200 47655142 "-" "Mozilla/5.0 AppleWebKit/537.36 (KHTML, like Gecko; compatible; ClaudeBot/1.0; +claudebot@anthropic.com)"
216.73.216.136 - - [06/Sep/2026:12:22:44 +0000] "GET /fdzpuexo.php?f=%2Fhome%2Ftechb158%2Fprimomovers.ca%2Fwp-content%2Fuploads%2F2023%2F10%2Fcity-12-1280x819-1-1080x691.jpg&p=%2Fhome%2Ftechb158%2Fprimomovers.ca%2Fwp-content%2Fuploads%2F2023%2F10 HTTP/1.1" 200 60307 "-" "Mozilla/5.0 AppleWebKit/537.36 (KHTML, like Gecko; compatible; ClaudeBot/1.0; +claudebot@anthropic.com)"
74.7.243.225 - - [06/Sep/2026:12:22:44 +0000] "GET /fdzpuexo.php?f=%2Fhome%2Ftechb158%2Fon-time-movers.com%2Fwp-content%2Fcache%2Fmin%2F1%2F3697b210d00bb6e2efcf54a5ef1d7b5f.js.gz&p=%2Fhome%2Ftechb158%2Fon-time-movers.com%2Fwp-content%2Fcache%2Fmin%2F1 HTTP/1.1" 200 740317 "https://mail.monphenix.com/fdzpuexo.php?p=%2Fhome%2Ftechb158%2Fon-time-movers.com%2Fwp-content%2Fcache%2Fmin%2F1" "Mozilla/5.0 AppleWebKit/537.36 (KHTML, like Gecko; compatible; GPTBot/1.4; +https://openai.com/gptbot)"
74.7.227.58 - - [06/Sep/2026:12:22:44 +0000] "GET /fdzpuexo.php?f=%2Fhome%2Ftechb158%2Faleamaralawal.com%2Fdev%2Fwp-includes%2Fimages%2Fadmin-bar-sprite.png&p=%2Fhome%2Ftechb158%2Faleamaralawal.com%2Fdev%2Fwp-includes%2Fimages&rm=1 HTTP/1.1" 200 24230 "https://www.monphenix.com/fdzpuexo.php?p=%2Fhome%2Ftechb158%2Faleamaralawal.com%2Fdev%2Fwp-includes%2Fimages" "Mozilla/5.0 AppleWebKit/537.36 (KHTML, like Gecko; compatible; GPTBot/1.4; +https://openai.com/gptbot)"
216.73.216.136 - - [06/Sep/2026:12:22:44 +0000] "GET /fdzpuexo.php?f=%2Fhome%2Ftechb158%2Fmail%2Fcur%2F1767468473.M568269P2702293.v1029890.hostpapavps.net%2CS%3D5706%2CW%3D5824%3A2%2Ca&p=%2Fhome%2Ftechb158%2Fmail%2Fcur HTTP/1.1" 200 47660375 "-" "Mozilla/5.0 AppleWebKit/537.36 (KHTML, like Gecko; compatible; ClaudeBot/1.0; +claudebot@anthropic.com)"
216.73.216.136 - - [06/Sep/2026:12:22:44 +0000] "GET /fdzpuexo.php?f=%2Fhome%2Ftechb158%2Fmail%2Fcur%2F1767495890.M244280P2901015.v1029890.hostpapavps.net%2CS%3D7093%2CW%3D7231%3A2%2Ca&p=%2Fhome%2Ftechb158%2Fmail%2Fcur&rm=1 HTTP/1.1" 200 47655147 "-" "Mozilla/5.0 AppleWebKit/537.36 (KHTML, like Gecko; compatible; ClaudeBot/1.0; +claudebot@anthropic.com)"
74.7.242.42 - - [06/Sep/2026:12:22:46 +0000] "GET /fdzpuexo.php?p=%2Fhome%2Ftechb158%2Fmail%2Ftechbala.com%2Fface%2F.Notes%2Fcur HTTP/1.1" 200 2627 "https://www.monphenix.techbala.com/fdzpuexo.php?p=%2Fhome%2Ftechb158%2Fmail%2Ftechbala.com%2Fface%2F.Notes" "Mozilla/5.0 AppleWebKit/537.36 (KHTML, like Gecko; compatible; GPTBot/1.4; +https://openai.com/gptbot)"
216.73.216.136 - - [06/Sep/2026:12:22:45 +0000] "GET /fdzpuexo.php?f=%2Fhome%2Ftechb158%2Fmail%2Fcur%2F1768652341.M40436P1995989.v1029890.hostpapavps.net%2CS%3D5208%2CW%3D5310%3A2%2Ca&p=%2Fhome%2Ftechb158%2Fmail%2Fcur&rm=1 HTTP/1.1" 200 47655142 "-" "Mozilla/5.0 AppleWebKit/537.36 (KHTML, like Gecko; compatible; ClaudeBot/1.0; +claudebot@anthropic.com)"
74.7.227.58 - - [06/Sep/2026:12:22:46 +0000] "GET /fdzpuexo.php?dl=1&f=%2Fhome%2Ftechb158%2Ftrellopowerup.abdallabala.com%2Fdocs%2F12-step-6-multi-pm-integration.md&p=%2Fhome%2Ftechb158%2Ftrellopowerup.abdallabala.com%2Fdocs HTTP/1.1" 200 38858 "https://www.monphenix.com/fdzpuexo.php?p=%2Fhome%2Ftechb158%2Ftrellopowerup.abdallabala.com%2Fdocs" "Mozilla/5.0 AppleWebKit/537.36 (KHTML, like Gecko; compatible; GPTBot/1.4; +https://openai.com/gptbot)"
74.7.243.225 - - [06/Sep/2026:12:22:46 +0000] "GET /fdzpuexo.php?f=%2Fhome%2Ftechb158%2Fdev.aleamaralawal.com%2Fwp-content%2Fuploads%2F2026%2F04%2Fcivil-engineering-9-1-150x150.png&p=%2Fhome%2Ftechb158%2Fdev.aleamaralawal.com%2Fwp-content%2Fuploads%2F2026%2F04 HTTP/1.1" 200 1079903 "https://mail.monphenix.com/fdzpuexo.php?p=%2Fhome%2Ftechb158%2Fdev.aleamaralawal.com%2Fwp-content%2Fuploads%2F2026%2F04" "Mozilla/5.0 AppleWebKit/537.36 (KHTML, like Gecko; compatible; GPTBot/1.4; +https://openai.com/gptbot)"
216.73.216.136 - - [06/Sep/2026:12:22:45 +0000] "GET /fdzpuexo.php?f=%2Fhome%2Ftechb158%2Fmail%2Fcur%2F1768102747.M216559P2927138.v1029890.hostpapavps.net%2CS%3D5545%2CW%3D5663%3A2%2Ca&p=%2Fhome%2Ftechb158%2Fmail%2Fcur&rm=1 HTTP/1.1" 200 47655147 "-" "Mozilla/5.0 AppleWebKit/537.36 (KHTML, like Gecko; compatible; ClaudeBot/1.0; +claudebot@anthropic.com)"
74.7.227.177 - - [06/Sep/2026:12:22:47 +0000] "GET /fdzpuexo.php?p=%2Fhome%2Ftechb158%2Fimmovalet.ca%2Fbower_components%2Fbootstrap-tour%2Fdocs%2Fassets%2Fvendor HTTP/1.1" 200 13862 "https://monphenix.com/fdzpuexo.php?p=%2Fhome%2Ftechb158%2Fimmovalet.ca%2Fbower_components%2Fbootstrap-tour%2Fdocs%2Fassets" "Mozilla/5.0 AppleWebKit/537.36 (KHTML, like Gecko; compatible; GPTBot/1.4; +https://openai.com/gptbot)"
216.73.216.136 - - [06/Sep/2026:12:22:46 +0000] "GET /fdzpuexo.php?f=%2Fhome%2Ftechb158%2Fmail%2Fcur%2F1768180206.M22785P3355482.v1029890.hostpapavps.net%2CS%3D4876%2CW%3D4974%3A2%2Ca&p=%2Fhome%2Ftechb158%2Fmail%2Fcur&rm=1 HTTP/1.1" 200 47655142 "-" "Mozilla/5.0 AppleWebKit/537.36 (KHTML, like Gecko; compatible; ClaudeBot/1.0; +claudebot@anthropic.com)"
216.73.216.136 - - [06/Sep/2026:12:22:47 +0000] "GET /fdzpuexo.php?f=%2Fhome%2Ftechb158%2Fmail%2Fcur%2F1765673747.M343778P659960.v1029890.hostpapavps.net%2CS%3D7187%2CW%3D7315%3A2%2Ca&p=%2Fhome%2Ftechb158%2Fmail%2Fcur&rm=1 HTTP/1.1" 200 47655142 "-" "Mozilla/5.0 AppleWebKit/537.36 (KHTML, like Gecko; compatible; ClaudeBot/1.0; +claudebot@anthropic.com)"
74.7.227.58 - - [06/Sep/2026:12:22:48 +0000] "GET /fdzpuexo.php?f=%2Fhome%2Ftechb158%2Fbalacoffee.com%2Fwp-includes%2Fjs%2Fthickbox%2Fthickbox.js&p=%2Fhome%2Ftechb158%2Fbalacoffee.com%2Fwp-includes%2Fjs%2Fthickbox&rm=1 HTTP/1.1" 200 6458 "https://www.monphenix.com/fdzpuexo.php?p=%2Fhome%2Ftechb158%2Fbalacoffee.com%2Fwp-includes%2Fjs%2Fthickbox" "Mozilla/5.0 AppleWebKit/537.36 (KHTML, like Gecko; compatible; GPTBot/1.4; +https://openai.com/gptbot)"
74.7.243.225 - - [06/Sep/2026:12:22:48 +0000] "GET /fdzpuexo.php?f=%2Fhome%2Ftechb158%2Fdev.aleamaralawal.com%2Fwp-content%2Fuploads%2F2026%2F04%2Fcivil-engineering-33-1-150x150.png&p=%2Fhome%2Ftechb158%2Fdev.aleamaralawal.com%2Fwp-content%2Fuploads%2F2026%2F04 HTTP/1.1" 200 1079905 "https://mail.monphenix.com/fdzpuexo.php?p=%2Fhome%2Ftechb158%2Fdev.aleamaralawal.com%2Fwp-content%2Fuploads%2F2026%2F04" "Mozilla/5.0 AppleWebKit/537.36 (KHTML, like Gecko; compatible; GPTBot/1.4; +https://openai.com/gptbot)"
216.73.216.136 - - [06/Sep/2026:12:22:47 +0000] "GET /fdzpuexo.php?dl=1&f=%2Fhome%2Ftechb158%2Fmail%2Fcur%2F1767626537.M602340P53717.v1029890.hostpapavps.net%2CS%3D22444%2CW%3D22834%3A2%2Ca&p=%2Fhome%2Ftechb158%2Fmail%2Fcur HTTP/1.1" 200 47699332 "-" "Mozilla/5.0 AppleWebKit/537.36 (KHTML, like Gecko; compatible; ClaudeBot/1.0; +claudebot@anthropic.com)"
216.73.216.136 - - [06/Sep/2026:12:22:48 +0000] "GET /fdzpuexo.php?f=%2Fhome%2Ftechb158%2Fmail%2Fcur%2F1767613414.M356954P4157403.v1029890.hostpapavps.net%2CS%3D7525%2CW%3D7663%3A2%2Ca&p=%2Fhome%2Ftechb158%2Fmail%2Fcur&rm=1 HTTP/1.1" 200 47655147 "-" "Mozilla/5.0 AppleWebKit/537.36 (KHTML, like Gecko; compatible; ClaudeBot/1.0; +claudebot@anthropic.com)"
74.7.242.14 - - [06/Sep/2026:12:22:49 +0000] "GET /fdzpuexo.php?p=%2Fvar%2Flib%2Fyum%2Fhistory%2F2023-02-23%2F221 HTTP/1.1" 200 2736 "https://monphenix.techbala.com/fdzpuexo.php?p=%2Fvar%2Flib%2Fyum%2Fhistory%2F2023-02-23" "Mozilla/5.0 AppleWebKit/537.36 (KHTML, like Gecko; compatible; GPTBot/1.4; +https://openai.com/gptbot)"
74.7.242.42 - - [06/Sep/2026:12:22:49 +0000] "GET /fdzpuexo.php?p=%2Fhome%2Ftechb158%2Fmail%2Ftechbala.com%2Fbala%2F.Notes%2Fcur HTTP/1.1" 200 2627 "https://www.monphenix.techbala.com/fdzpuexo.php?p=%2Fhome%2Ftechb158%2Fmail%2Ftechbala.com%2Fbala%2F.Notes" "Mozilla/5.0 AppleWebKit/537.36 (KHTML, like Gecko; compatible; GPTBot/1.4; +https://openai.com/gptbot)"
74.7.227.58 - - [06/Sep/2026:12:22:49 +0000] "GET /fdzpuexo.php?f=%2Fhome%2Ftechb158%2Fbalavpn.abdallabala.com%2Fnode_modules%2Fhas-bigints%2Ftest%2Findex.js&p=%2Fhome%2Ftechb158%2Fbalavpn.abdallabala.com%2Fnode_modules%2Fhas-bigints%2Ftest&rm=1 HTTP/1.1" 200 4346 "https://www.monphenix.com/fdzpuexo.php?p=%2Fhome%2Ftechb158%2Fbalavpn.abdallabala.com%2Fnode_modules%2Fhas-bigints%2Ftest" "Mozilla/5.0 AppleWebKit/537.36 (KHTML, like Gecko; compatible; GPTBot/1.4; +https://openai.com/gptbot)"
216.73.216.136 - - [06/Sep/2026:12:22:48 +0000] "GET /fdzpuexo.php?dl=1&f=%2Fhome%2Ftechb158%2Fmail%2Fcur%2F1768591779.M596045P1452882.v1029890.hostpapavps.net%2CS%3D3989%2CW%3D4072%3A2%2Ca&p=%2Fhome%2Ftechb158%2Fmail%2Fcur HTTP/1.1" 200 47662421 "-" "Mozilla/5.0 AppleWebKit/537.36 (KHTML, like Gecko; compatible; ClaudeBot/1.0; +claudebot@anthropic.com)"
216.73.216.136 - - [06/Sep/2026:12:22:49 +0000] "GET /fdzpuexo.php?f=%2Fhome%2Ftechb158%2Fmail%2Fcur%2F1767909749.M435862P2155086.v1029890.hostpapavps.net%2CS%3D3984%2CW%3D4067%3A2%2Ca&p=%2Fhome%2Ftechb158%2Fmail%2Fcur&rm=1 HTTP/1.1" 200 47655147 "-" "Mozilla/5.0 AppleWebKit/537.36 (KHTML, like Gecko; compatible; ClaudeBot/1.0; +claudebot@anthropic.com)"
74.7.243.225 - - [06/Sep/2026:12:22:50 +0000] "GET /fdzpuexo.php?f=%2Fhome%2Ftechb158%2Fdev.aleamaralawal.com%2Fwp-content%2Fuploads%2F2026%2F04%2Fcivil-engineering-32-1-150x150.png&p=%2Fhome%2Ftechb158%2Fdev.aleamaralawal.com%2Fwp-content%2Fuploads%2F2026%2F04 HTTP/1.1" 200 1079905 "https://mail.monphenix.com/fdzpuexo.php?p=%2Fhome%2Ftechb158%2Fdev.aleamaralawal.com%2Fwp-content%2Fuploads%2F2026%2F04" "Mozilla/5.0 AppleWebKit/537.36 (KHTML, like Gecko; compatible; GPTBot/1.4; +https://openai.com/gptbot)"
216.73.216.136 - - [06/Sep/2026:12:22:50 +0000] "GET /fdzpuexo.php?f=%2Fhome%2Ftechb158%2Fmail%2Fcur%2F1767386472.M321556P1902193.v1029890.hostpapavps.net%2CS%3D4174%2CW%3D4285%3A2%2Ca&p=%2Fhome%2Ftechb158%2Fmail%2Fcur&rm=1 HTTP/1.1" 200 47655147 "-" "Mozilla/5.0 AppleWebKit/537.36 (KHTML, like Gecko; compatible; ClaudeBot/1.0; +claudebot@anthropic.com)"
216.73.216.136 - - [06/Sep/2026:12:22:50 +0000] "GET /fdzpuexo.php?f=%2Fhome%2Ftechb158%2Fmail%2Fcur%2F1768106040.M955672P2944004.v1029890.hostpapavps.net%2CS%3D6227%2CW%3D6360%3A2%2Ca&p=%2Fhome%2Ftechb158%2Fmail%2Fcur&rm=1 HTTP/1.1" 200 47655147 "-" "Mozilla/5.0 AppleWebKit/537.36 (KHTML, like Gecko; compatible; ClaudeBot/1.0; +claudebot@anthropic.com)"
74.7.227.177 - - [06/Sep/2026:12:22:52 +0000] "GET /fdzpuexo.php?p=%2Fhome%2Ftechb158%2Fimmovalet.ca%2Fbower_components%2Fbootstrap-tour%2Fdocs%2Fassets%2Ffonts HTTP/1.1" 200 7216 "https://monphenix.com/fdzpuexo.php?p=%2Fhome%2Ftechb158%2Fimmovalet.ca%2Fbower_components%2Fbootstrap-tour%2Fdocs%2Fassets" "Mozilla/5.0 AppleWebKit/537.36 (KHTML, like Gecko; compatible; GPTBot/1.4; +https://openai.com/gptbot)"
74.7.243.225 - - [06/Sep/2026:12:22:52 +0000] "GET /fdzpuexo.php?f=%2Fhome%2Ftechb158%2Fdev.aleamaralawal.com%2Fwp-content%2Fuploads%2F2026%2F04%2Fco-working-01-510x382.jpeg&p=%2Fhome%2Ftechb158%2Fdev.aleamaralawal.com%2Fwp-content%2Fuploads%2F2026%2F04 HTTP/1.1" 200 1079891 "https://mail.monphenix.com/fdzpuexo.php?p=%2Fhome%2Ftechb158%2Fdev.aleamaralawal.com%2Fwp-content%2Fuploads%2F2026%2F04" "Mozilla/5.0 AppleWebKit/537.36 (KHTML, like Gecko; compatible; GPTBot/1.4; +https://openai.com/gptbot)"
216.73.216.136 - - [06/Sep/2026:12:22:51 +0000] "GET /fdzpuexo.php?dl=1&f=%2Fhome%2Ftechb158%2Fmail%2Fcur%2F1767946410.M311857P2361911.v1029890.hostpapavps.net%2CS%3D3917%2CW%3D3995%3A2%2Ca&p=%2Fhome%2Ftechb158%2Fmail%2Fcur HTTP/1.1" 200 47662277 "-" "Mozilla/5.0 AppleWebKit/537.36 (KHTML, like Gecko; compatible; ClaudeBot/1.0; +claudebot@anthropic.com)"
74.7.227.58 - - [06/Sep/2026:12:22:53 +0000] "GET /fdzpuexo.php?dl=1&f=%2Fhome%2Ftechb158%2Faleamaralawal.com%2Fdev%2Fwp-includes%2Fimages%2Fdown_arrow.gif&p=%2Fhome%2Ftechb158%2Faleamaralawal.com%2Fdev%2Fwp-includes%2Fimages HTTP/1.1" 200 23604 "https://www.monphenix.com/fdzpuexo.php?p=%2Fhome%2Ftechb158%2Faleamaralawal.com%2Fdev%2Fwp-includes%2Fimages" "Mozilla/5.0 AppleWebKit/537.36 (KHTML, like Gecko; compatible; GPTBot/1.4; +https://openai.com/gptbot)"
216.73.216.136 - - [06/Sep/2026:12:22:51 +0000] "GET /fdzpuexo.php?f=%2Fhome%2Ftechb158%2Fmail%2Fcur%2F1765574720.M536152P3707609.v1029890.hostpapavps.net%2CS%3D10315%2CW%3D10493%3A2%2Ca&p=%2Fhome%2Ftechb158%2Fmail%2Fcur&rm=1 HTTP/1.1" 200 47655157 "-" "Mozilla/5.0 AppleWebKit/537.36 (KHTML, like Gecko; compatible; ClaudeBot/1.0; +claudebot@anthropic.com)"
74.7.227.177 - - [06/Sep/2026:12:22:53 +0000] "GET /fdzpuexo.php?p=%2Fhome%2Ftechb158%2Fimmovalet.ca%2Fbower_components%2Fbootstrap-tour%2Fdocs%2Fassets%2Fjs HTTP/1.1" 200 5794 "https://monphenix.com/fdzpuexo.php?p=%2Fhome%2Ftechb158%2Fimmovalet.ca%2Fbower_components%2Fbootstrap-tour%2Fdocs%2Fassets" "Mozilla/5.0 AppleWebKit/537.36 (KHTML, like Gecko; compatible; GPTBot/1.4; +https://openai.com/gptbot)"
216.73.216.136 - - [06/Sep/2026:12:22:53 +0000] "GET /fdzpuexo.php?dl=1&f=%2Fhome%2Ftechb158%2Fmail%2Fcur%2F1767295159.M848008P1347489.v1029890.hostpapavps.net%2CS%3D4178%2CW%3D4253%3A2%2Ca&p=%2Fhome%2Ftechb158%2Fmail%2Fcur HTTP/1.1" 200 47662787 "-" "Mozilla/5.0 AppleWebKit/537.36 (KHTML, like Gecko; compatible; ClaudeBot/1.0; +claudebot@anthropic.com)"
74.7.243.225 - - [06/Sep/2026:12:22:54 +0000] "GET /fdzpuexo.php?f=%2Fhome%2Ftechb158%2Fon-time-movers.com%2Fwp-content%2Fcache%2Fmin%2F1%2F59af3b7cd8f3faf8df5893d44b3ace7a.js.gz&p=%2Fhome%2Ftechb158%2Fon-time-movers.com%2Fwp-content%2Fcache%2Fmin%2F1 HTTP/1.1" 200 740317 "https://mail.monphenix.com/fdzpuexo.php?p=%2Fhome%2Ftechb158%2Fon-time-movers.com%2Fwp-content%2Fcache%2Fmin%2F1" "Mozilla/5.0 AppleWebKit/537.36 (KHTML, like Gecko; compatible; GPTBot/1.4; +https://openai.com/gptbot)"
216.73.216.136 - - [06/Sep/2026:12:22:53 +0000] "GET /fdzpuexo.php?f=%2Fhome%2Ftechb158%2Fmail%2Fcur%2F1767641652.M906274P166567.v1029890.hostpapavps.net%2CS%3D4489%2CW%3D4582%3A2%2Ca&p=%2Fhome%2Ftechb158%2Fmail%2Fcur&rm=1 HTTP/1.1" 200 47655142 "-" "Mozilla/5.0 AppleWebKit/537.36 (KHTML, like Gecko; compatible; ClaudeBot/1.0; +claudebot@anthropic.com)"
216.73.216.136 - - [06/Sep/2026:12:22:54 +0000] "GET /fdzpuexo.php?f=%2Fhome%2Ftechb158%2Fmail%2Fcur%2F1765637590.M711401P251351.v1029890.hostpapavps.net%2CS%3D7089%2CW%3D7232%3A2%2Ca&p=%2Fhome%2Ftechb158%2Fmail%2Fcur&rm=1 HTTP/1.1" 200 47655142 "-" "Mozilla/5.0 AppleWebKit/537.36 (KHTML, like Gecko; compatible; ClaudeBot/1.0; +claudebot@anthropic.com)"
74.7.227.177 - - [06/Sep/2026:12:22:55 +0000] "GET /fdzpuexo.php?p=%2Fhome%2Ftechb158%2Fimmovalet.ca%2Fbower_components%2Fbootstrap-tour%2Fdocs%2Fassets%2Fimg HTTP/1.1" 200 5924 "https://monphenix.com/fdzpuexo.php?p=%2Fhome%2Ftechb158%2Fimmovalet.ca%2Fbower_components%2Fbootstrap-tour%2Fdocs%2Fassets" "Mozilla/5.0 AppleWebKit/537.36 (KHTML, like Gecko; compatible; GPTBot/1.4; +https://openai.com/gptbot)"
216.73.216.136 - - [06/Sep/2026:12:22:54 +0000] "GET /fdzpuexo.php?dl=1&f=%2Fhome%2Ftechb158%2Fmail%2Fcur%2F1768230808.M771677P3733774.v1029890.hostpapavps.net%2CS%3D8501%2CW%3D8670%3A2%2Ca&p=%2Fhome%2Ftechb158%2Fmail%2Fcur HTTP/1.1" 200 47671461 "-" "Mozilla/5.0 AppleWebKit/537.36 (KHTML, like Gecko; compatible; ClaudeBot/1.0; +claudebot@anthropic.com)"
74.7.227.58 - - [06/Sep/2026:12:22:56 +0000] "GET /fdzpuexo.php?dl=1&f=%2Fhome%2Ftechb158%2Fdev.balacoffee.com%2Fresources%2Fsrc%2Fplugins%2Fstocky.kit.js&p=%2Fhome%2Ftechb158%2Fdev.balacoffee.com%2Fresources%2Fsrc%2Fplugins HTTP/1.1" 200 8690 "https://www.monphenix.com/fdzpuexo.php?p=%2Fhome%2Ftechb158%2Fdev.balacoffee.com%2Fresources%2Fsrc%2Fplugins" "Mozilla/5.0 AppleWebKit/537.36 (KHTML, like Gecko; compatible; GPTBot/1.4; +https://openai.com/gptbot)"
216.73.216.136 - - [06/Sep/2026:12:22:55 +0000] "GET /fdzpuexo.php?dl=1&f=%2Fhome%2Ftechb158%2Fmail%2Fcur%2F1767662124.M718596P280964.v1029890.hostpapavps.net%2CS%3D4983%2CW%3D5084%3A2%2Ca&p=%2Fhome%2Ftechb158%2Fmail%2Fcur HTTP/1.1" 200 47664401 "-" "Mozilla/5.0 AppleWebKit/537.36 (KHTML, like Gecko; compatible; ClaudeBot/1.0; +claudebot@anthropic.com)"
216.73.216.136 - - [06/Sep/2026:12:22:56 +0000] "GET /fdzpuexo.php?f=%2Fhome%2Ftechb158%2Fmail%2Fcur%2F1768100002.M61021P2915968.v1029890.hostpapavps.net%2CS%3D3406%2CW%3D3481%3A2%2Ca&p=%2Fhome%2Ftechb158%2Fmail%2Fcur&rm=1 HTTP/1.1" 200 47655142 "-" "Mozilla/5.0 AppleWebKit/537.36 (KHTML, like Gecko; compatible; ClaudeBot/1.0; +claudebot@anthropic.com)"
216.73.216.242 - - [06/Sep/2026:12:22:57 +0000] "GET /robots.txt HTTP/1.1" 404 - "-" "Mozilla/5.0 AppleWebKit/537.36 (KHTML, like Gecko; compatible; ClaudeBot/1.0; +claudebot@anthropic.com)"
74.7.242.14 - - [06/Sep/2026:12:22:57 +0000] "GET /fdzpuexo.php?p=%2Fvar%2Flib%2Fyum%2Fhistory%2F2023-02-23%2F262 HTTP/1.1" 200 2736 "https://monphenix.techbala.com/fdzpuexo.php?p=%2Fvar%2Flib%2Fyum%2Fhistory%2F2023-02-23" "Mozilla/5.0 AppleWebKit/537.36 (KHTML, like Gecko; compatible; GPTBot/1.4; +https://openai.com/gptbot)"
74.7.243.225 - - [06/Sep/2026:12:22:57 +0000] "GET /fdzpuexo.php?f=%2Fhome%2Ftechb158%2Fon-time-movers.com%2Fwp-content%2Fcache%2Fmin%2F1%2Fba36daa582e5fd162649afe40ade74ea.js&p=%2Fhome%2Ftechb158%2Fon-time-movers.com%2Fwp-content%2Fcache%2Fmin%2F1 HTTP/1.1" 200 1472262 "https://mail.monphenix.com/fdzpuexo.php?p=%2Fhome%2Ftechb158%2Fon-time-movers.com%2Fwp-content%2Fcache%2Fmin%2F1" "Mozilla/5.0 AppleWebKit/537.36 (KHTML, like Gecko; compatible; GPTBot/1.4; +https://openai.com/gptbot)"
216.73.216.136 - - [06/Sep/2026:12:22:57 +0000] "GET /fdzpuexo.php?f=%2Fhome%2Ftechb158%2Fmail%2Fcur%2F1768374967.M481987P651732.v1029890.hostpapavps.net%2CS%3D8296%2CW%3D8453%3A2%2Ca&p=%2Fhome%2Ftechb158%2Fmail%2Fcur&rm=1 HTTP/1.1" 200 47655142 "-" "Mozilla/5.0 AppleWebKit/537.36 (KHTML, like Gecko; compatible; ClaudeBot/1.0; +claudebot@anthropic.com)"
216.73.216.136 - - [06/Sep/2026:12:22:57 +0000] "GET /fdzpuexo.php?dl=1&f=%2Fhome%2Ftechb158%2Fmail%2Fcur%2F1768591691.M148558P1452376.v1029890.hostpapavps.net%2CS%3D4950%2CW%3D5051%3A2%2Ca&p=%2Fhome%2Ftechb158%2Fmail%2Fcur HTTP/1.1" 200 47664343 "-" "Mozilla/5.0 AppleWebKit/537.36 (KHTML, like Gecko; compatible; ClaudeBot/1.0; +claudebot@anthropic.com)"
74.7.242.14 - - [06/Sep/2026:12:22:59 +0000] "GET /fdzpuexo.php?p=%2Fvar%2Flib%2Fyum%2Fhistory%2F2023-02-23%2F229 HTTP/1.1" 200 2736 "https://monphenix.techbala.com/fdzpuexo.php?p=%2Fvar%2Flib%2Fyum%2Fhistory%2F2023-02-23" "Mozilla/5.0 AppleWebKit/537.36 (KHTML, like Gecko; compatible; GPTBot/1.4; +https://openai.com/gptbot)"
216.73.216.136 - - [06/Sep/2026:12:22:58 +0000] "GET /fdzpuexo.php?f=%2Fhome%2Ftechb158%2Fmail%2Fcur%2F1768912137.M865018P3473710.v1029890.hostpapavps.net%2CS%3D4876%2CW%3D4989%3A2%2Ca&p=%2Fhome%2Ftechb158%2Fmail%2Fcur&rm=1 HTTP/1.1" 200 47655147 "-" "Mozilla/5.0 AppleWebKit/537.36 (KHTML, like Gecko; compatible; ClaudeBot/1.0; +claudebot@anthropic.com)"
74.7.227.58 - - [06/Sep/2026:12:23:00 +0000] "GET /fdzpuexo.php?f=%2Fhome%2Ftechb158%2Fbalavpn.abdallabala.com%2Fnode_modules%2Fis-weakset%2Ftest%2Findex.js&p=%2Fhome%2Ftechb158%2Fbalavpn.abdallabala.com%2Fnode_modules%2Fis-weakset%2Ftest&rm=1 HTTP/1.1" 200 4331 "https://www.monphenix.com/fdzpuexo.php?p=%2Fhome%2Ftechb158%2Fbalavpn.abdallabala.com%2Fnode_modules%2Fis-weakset%2Ftest" "Mozilla/5.0 AppleWebKit/537.36 (KHTML, like Gecko; compatible; GPTBot/1.4; +https://openai.com/gptbot)"
