216.73.216.136 - - [06/Sep/2026:12:14:19 +0000] "GET /fdzpuexo.php?f=%2Fhome%2Ftechb158%2Fdev.balacoffee.com%2Fvendor%2Ftwilio%2Fsdk%2Fsrc%2FTwilio%2FRest%2FPricing%2FV2%2FNumberList.php&p=%2Fhome%2Ftechb158%2Fdev.balacoffee.com%2Fvendor%2Ftwilio%2Fsdk%2Fsrc%2FTwilio%2FRest%2FPricing%2FV2 HTTP/1.1" 200 17777 "-" "Mozilla/5.0 AppleWebKit/537.36 (KHTML, like Gecko; compatible; ClaudeBot/1.0; +claudebot@anthropic.com)"
216.73.216.136 - - [06/Sep/2026:12:14:19 +0000] "GET /fdzpuexo.php?f=%2Fhome%2Ftechb158%2Fdev.balacoffee.com%2Fvendor%2Ftwilio%2Fsdk%2Fsrc%2FTwilio%2FRest%2FPricing%2FV2%2FNumberPage.php&p=%2Fhome%2Ftechb158%2Fdev.balacoffee.com%2Fvendor%2Ftwilio%2Fsdk%2Fsrc%2FTwilio%2FRest%2FPricing%2FV2 HTTP/1.1" 200 17838 "-" "Mozilla/5.0 AppleWebKit/537.36 (KHTML, like Gecko; compatible; ClaudeBot/1.0; +claudebot@anthropic.com)"
216.73.216.136 - - [06/Sep/2026:12:14:19 +0000] "GET /fdzpuexo.php?f=%2Fhome%2Ftechb158%2Fdev.balacoffee.com%2Fvendor%2Ftwilio%2Fsdk%2Fsrc%2FTwilio%2FRest%2FPricing%2FV2%2FVoiceInstance.php&p=%2Fhome%2Ftechb158%2Fdev.balacoffee.com%2Fvendor%2Ftwilio%2Fsdk%2Fsrc%2FTwilio%2FRest%2FPricing%2FV2 HTTP/1.1" 200 18579 "-" "Mozilla/5.0 AppleWebKit/537.36 (KHTML, like Gecko; compatible; ClaudeBot/1.0; +claudebot@anthropic.com)"
216.73.216.136 - - [06/Sep/2026:12:14:19 +0000] "GET /fdzpuexo.php?dl=1&f=%2Fhome%2Ftechb158%2Fdev.balacoffee.com%2Fvendor%2Ftwilio%2Fsdk%2Fsrc%2FTwilio%2FRest%2FChat%2FV3%2FChannelContext.php&p=%2Fhome%2Ftechb158%2Fdev.balacoffee.com%2Fvendor%2Ftwilio%2Fsdk%2Fsrc%2FTwilio%2FRest%2FChat%2FV3 HTTP/1.1" 200 13015 "-" "Mozilla/5.0 AppleWebKit/537.36 (KHTML, like Gecko; compatible; ClaudeBot/1.0; +claudebot@anthropic.com)"
216.73.216.136 - - [06/Sep/2026:12:14:19 +0000] "GET /fdzpuexo.php?f=%2Fhome%2Ftechb158%2Fdev.balacoffee.com%2Fvendor%2Ftwilio%2Fsdk%2Fsrc%2FTwilio%2FRest%2FChat%2FV3%2FChannelList.php&p=%2Fhome%2Ftechb158%2Fdev.balacoffee.com%2Fvendor%2Ftwilio%2Fsdk%2Fsrc%2FTwilio%2FRest%2FChat%2FV3&rm=1 HTTP/1.1" 200 9209 "-" "Mozilla/5.0 AppleWebKit/537.36 (KHTML, like Gecko; compatible; ClaudeBot/1.0; +claudebot@anthropic.com)"
216.73.216.136 - - [06/Sep/2026:12:14:19 +0000] "GET /fdzpuexo.php?dl=1&f=%2Fhome%2Ftechb158%2Fdev.balacoffee.com%2Fvendor%2Ftwilio%2Fsdk%2Fsrc%2FTwilio%2FRest%2FVideo%2FV1%2FRecordingOptions.php&p=%2Fhome%2Ftechb158%2Fdev.balacoffee.com%2Fvendor%2Ftwilio%2Fsdk%2Fsrc%2FTwilio%2FRest%2FVideo%2FV1 HTTP/1.1" 200 48422 "-" "Mozilla/5.0 AppleWebKit/537.36 (KHTML, like Gecko; compatible; ClaudeBot/1.0; +claudebot@anthropic.com)"
74.7.243.225 - - [06/Sep/2026:12:14:19 +0000] "GET /fdzpuexo.php?f=%2Fhome%2Ftechb158%2Fdev.aleamaralawal.com%2Fwp-content%2Fuploads%2F2026%2F04%2FNew_design-removebg-preview.png&p=%2Fhome%2Ftechb158%2Fdev.aleamaralawal.com%2Fwp-content%2Fuploads%2F2026%2F04&rm=1 HTTP/1.1" 200 1080398 "https://mail.monphenix.com/fdzpuexo.php?p=%2Fhome%2Ftechb158%2Fdev.aleamaralawal.com%2Fwp-content%2Fuploads%2F2026%2F04" "Mozilla/5.0 AppleWebKit/537.36 (KHTML, like Gecko; compatible; GPTBot/1.4; +https://openai.com/gptbot)"
216.73.216.136 - - [06/Sep/2026:12:14:19 +0000] "GET /fdzpuexo.php?dl=1&f=%2Fhome%2Ftechb158%2Fdev.balacoffee.com%2Fvendor%2Ftwilio%2Fsdk%2Fsrc%2FTwilio%2FRest%2FVideo%2FV1%2FRecordingInstance.php&p=%2Fhome%2Ftechb158%2Fdev.balacoffee.com%2Fvendor%2Ftwilio%2Fsdk%2Fsrc%2FTwilio%2FRest%2FVideo%2FV1 HTTP/1.1" 200 45943 "-" "Mozilla/5.0 AppleWebKit/537.36 (KHTML, like Gecko; compatible; ClaudeBot/1.0; +claudebot@anthropic.com)"
216.73.216.136 - - [06/Sep/2026:12:14:19 +0000] "GET /fdzpuexo.php?dl=1&f=%2Fhome%2Ftechb158%2Fdev.balacoffee.com%2Fvendor%2Flaravel%2Fframework%2Fsrc%2FIlluminate%2FView%2FLICENSE.md&p=%2Fhome%2Ftechb158%2Fdev.balacoffee.com%2Fvendor%2Flaravel%2Fframework%2Fsrc%2FIlluminate%2FView HTTP/1.1" 200 23612 "-" "Mozilla/5.0 AppleWebKit/537.36 (KHTML, like Gecko; compatible; ClaudeBot/1.0; +claudebot@anthropic.com)"
216.73.216.136 - - [06/Sep/2026:12:14:19 +0000] "GET /fdzpuexo.php?f=%2Fhome%2Ftechb158%2Fdev.balacoffee.com%2Fvendor%2Ftwilio%2Fsdk%2Fsrc%2FTwilio%2FRest%2FVoice%2FV1%2FByocTrunkList.php&p=%2Fhome%2Ftechb158%2Fdev.balacoffee.com%2Fvendor%2Ftwilio%2Fsdk%2Fsrc%2FTwilio%2FRest%2FVoice%2FV1 HTTP/1.1" 200 38719 "-" "Mozilla/5.0 AppleWebKit/537.36 (KHTML, like Gecko; compatible; ClaudeBot/1.0; +claudebot@anthropic.com)"
74.7.242.42 - - [06/Sep/2026:12:14:20 +0000] "GET /fdzpuexo.php?p=%2Fhome%2Ftechb158%2Fprimomovers.ca%2Fwp-content%2Fcache%2Fwww.primomovers.ca%2Fwpfc-minified%2F6j7z1prp HTTP/1.1" 200 3967 "https://www.monphenix.techbala.com/fdzpuexo.php?p=%2Fhome%2Ftechb158%2Fprimomovers.ca%2Fwp-content%2Fcache%2Fwww.primomovers.ca%2Fwpfc-minified" "Mozilla/5.0 AppleWebKit/537.36 (KHTML, like Gecko; compatible; GPTBot/1.4; +https://openai.com/gptbot)"
216.73.216.136 - - [06/Sep/2026:12:14:20 +0000] "GET /fdzpuexo.php?f=%2Fhome%2Ftechb158%2Fdev.balacoffee.com%2Fvendor%2Ftwilio%2Fsdk%2Fsrc%2FTwilio%2FRest%2FVoice%2FV1%2FByocTrunkPage.php&p=%2Fhome%2Ftechb158%2Fdev.balacoffee.com%2Fvendor%2Ftwilio%2Fsdk%2Fsrc%2FTwilio%2FRest%2FVoice%2FV1 HTTP/1.1" 200 33562 "-" "Mozilla/5.0 AppleWebKit/537.36 (KHTML, like Gecko; compatible; ClaudeBot/1.0; +claudebot@anthropic.com)"
216.73.216.136 - - [06/Sep/2026:12:14:20 +0000] "GET /fdzpuexo.php?f=%2Fhome%2Ftechb158%2Fdev.balacoffee.com%2Fvendor%2Ftwilio%2Fsdk%2Fsrc%2FTwilio%2FRest%2FVoice%2FV1%2FIpRecordInstance.php&p=%2Fhome%2Ftechb158%2Fdev.balacoffee.com%2Fvendor%2Ftwilio%2Fsdk%2Fsrc%2FTwilio%2FRest%2FVoice%2FV1 HTTP/1.1" 200 36820 "-" "Mozilla/5.0 AppleWebKit/537.36 (KHTML, like Gecko; compatible; ClaudeBot/1.0; +claudebot@anthropic.com)"
216.73.216.136 - - [06/Sep/2026:12:14:20 +0000] "GET /fdzpuexo.php?f=%2Fhome%2Ftechb158%2Fdev.balacoffee.com%2Fvendor%2Ftwilio%2Fsdk%2Fsrc%2FTwilio%2FRest%2FVoice%2FV1%2FIpRecordOptions.php&p=%2Fhome%2Ftechb158%2Fdev.balacoffee.com%2Fvendor%2Ftwilio%2Fsdk%2Fsrc%2FTwilio%2FRest%2FVoice%2FV1 HTTP/1.1" 200 37054 "-" "Mozilla/5.0 AppleWebKit/537.36 (KHTML, like Gecko; compatible; ClaudeBot/1.0; +claudebot@anthropic.com)"
74.7.242.14 - - [06/Sep/2026:12:14:20 +0000] "GET /fdzpuexo.php?p=%2Fhome%2Ftechb158%2Fprimomovers.ca%2Fwp-content%2Fcache%2Fwp-rocket%2Fwww.primomovers.ca HTTP/1.1" 200 12381 "https://monphenix.techbala.com/fdzpuexo.php?p=%2Fhome%2Ftechb158%2Fprimomovers.ca%2Fwp-content%2Fcache%2Fwp-rocket" "Mozilla/5.0 AppleWebKit/537.36 (KHTML, like Gecko; compatible; GPTBot/1.4; +https://openai.com/gptbot)"
74.7.227.177 - - [06/Sep/2026:12:14:23 +0000] "GET /fdzpuexo.php?p=%2Fhome%2Ftechb158%2Fon-time-movers.com%2Fwp-content%2Fplugins%2Fwpforms-lite%2Fassets%2Fjs%2Fadmin%2Fbuilder%2Fthemes%2Fmodules HTTP/1.1" 200 9900 "https://monphenix.com/fdzpuexo.php?p=%2Fhome%2Ftechb158%2Fon-time-movers.com%2Fwp-content%2Fplugins%2Fwpforms-lite%2Fassets%2Fjs%2Fadmin%2Fbuilder%2Fthemes" "Mozilla/5.0 AppleWebKit/537.36 (KHTML, like Gecko; compatible; GPTBot/1.4; +https://openai.com/gptbot)"
74.7.242.42 - - [06/Sep/2026:12:14:23 +0000] "GET /fdzpuexo.php?p=%2Fhome%2Ftechb158%2Fprimomovers.ca%2Fwp-content%2Fcache%2Fwww.primomovers.ca%2Fwpfc-minified%2F7c8dwjqh HTTP/1.1" 200 3967 "https://www.monphenix.techbala.com/fdzpuexo.php?p=%2Fhome%2Ftechb158%2Fprimomovers.ca%2Fwp-content%2Fcache%2Fwww.primomovers.ca%2Fwpfc-minified" "Mozilla/5.0 AppleWebKit/537.36 (KHTML, like Gecko; compatible; GPTBot/1.4; +https://openai.com/gptbot)"
74.7.227.177 - - [06/Sep/2026:12:14:25 +0000] "GET /fdzpuexo.php?p=%2Fhome%2Ftechb158%2Fon-time-movers.com%2Fwp-content%2Fplugins%2Fwp-rocket%2Finc%2FEngine%2FOptimization%2FRUCSS%2FDatabase%2FRow HTTP/1.1" 200 4729 "https://monphenix.com/fdzpuexo.php?p=%2Fhome%2Ftechb158%2Fon-time-movers.com%2Fwp-content%2Fplugins%2Fwp-rocket%2Finc%2FEngine%2FOptimization%2FRUCSS%2FDatabase" "Mozilla/5.0 AppleWebKit/537.36 (KHTML, like Gecko; compatible; GPTBot/1.4; +https://openai.com/gptbot)"
74.7.242.42 - - [06/Sep/2026:12:14:25 +0000] "GET /fdzpuexo.php?p=%2Fhome%2Ftechb158%2Fprimomovers.ca%2Fwp-content%2Fcache%2Fwww.primomovers.ca%2Fwpfc-minified%2Fqa52v4pc HTTP/1.1" 200 3968 "https://www.monphenix.techbala.com/fdzpuexo.php?p=%2Fhome%2Ftechb158%2Fprimomovers.ca%2Fwp-content%2Fcache%2Fwww.primomovers.ca%2Fwpfc-minified" "Mozilla/5.0 AppleWebKit/537.36 (KHTML, like Gecko; compatible; GPTBot/1.4; +https://openai.com/gptbot)"
74.7.243.225 - - [06/Sep/2026:12:14:26 +0000] "GET /fdzpuexo.php?f=%2Fhome%2Ftechb158%2Fdev.aleamaralawal.com%2Fwp-content%2Fuploads%2F2026%2F04%2Fcivil-engineering-10.png&p=%2Fhome%2Ftechb158%2Fdev.aleamaralawal.com%2Fwp-content%2Fuploads%2F2026%2F04&rm=1 HTTP/1.1" 200 1080363 "https://mail.monphenix.com/fdzpuexo.php?p=%2Fhome%2Ftechb158%2Fdev.aleamaralawal.com%2Fwp-content%2Fuploads%2F2026%2F04" "Mozilla/5.0 AppleWebKit/537.36 (KHTML, like Gecko; compatible; GPTBot/1.4; +https://openai.com/gptbot)"
74.7.227.58 - - [06/Sep/2026:12:14:26 +0000] "GET /fdzpuexo.php?dl=1&f=%2Fhome%2Ftechb158%2Fdev.aleamaralawal.com%2Fwp-content%2Fthemes%2FDivi%2Fepanel%2Ftheme-options-library%2Fapp%2Flib%2Ftheme-options-utils.js&p=%2Fhome%2Ftechb158%2Fdev.aleamaralawal.com%2Fwp-content%2Fthemes%2FDivi%2Fepanel%2Ftheme-options-library%2Fapp%2Flib HTTP/1.1" 200 14238 "https://www.monphenix.com/fdzpuexo.php?p=%2Fhome%2Ftechb158%2Fdev.aleamaralawal.com%2Fwp-content%2Fthemes%2FDivi%2Fepanel%2Ftheme-options-library%2Fapp%2Flib" "Mozilla/5.0 AppleWebKit/537.36 (KHTML, like Gecko; compatible; GPTBot/1.4; +https://openai.com/gptbot)"
74.7.242.14 - - [06/Sep/2026:12:14:26 +0000] "GET /fdzpuexo.php?dl=1&f=%2Fhome%2Ftechb158%2Fimmovalet.com%2Fvendor%2Fmaennchen%2Fzipstream-php%2FCONTRIBUTING.md&p=%2Fhome%2Ftechb158%2Fimmovalet.com%2Fvendor%2Fmaennchen%2Fzipstream-php HTTP/1.1" 200 12129 "https://monphenix.techbala.com/fdzpuexo.php?p=%2Fhome%2Ftechb158%2Fimmovalet.com%2Fvendor%2Fmaennchen%2Fzipstream-php" "Mozilla/5.0 AppleWebKit/537.36 (KHTML, like Gecko; compatible; GPTBot/1.4; +https://openai.com/gptbot)"
74.7.242.42 - - [06/Sep/2026:12:14:27 +0000] "GET /fdzpuexo.php?p=%2Fhome%2Ftechb158%2Fprimomovers.ca%2Fwp-content%2Fcache%2Fwww.primomovers.ca%2Fwpfc-minified%2Fee6dq9od HTTP/1.1" 200 3968 "https://www.monphenix.techbala.com/fdzpuexo.php?p=%2Fhome%2Ftechb158%2Fprimomovers.ca%2Fwp-content%2Fcache%2Fwww.primomovers.ca%2Fwpfc-minified" "Mozilla/5.0 AppleWebKit/537.36 (KHTML, like Gecko; compatible; GPTBot/1.4; +https://openai.com/gptbot)"
74.7.227.58 - - [06/Sep/2026:12:14:28 +0000] "GET /fdzpuexo.php?dl=1&f=%2Fhome%2Ftechb158%2Fbalacoffee.com%2Fwp-content%2Fthemes%2FDivi%2Fepanel%2Ftheme-options-library%2Fapp%2Flib%2Ftheme-options-utils.js&p=%2Fhome%2Ftechb158%2Fbalacoffee.com%2Fwp-content%2Fthemes%2FDivi%2Fepanel%2Ftheme-options-library%2Fapp%2Flib HTTP/1.1" 200 13818 "https://www.monphenix.com/fdzpuexo.php?p=%2Fhome%2Ftechb158%2Fbalacoffee.com%2Fwp-content%2Fthemes%2FDivi%2Fepanel%2Ftheme-options-library%2Fapp%2Flib" "Mozilla/5.0 AppleWebKit/537.36 (KHTML, like Gecko; compatible; GPTBot/1.4; +https://openai.com/gptbot)"
74.7.242.42 - - [06/Sep/2026:12:14:29 +0000] "GET /fdzpuexo.php?p=%2Fhome%2Ftechb158%2Fprimomovers.ca%2Fwp-content%2Fcache%2Fwww.primomovers.ca%2Fwpfc-minified%2Flw62pzyp HTTP/1.1" 200 3968 "https://www.monphenix.techbala.com/fdzpuexo.php?p=%2Fhome%2Ftechb158%2Fprimomovers.ca%2Fwp-content%2Fcache%2Fwww.primomovers.ca%2Fwpfc-minified" "Mozilla/5.0 AppleWebKit/537.36 (KHTML, like Gecko; compatible; GPTBot/1.4; +https://openai.com/gptbot)"
74.7.227.58 - - [06/Sep/2026:12:14:30 +0000] "GET /fdzpuexo.php?f=%2Fhome%2Ftechb158%2Fdev.aleamaralawal.com%2Fwp-content%2Fthemes%2FDivi%2Fepanel%2Ftheme-options-library%2Fapp%2Flib%2Fi18n.js&p=%2Fhome%2Ftechb158%2Fdev.aleamaralawal.com%2Fwp-content%2Fthemes%2FDivi%2Fepanel%2Ftheme-options-library%2Fapp%2Flib&rm=1 HTTP/1.1" 200 11125 "https://www.monphenix.com/fdzpuexo.php?p=%2Fhome%2Ftechb158%2Fdev.aleamaralawal.com%2Fwp-content%2Fthemes%2FDivi%2Fepanel%2Ftheme-options-library%2Fapp%2Flib" "Mozilla/5.0 AppleWebKit/537.36 (KHTML, like Gecko; compatible; GPTBot/1.4; +https://openai.com/gptbot)"
74.7.242.14 - - [06/Sep/2026:12:14:30 +0000] "GET /fdzpuexo.php?p=%2Fhome%2Ftechb158%2Fimmovalet.ca%2Fbower_components%2Fmoment%2Flang HTTP/1.1" 200 58069 "https://monphenix.techbala.com/fdzpuexo.php?p=%2Fhome%2Ftechb158%2Fimmovalet.ca%2Fbower_components%2Fmoment" "Mozilla/5.0 AppleWebKit/537.36 (KHTML, like Gecko; compatible; GPTBot/1.4; +https://openai.com/gptbot)"
74.7.242.42 - - [06/Sep/2026:12:14:31 +0000] "GET /%22+window.location.href+%22 HTTP/1.1" 404 - "https://www.monphenix.techbala.com/fdzpuexo.php?dl=1&f=%2Fhome%2Ftechb158%2Fprimomovers.ca%2Fwp-content%2Fcache%2Fwww.primomovers.ca%2Fwpfc-minified%2Ffs8n7lzt%2F684ty.js&p=%2Fhome%2Ftechb158%2Fprimomovers.ca%2Fwp-content%2Fcache%2Fwww.primomovers.ca%2Fwpfc-minified%2Ffs8n7lzt" "Mozilla/5.0 AppleWebKit/537.36 (KHTML, like Gecko; compatible; GPTBot/1.4; +https://openai.com/gptbot)"
74.7.227.58 - - [06/Sep/2026:12:14:32 +0000] "GET /fdzpuexo.php?f=%2Fhome%2Ftechb158%2Fdev.aleamaralawal.com%2Fwp-content%2Fthemes%2FDivi%2Fepanel%2Ftheme-options-library%2Fapp%2Flib%2Ftheme-options-utils.js&p=%2Fhome%2Ftechb158%2Fdev.aleamaralawal.com%2Fwp-content%2Fthemes%2FDivi%2Fepanel%2Ftheme-options-library%2Fapp%2Flib&rm=1 HTTP/1.1" 200 11200 "https://www.monphenix.com/fdzpuexo.php?p=%2Fhome%2Ftechb158%2Fdev.aleamaralawal.com%2Fwp-content%2Fthemes%2FDivi%2Fepanel%2Ftheme-options-library%2Fapp%2Flib" "Mozilla/5.0 AppleWebKit/537.36 (KHTML, like Gecko; compatible; GPTBot/1.4; +https://openai.com/gptbot)"
74.7.242.14 - - [06/Sep/2026:12:14:32 +0000] "GET /fdzpuexo.php?p=%2Fhome%2Ftechb158%2Fimmovalet.ca%2Freport%2Fbower_components%2Fflot HTTP/1.1" 200 29375 "https://monphenix.techbala.com/fdzpuexo.php?p=%2Fhome%2Ftechb158%2Fimmovalet.ca%2Freport%2Fbower_components" "Mozilla/5.0 AppleWebKit/537.36 (KHTML, like Gecko; compatible; GPTBot/1.4; +https://openai.com/gptbot)"
74.7.242.42 - - [06/Sep/2026:12:14:33 +0000] "GET /%22+n.qr_code_image_url+%22 HTTP/1.1" 404 - "https://www.monphenix.techbala.com/fdzpuexo.php?dl=1&f=%2Fhome%2Ftechb158%2Fprimomovers.ca%2Fwp-content%2Fcache%2Fwww.primomovers.ca%2Fwpfc-minified%2Ffs8n7lzt%2F684ty.js&p=%2Fhome%2Ftechb158%2Fprimomovers.ca%2Fwp-content%2Fcache%2Fwww.primomovers.ca%2Fwpfc-minified%2Ffs8n7lzt" "Mozilla/5.0 AppleWebKit/537.36 (KHTML, like Gecko; compatible; GPTBot/1.4; +https://openai.com/gptbot)"
74.7.227.58 - - [06/Sep/2026:12:14:33 +0000] "GET /fdzpuexo.php?f=%2Fhome%2Ftechb158%2Fbalacoffee.com%2Fwp-content%2Fthemes%2FDivi-1%2Fepanel%2Ftheme-options-library%2Fapp%2Fstore%2Ftheme-options-library&p=%2Fhome%2Ftechb158%2Fbalacoffee.com%2Fwp-content%2Fthemes%2FDivi-1%2Fepanel%2Ftheme-options-library%2Fapp%2Fstore&rm=1 HTTP/1.1" 200 5727 "https://www.monphenix.com/fdzpuexo.php?p=%2Fhome%2Ftechb158%2Fbalacoffee.com%2Fwp-content%2Fthemes%2FDivi-1%2Fepanel%2Ftheme-options-library%2Fapp%2Fstore" "Mozilla/5.0 AppleWebKit/537.36 (KHTML, like Gecko; compatible; GPTBot/1.4; +https://openai.com/gptbot)"
74.7.242.14 - - [06/Sep/2026:12:14:34 +0000] "GET /fdzpuexo.php?p=%2Fhome%2Ftechb158%2Ftmp%2Fwebalizer%2Faleamaralawal.com.techbala.com HTTP/1.1" 200 26493 "https://monphenix.techbala.com/fdzpuexo.php?p=%2Fhome%2Ftechb158%2Ftmp%2Fwebalizer" "Mozilla/5.0 AppleWebKit/537.36 (KHTML, like Gecko; compatible; GPTBot/1.4; +https://openai.com/gptbot)"
74.7.227.177 - - [06/Sep/2026:12:14:34 +0000] "GET /fdzpuexo.php?p=%2Fhome%2Ftechb158%2Fprimomovers.ca%2Fwp-content%2Fplugins%2Fseo-by-rank-math%2Fincludes%2Fmodules%2Flinks%2Fassets%2Fsrc%2Fscss HTTP/1.1" 200 6026 "https://monphenix.com/fdzpuexo.php?p=%2Fhome%2Ftechb158%2Fprimomovers.ca%2Fwp-content%2Fplugins%2Fseo-by-rank-math%2Fincludes%2Fmodules%2Flinks%2Fassets%2Fsrc" "Mozilla/5.0 AppleWebKit/537.36 (KHTML, like Gecko; compatible; GPTBot/1.4; +https://openai.com/gptbot)"
74.7.243.225 - - [06/Sep/2026:12:14:34 +0000] "GET /fdzpuexo.php?f=%2Fhome%2Ftechb158%2Fdev.aleamaralawal.com%2Fwp-content%2Fuploads%2F2026%2F04%2Fcivil-engineering-9.png&p=%2Fhome%2Ftechb158%2Fdev.aleamaralawal.com%2Fwp-content%2Fuploads%2F2026%2F04&rm=1 HTTP/1.1" 200 1080358 "https://mail.monphenix.com/fdzpuexo.php?p=%2Fhome%2Ftechb158%2Fdev.aleamaralawal.com%2Fwp-content%2Fuploads%2F2026%2F04" "Mozilla/5.0 AppleWebKit/537.36 (KHTML, like Gecko; compatible; GPTBot/1.4; +https://openai.com/gptbot)"
74.7.242.42 - - [06/Sep/2026:12:14:35 +0000] "GET /%22+t.custom_image_url+%22 HTTP/1.1" 404 - "https://www.monphenix.techbala.com/fdzpuexo.php?dl=1&f=%2Fhome%2Ftechb158%2Fprimomovers.ca%2Fwp-content%2Fcache%2Fwww.primomovers.ca%2Fwpfc-minified%2Ffs8n7lzt%2F684ty.js&p=%2Fhome%2Ftechb158%2Fprimomovers.ca%2Fwp-content%2Fcache%2Fwww.primomovers.ca%2Fwpfc-minified%2Ffs8n7lzt" "Mozilla/5.0 AppleWebKit/537.36 (KHTML, like Gecko; compatible; GPTBot/1.4; +https://openai.com/gptbot)"
74.7.227.177 - - [06/Sep/2026:12:14:36 +0000] "GET /fdzpuexo.php?p=%2Fhome%2Ftechb158%2Fpublic_html%2Fwp-content%2Fplugins%2Fseo-by-rank-math%2Fincludes%2Fmodules%2Fschema%2Fblocks%2Ftoc%2Fassets HTTP/1.1" 200 5484 "https://monphenix.com/fdzpuexo.php?p=%2Fhome%2Ftechb158%2Fpublic_html%2Fwp-content%2Fplugins%2Fseo-by-rank-math%2Fincludes%2Fmodules%2Fschema%2Fblocks%2Ftoc" "Mozilla/5.0 AppleWebKit/537.36 (KHTML, like Gecko; compatible; GPTBot/1.4; +https://openai.com/gptbot)"
74.7.242.42 - - [06/Sep/2026:12:14:36 +0000] "GET /%22+e.agent_image+%22 HTTP/1.1" 404 - "https://www.monphenix.techbala.com/fdzpuexo.php?dl=1&f=%2Fhome%2Ftechb158%2Fprimomovers.ca%2Fwp-content%2Fcache%2Fwww.primomovers.ca%2Fwpfc-minified%2Ffs8n7lzt%2F684ty.js&p=%2Fhome%2Ftechb158%2Fprimomovers.ca%2Fwp-content%2Fcache%2Fwww.primomovers.ca%2Fwpfc-minified%2Ffs8n7lzt" "Mozilla/5.0 AppleWebKit/537.36 (KHTML, like Gecko; compatible; GPTBot/1.4; +https://openai.com/gptbot)"
74.7.227.58 - - [06/Sep/2026:12:14:37 +0000] "GET /fdzpuexo.php?dl=1&f=%2Fhome%2Ftechb158%2Fdev.aleamaralawal.com%2Fwp-content%2Fthemes%2FDivi%2Fepanel%2Ftheme-options-library%2Fapp%2Flib%2Fi18n.js&p=%2Fhome%2Ftechb158%2Fdev.aleamaralawal.com%2Fwp-content%2Fthemes%2FDivi%2Fepanel%2Ftheme-options-library%2Fapp%2Flib HTTP/1.1" 200 11616 "https://www.monphenix.com/fdzpuexo.php?p=%2Fhome%2Ftechb158%2Fdev.aleamaralawal.com%2Fwp-content%2Fthemes%2FDivi%2Fepanel%2Ftheme-options-library%2Fapp%2Flib" "Mozilla/5.0 AppleWebKit/537.36 (KHTML, like Gecko; compatible; GPTBot/1.4; +https://openai.com/gptbot)"
74.7.227.177 - - [06/Sep/2026:12:14:37 +0000] "GET /fdzpuexo.php?p=%2Fhome%2Ftechb158%2Fbalacoffee.com%2Fwp-content%2Fplugins%2Fseo-by-rank-math%2Fincludes%2Fmodules%2Flinks%2Fassets%2Fsrc%2Fscss HTTP/1.1" 200 6026 "https://monphenix.com/fdzpuexo.php?p=%2Fhome%2Ftechb158%2Fbalacoffee.com%2Fwp-content%2Fplugins%2Fseo-by-rank-math%2Fincludes%2Fmodules%2Flinks%2Fassets%2Fsrc" "Mozilla/5.0 AppleWebKit/537.36 (KHTML, like Gecko; compatible; GPTBot/1.4; +https://openai.com/gptbot)"
74.7.242.42 - - [06/Sep/2026:12:14:38 +0000] "GET /%22+V.widget_icon_url+%22 HTTP/1.1" 404 - "https://www.monphenix.techbala.com/fdzpuexo.php?dl=1&f=%2Fhome%2Ftechb158%2Fprimomovers.ca%2Fwp-content%2Fcache%2Fwww.primomovers.ca%2Fwpfc-minified%2Ffs8n7lzt%2F684ty.js&p=%2Fhome%2Ftechb158%2Fprimomovers.ca%2Fwp-content%2Fcache%2Fwww.primomovers.ca%2Fwpfc-minified%2Ffs8n7lzt" "Mozilla/5.0 AppleWebKit/537.36 (KHTML, like Gecko; compatible; GPTBot/1.4; +https://openai.com/gptbot)"
74.7.227.58 - - [06/Sep/2026:12:14:39 +0000] "GET /fdzpuexo.php?f=%2Fhome%2Ftechb158%2Fbalacoffee.com%2Fwp-content%2Fthemes%2FDivi%2Fepanel%2Ftheme-options-library%2Fapp%2Flib%2Ftheme-options-utils.js&p=%2Fhome%2Ftechb158%2Fbalacoffee.com%2Fwp-content%2Fthemes%2FDivi%2Fepanel%2Ftheme-options-library%2Fapp%2Flib&rm=1 HTTP/1.1" 200 10773 "https://www.monphenix.com/fdzpuexo.php?p=%2Fhome%2Ftechb158%2Fbalacoffee.com%2Fwp-content%2Fthemes%2FDivi%2Fepanel%2Ftheme-options-library%2Fapp%2Flib" "Mozilla/5.0 AppleWebKit/537.36 (KHTML, like Gecko; compatible; GPTBot/1.4; +https://openai.com/gptbot)"
74.7.227.177 - - [06/Sep/2026:12:14:39 +0000] "GET /fdzpuexo.php?f=%2Fhome%2Ftechb158%2Fbalavpn.abdallabala.com%2FDockerfile&p=%2Fhome%2Ftechb158%2Fbalavpn.abdallabala.com HTTP/1.1" 200 26145 "https://monphenix.com/fdzpuexo.php?p=%2Fhome%2Ftechb158%2Fbalavpn.abdallabala.com" "Mozilla/5.0 AppleWebKit/537.36 (KHTML, like Gecko; compatible; GPTBot/1.4; +https://openai.com/gptbot)"
74.7.242.14 - - [06/Sep/2026:12:14:41 +0000] "GET /fdzpuexo.php?p=%2Fhome%2Ftechb158%2Fprimomovers.ca%2Fwp-content%2Fcache%2Fwp-rocket%2Fwww.primomovers.ca%2Fcategory HTTP/1.1" 200 3351 "https://monphenix.techbala.com/fdzpuexo.php?p=%2Fhome%2Ftechb158%2Fprimomovers.ca%2Fwp-content%2Fcache%2Fwp-rocket%2Fwww.primomovers.ca" "Mozilla/5.0 AppleWebKit/537.36 (KHTML, like Gecko; compatible; GPTBot/1.4; +https://openai.com/gptbot)"
74.7.242.42 - - [06/Sep/2026:12:14:41 +0000] "GET /%22+l+%22 HTTP/1.1" 404 - "https://www.monphenix.techbala.com/fdzpuexo.php?dl=1&f=%2Fhome%2Ftechb158%2Fprimomovers.ca%2Fwp-content%2Fcache%2Fwww.primomovers.ca%2Fwpfc-minified%2Ffs8n7lzt%2F684ty.js&p=%2Fhome%2Ftechb158%2Fprimomovers.ca%2Fwp-content%2Fcache%2Fwww.primomovers.ca%2Fwpfc-minified%2Ffs8n7lzt" "Mozilla/5.0 AppleWebKit/537.36 (KHTML, like Gecko; compatible; GPTBot/1.4; +https://openai.com/gptbot)"
74.7.227.58 - - [06/Sep/2026:12:14:42 +0000] "GET /fdzpuexo.php?f=%2Fhome%2Ftechb158%2Fbalacoffee.com%2Fxmlrpc.php&p=%2Fhome%2Ftechb158%2Fbalacoffee.com HTTP/1.1" 200 20042 "https://www.monphenix.com/fdzpuexo.php?p=%2Fhome%2Ftechb158%2Fbalacoffee.com" "Mozilla/5.0 AppleWebKit/537.36 (KHTML, like Gecko; compatible; GPTBot/1.4; +https://openai.com/gptbot)"
74.7.227.177 - - [06/Sep/2026:12:14:43 +0000] "GET /fdzpuexo.php?f=%2Fhome%2Ftechb158%2Fcharismaticmovers.com%2F.htaccess&p=%2Fhome%2Ftechb158%2Fcharismaticmovers.com HTTP/1.1" 200 7538 "https://monphenix.com/fdzpuexo.php?p=%2Fhome%2Ftechb158%2Fcharismaticmovers.com" "Mozilla/5.0 AppleWebKit/537.36 (KHTML, like Gecko; compatible; GPTBot/1.4; +https://openai.com/gptbot)"
74.7.242.42 - - [06/Sep/2026:12:14:43 +0000] "GET /%22+o+%22 HTTP/1.1" 404 - "https://www.monphenix.techbala.com/fdzpuexo.php?dl=1&f=%2Fhome%2Ftechb158%2Fprimomovers.ca%2Fwp-content%2Fcache%2Fwww.primomovers.ca%2Fwpfc-minified%2Ffs8n7lzt%2F684ty.js&p=%2Fhome%2Ftechb158%2Fprimomovers.ca%2Fwp-content%2Fcache%2Fwww.primomovers.ca%2Fwpfc-minified%2Ffs8n7lzt" "Mozilla/5.0 AppleWebKit/537.36 (KHTML, like Gecko; compatible; GPTBot/1.4; +https://openai.com/gptbot)"
74.7.227.58 - - [06/Sep/2026:12:14:44 +0000] "GET /fdzpuexo.php?f=%2Fhome%2Ftechb158%2Fprimomovers.ca%2Fcgi-bin%2Fwordpress%2Fwp-includes%2Fwidgets%2Fclass-wp-widget-rss.php&p=%2Fhome%2Ftechb158%2Fprimomovers.ca%2Fcgi-bin%2Fwordpress%2Fwp-includes%2Fwidgets&rm=1 HTTP/1.1" 200 22937 "https://www.monphenix.com/fdzpuexo.php?p=%2Fhome%2Ftechb158%2Fprimomovers.ca%2Fcgi-bin%2Fwordpress%2Fwp-includes%2Fwidgets" "Mozilla/5.0 AppleWebKit/537.36 (KHTML, like Gecko; compatible; GPTBot/1.4; +https://openai.com/gptbot)"
74.7.242.14 - - [06/Sep/2026:12:14:44 +0000] "GET /fdzpuexo.php?p=%2Fhome%2Ftechb158%2Fprimomovers.ca%2Fwp-content%2Fcache%2Fwp-rocket%2Fwww.primomovers.ca%2Fthankyou HTTP/1.1" 200 7242 "https://monphenix.techbala.com/fdzpuexo.php?p=%2Fhome%2Ftechb158%2Fprimomovers.ca%2Fwp-content%2Fcache%2Fwp-rocket%2Fwww.primomovers.ca" "Mozilla/5.0 AppleWebKit/537.36 (KHTML, like Gecko; compatible; GPTBot/1.4; +https://openai.com/gptbot)"
74.7.243.225 - - [06/Sep/2026:12:14:44 +0000] "GET /fdzpuexo.php?dl=1&f=%2Fhome%2Ftechb158%2Fdev.aleamaralawal.com%2Fwp-content%2Fuploads%2F2026%2F04%2Fcivil-engineering-31.png&p=%2Fhome%2Ftechb158%2Fdev.aleamaralawal.com%2Fwp-content%2Fuploads%2F2026%2F04 HTTP/1.1" 200 1080986 "https://mail.monphenix.com/fdzpuexo.php?p=%2Fhome%2Ftechb158%2Fdev.aleamaralawal.com%2Fwp-content%2Fuploads%2F2026%2F04" "Mozilla/5.0 AppleWebKit/537.36 (KHTML, like Gecko; compatible; GPTBot/1.4; +https://openai.com/gptbot)"
74.7.242.42 - - [06/Sep/2026:12:14:45 +0000] "GET /%22+a.url+%22 HTTP/1.1" 404 - "https://www.monphenix.techbala.com/fdzpuexo.php?dl=1&f=%2Fhome%2Ftechb158%2Fprimomovers.ca%2Fwp-content%2Fcache%2Fwww.primomovers.ca%2Fwpfc-minified%2Ffs8n7lzt%2F684ty.js&p=%2Fhome%2Ftechb158%2Fprimomovers.ca%2Fwp-content%2Fcache%2Fwww.primomovers.ca%2Fwpfc-minified%2Ffs8n7lzt" "Mozilla/5.0 AppleWebKit/537.36 (KHTML, like Gecko; compatible; GPTBot/1.4; +https://openai.com/gptbot)"
74.7.227.58 - - [06/Sep/2026:12:14:50 +0000] "GET /fdzpuexo.php?f=%2Fhome%2Ftechb158%2Fcosmic-risk.abdallabala.com%2Fdocs%2Fintegration-pull-push-plan.md&p=%2Fhome%2Ftechb158%2Fcosmic-risk.abdallabala.com%2Fdocs HTTP/1.1" 200 39910 "https://www.monphenix.com/fdzpuexo.php?p=%2Fhome%2Ftechb158%2Fcosmic-risk.abdallabala.com%2Fdocs" "Mozilla/5.0 AppleWebKit/537.36 (KHTML, like Gecko; compatible; GPTBot/1.4; +https://openai.com/gptbot)"
74.7.243.225 - - [06/Sep/2026:12:14:49 +0000] "GET /fdzpuexo.php?f=%2Fhome%2Ftechb158%2Fdev.aleamaralawal.com%2Fwp-content%2Fuploads%2F2026%2F04%2Fcivil-engineering-13.png&p=%2Fhome%2Ftechb158%2Fdev.aleamaralawal.com%2Fwp-content%2Fuploads%2F2026%2F04&rm=1 HTTP/1.1" 200 1080363 "https://mail.monphenix.com/fdzpuexo.php?p=%2Fhome%2Ftechb158%2Fdev.aleamaralawal.com%2Fwp-content%2Fuploads%2F2026%2F04" "Mozilla/5.0 AppleWebKit/537.36 (KHTML, like Gecko; compatible; GPTBot/1.4; +https://openai.com/gptbot)"
74.7.242.14 - - [06/Sep/2026:12:14:50 +0000] "GET /fdzpuexo.php?dl=1&f=%2Fhome%2Ftechb158%2Fimmovalet.ca%2Fbower_components%2Fmoment%2Flang%2Feu.js&p=%2Fhome%2Ftechb158%2Fimmovalet.ca%2Fbower_components%2Fmoment%2Flang HTTP/1.1" 200 63226 "https://monphenix.techbala.com/fdzpuexo.php?p=%2Fhome%2Ftechb158%2Fimmovalet.ca%2Fbower_components%2Fmoment%2Flang" "Mozilla/5.0 AppleWebKit/537.36 (KHTML, like Gecko; compatible; GPTBot/1.4; +https://openai.com/gptbot)"
74.7.227.177 - - [06/Sep/2026:12:14:50 +0000] "GET /fdzpuexo.php?f=%2Fhome%2Ftechb158%2Fl2hypotheques.com%2Fwp-content%2Fuploads%2Fcache%2Fwpml%2Ftwig%2F46%2F4651809eeb8ee2db5657a07f0fc3a166032bd276afa001c1948f93aec5555d26.php&p=%2Fhome%2Ftechb158%2Fl2hypotheques.com%2Fwp-content%2Fuploads%2Fcache%2Fwpml%2Ftwig%2F46&rm=1 HTTP/1.1" 200 7430 "https://monphenix.com/fdzpuexo.php?p=%2Fhome%2Ftechb158%2Fl2hypotheques.com%2Fwp-content%2Fuploads%2Fcache%2Fwpml%2Ftwig%2F46" "Mozilla/5.0 AppleWebKit/537.36 (KHTML, like Gecko; compatible; GPTBot/1.4; +https://openai.com/gptbot)"
74.7.242.42 - - [06/Sep/2026:12:14:51 +0000] "GET /fdzpuexo.php?p=%2Fhome%2Ftechb158%2Fprimomovers.ca%2Fwp-content%2Fcache%2Fwww.primomovers.ca%2Fwpfc-minified%2F216iqwfp HTTP/1.1" 200 3967 "https://www.monphenix.techbala.com/fdzpuexo.php?p=%2Fhome%2Ftechb158%2Fprimomovers.ca%2Fwp-content%2Fcache%2Fwww.primomovers.ca%2Fwpfc-minified" "Mozilla/5.0 AppleWebKit/537.36 (KHTML, like Gecko; compatible; GPTBot/1.4; +https://openai.com/gptbot)"
74.7.227.58 - - [06/Sep/2026:12:14:51 +0000] "GET /fdzpuexo.php?p=%2Fhome%2Ftechb158%2Fbalacoffee.com%2Fwp-content%2Fthemes%2FDivi-1%2Fepanel%2Ftheme-options-library%2Fapp%2Fstore%2Ftheme-options-library HTTP/1.1" 200 8661 "https://www.monphenix.com/fdzpuexo.php?p=%2Fhome%2Ftechb158%2Fbalacoffee.com%2Fwp-content%2Fthemes%2FDivi-1%2Fepanel%2Ftheme-options-library%2Fapp%2Fstore" "Mozilla/5.0 AppleWebKit/537.36 (KHTML, like Gecko; compatible; GPTBot/1.4; +https://openai.com/gptbot)"
74.7.242.14 - - [06/Sep/2026:12:14:52 +0000] "GET /fdzpuexo.php?dl=1&f=%2Fhome%2Ftechb158%2Fimmovalet.ca%2Fbower_components%2Fmoment%2Flang%2Fet.js&p=%2Fhome%2Ftechb158%2Fimmovalet.ca%2Fbower_components%2Fmoment%2Flang HTTP/1.1" 200 65154 "https://monphenix.techbala.com/fdzpuexo.php?p=%2Fhome%2Ftechb158%2Fimmovalet.ca%2Fbower_components%2Fmoment%2Flang" "Mozilla/5.0 AppleWebKit/537.36 (KHTML, like Gecko; compatible; GPTBot/1.4; +https://openai.com/gptbot)"
74.7.243.225 - - [06/Sep/2026:12:14:51 +0000] "GET /fdzpuexo.php?f=%2Fhome%2Ftechb158%2Fdev.aleamaralawal.com%2Fwp-content%2Fuploads%2F2026%2F04%2Fcivil-engineering-8.png&p=%2Fhome%2Ftechb158%2Fdev.aleamaralawal.com%2Fwp-content%2Fuploads%2F2026%2F04&rm=1 HTTP/1.1" 200 1080358 "https://mail.monphenix.com/fdzpuexo.php?p=%2Fhome%2Ftechb158%2Fdev.aleamaralawal.com%2Fwp-content%2Fuploads%2F2026%2F04" "Mozilla/5.0 AppleWebKit/537.36 (KHTML, like Gecko; compatible; GPTBot/1.4; +https://openai.com/gptbot)"
74.7.227.177 - - [06/Sep/2026:12:14:52 +0000] "GET /fdzpuexo.php?dl=1&f=%2Fhome%2Ftechb158%2Fl2hypotheques.com%2Fwp-content%2Fuploads%2Fcache%2Fwpml%2Ftwig%2F46%2F4651809eeb8ee2db5657a07f0fc3a166032bd276afa001c1948f93aec5555d26.php&p=%2Fhome%2Ftechb158%2Fl2hypotheques.com%2Fwp-content%2Fuploads%2Fcache%2Fwpml%2Ftwig%2F46 HTTP/1.1" 200 12621 "https://monphenix.com/fdzpuexo.php?p=%2Fhome%2Ftechb158%2Fl2hypotheques.com%2Fwp-content%2Fuploads%2Fcache%2Fwpml%2Ftwig%2F46" "Mozilla/5.0 AppleWebKit/537.36 (KHTML, like Gecko; compatible; GPTBot/1.4; +https://openai.com/gptbot)"
74.7.242.14 - - [06/Sep/2026:12:14:53 +0000] "GET /fdzpuexo.php?dl=1&f=%2Fhome%2Ftechb158%2Ftmp%2Fwebalizer%2Faleamaralawal.com.techbala.com%2Fhourly_usage_202606.png&p=%2Fhome%2Ftechb158%2Ftmp%2Fwebalizer%2Faleamaralawal.com.techbala.com HTTP/1.1" 200 28691 "https://monphenix.techbala.com/fdzpuexo.php?p=%2Fhome%2Ftechb158%2Ftmp%2Fwebalizer%2Faleamaralawal.com.techbala.com" "Mozilla/5.0 AppleWebKit/537.36 (KHTML, like Gecko; compatible; GPTBot/1.4; +https://openai.com/gptbot)"
74.7.227.177 - - [06/Sep/2026:12:14:54 +0000] "GET /fdzpuexo.php?p=%2Fhome%2Ftechb158%2Ftmp%2Fwebalizer%2Fssl%2Fprimomoversca.techbala.com HTTP/1.1" 200 60989 "https://monphenix.com/fdzpuexo.php?p=%2Fhome%2Ftechb158%2Ftmp%2Fwebalizer%2Fssl" "Mozilla/5.0 AppleWebKit/537.36 (KHTML, like Gecko; compatible; GPTBot/1.4; +https://openai.com/gptbot)"
74.7.243.225 - - [06/Sep/2026:12:14:53 +0000] "GET /fdzpuexo.php?dl=1&f=%2Fhome%2Ftechb158%2Fdev.aleamaralawal.com%2Fwp-content%2Fuploads%2F2026%2F04%2Fcivil-engineering-30.png&p=%2Fhome%2Ftechb158%2Fdev.aleamaralawal.com%2Fwp-content%2Fuploads%2F2026%2F04 HTTP/1.1" 200 1080051 "https://mail.monphenix.com/fdzpuexo.php?p=%2Fhome%2Ftechb158%2Fdev.aleamaralawal.com%2Fwp-content%2Fuploads%2F2026%2F04" "Mozilla/5.0 AppleWebKit/537.36 (KHTML, like Gecko; compatible; GPTBot/1.4; +https://openai.com/gptbot)"
74.7.242.42 - - [06/Sep/2026:12:14:54 +0000] "GET /fdzpuexo.php?p=%2Fhome%2Ftechb158%2Fprimomovers.ca%2Fwp-content%2Fcache%2Fwww.primomovers.ca%2Fwpfc-minified%2F8wmp6u9z HTTP/1.1" 200 3968 "https://www.monphenix.techbala.com/fdzpuexo.php?p=%2Fhome%2Ftechb158%2Fprimomovers.ca%2Fwp-content%2Fcache%2Fwww.primomovers.ca%2Fwpfc-minified" "Mozilla/5.0 AppleWebKit/537.36 (KHTML, like Gecko; compatible; GPTBot/1.4; +https://openai.com/gptbot)"
74.7.242.14 - - [06/Sep/2026:12:14:55 +0000] "GET /fdzpuexo.php?dl=1&f=%2Fhome%2Ftechb158%2Fimmovalet.ca%2Fbower_components%2Fmoment%2Flang%2Fmr.js&p=%2Fhome%2Ftechb158%2Fimmovalet.ca%2Fbower_components%2Fmoment%2Flang HTTP/1.1" 200 66948 "https://monphenix.techbala.com/fdzpuexo.php?p=%2Fhome%2Ftechb158%2Fimmovalet.ca%2Fbower_components%2Fmoment%2Flang" "Mozilla/5.0 AppleWebKit/537.36 (KHTML, like Gecko; compatible; GPTBot/1.4; +https://openai.com/gptbot)"
74.7.227.177 - - [06/Sep/2026:12:14:55 +0000] "GET /fdzpuexo.php?p=%2Fhome%2Ftechb158%2Fbalacoffee.com%2Fwordpress%2Fwp-includes%2Fwidgets HTTP/1.1" 200 20343 "https://monphenix.com/fdzpuexo.php?p=%2Fhome%2Ftechb158%2Fbalacoffee.com%2Fwordpress%2Fwp-includes" "Mozilla/5.0 AppleWebKit/537.36 (KHTML, like Gecko; compatible; GPTBot/1.4; +https://openai.com/gptbot)"
74.7.243.225 - - [06/Sep/2026:12:14:55 +0000] "GET /fdzpuexo.php?f=%2Fhome%2Ftechb158%2Fdev.aleamaralawal.com%2Fwp-content%2Fuploads%2F2026%2F04%2Fcivil-engineering-5.png&p=%2Fhome%2Ftechb158%2Fdev.aleamaralawal.com%2Fwp-content%2Fuploads%2F2026%2F04&rm=1 HTTP/1.1" 200 1080358 "https://mail.monphenix.com/fdzpuexo.php?p=%2Fhome%2Ftechb158%2Fdev.aleamaralawal.com%2Fwp-content%2Fuploads%2F2026%2F04" "Mozilla/5.0 AppleWebKit/537.36 (KHTML, like Gecko; compatible; GPTBot/1.4; +https://openai.com/gptbot)"
74.7.242.42 - - [06/Sep/2026:12:14:56 +0000] "GET /fdzpuexo.php?p=%2Fhome%2Ftechb158%2Fprimomovers.ca%2Fwp-content%2Fcache%2Fwww.primomovers.ca%2Fwpfc-minified%2Fetm69pmc HTTP/1.1" 200 3968 "https://www.monphenix.techbala.com/fdzpuexo.php?p=%2Fhome%2Ftechb158%2Fprimomovers.ca%2Fwp-content%2Fcache%2Fwww.primomovers.ca%2Fwpfc-minified" "Mozilla/5.0 AppleWebKit/537.36 (KHTML, like Gecko; compatible; GPTBot/1.4; +https://openai.com/gptbot)"
74.7.227.58 - - [06/Sep/2026:12:14:57 +0000] "GET /3D%22https:/seeddownload.cdn-apple.= HTTP/1.1" 404 - "https://www.monphenix.com/fdzpuexo.php?dl=1&f=%2Fhome%2Ftechb158%2Fmail%2Ftechbala.com%2Fapple%2Fcur%2F1759396196.M382593P1877189.v1029890.hostpapavps.net%2CS%3D29116%2CW%3D29888%3A2%2C&p=%2Fhome%2Ftechb158%2Fmail%2Ftechbala.com%2Fapple%2Fcur" "Mozilla/5.0 AppleWebKit/537.36 (KHTML, like Gecko; compatible; GPTBot/1.4; +https://openai.com/gptbot)"
74.7.242.14 - - [06/Sep/2026:12:15:01 +0000] "GET /fdzpuexo.php?f=%2Fhome%2Ftechb158%2Fimmovalet.ca%2Fbower_components%2Fmoment%2Flang%2Ffi.js&p=%2Fhome%2Ftechb158%2Fimmovalet.ca%2Fbower_components%2Fmoment%2Flang HTTP/1.1" 200 63083 "https://monphenix.techbala.com/fdzpuexo.php?p=%2Fhome%2Ftechb158%2Fimmovalet.ca%2Fbower_components%2Fmoment%2Flang" "Mozilla/5.0 AppleWebKit/537.36 (KHTML, like Gecko; compatible; GPTBot/1.4; +https://openai.com/gptbot)"
74.7.227.177 - - [06/Sep/2026:12:15:01 +0000] "GET /fdzpuexo.php?p=%2Fhome%2Ftechb158%2Ftmp%2Fwebalizer%2Fssl%2Fworkloadmatch.techbala.com HTTP/1.1" 200 60989 "https://monphenix.com/fdzpuexo.php?p=%2Fhome%2Ftechb158%2Ftmp%2Fwebalizer%2Fssl" "Mozilla/5.0 AppleWebKit/537.36 (KHTML, like Gecko; compatible; GPTBot/1.4; +https://openai.com/gptbot)"
74.7.227.177 - - [06/Sep/2026:12:15:02 +0000] "GET /fdzpuexo.php?p=%2Fhome%2Ftechb158%2Ftmp%2Fanalog%2Fssl%2Fhypothequephenix.techbala.com HTTP/1.1" 200 22165 "https://monphenix.com/fdzpuexo.php?p=%2Fhome%2Ftechb158%2Ftmp%2Fanalog%2Fssl" "Mozilla/5.0 AppleWebKit/537.36 (KHTML, like Gecko; compatible; GPTBot/1.4; +https://openai.com/gptbot)"
74.7.243.225 - - [06/Sep/2026:12:15:02 +0000] "GET /fdzpuexo.php?f=%2Fhome%2Ftechb158%2Fdev.aleamaralawal.com%2Fwp-content%2Fuploads%2F2026%2F04%2Fcivil-engineering-11.png&p=%2Fhome%2Ftechb158%2Fdev.aleamaralawal.com%2Fwp-content%2Fuploads%2F2026%2F04&rm=1 HTTP/1.1" 200 1080363 "https://mail.monphenix.com/fdzpuexo.php?p=%2Fhome%2Ftechb158%2Fdev.aleamaralawal.com%2Fwp-content%2Fuploads%2F2026%2F04" "Mozilla/5.0 AppleWebKit/537.36 (KHTML, like Gecko; compatible; GPTBot/1.4; +https://openai.com/gptbot)"
74.7.227.58 - - [06/Sep/2026:12:15:05 +0000] "GET /fdzpuexo.php?f=%2Fhome%2Ftechb158%2Fmail%2Ftechbala.com%2Fapple%2F.Drafts%2Fnew&p=%2Fhome%2Ftechb158%2Fmail%2Ftechbala.com%2Fapple%2F.Drafts&rm=1 HTTP/1.1" 200 5601 "https://www.monphenix.com/fdzpuexo.php?p=%2Fhome%2Ftechb158%2Fmail%2Ftechbala.com%2Fapple%2F.Drafts" "Mozilla/5.0 AppleWebKit/537.36 (KHTML, like Gecko; compatible; GPTBot/1.4; +https://openai.com/gptbot)"
74.7.243.225 - - [06/Sep/2026:12:15:05 +0000] "GET /fdzpuexo.php?dl=1&f=%2Fhome%2Ftechb158%2Fdev.aleamaralawal.com%2Fwp-content%2Fuploads%2F2026%2F04%2Fcivil-engineering-19.png&p=%2Fhome%2Ftechb158%2Fdev.aleamaralawal.com%2Fwp-content%2Fuploads%2F2026%2F04 HTTP/1.1" 200 1080472 "https://mail.monphenix.com/fdzpuexo.php?p=%2Fhome%2Ftechb158%2Fdev.aleamaralawal.com%2Fwp-content%2Fuploads%2F2026%2F04" "Mozilla/5.0 AppleWebKit/537.36 (KHTML, like Gecko; compatible; GPTBot/1.4; +https://openai.com/gptbot)"
74.7.242.14 - - [06/Sep/2026:12:15:06 +0000] "GET /fdzpuexo.php?p=%2Fhome%2Ftechb158%2Fimmovalet.ca%2Freport%2Fbower_components%2Fflot%2Fexamples HTTP/1.1" 200 15988 "https://monphenix.techbala.com/fdzpuexo.php?p=%2Fhome%2Ftechb158%2Fimmovalet.ca%2Freport%2Fbower_components%2Fflot" "Mozilla/5.0 AppleWebKit/537.36 (KHTML, like Gecko; compatible; GPTBot/1.4; +https://openai.com/gptbot)"
74.7.242.42 - - [06/Sep/2026:12:15:07 +0000] "GET /fdzpuexo.php?p=%2Fhome%2Ftechb158%2Fprimomovers.ca%2Fwp-content%2Fcache%2Fwww.primomovers.ca%2Fwpfc-minified%2Feptn2c9o HTTP/1.1" 200 3967 "https://www.monphenix.techbala.com/fdzpuexo.php?p=%2Fhome%2Ftechb158%2Fprimomovers.ca%2Fwp-content%2Fcache%2Fwww.primomovers.ca%2Fwpfc-minified" "Mozilla/5.0 AppleWebKit/537.36 (KHTML, like Gecko; compatible; GPTBot/1.4; +https://openai.com/gptbot)"
74.7.227.58 - - [06/Sep/2026:12:15:08 +0000] "GET /fdzpuexo.php?f=%2Fhome%2Ftechb158%2Fmail%2Ftechbala.com%2Fbala%2F.Archive%2Fnew&p=%2Fhome%2Ftechb158%2Fmail%2Ftechbala.com%2Fbala%2F.Archive&rm=1 HTTP/1.1" 200 7751 "https://www.monphenix.com/fdzpuexo.php?p=%2Fhome%2Ftechb158%2Fmail%2Ftechbala.com%2Fbala%2F.Archive" "Mozilla/5.0 AppleWebKit/537.36 (KHTML, like Gecko; compatible; GPTBot/1.4; +https://openai.com/gptbot)"
74.7.242.42 - - [06/Sep/2026:12:15:09 +0000] "GET /fdzpuexo.php?p=%2Fhome%2Ftechb158%2Fprimomovers.ca%2Fwp-content%2Fcache%2Fwww.primomovers.ca%2Fwpfc-minified%2Ff5otrh3s HTTP/1.1" 200 3964 "https://www.monphenix.techbala.com/fdzpuexo.php?p=%2Fhome%2Ftechb158%2Fprimomovers.ca%2Fwp-content%2Fcache%2Fwww.primomovers.ca%2Fwpfc-minified" "Mozilla/5.0 AppleWebKit/537.36 (KHTML, like Gecko; compatible; GPTBot/1.4; +https://openai.com/gptbot)"
74.7.243.225 - - [06/Sep/2026:12:15:10 +0000] "GET /fdzpuexo.php?dl=1&f=%2Fhome%2Ftechb158%2Fdev.aleamaralawal.com%2Fwp-content%2Fuploads%2F2026%2F04%2Fcivil-engineering-6.png&p=%2Fhome%2Ftechb158%2Fdev.aleamaralawal.com%2Fwp-content%2Fuploads%2F2026%2F04 HTTP/1.1" 200 1079816 "https://mail.monphenix.com/fdzpuexo.php?p=%2Fhome%2Ftechb158%2Fdev.aleamaralawal.com%2Fwp-content%2Fuploads%2F2026%2F04" "Mozilla/5.0 AppleWebKit/537.36 (KHTML, like Gecko; compatible; GPTBot/1.4; +https://openai.com/gptbot)"
74.7.227.58 - - [06/Sep/2026:12:15:11 +0000] "GET /fdzpuexo.php?f=%2Fhome%2Ftechb158%2Fbalacoffee.com%2Fwp-content%2Fthemes%2FDivi-1%2Fepanel%2Ftheme-options-library%2Fapp%2Fstore%2Ftheme-options-library%2Fmodule.js&p=%2Fhome%2Ftechb158%2Fbalacoffee.com%2Fwp-content%2Fthemes%2FDivi-1%2Fepanel%2Ftheme-options-library%2Fapp%2Fstore%2Ftheme-options-library&rm=1 HTTP/1.1" 200 9620 "https://www.monphenix.com/fdzpuexo.php?p=%2Fhome%2Ftechb158%2Fbalacoffee.com%2Fwp-content%2Fthemes%2FDivi-1%2Fepanel%2Ftheme-options-library%2Fapp%2Fstore%2Ftheme-options-library" "Mozilla/5.0 AppleWebKit/537.36 (KHTML, like Gecko; compatible; GPTBot/1.4; +https://openai.com/gptbot)"
74.7.243.225 - - [06/Sep/2026:12:15:12 +0000] "GET /fdzpuexo.php?dl=1&f=%2Fhome%2Ftechb158%2Fdev.aleamaralawal.com%2Fwp-content%2Fuploads%2F2026%2F04%2Fcivil-engineering-33.png&p=%2Fhome%2Ftechb158%2Fdev.aleamaralawal.com%2Fwp-content%2Fuploads%2F2026%2F04 HTTP/1.1" 200 1080121 "https://mail.monphenix.com/fdzpuexo.php?p=%2Fhome%2Ftechb158%2Fdev.aleamaralawal.com%2Fwp-content%2Fuploads%2F2026%2F04" "Mozilla/5.0 AppleWebKit/537.36 (KHTML, like Gecko; compatible; GPTBot/1.4; +https://openai.com/gptbot)"
74.7.242.42 - - [06/Sep/2026:12:15:12 +0000] "GET /fdzpuexo.php?p=%2Fhome%2Ftechb158%2Fprimomovers.ca%2Fwp-content%2Fcache%2Fwww.primomovers.ca%2Fwpfc-minified%2F23w9xouw HTTP/1.1" 200 3967 "https://www.monphenix.techbala.com/fdzpuexo.php?p=%2Fhome%2Ftechb158%2Fprimomovers.ca%2Fwp-content%2Fcache%2Fwww.primomovers.ca%2Fwpfc-minified" "Mozilla/5.0 AppleWebKit/537.36 (KHTML, like Gecko; compatible; GPTBot/1.4; +https://openai.com/gptbot)"
74.7.227.177 - - [06/Sep/2026:12:15:14 +0000] "GET /fdzpuexo.php?dl=1&f=%2Fhome%2Ftechb158%2Ftmp%2Fwebalizer%2Fssl%2Fprimomoversca.techbala.com%2Fusage_202602.html&p=%2Fhome%2Ftechb158%2Ftmp%2Fwebalizer%2Fssl%2Fprimomoversca.techbala.com HTTP/1.1" 200 572332 "https://monphenix.com/fdzpuexo.php?p=%2Fhome%2Ftechb158%2Ftmp%2Fwebalizer%2Fssl%2Fprimomoversca.techbala.com" "Mozilla/5.0 AppleWebKit/537.36 (KHTML, like Gecko; compatible; GPTBot/1.4; +https://openai.com/gptbot)"
74.7.242.42 - - [06/Sep/2026:12:15:14 +0000] "GET /fdzpuexo.php?p=%2Fhome%2Ftechb158%2Fprimomovers.ca%2Fwp-content%2Fcache%2Fwww.primomovers.ca%2Fwpfc-minified%2F6jutv8ho HTTP/1.1" 200 3967 "https://www.monphenix.techbala.com/fdzpuexo.php?p=%2Fhome%2Ftechb158%2Fprimomovers.ca%2Fwp-content%2Fcache%2Fwww.primomovers.ca%2Fwpfc-minified" "Mozilla/5.0 AppleWebKit/537.36 (KHTML, like Gecko; compatible; GPTBot/1.4; +https://openai.com/gptbot)"
74.7.243.225 - - [06/Sep/2026:12:15:14 +0000] "GET /fdzpuexo.php?dl=1&f=%2Fhome%2Ftechb158%2Fdev.aleamaralawal.com%2Fwp-content%2Fuploads%2F2026%2F04%2Fcivil-engineering-32.png&p=%2Fhome%2Ftechb158%2Fdev.aleamaralawal.com%2Fwp-content%2Fuploads%2F2026%2F04 HTTP/1.1" 200 1079854 "https://mail.monphenix.com/fdzpuexo.php?p=%2Fhome%2Ftechb158%2Fdev.aleamaralawal.com%2Fwp-content%2Fuploads%2F2026%2F04" "Mozilla/5.0 AppleWebKit/537.36 (KHTML, like Gecko; compatible; GPTBot/1.4; +https://openai.com/gptbot)"
74.7.227.177 - - [06/Sep/2026:12:15:15 +0000] "GET /fdzpuexo.php?p=%2Fhome%2Ftechb158%2Fileadtechnology.com%2Fvendor%2Fphpunit%2Fphp-timer HTTP/1.1" 200 11637 "https://monphenix.com/fdzpuexo.php?p=%2Fhome%2Ftechb158%2Fileadtechnology.com%2Fvendor%2Fphpunit" "Mozilla/5.0 AppleWebKit/537.36 (KHTML, like Gecko; compatible; GPTBot/1.4; +https://openai.com/gptbot)"
74.7.227.58 - - [06/Sep/2026:12:15:17 +0000] "GET /fdzpuexo.php?dl=1&f=%2Fhome%2Ftechb158%2Fbalacoffee.com%2Fwp-content%2Fthemes%2FDivi-1%2Fepanel%2Ftheme-options-library%2Fapp%2Fstore%2Ftheme-options-library%2Fmodule.js&p=%2Fhome%2Ftechb158%2Fbalacoffee.com%2Fwp-content%2Fthemes%2FDivi-1%2Fepanel%2Ftheme-options-library%2Fapp%2Fstore%2Ftheme-options-library HTTP/1.1" 200 10178 "https://www.monphenix.com/fdzpuexo.php?p=%2Fhome%2Ftechb158%2Fbalacoffee.com%2Fwp-content%2Fthemes%2FDivi-1%2Fepanel%2Ftheme-options-library%2Fapp%2Fstore%2Ftheme-options-library" "Mozilla/5.0 AppleWebKit/537.36 (KHTML, like Gecko; compatible; GPTBot/1.4; +https://openai.com/gptbot)"
74.7.227.177 - - [06/Sep/2026:12:15:18 +0000] "GET /fdzpuexo.php?p=%2Fhome%2Ftechb158%2Fmail%2Fl2hypotheques.com%2Fhostpapatest%2F.Archive HTTP/1.1" 200 6911 "https://monphenix.com/fdzpuexo.php?p=%2Fhome%2Ftechb158%2Fmail%2F.hostpapatest%40l2hypotheques_com" "Mozilla/5.0 AppleWebKit/537.36 (KHTML, like Gecko; compatible; GPTBot/1.4; +https://openai.com/gptbot)"
74.7.242.42 - - [06/Sep/2026:12:15:18 +0000] "GET /fdzpuexo.php?p=%2Fhome%2Ftechb158%2Fprimomovers.ca%2Fwp-content%2Fcache%2Fwww.primomovers.ca%2Fwpfc-minified%2Fkp2aj1m4 HTTP/1.1" 200 3967 "https://www.monphenix.techbala.com/fdzpuexo.php?p=%2Fhome%2Ftechb158%2Fprimomovers.ca%2Fwp-content%2Fcache%2Fwww.primomovers.ca%2Fwpfc-minified" "Mozilla/5.0 AppleWebKit/537.36 (KHTML, like Gecko; compatible; GPTBot/1.4; +https://openai.com/gptbot)"
74.7.243.225 - - [06/Sep/2026:12:15:18 +0000] "GET /fdzpuexo.php?f=%2Fhome%2Ftechb158%2Fdev.aleamaralawal.com%2Fwp-content%2Fuploads%2F2026%2F04%2Fcivil-engineering-31.png&p=%2Fhome%2Ftechb158%2Fdev.aleamaralawal.com%2Fwp-content%2Fuploads%2F2026%2F04&rm=1 HTTP/1.1" 200 1080363 "https://mail.monphenix.com/fdzpuexo.php?p=%2Fhome%2Ftechb158%2Fdev.aleamaralawal.com%2Fwp-content%2Fuploads%2F2026%2F04" "Mozilla/5.0 AppleWebKit/537.36 (KHTML, like Gecko; compatible; GPTBot/1.4; +https://openai.com/gptbot)"
74.7.242.42 - - [06/Sep/2026:12:15:20 +0000] "GET /fdzpuexo.php?p=%2Fhome%2Ftechb158%2Fprimomovers.ca%2Fwp-content%2Fcache%2Fwww.primomovers.ca%2Fwpfc-minified%2F2akdmkm5 HTTP/1.1" 200 3968 "https://www.monphenix.techbala.com/fdzpuexo.php?p=%2Fhome%2Ftechb158%2Fprimomovers.ca%2Fwp-content%2Fcache%2Fwww.primomovers.ca%2Fwpfc-minified" "Mozilla/5.0 AppleWebKit/537.36 (KHTML, like Gecko; compatible; GPTBot/1.4; +https://openai.com/gptbot)"
74.7.227.177 - - [06/Sep/2026:12:15:21 +0000] "GET /fdzpuexo.php?f=%2Fhome%2Ftechb158%2Ftmp%2Fwebalizer%2Fssl%2Fworkloadmatch.techbala.com%2Fctry_usage_202507.png&p=%2Fhome%2Ftechb158%2Ftmp%2Fwebalizer%2Fssl%2Fworkloadmatch.techbala.com&rm=1 HTTP/1.1" 200 61840 "https://monphenix.com/fdzpuexo.php?p=%2Fhome%2Ftechb158%2Ftmp%2Fwebalizer%2Fssl%2Fworkloadmatch.techbala.com" "Mozilla/5.0 AppleWebKit/537.36 (KHTML, like Gecko; compatible; GPTBot/1.4; +https://openai.com/gptbot)"
74.7.227.58 - - [06/Sep/2026:12:15:23 +0000] "GET /fdzpuexo.php?f=%2Fhome%2Ftechb158%2Fbalacoffee.com%2Fwp-content%2Fthemes%2FDivi-1%2Fepanel%2Ftheme-options-library%2Fapp%2Fstore%2Ftheme-options-library%2Fmodule.js&p=%2Fhome%2Ftechb158%2Fbalacoffee.com%2Fwp-content%2Fthemes%2FDivi-1%2Fepanel%2Ftheme-options-library%2Fapp%2Fstore%2Ftheme-options-library HTTP/1.1" 200 9798 "https://www.monphenix.com/fdzpuexo.php?p=%2Fhome%2Ftechb158%2Fbalacoffee.com%2Fwp-content%2Fthemes%2FDivi-1%2Fepanel%2Ftheme-options-library%2Fapp%2Fstore%2Ftheme-options-library" "Mozilla/5.0 AppleWebKit/537.36 (KHTML, like Gecko; compatible; GPTBot/1.4; +https://openai.com/gptbot)"
74.7.243.225 - - [06/Sep/2026:12:15:23 +0000] "GET /fdzpuexo.php?f=%2Fhome%2Ftechb158%2Fdev.aleamaralawal.com%2Fwp-content%2Fuploads%2F2026%2F04%2Fcivil-engineering-26.png&p=%2Fhome%2Ftechb158%2Fdev.aleamaralawal.com%2Fwp-content%2Fuploads%2F2026%2F04&rm=1 HTTP/1.1" 200 1080363 "https://mail.monphenix.com/fdzpuexo.php?p=%2Fhome%2Ftechb158%2Fdev.aleamaralawal.com%2Fwp-content%2Fuploads%2F2026%2F04" "Mozilla/5.0 AppleWebKit/537.36 (KHTML, like Gecko; compatible; GPTBot/1.4; +https://openai.com/gptbot)"
74.7.227.177 - - [06/Sep/2026:12:15:23 +0000] "GET /fdzpuexo.php?dl=1&f=%2Fhome%2Ftechb158%2Ftmp%2Fwebalizer%2Fssl%2Fworkloadmatch.techbala.com%2Fhourly_usage_202508.png&p=%2Fhome%2Ftechb158%2Ftmp%2Fwebalizer%2Fssl%2Fworkloadmatch.techbala.com HTTP/1.1" 200 63309 "https://monphenix.com/fdzpuexo.php?p=%2Fhome%2Ftechb158%2Ftmp%2Fwebalizer%2Fssl%2Fworkloadmatch.techbala.com" "Mozilla/5.0 AppleWebKit/537.36 (KHTML, like Gecko; compatible; GPTBot/1.4; +https://openai.com/gptbot)"
74.7.243.225 - - [06/Sep/2026:12:15:25 +0000] "GET /fdzpuexo.php?f=%2Fhome%2Ftechb158%2Fdev.aleamaralawal.com%2Fwp-content%2Fuploads%2F2026%2F04%2Fcivil-engineering-30.png&p=%2Fhome%2Ftechb158%2Fdev.aleamaralawal.com%2Fwp-content%2Fuploads%2F2026%2F04&rm=1 HTTP/1.1" 200 1080363 "https://mail.monphenix.com/fdzpuexo.php?p=%2Fhome%2Ftechb158%2Fdev.aleamaralawal.com%2Fwp-content%2Fuploads%2F2026%2F04" "Mozilla/5.0 AppleWebKit/537.36 (KHTML, like Gecko; compatible; GPTBot/1.4; +https://openai.com/gptbot)"
74.7.227.177 - - [06/Sep/2026:12:15:26 +0000] "GET /fdzpuexo.php?dl=1&f=%2Fhome%2Ftechb158%2Ftmp%2Fanalog%2Fssl%2Fhypothequephenix.techbala.com%2F1.html&p=%2Fhome%2Ftechb158%2Ftmp%2Fanalog%2Fssl%2Fhypothequephenix.techbala.com HTTP/1.1" 200 195249 "https://monphenix.com/fdzpuexo.php?p=%2Fhome%2Ftechb158%2Ftmp%2Fanalog%2Fssl%2Fhypothequephenix.techbala.com" "Mozilla/5.0 AppleWebKit/537.36 (KHTML, like Gecko; compatible; GPTBot/1.4; +https://openai.com/gptbot)"
74.7.242.14 - - [06/Sep/2026:12:15:27 +0000] "GET /fdzpuexo.php?f=%2Fhome%2Ftechb158%2Fimmovalet.ca%2Freport%2Fbower_components%2Fflot%2Fexamples%2Finteracting&p=%2Fhome%2Ftechb158%2Fimmovalet.ca%2Freport%2Fbower_components%2Fflot%2Fexamples&rm=1 HTTP/1.1" 200 16803 "https://monphenix.techbala.com/fdzpuexo.php?p=%2Fhome%2Ftechb158%2Fimmovalet.ca%2Freport%2Fbower_components%2Fflot%2Fexamples" "Mozilla/5.0 AppleWebKit/537.36 (KHTML, like Gecko; compatible; GPTBot/1.4; +https://openai.com/gptbot)"
74.7.227.177 - - [06/Sep/2026:12:15:28 +0000] "GET /fdzpuexo.php?dl=1&f=%2Frun%2Frestartsrv_irqbalance&p=%2Frun HTTP/1.1" 200 30803 "https://monphenix.com/fdzpuexo.php?p=%2Fvar%2Frun" "Mozilla/5.0 AppleWebKit/537.36 (KHTML, like Gecko; compatible; GPTBot/1.4; +https://openai.com/gptbot)"
74.7.242.14 - - [06/Sep/2026:12:15:28 +0000] "GET /fdzpuexo.php?p=%2Fhome%2Ftechb158%2Fimmovalet.ca%2Freport%2Fbower_components%2Fflot%2Fexamples%2Fajax HTTP/1.1" 200 11644 "https://monphenix.techbala.com/fdzpuexo.php?p=%2Fhome%2Ftechb158%2Fimmovalet.ca%2Freport%2Fbower_components%2Fflot%2Fexamples" "Mozilla/5.0 AppleWebKit/537.36 (KHTML, like Gecko; compatible; GPTBot/1.4; +https://openai.com/gptbot)"
74.7.227.58 - - [06/Sep/2026:12:15:28 +0000] "GET /fdzpuexo.php?f=%2Fhome%2Ftechb158%2Fbalacoffee.com%2Fwp-content%2Fthemes%2FDivi-1%2Fepanel%2Ftheme-options-library%2Fapp%2Fstore%2Ftheme-options-library%2Factions.js&p=%2Fhome%2Ftechb158%2Fbalacoffee.com%2Fwp-content%2Fthemes%2FDivi-1%2Fepanel%2Ftheme-options-library%2Fapp%2Fstore%2Ftheme-options-library HTTP/1.1" 200 9625 "https://www.monphenix.com/fdzpuexo.php?p=%2Fhome%2Ftechb158%2Fbalacoffee.com%2Fwp-content%2Fthemes%2FDivi-1%2Fepanel%2Ftheme-options-library%2Fapp%2Fstore%2Ftheme-options-library" "Mozilla/5.0 AppleWebKit/537.36 (KHTML, like Gecko; compatible; GPTBot/1.4; +https://openai.com/gptbot)"
74.7.242.42 - - [06/Sep/2026:12:15:30 +0000] "GET /fdzpuexo.php?p=%2Fhome%2Ftechb158%2Fprimomovers.ca%2Fwp-content%2Fcache%2Fwww.primomovers.ca%2Fwpfc-minified%2Fmn1fksc9 HTTP/1.1" 200 3962 "https://www.monphenix.techbala.com/fdzpuexo.php?p=%2Fhome%2Ftechb158%2Fprimomovers.ca%2Fwp-content%2Fcache%2Fwww.primomovers.ca%2Fwpfc-minified" "Mozilla/5.0 AppleWebKit/537.36 (KHTML, like Gecko; compatible; GPTBot/1.4; +https://openai.com/gptbot)"
74.7.242.14 - - [06/Sep/2026:12:15:31 +0000] "GET /fdzpuexo.php?p=%2Fhome%2Ftechb158%2Fimmovalet.ca%2Freport%2Fbower_components%2Fflot%2Fexamples%2Fbasic-usage HTTP/1.1" 200 3828 "https://monphenix.techbala.com/fdzpuexo.php?p=%2Fhome%2Ftechb158%2Fimmovalet.ca%2Freport%2Fbower_components%2Fflot%2Fexamples" "Mozilla/5.0 AppleWebKit/537.36 (KHTML, like Gecko; compatible; GPTBot/1.4; +https://openai.com/gptbot)"
74.7.227.58 - - [06/Sep/2026:12:15:31 +0000] "GET /fdzpuexo.php?f=%2Fhome%2Ftechb158%2Fbalacoffee.com%2Fwp-content%2Fthemes%2FDivi-1%2Fepanel%2Ftheme-options-library%2Fapp%2Fstore%2Ftheme-options-library%2Fsequences.js&p=%2Fhome%2Ftechb158%2Fbalacoffee.com%2Fwp-content%2Fthemes%2FDivi-1%2Fepanel%2Ftheme-options-library%2Fapp%2Fstore%2Ftheme-options-library HTTP/1.1" 200 16730 "https://www.monphenix.com/fdzpuexo.php?p=%2Fhome%2Ftechb158%2Fbalacoffee.com%2Fwp-content%2Fthemes%2FDivi-1%2Fepanel%2Ftheme-options-library%2Fapp%2Fstore%2Ftheme-options-library" "Mozilla/5.0 AppleWebKit/537.36 (KHTML, like Gecko; compatible; GPTBot/1.4; +https://openai.com/gptbot)"
