216.73.216.141 - - [05/Sep/2026:13:00:05 +0000] "GET /wp-content/et-cache/33060/?C=N&O=A HTTP/1.1" 200 438 "-" "Mozilla/5.0 AppleWebKit/537.36 (KHTML, like Gecko; compatible; ClaudeBot/1.0; +claudebot@anthropic.com)"
216.73.216.141 - - [05/Sep/2026:13:00:05 +0000] "GET /wp-content/et-cache/35114/?C=S&O=A HTTP/1.1" 200 437 "-" "Mozilla/5.0 AppleWebKit/537.36 (KHTML, like Gecko; compatible; ClaudeBot/1.0; +claudebot@anthropic.com)"
216.73.216.141 - - [05/Sep/2026:13:00:05 +0000] "GET /wp-content/et-cache/38831/?C=S&O=A HTTP/1.1" 200 437 "-" "Mozilla/5.0 AppleWebKit/537.36 (KHTML, like Gecko; compatible; ClaudeBot/1.0; +claudebot@anthropic.com)"
216.73.216.141 - - [05/Sep/2026:13:00:06 +0000] "GET /wp-content/et-cache/32624/?C=M&O=A HTTP/1.1" 200 439 "-" "Mozilla/5.0 AppleWebKit/537.36 (KHTML, like Gecko; compatible; ClaudeBot/1.0; +claudebot@anthropic.com)"
216.73.216.141 - - [05/Sep/2026:13:00:06 +0000] "GET /wp-content/plugins/wpforms-lite/assets/images/payments/single/?C=M&O=A HTTP/1.1" 200 556 "-" "Mozilla/5.0 AppleWebKit/537.36 (KHTML, like Gecko; compatible; ClaudeBot/1.0; +claudebot@anthropic.com)"
74.7.242.58 - - [05/Sep/2026:13:00:06 +0000] "GET /wp-content/et-cache/35838/?C=S;O=A HTTP/1.1" 200 437 "http://on-time-movers.com/wp-content/et-cache/35838/" "Mozilla/5.0 AppleWebKit/537.36 (KHTML, like Gecko; compatible; GPTBot/1.4; +https://openai.com/gptbot)"
216.73.216.141 - - [05/Sep/2026:13:00:06 +0000] "GET /wp-content/et-cache/32564/?C=D&O=A HTTP/1.1" 200 438 "-" "Mozilla/5.0 AppleWebKit/537.36 (KHTML, like Gecko; compatible; ClaudeBot/1.0; +claudebot@anthropic.com)"
216.73.216.141 - - [05/Sep/2026:13:00:06 +0000] "GET /wp-content/et-cache/32564/?C=N&O=D HTTP/1.1" 200 435 "-" "Mozilla/5.0 AppleWebKit/537.36 (KHTML, like Gecko; compatible; ClaudeBot/1.0; +claudebot@anthropic.com)"
216.73.216.141 - - [05/Sep/2026:13:00:06 +0000] "GET /wp-content/et-cache/32564/?C=S&O=A HTTP/1.1" 200 437 "-" "Mozilla/5.0 AppleWebKit/537.36 (KHTML, like Gecko; compatible; ClaudeBot/1.0; +claudebot@anthropic.com)"
216.73.216.141 - - [05/Sep/2026:13:00:07 +0000] "GET /wp-content/et-cache/37949/?C=D&O=A HTTP/1.1" 200 439 "-" "Mozilla/5.0 AppleWebKit/537.36 (KHTML, like Gecko; compatible; ClaudeBot/1.0; +claudebot@anthropic.com)"
216.73.216.141 - - [05/Sep/2026:13:00:07 +0000] "GET /wp-content/et-cache/37949/?C=N&O=D HTTP/1.1" 200 435 "-" "Mozilla/5.0 AppleWebKit/537.36 (KHTML, like Gecko; compatible; ClaudeBot/1.0; +claudebot@anthropic.com)"
216.73.216.141 - - [05/Sep/2026:13:00:07 +0000] "GET /wp-content/et-cache/37949/?C=S&O=A HTTP/1.1" 200 438 "-" "Mozilla/5.0 AppleWebKit/537.36 (KHTML, like Gecko; compatible; ClaudeBot/1.0; +claudebot@anthropic.com)"
216.73.216.141 - - [05/Sep/2026:13:00:07 +0000] "GET /wp-content/plugins/wp-rocket/inc/Dependencies/League/Container/ServiceProvider/?C=N&O=A HTTP/1.1" 200 507 "-" "Mozilla/5.0 AppleWebKit/537.36 (KHTML, like Gecko; compatible; ClaudeBot/1.0; +claudebot@anthropic.com)"
216.73.216.141 - - [05/Sep/2026:13:00:08 +0000] "GET /wp-content/et-cache/33886/?C=N&O=A HTTP/1.1" 200 439 "-" "Mozilla/5.0 AppleWebKit/537.36 (KHTML, like Gecko; compatible; ClaudeBot/1.0; +claudebot@anthropic.com)"
216.73.216.141 - - [05/Sep/2026:13:00:08 +0000] "GET /wp-content/plugins/wpforms-lite/assets/images/payments/single/?C=D&O=A HTTP/1.1" 200 556 "-" "Mozilla/5.0 AppleWebKit/537.36 (KHTML, like Gecko; compatible; ClaudeBot/1.0; +claudebot@anthropic.com)"
74.7.242.58 - - [05/Sep/2026:13:00:08 +0000] "GET /wp-content/et-cache/38877/?C=S;O=A HTTP/1.1" 200 438 "http://on-time-movers.com/wp-content/et-cache/38877/" "Mozilla/5.0 AppleWebKit/537.36 (KHTML, like Gecko; compatible; GPTBot/1.4; +https://openai.com/gptbot)"
216.73.216.141 - - [05/Sep/2026:13:00:08 +0000] "GET /wp-content/et-cache/32624/?C=D&O=A HTTP/1.1" 200 439 "-" "Mozilla/5.0 AppleWebKit/537.36 (KHTML, like Gecko; compatible; ClaudeBot/1.0; +claudebot@anthropic.com)"
216.73.216.141 - - [05/Sep/2026:13:00:08 +0000] "GET /wp-content/plugins/wpforms-lite/assets/images/payments/single/?C=S&O=A HTTP/1.1" 200 553 "-" "Mozilla/5.0 AppleWebKit/537.36 (KHTML, like Gecko; compatible; ClaudeBot/1.0; +claudebot@anthropic.com)"
216.73.216.141 - - [05/Sep/2026:13:00:09 +0000] "GET /wp-content/plugins/wpforms-lite/assets/images/payments/single/?C=N&O=D HTTP/1.1" 200 555 "-" "Mozilla/5.0 AppleWebKit/537.36 (KHTML, like Gecko; compatible; ClaudeBot/1.0; +claudebot@anthropic.com)"
216.73.216.141 - - [05/Sep/2026:13:00:09 +0000] "GET /wp-content/et-cache/32624/?C=S&O=A HTTP/1.1" 200 437 "-" "Mozilla/5.0 AppleWebKit/537.36 (KHTML, like Gecko; compatible; ClaudeBot/1.0; +claudebot@anthropic.com)"
216.73.216.141 - - [05/Sep/2026:13:00:09 +0000] "GET /wp-content/et-cache/32624/?C=N&O=D HTTP/1.1" 200 435 "-" "Mozilla/5.0 AppleWebKit/537.36 (KHTML, like Gecko; compatible; ClaudeBot/1.0; +claudebot@anthropic.com)"
216.73.216.141 - - [05/Sep/2026:13:00:09 +0000] "GET /wp-content/et-cache/32427/?C=N&O=A HTTP/1.1" 200 439 "-" "Mozilla/5.0 AppleWebKit/537.36 (KHTML, like Gecko; compatible; ClaudeBot/1.0; +claudebot@anthropic.com)"
216.73.216.141 - - [05/Sep/2026:13:00:09 +0000] "GET /wp-content/et-cache/36576/?C=N&O=A HTTP/1.1" 200 439 "-" "Mozilla/5.0 AppleWebKit/537.36 (KHTML, like Gecko; compatible; ClaudeBot/1.0; +claudebot@anthropic.com)"
216.73.216.141 - - [05/Sep/2026:13:00:10 +0000] "GET /wp-content/et-cache/36197/?C=N&O=A HTTP/1.1" 200 439 "-" "Mozilla/5.0 AppleWebKit/537.36 (KHTML, like Gecko; compatible; ClaudeBot/1.0; +claudebot@anthropic.com)"
216.73.216.141 - - [05/Sep/2026:13:00:10 +0000] "GET /wp-content/et-cache/32544/?C=N&O=A HTTP/1.1" 200 439 "-" "Mozilla/5.0 AppleWebKit/537.36 (KHTML, like Gecko; compatible; ClaudeBot/1.0; +claudebot@anthropic.com)"
74.7.242.58 - - [05/Sep/2026:13:00:10 +0000] "GET /wp-content/et-cache/35455/?C=N;O=A HTTP/1.1" 200 439 "http://on-time-movers.com/wp-content/et-cache/35455/?C=S;O=A" "Mozilla/5.0 AppleWebKit/537.36 (KHTML, like Gecko; compatible; GPTBot/1.4; +https://openai.com/gptbot)"
216.73.216.141 - - [05/Sep/2026:13:00:10 +0000] "GET /wp-content/plugins/wp-rocket/inc/Dependencies/ActionScheduler/classes/abstracts/?C=M&O=A HTTP/1.1" 200 565 "-" "Mozilla/5.0 AppleWebKit/537.36 (KHTML, like Gecko; compatible; ClaudeBot/1.0; +claudebot@anthropic.com)"
216.73.216.141 - - [05/Sep/2026:13:00:10 +0000] "GET /wp-content/et-cache/34284/?C=M&O=D HTTP/1.1" 200 437 "-" "Mozilla/5.0 AppleWebKit/537.36 (KHTML, like Gecko; compatible; ClaudeBot/1.0; +claudebot@anthropic.com)"
216.73.216.141 - - [05/Sep/2026:13:00:11 +0000] "GET /wp-content/plugins/wp-rocket/inc/Dependencies/ActionScheduler/classes/actions/?C=N&O=A HTTP/1.1" 200 480 "-" "Mozilla/5.0 AppleWebKit/537.36 (KHTML, like Gecko; compatible; ClaudeBot/1.0; +claudebot@anthropic.com)"
216.73.216.141 - - [05/Sep/2026:13:00:11 +0000] "GET /wp-content/et-cache/37370/?C=N&O=A HTTP/1.1" 200 439 "-" "Mozilla/5.0 AppleWebKit/537.36 (KHTML, like Gecko; compatible; ClaudeBot/1.0; +claudebot@anthropic.com)"
216.73.216.141 - - [05/Sep/2026:13:00:11 +0000] "GET /wp-content/et-cache/35814/?C=N&O=A HTTP/1.1" 200 439 "-" "Mozilla/5.0 AppleWebKit/537.36 (KHTML, like Gecko; compatible; ClaudeBot/1.0; +claudebot@anthropic.com)"
216.73.216.141 - - [05/Sep/2026:13:00:11 +0000] "GET /wp-content/et-cache/36349/?C=N&O=A HTTP/1.1" 200 438 "-" "Mozilla/5.0 AppleWebKit/537.36 (KHTML, like Gecko; compatible; ClaudeBot/1.0; +claudebot@anthropic.com)"
216.73.216.141 - - [05/Sep/2026:13:00:11 +0000] "GET /wp-content/et-cache/32541/?C=N&O=A HTTP/1.1" 200 439 "-" "Mozilla/5.0 AppleWebKit/537.36 (KHTML, like Gecko; compatible; ClaudeBot/1.0; +claudebot@anthropic.com)"
216.73.216.141 - - [05/Sep/2026:13:00:12 +0000] "GET /wp-content/et-cache/34267/?C=N&O=A HTTP/1.1" 200 439 "-" "Mozilla/5.0 AppleWebKit/537.36 (KHTML, like Gecko; compatible; ClaudeBot/1.0; +claudebot@anthropic.com)"
74.7.242.58 - - [05/Sep/2026:13:00:12 +0000] "GET /wp-content/et-cache/33935/?C=M;O=A HTTP/1.1" 200 439 "http://on-time-movers.com/wp-content/et-cache/33935/" "Mozilla/5.0 AppleWebKit/537.36 (KHTML, like Gecko; compatible; GPTBot/1.4; +https://openai.com/gptbot)"
216.73.216.141 - - [05/Sep/2026:13:00:12 +0000] "GET /wp-content/plugins/wp-rocket/inc/Dependencies/League/Container/Exception/?C=M&O=A HTTP/1.1" 200 442 "-" "Mozilla/5.0 AppleWebKit/537.36 (KHTML, like Gecko; compatible; ClaudeBot/1.0; +claudebot@anthropic.com)"
216.73.216.141 - - [05/Sep/2026:13:00:12 +0000] "GET /wp-content/plugins/wp-rocket/inc/Dependencies/RocketLazyload/?C=N&O=A HTTP/1.1" 200 446 "-" "Mozilla/5.0 AppleWebKit/537.36 (KHTML, like Gecko; compatible; ClaudeBot/1.0; +claudebot@anthropic.com)"
216.73.216.141 - - [05/Sep/2026:13:00:13 +0000] "GET /wp-content/plugins/wp-rocket/inc/Dependencies/ActionScheduler/classes/abstracts/?C=D&O=A HTTP/1.1" 200 565 "-" "Mozilla/5.0 AppleWebKit/537.36 (KHTML, like Gecko; compatible; ClaudeBot/1.0; +claudebot@anthropic.com)"
216.73.216.141 - - [05/Sep/2026:13:00:13 +0000] "GET /wp-content/et-cache/34284/?C=D&O=D HTTP/1.1" 200 435 "-" "Mozilla/5.0 AppleWebKit/537.36 (KHTML, like Gecko; compatible; ClaudeBot/1.0; +claudebot@anthropic.com)"
216.73.216.141 - - [05/Sep/2026:13:00:13 +0000] "GET /wp-content/plugins/wp-rocket/inc/Dependencies/ActionScheduler/classes/abstracts/?C=S&O=A HTTP/1.1" 200 574 "-" "Mozilla/5.0 AppleWebKit/537.36 (KHTML, like Gecko; compatible; ClaudeBot/1.0; +claudebot@anthropic.com)"
216.73.216.141 - - [05/Sep/2026:13:00:13 +0000] "GET /wp-content/et-cache/34284/?C=S&O=D HTTP/1.1" 200 437 "-" "Mozilla/5.0 AppleWebKit/537.36 (KHTML, like Gecko; compatible; ClaudeBot/1.0; +claudebot@anthropic.com)"
216.73.216.141 - - [05/Sep/2026:13:00:14 +0000] "GET /wp-content/et-cache/37908/?C=N&O=A HTTP/1.1" 200 439 "-" "Mozilla/5.0 AppleWebKit/537.36 (KHTML, like Gecko; compatible; ClaudeBot/1.0; +claudebot@anthropic.com)"
216.73.216.141 - - [05/Sep/2026:13:00:14 +0000] "GET /wp-content/plugins/wp-rocket/inc/Dependencies/ActionScheduler/classes/abstracts/?C=N&O=D HTTP/1.1" 200 568 "-" "Mozilla/5.0 AppleWebKit/537.36 (KHTML, like Gecko; compatible; ClaudeBot/1.0; +claudebot@anthropic.com)"
216.73.216.141 - - [05/Sep/2026:13:00:14 +0000] "GET /wp-content/et-cache/33234/?C=N&O=A HTTP/1.1" 200 438 "-" "Mozilla/5.0 AppleWebKit/537.36 (KHTML, like Gecko; compatible; ClaudeBot/1.0; +claudebot@anthropic.com)"
74.7.242.58 - - [05/Sep/2026:13:00:14 +0000] "GET /wp-content/et-cache/35385/?C=D;O=A HTTP/1.1" 200 438 "http://on-time-movers.com/wp-content/et-cache/35385/" "Mozilla/5.0 AppleWebKit/537.36 (KHTML, like Gecko; compatible; GPTBot/1.4; +https://openai.com/gptbot)"
216.73.216.141 - - [05/Sep/2026:13:00:14 +0000] "GET /wp-content/et-cache/32543/?C=N&O=A HTTP/1.1" 200 439 "-" "Mozilla/5.0 AppleWebKit/537.36 (KHTML, like Gecko; compatible; ClaudeBot/1.0; +claudebot@anthropic.com)"
216.73.216.141 - - [05/Sep/2026:13:00:14 +0000] "GET /wp-content/et-cache/34759/?C=N&O=A HTTP/1.1" 200 439 "-" "Mozilla/5.0 AppleWebKit/537.36 (KHTML, like Gecko; compatible; ClaudeBot/1.0; +claudebot@anthropic.com)"
216.73.216.141 - - [05/Sep/2026:13:00:15 +0000] "GET /wp-content/plugins/wp-rocket/inc/Dependencies/League/Container/Exception/?C=D&O=A HTTP/1.1" 200 441 "-" "Mozilla/5.0 AppleWebKit/537.36 (KHTML, like Gecko; compatible; ClaudeBot/1.0; +claudebot@anthropic.com)"
216.73.216.141 - - [05/Sep/2026:13:00:15 +0000] "GET /wp-content/plugins/wp-rocket/inc/Dependencies/League/Container/Exception/?C=S&O=A HTTP/1.1" 200 442 "-" "Mozilla/5.0 AppleWebKit/537.36 (KHTML, like Gecko; compatible; ClaudeBot/1.0; +claudebot@anthropic.com)"
216.73.216.141 - - [05/Sep/2026:13:00:15 +0000] "GET /wp-content/et-cache/35235/?C=N&O=A HTTP/1.1" 200 439 "-" "Mozilla/5.0 AppleWebKit/537.36 (KHTML, like Gecko; compatible; ClaudeBot/1.0; +claudebot@anthropic.com)"
216.73.216.141 - - [05/Sep/2026:13:00:15 +0000] "GET /wp-content/et-cache/33094/?C=N&O=A HTTP/1.1" 200 438 "-" "Mozilla/5.0 AppleWebKit/537.36 (KHTML, like Gecko; compatible; ClaudeBot/1.0; +claudebot@anthropic.com)"
216.73.216.141 - - [05/Sep/2026:13:00:16 +0000] "GET /wp-content/plugins/wp-rocket/inc/Dependencies/League/Container/Exception/?C=N&O=D HTTP/1.1" 200 439 "-" "Mozilla/5.0 AppleWebKit/537.36 (KHTML, like Gecko; compatible; ClaudeBot/1.0; +claudebot@anthropic.com)"
216.73.216.141 - - [05/Sep/2026:13:00:16 +0000] "GET /wp-content/et-cache/32677/?C=N&O=A HTTP/1.1" 200 465 "-" "Mozilla/5.0 AppleWebKit/537.36 (KHTML, like Gecko; compatible; ClaudeBot/1.0; +claudebot@anthropic.com)"
216.73.216.141 - - [05/Sep/2026:13:00:16 +0000] "GET /wp-content/plugins/wp-rocket/inc/Dependencies/ActionScheduler/classes/WP_CLI/?C=N&O=A HTTP/1.1" 200 507 "-" "Mozilla/5.0 AppleWebKit/537.36 (KHTML, like Gecko; compatible; ClaudeBot/1.0; +claudebot@anthropic.com)"
74.7.242.58 - - [05/Sep/2026:13:00:16 +0000] "GET /wp-content/et-cache/33292/?C=D;O=D HTTP/1.1" 200 435 "http://on-time-movers.com/wp-content/et-cache/33292/?C=D;O=A" "Mozilla/5.0 AppleWebKit/537.36 (KHTML, like Gecko; compatible; GPTBot/1.4; +https://openai.com/gptbot)"
216.73.216.141 - - [05/Sep/2026:13:00:16 +0000] "GET /wp-content/et-cache/38260/?C=N&O=A HTTP/1.1" 200 438 "-" "Mozilla/5.0 AppleWebKit/537.36 (KHTML, like Gecko; compatible; ClaudeBot/1.0; +claudebot@anthropic.com)"
216.73.216.141 - - [05/Sep/2026:13:00:16 +0000] "GET /wp-content/et-cache/35998/?C=N&O=A HTTP/1.1" 200 439 "-" "Mozilla/5.0 AppleWebKit/537.36 (KHTML, like Gecko; compatible; ClaudeBot/1.0; +claudebot@anthropic.com)"
216.73.216.141 - - [05/Sep/2026:13:00:17 +0000] "GET /wp-content/et-cache/34527/?C=N&O=A HTTP/1.1" 200 439 "-" "Mozilla/5.0 AppleWebKit/537.36 (KHTML, like Gecko; compatible; ClaudeBot/1.0; +claudebot@anthropic.com)"
216.73.216.141 - - [05/Sep/2026:13:00:17 +0000] "GET /wp-content/et-cache/35114/?C=N&O=A HTTP/1.1" 200 439 "-" "Mozilla/5.0 AppleWebKit/537.36 (KHTML, like Gecko; compatible; ClaudeBot/1.0; +claudebot@anthropic.com)"
216.73.216.141 - - [05/Sep/2026:13:00:17 +0000] "GET /wp-content/et-cache/32564/?C=N&O=A HTTP/1.1" 200 438 "-" "Mozilla/5.0 AppleWebKit/537.36 (KHTML, like Gecko; compatible; ClaudeBot/1.0; +claudebot@anthropic.com)"
216.73.216.141 - - [05/Sep/2026:13:00:17 +0000] "GET /wp-content/et-cache/38831/?C=N&O=A HTTP/1.1" 200 439 "-" "Mozilla/5.0 AppleWebKit/537.36 (KHTML, like Gecko; compatible; ClaudeBot/1.0; +claudebot@anthropic.com)"
216.73.216.141 - - [05/Sep/2026:13:00:18 +0000] "GET /wp-content/et-cache/37949/?C=N&O=A HTTP/1.1" 200 439 "-" "Mozilla/5.0 AppleWebKit/537.36 (KHTML, like Gecko; compatible; ClaudeBot/1.0; +claudebot@anthropic.com)"
216.73.216.141 - - [05/Sep/2026:13:00:18 +0000] "GET /wp-content/plugins/wpforms/vendor/tijsverkoyen/css-to-inline-styles/src/Css/?C=M&O=A HTTP/1.1" 200 458 "-" "Mozilla/5.0 AppleWebKit/537.36 (KHTML, like Gecko; compatible; ClaudeBot/1.0; +claudebot@anthropic.com)"
216.73.216.141 - - [05/Sep/2026:13:00:18 +0000] "GET /wp-content/et-cache/36238/?C=M&O=D HTTP/1.1" 200 425 "-" "Mozilla/5.0 AppleWebKit/537.36 (KHTML, like Gecko; compatible; ClaudeBot/1.0; +claudebot@anthropic.com)"
74.7.242.58 - - [05/Sep/2026:13:00:18 +0000] "GET /wp-content/et-cache/33644/?C=N;O=A HTTP/1.1" 200 438 "http://on-time-movers.com/wp-content/et-cache/33644/?C=M;O=A" "Mozilla/5.0 AppleWebKit/537.36 (KHTML, like Gecko; compatible; GPTBot/1.4; +https://openai.com/gptbot)"
216.73.216.141 - - [05/Sep/2026:13:00:18 +0000] "GET /wp-content/plugins/wpforms/vendor/tijsverkoyen/css-to-inline-styles/src/Css/?C=D&O=A HTTP/1.1" 200 458 "-" "Mozilla/5.0 AppleWebKit/537.36 (KHTML, like Gecko; compatible; ClaudeBot/1.0; +claudebot@anthropic.com)"
216.73.216.141 - - [05/Sep/2026:13:00:19 +0000] "GET /wp-content/plugins/wpforms/vendor/tijsverkoyen/css-to-inline-styles/src/Css/?C=S&O=A HTTP/1.1" 200 463 "-" "Mozilla/5.0 AppleWebKit/537.36 (KHTML, like Gecko; compatible; ClaudeBot/1.0; +claudebot@anthropic.com)"
216.73.216.141 - - [05/Sep/2026:13:00:19 +0000] "GET /wp-content/et-cache/36238/?C=S&O=D HTTP/1.1" 200 427 "-" "Mozilla/5.0 AppleWebKit/537.36 (KHTML, like Gecko; compatible; ClaudeBot/1.0; +claudebot@anthropic.com)"
216.73.216.141 - - [05/Sep/2026:13:00:19 +0000] "GET /wp-content/et-cache/36238/?C=D&O=D HTTP/1.1" 200 425 "-" "Mozilla/5.0 AppleWebKit/537.36 (KHTML, like Gecko; compatible; ClaudeBot/1.0; +claudebot@anthropic.com)"
216.73.216.141 - - [05/Sep/2026:13:00:19 +0000] "GET /wp-content/plugins/wpforms/vendor/tijsverkoyen/css-to-inline-styles/src/Css/?C=N&O=D HTTP/1.1" 200 458 "-" "Mozilla/5.0 AppleWebKit/537.36 (KHTML, like Gecko; compatible; ClaudeBot/1.0; +claudebot@anthropic.com)"
216.73.216.141 - - [05/Sep/2026:13:00:19 +0000] "GET /wp-content/themes/twentytwentyfive/assets/fonts/beiruti/ HTTP/1.1" 200 430 "-" "Mozilla/5.0 AppleWebKit/537.36 (KHTML, like Gecko; compatible; ClaudeBot/1.0; +claudebot@anthropic.com)"
216.73.216.141 - - [05/Sep/2026:13:00:20 +0000] "GET /wp-content/plugins/wp-mail-smtp/assets/images/dash-widget/wp/?C=M&O=D HTTP/1.1" 200 458 "-" "Mozilla/5.0 AppleWebKit/537.36 (KHTML, like Gecko; compatible; ClaudeBot/1.0; +claudebot@anthropic.com)"
216.73.216.141 - - [05/Sep/2026:13:00:20 +0000] "GET /wp-content/plugins/wp-mail-smtp/assets/images/dash-widget/wp/?C=S&O=D HTTP/1.1" 200 458 "-" "Mozilla/5.0 AppleWebKit/537.36 (KHTML, like Gecko; compatible; ClaudeBot/1.0; +claudebot@anthropic.com)"
216.73.216.141 - - [05/Sep/2026:13:00:20 +0000] "GET /wp-content/plugins/wp-mail-smtp/assets/images/dash-widget/wp/?C=D&O=D HTTP/1.1" 200 458 "-" "Mozilla/5.0 AppleWebKit/537.36 (KHTML, like Gecko; compatible; ClaudeBot/1.0; +claudebot@anthropic.com)"
74.7.242.58 - - [05/Sep/2026:13:00:20 +0000] "GET /wp-content/et-cache/33112/?C=N;O=D HTTP/1.1" 200 424 "http://on-time-movers.com/wp-content/et-cache/33112/" "Mozilla/5.0 AppleWebKit/537.36 (KHTML, like Gecko; compatible; GPTBot/1.4; +https://openai.com/gptbot)"
216.73.216.141 - - [05/Sep/2026:13:00:20 +0000] "GET /wp-content/plugins/wp-mail-smtp/assets/vue/js/?C=M&O=D HTTP/1.1" 200 431 "-" "Mozilla/5.0 AppleWebKit/537.36 (KHTML, like Gecko; compatible; ClaudeBot/1.0; +claudebot@anthropic.com)"
216.73.216.141 - - [05/Sep/2026:13:00:21 +0000] "GET /wp-content/plugins/wp-rocket/inc/Dependencies/Psr/?C=M&O=A HTTP/1.1" 200 400 "-" "Mozilla/5.0 AppleWebKit/537.36 (KHTML, like Gecko; compatible; ClaudeBot/1.0; +claudebot@anthropic.com)"
74.7.242.58 - - [05/Sep/2026:13:00:22 +0000] "GET /wp-content/et-cache/32362/?C=S;O=D HTTP/1.1" 200 437 "http://on-time-movers.com/wp-content/et-cache/32362/?C=S;O=A" "Mozilla/5.0 AppleWebKit/537.36 (KHTML, like Gecko; compatible; GPTBot/1.4; +https://openai.com/gptbot)"
74.7.242.58 - - [05/Sep/2026:13:00:24 +0000] "GET /wp-content/et-cache/39311/?C=M;O=A HTTP/1.1" 200 439 "http://on-time-movers.com/wp-content/et-cache/39311/" "Mozilla/5.0 AppleWebKit/537.36 (KHTML, like Gecko; compatible; GPTBot/1.4; +https://openai.com/gptbot)"
74.7.242.58 - - [05/Sep/2026:13:00:26 +0000] "GET /wp-content/et-cache/33538/?C=S;O=A HTTP/1.1" 200 438 "http://on-time-movers.com/wp-content/et-cache/33538/" "Mozilla/5.0 AppleWebKit/537.36 (KHTML, like Gecko; compatible; GPTBot/1.4; +https://openai.com/gptbot)"
74.7.242.58 - - [05/Sep/2026:13:00:28 +0000] "GET /wp-content/et-cache/35838/?C=S;O=D HTTP/1.1" 200 437 "http://on-time-movers.com/wp-content/et-cache/35838/?C=S;O=A" "Mozilla/5.0 AppleWebKit/537.36 (KHTML, like Gecko; compatible; GPTBot/1.4; +https://openai.com/gptbot)"
74.7.242.58 - - [05/Sep/2026:13:00:30 +0000] "GET /wp-content/et-cache/38877/?C=S;O=D HTTP/1.1" 200 437 "http://on-time-movers.com/wp-content/et-cache/38877/?C=S;O=A" "Mozilla/5.0 AppleWebKit/537.36 (KHTML, like Gecko; compatible; GPTBot/1.4; +https://openai.com/gptbot)"
74.7.242.58 - - [05/Sep/2026:13:00:32 +0000] "GET /wp-content/et-cache/33662/?C=D;O=D HTTP/1.1" 200 435 "http://on-time-movers.com/wp-content/et-cache/33662/?C=D;O=A" "Mozilla/5.0 AppleWebKit/537.36 (KHTML, like Gecko; compatible; GPTBot/1.4; +https://openai.com/gptbot)"
74.7.242.58 - - [05/Sep/2026:13:00:34 +0000] "GET /wp-content/et-cache/33935/?C=M;O=D HTTP/1.1" 200 437 "http://on-time-movers.com/wp-content/et-cache/33935/?C=M;O=A" "Mozilla/5.0 AppleWebKit/537.36 (KHTML, like Gecko; compatible; GPTBot/1.4; +https://openai.com/gptbot)"
74.7.242.58 - - [05/Sep/2026:13:00:36 +0000] "GET /wp-content/et-cache/35385/?C=D;O=D HTTP/1.1" 200 435 "http://on-time-movers.com/wp-content/et-cache/35385/?C=D;O=A" "Mozilla/5.0 AppleWebKit/537.36 (KHTML, like Gecko; compatible; GPTBot/1.4; +https://openai.com/gptbot)"
74.7.242.58 - - [05/Sep/2026:13:00:38 +0000] "GET /wp-content/et-cache/36446/?C=N;O=A HTTP/1.1" 200 428 "http://on-time-movers.com/wp-content/et-cache/36446/?C=S;O=A" "Mozilla/5.0 AppleWebKit/537.36 (KHTML, like Gecko; compatible; GPTBot/1.4; +https://openai.com/gptbot)"
74.7.242.58 - - [05/Sep/2026:13:00:40 +0000] "GET /wp-content/et-cache/35300/?C=S;O=A HTTP/1.1" 200 437 "http://on-time-movers.com/wp-content/et-cache/35300/" "Mozilla/5.0 AppleWebKit/537.36 (KHTML, like Gecko; compatible; GPTBot/1.4; +https://openai.com/gptbot)"
74.7.242.58 - - [05/Sep/2026:13:00:42 +0000] "GET /wp-content/et-cache/33523/?C=D;O=D HTTP/1.1" 200 435 "http://on-time-movers.com/wp-content/et-cache/33523/?C=D;O=A" "Mozilla/5.0 AppleWebKit/537.36 (KHTML, like Gecko; compatible; GPTBot/1.4; +https://openai.com/gptbot)"
216.73.216.141 - - [05/Sep/2026:13:00:43 +0000] "GET /wp-content/plugins/wp-mail-smtp/assets/vue/js/?C=S&O=D HTTP/1.1" 200 429 "-" "Mozilla/5.0 AppleWebKit/537.36 (KHTML, like Gecko; compatible; ClaudeBot/1.0; +claudebot@anthropic.com)"
216.73.216.141 - - [05/Sep/2026:13:00:43 +0000] "GET /wp-content/plugins/wp-mail-smtp/assets/vue/js/?C=D&O=D HTTP/1.1" 200 431 "-" "Mozilla/5.0 AppleWebKit/537.36 (KHTML, like Gecko; compatible; ClaudeBot/1.0; +claudebot@anthropic.com)"
216.73.216.141 - - [05/Sep/2026:13:00:43 +0000] "GET /wp-content/plugins/wp-rocket/inc/Dependencies/Psr/?C=S&O=A HTTP/1.1" 200 400 "-" "Mozilla/5.0 AppleWebKit/537.36 (KHTML, like Gecko; compatible; ClaudeBot/1.0; +claudebot@anthropic.com)"
216.73.216.141 - - [05/Sep/2026:13:00:44 +0000] "GET /wp-content/plugins/wp-rocket/inc/Dependencies/Psr/?C=D&O=A HTTP/1.1" 200 399 "-" "Mozilla/5.0 AppleWebKit/537.36 (KHTML, like Gecko; compatible; ClaudeBot/1.0; +claudebot@anthropic.com)"
216.73.216.141 - - [05/Sep/2026:13:00:44 +0000] "GET /wp-content/et-cache/34284/?C=N&O=A HTTP/1.1" 200 439 "-" "Mozilla/5.0 AppleWebKit/537.36 (KHTML, like Gecko; compatible; ClaudeBot/1.0; +claudebot@anthropic.com)"
216.73.216.141 - - [05/Sep/2026:13:00:44 +0000] "GET /wp-content/plugins/wp-rocket/inc/Dependencies/Psr/?C=N&O=D HTTP/1.1" 200 397 "-" "Mozilla/5.0 AppleWebKit/537.36 (KHTML, like Gecko; compatible; ClaudeBot/1.0; +claudebot@anthropic.com)"
216.73.216.141 - - [05/Sep/2026:13:00:44 +0000] "GET /wp-content/themes/twentytwentyfive/assets/fonts/literata/ HTTP/1.1" 200 589 "-" "Mozilla/5.0 AppleWebKit/537.36 (KHTML, like Gecko; compatible; ClaudeBot/1.0; +claudebot@anthropic.com)"
74.7.242.58 - - [05/Sep/2026:13:00:44 +0000] "GET /wp-content/et-cache/31913/?C=N;O=A HTTP/1.1" 200 438 "http://on-time-movers.com/wp-content/et-cache/31913/?C=S;O=A" "Mozilla/5.0 AppleWebKit/537.36 (KHTML, like Gecko; compatible; GPTBot/1.4; +https://openai.com/gptbot)"
216.73.216.141 - - [05/Sep/2026:13:00:44 +0000] "GET /wp-content/et-cache/36238/?C=N&O=A HTTP/1.1" 200 428 "-" "Mozilla/5.0 AppleWebKit/537.36 (KHTML, like Gecko; compatible; ClaudeBot/1.0; +claudebot@anthropic.com)"
216.73.216.141 - - [05/Sep/2026:13:00:45 +0000] "GET /wp-content/plugins/wp-mail-smtp/assets/images/dash-widget/wp/?C=N&O=A HTTP/1.1" 200 464 "-" "Mozilla/5.0 AppleWebKit/537.36 (KHTML, like Gecko; compatible; ClaudeBot/1.0; +claudebot@anthropic.com)"
216.73.216.141 - - [05/Sep/2026:13:00:45 +0000] "GET /wp-content/plugins/wp-rocket/inc/3rd-party/themes/?C=M&O=A HTTP/1.1" 200 410 "-" "Mozilla/5.0 AppleWebKit/537.36 (KHTML, like Gecko; compatible; ClaudeBot/1.0; +claudebot@anthropic.com)"
216.73.216.141 - - [05/Sep/2026:13:00:45 +0000] "GET /wp-content/plugins/wp-mail-smtp/assets/vue/js/?C=N&O=A HTTP/1.1" 200 431 "-" "Mozilla/5.0 AppleWebKit/537.36 (KHTML, like Gecko; compatible; ClaudeBot/1.0; +claudebot@anthropic.com)"
216.73.216.141 - - [05/Sep/2026:13:00:45 +0000] "GET /wp-content/plugins/wp-rocket/inc/3rd-party/themes/?C=S&O=A HTTP/1.1" 200 410 "-" "Mozilla/5.0 AppleWebKit/537.36 (KHTML, like Gecko; compatible; ClaudeBot/1.0; +claudebot@anthropic.com)"
216.73.216.141 - - [05/Sep/2026:13:00:46 +0000] "GET /wp-content/plugins/wp-rocket/inc/3rd-party/themes/?C=D&O=A HTTP/1.1" 200 410 "-" "Mozilla/5.0 AppleWebKit/537.36 (KHTML, like Gecko; compatible; ClaudeBot/1.0; +claudebot@anthropic.com)"
216.73.216.141 - - [05/Sep/2026:13:00:46 +0000] "GET /wp-content/plugins/wp-rocket/inc/3rd-party/themes/?C=N&O=D HTTP/1.1" 200 406 "-" "Mozilla/5.0 AppleWebKit/537.36 (KHTML, like Gecko; compatible; ClaudeBot/1.0; +claudebot@anthropic.com)"
216.73.216.141 - - [05/Sep/2026:13:00:46 +0000] "GET /wp-content/themes/twentytwentyfive/assets/fonts/platypi/ HTTP/1.1" 200 447 "-" "Mozilla/5.0 AppleWebKit/537.36 (KHTML, like Gecko; compatible; ClaudeBot/1.0; +claudebot@anthropic.com)"
216.73.216.141 - - [05/Sep/2026:13:00:46 +0000] "GET /wp-content/plugins/wp-rocket/inc/Dependencies/League/Container/Inflector/?C=M&O=A HTTP/1.1" 200 479 "-" "Mozilla/5.0 AppleWebKit/537.36 (KHTML, like Gecko; compatible; ClaudeBot/1.0; +claudebot@anthropic.com)"
74.7.242.58 - - [05/Sep/2026:13:00:46 +0000] "GET /wp-content/et-cache/39311/?C=M;O=D HTTP/1.1" 200 437 "http://on-time-movers.com/wp-content/et-cache/39311/?C=M;O=A" "Mozilla/5.0 AppleWebKit/537.36 (KHTML, like Gecko; compatible; GPTBot/1.4; +https://openai.com/gptbot)"
216.73.216.141 - - [05/Sep/2026:13:00:46 +0000] "GET /wp-content/plugins/wp-rocket/inc/Dependencies/League/Container/Inflector/?C=S&O=A HTTP/1.1" 200 479 "-" "Mozilla/5.0 AppleWebKit/537.36 (KHTML, like Gecko; compatible; ClaudeBot/1.0; +claudebot@anthropic.com)"
216.73.216.141 - - [05/Sep/2026:13:00:47 +0000] "GET /wp-content/plugins/wp-rocket/inc/Dependencies/League/Container/Inflector/?C=D&O=A HTTP/1.1" 200 479 "-" "Mozilla/5.0 AppleWebKit/537.36 (KHTML, like Gecko; compatible; ClaudeBot/1.0; +claudebot@anthropic.com)"
216.73.216.141 - - [05/Sep/2026:13:00:47 +0000] "GET /wp-content/themes/twentytwentyfive/assets/fonts/fira-sans/ HTTP/1.1" 200 637 "-" "Mozilla/5.0 AppleWebKit/537.36 (KHTML, like Gecko; compatible; ClaudeBot/1.0; +claudebot@anthropic.com)"
216.73.216.141 - - [05/Sep/2026:13:00:47 +0000] "GET /wp-content/plugins/wp-rocket/inc/Dependencies/League/Container/Inflector/?C=N&O=D HTTP/1.1" 200 476 "-" "Mozilla/5.0 AppleWebKit/537.36 (KHTML, like Gecko; compatible; ClaudeBot/1.0; +claudebot@anthropic.com)"
216.73.216.141 - - [05/Sep/2026:13:00:47 +0000] "GET /wp-content/plugins/seo-by-rank-math/vendor/a5hleyrich/wp-background-processing/?C=M&O=D HTTP/1.1" 200 515 "-" "Mozilla/5.0 AppleWebKit/537.36 (KHTML, like Gecko; compatible; ClaudeBot/1.0; +claudebot@anthropic.com)"
216.73.216.141 - - [05/Sep/2026:13:00:48 +0000] "GET /wp-content/plugins/seo-by-rank-math/vendor/a5hleyrich/wp-background-processing/?C=S&O=D HTTP/1.1" 200 514 "-" "Mozilla/5.0 AppleWebKit/537.36 (KHTML, like Gecko; compatible; ClaudeBot/1.0; +claudebot@anthropic.com)"
216.73.216.141 - - [05/Sep/2026:13:00:48 +0000] "GET /wp-content/plugins/seo-by-rank-math/vendor/a5hleyrich/wp-background-processing/?C=D&O=D HTTP/1.1" 200 515 "-" "Mozilla/5.0 AppleWebKit/537.36 (KHTML, like Gecko; compatible; ClaudeBot/1.0; +claudebot@anthropic.com)"
216.73.216.141 - - [05/Sep/2026:13:00:48 +0000] "GET /wp-content/plugins/wp-mail-smtp/assets/images/dash-widget/smtp/?C=M&O=D HTTP/1.1" 200 459 "-" "Mozilla/5.0 AppleWebKit/537.36 (KHTML, like Gecko; compatible; ClaudeBot/1.0; +claudebot@anthropic.com)"
216.73.216.141 - - [05/Sep/2026:13:00:48 +0000] "GET /wp-content/plugins/wp-mail-smtp/assets/images/dash-widget/smtp/?C=S&O=D HTTP/1.1" 200 460 "-" "Mozilla/5.0 AppleWebKit/537.36 (KHTML, like Gecko; compatible; ClaudeBot/1.0; +claudebot@anthropic.com)"
74.7.242.58 - - [05/Sep/2026:13:00:48 +0000] "GET /wp-content/et-cache/33538/?C=S;O=D HTTP/1.1" 200 437 "http://on-time-movers.com/wp-content/et-cache/33538/?C=S;O=A" "Mozilla/5.0 AppleWebKit/537.36 (KHTML, like Gecko; compatible; GPTBot/1.4; +https://openai.com/gptbot)"
216.73.216.141 - - [05/Sep/2026:13:00:49 +0000] "GET /wp-content/plugins/wp-mail-smtp/assets/images/dash-widget/smtp/?C=D&O=D HTTP/1.1" 200 459 "-" "Mozilla/5.0 AppleWebKit/537.36 (KHTML, like Gecko; compatible; ClaudeBot/1.0; +claudebot@anthropic.com)"
216.73.216.141 - - [05/Sep/2026:13:00:49 +0000] "GET /wp-content/plugins/wp-rocket/inc/Dependencies/League/Container/Argument/?C=M&O=A HTTP/1.1" 200 551 "-" "Mozilla/5.0 AppleWebKit/537.36 (KHTML, like Gecko; compatible; ClaudeBot/1.0; +claudebot@anthropic.com)"
216.73.216.141 - - [05/Sep/2026:13:00:49 +0000] "GET /wp-content/plugins/wp-rocket/inc/Dependencies/League/Container/Argument/?C=S&O=A HTTP/1.1" 200 539 "-" "Mozilla/5.0 AppleWebKit/537.36 (KHTML, like Gecko; compatible; ClaudeBot/1.0; +claudebot@anthropic.com)"
216.73.216.141 - - [05/Sep/2026:13:00:49 +0000] "GET /wp-content/plugins/wp-rocket/inc/Dependencies/League/Container/Argument/?C=D&O=A HTTP/1.1" 200 550 "-" "Mozilla/5.0 AppleWebKit/537.36 (KHTML, like Gecko; compatible; ClaudeBot/1.0; +claudebot@anthropic.com)"
216.73.216.141 - - [05/Sep/2026:13:00:49 +0000] "GET /wp-content/plugins/wp-mail-smtp/vendor/woocommerce/action-scheduler/lib/?C=M&O=D HTTP/1.1" 200 451 "-" "Mozilla/5.0 AppleWebKit/537.36 (KHTML, like Gecko; compatible; ClaudeBot/1.0; +claudebot@anthropic.com)"
216.73.216.141 - - [05/Sep/2026:13:00:50 +0000] "GET /wp-content/plugins/wp-mail-smtp/vendor/woocommerce/action-scheduler/lib/?C=S&O=D HTTP/1.1" 200 454 "-" "Mozilla/5.0 AppleWebKit/537.36 (KHTML, like Gecko; compatible; ClaudeBot/1.0; +claudebot@anthropic.com)"
216.73.216.141 - - [05/Sep/2026:13:00:50 +0000] "GET /wp-content/plugins/wp-mail-smtp/vendor/woocommerce/action-scheduler/lib/?C=D&O=D HTTP/1.1" 200 451 "-" "Mozilla/5.0 AppleWebKit/537.36 (KHTML, like Gecko; compatible; ClaudeBot/1.0; +claudebot@anthropic.com)"
216.73.216.141 - - [05/Sep/2026:13:00:50 +0000] "GET /wp-content/plugins/wp-rocket/inc/Dependencies/League/Container/Argument/?C=N&O=D HTTP/1.1" 200 543 "-" "Mozilla/5.0 AppleWebKit/537.36 (KHTML, like Gecko; compatible; ClaudeBot/1.0; +claudebot@anthropic.com)"
216.73.216.141 - - [05/Sep/2026:13:00:50 +0000] "GET /wp-content/plugins/wp-mail-smtp/assets/images/reports/email/?C=S&O=D HTTP/1.1" 200 591 "-" "Mozilla/5.0 AppleWebKit/537.36 (KHTML, like Gecko; compatible; ClaudeBot/1.0; +claudebot@anthropic.com)"
74.7.242.58 - - [05/Sep/2026:13:00:51 +0000] "GET /wp-content/et-cache/36646/?C=M;O=D HTTP/1.1" 200 438 "http://on-time-movers.com/wp-content/et-cache/36646/?C=M;O=A" "Mozilla/5.0 AppleWebKit/537.36 (KHTML, like Gecko; compatible; GPTBot/1.4; +https://openai.com/gptbot)"
216.73.216.141 - - [05/Sep/2026:13:00:51 +0000] "GET /wp-content/plugins/wp-mail-smtp/assets/images/reports/email/?C=M&O=D HTTP/1.1" 200 592 "-" "Mozilla/5.0 AppleWebKit/537.36 (KHTML, like Gecko; compatible; ClaudeBot/1.0; +claudebot@anthropic.com)"
216.73.216.141 - - [05/Sep/2026:13:00:51 +0000] "GET /wp-content/plugins/wp-mail-smtp/assets/images/reports/email/?C=D&O=D HTTP/1.1" 200 592 "-" "Mozilla/5.0 AppleWebKit/537.36 (KHTML, like Gecko; compatible; ClaudeBot/1.0; +claudebot@anthropic.com)"
216.73.216.141 - - [05/Sep/2026:13:00:51 +0000] "GET /wp-content/themes/twentytwentyfive/assets/fonts/roboto-slab/ HTTP/1.1" 200 435 "-" "Mozilla/5.0 AppleWebKit/537.36 (KHTML, like Gecko; compatible; ClaudeBot/1.0; +claudebot@anthropic.com)"
216.73.216.141 - - [05/Sep/2026:13:00:51 +0000] "GET /wp-content/plugins/seo-by-rank-math/vendor/a5hleyrich/wp-background-processing/?C=N&O=A HTTP/1.1" 200 516 "-" "Mozilla/5.0 AppleWebKit/537.36 (KHTML, like Gecko; compatible; ClaudeBot/1.0; +claudebot@anthropic.com)"
216.73.216.141 - - [05/Sep/2026:13:00:51 +0000] "GET /wp-content/themes/twentytwentyfive/assets/fonts/ysabeau-office/ HTTP/1.1" 200 455 "-" "Mozilla/5.0 AppleWebKit/537.36 (KHTML, like Gecko; compatible; ClaudeBot/1.0; +claudebot@anthropic.com)"
216.73.216.141 - - [05/Sep/2026:13:00:52 +0000] "GET /wp-content/plugins/wp-mail-smtp/vendor/ralouphie/getallheaders/?C=M&O=D HTTP/1.1" 200 426 "-" "Mozilla/5.0 AppleWebKit/537.36 (KHTML, like Gecko; compatible; ClaudeBot/1.0; +claudebot@anthropic.com)"
216.73.216.141 - - [05/Sep/2026:13:00:52 +0000] "GET /wp-content/plugins/wp-smush-pro/app/views/dashboard/upsell/?C=M&O=A HTTP/1.1" 200 433 "-" "Mozilla/5.0 AppleWebKit/537.36 (KHTML, like Gecko; compatible; ClaudeBot/1.0; +claudebot@anthropic.com)"
216.73.216.141 - - [05/Sep/2026:13:00:52 +0000] "GET /wp-content/plugins/wp-smush-pro/app/views/dashboard/upsell/?C=S&O=A HTTP/1.1" 200 433 "-" "Mozilla/5.0 AppleWebKit/537.36 (KHTML, like Gecko; compatible; ClaudeBot/1.0; +claudebot@anthropic.com)"
216.73.216.141 - - [05/Sep/2026:13:00:52 +0000] "GET /wp-content/plugins/wp-mail-smtp/vendor/ralouphie/getallheaders/?C=S&O=D HTTP/1.1" 200 428 "-" "Mozilla/5.0 AppleWebKit/537.36 (KHTML, like Gecko; compatible; ClaudeBot/1.0; +claudebot@anthropic.com)"
74.7.242.58 - - [05/Sep/2026:13:00:53 +0000] "GET /wp-content/et-cache/35454/?C=D;O=A HTTP/1.1" 200 439 "http://on-time-movers.com/wp-content/et-cache/35454/" "Mozilla/5.0 AppleWebKit/537.36 (KHTML, like Gecko; compatible; GPTBot/1.4; +https://openai.com/gptbot)"
216.73.216.141 - - [05/Sep/2026:13:00:53 +0000] "GET /wp-content/plugins/wp-mail-smtp/assets/images/dash-widget/smtp/?C=N&O=A HTTP/1.1" 200 464 "-" "Mozilla/5.0 AppleWebKit/537.36 (KHTML, like Gecko; compatible; ClaudeBot/1.0; +claudebot@anthropic.com)"
216.73.216.141 - - [05/Sep/2026:13:00:53 +0000] "GET /wp-content/plugins/wp-smush-pro/app/views/dashboard/upsell/?C=D&O=A HTTP/1.1" 200 433 "-" "Mozilla/5.0 AppleWebKit/537.36 (KHTML, like Gecko; compatible; ClaudeBot/1.0; +claudebot@anthropic.com)"
216.73.216.141 - - [05/Sep/2026:13:00:53 +0000] "GET /wp-content/plugins/wp-mail-smtp/vendor/ralouphie/getallheaders/?C=D&O=D HTTP/1.1" 200 426 "-" "Mozilla/5.0 AppleWebKit/537.36 (KHTML, like Gecko; compatible; ClaudeBot/1.0; +claudebot@anthropic.com)"
216.73.216.141 - - [05/Sep/2026:13:00:53 +0000] "GET /wp-content/plugins/wp-smush-pro/app/views/dashboard/upsell/?C=N&O=D HTTP/1.1" 200 434 "-" "Mozilla/5.0 AppleWebKit/537.36 (KHTML, like Gecko; compatible; ClaudeBot/1.0; +claudebot@anthropic.com)"
216.73.216.141 - - [05/Sep/2026:13:00:54 +0000] "GET /wp-content/plugins/wp-mail-smtp/assets/images/reports/email/?C=N&O=A HTTP/1.1" 200 583 "-" "Mozilla/5.0 AppleWebKit/537.36 (KHTML, like Gecko; compatible; ClaudeBot/1.0; +claudebot@anthropic.com)"
216.73.216.141 - - [05/Sep/2026:13:00:54 +0000] "GET /wp-content/plugins/wp-mail-smtp/vendor/woocommerce/action-scheduler/lib/?C=N&O=A HTTP/1.1" 200 455 "-" "Mozilla/5.0 AppleWebKit/537.36 (KHTML, like Gecko; compatible; ClaudeBot/1.0; +claudebot@anthropic.com)"
216.73.216.141 - - [05/Sep/2026:13:00:54 +0000] "GET /wp-content/plugins/wp-mail-smtp/vendor_prefixed/guzzlehttp/guzzle/src/Cookie/?C=M&O=D HTTP/1.1" 200 493 "-" "Mozilla/5.0 AppleWebKit/537.36 (KHTML, like Gecko; compatible; ClaudeBot/1.0; +claudebot@anthropic.com)"
216.73.216.141 - - [05/Sep/2026:13:00:54 +0000] "GET /wp-content/plugins/wp-mail-smtp/vendor_prefixed/guzzlehttp/guzzle/src/Cookie/?C=S&O=D HTTP/1.1" 200 494 "-" "Mozilla/5.0 AppleWebKit/537.36 (KHTML, like Gecko; compatible; ClaudeBot/1.0; +claudebot@anthropic.com)"
216.73.216.141 - - [05/Sep/2026:13:00:54 +0000] "GET /wp-content/plugins/wp-mail-smtp/vendor_prefixed/guzzlehttp/guzzle/src/Cookie/?C=D&O=D HTTP/1.1" 200 493 "-" "Mozilla/5.0 AppleWebKit/537.36 (KHTML, like Gecko; compatible; ClaudeBot/1.0; +claudebot@anthropic.com)"
216.73.216.141 - - [05/Sep/2026:13:00:55 +0000] "GET /wp-content/plugins/wp-mail-smtp/vendor/ralouphie/getallheaders/?C=N&O=A HTTP/1.1" 200 430 "-" "Mozilla/5.0 AppleWebKit/537.36 (KHTML, like Gecko; compatible; ClaudeBot/1.0; +claudebot@anthropic.com)"
74.7.242.58 - - [05/Sep/2026:13:00:55 +0000] "GET /wp-content/et-cache/32733/?C=M;O=A HTTP/1.1" 200 439 "http://on-time-movers.com/wp-content/et-cache/32733/" "Mozilla/5.0 AppleWebKit/537.36 (KHTML, like Gecko; compatible; GPTBot/1.4; +https://openai.com/gptbot)"
216.73.216.141 - - [05/Sep/2026:13:00:55 +0000] "GET /wp-content/themes/twentytwentyfive/assets/fonts/vollkorn/ HTTP/1.1" 200 448 "-" "Mozilla/5.0 AppleWebKit/537.36 (KHTML, like Gecko; compatible; ClaudeBot/1.0; +claudebot@anthropic.com)"
216.73.216.141 - - [05/Sep/2026:13:00:55 +0000] "GET /wp-content/themes/twentytwentyfive/styles/typography/?C=S&O=D HTTP/1.1" 200 481 "-" "Mozilla/5.0 AppleWebKit/537.36 (KHTML, like Gecko; compatible; ClaudeBot/1.0; +claudebot@anthropic.com)"
216.73.216.141 - - [05/Sep/2026:13:00:55 +0000] "GET /wp-content/themes/twentytwentyfive/styles/typography/?C=M&O=D HTTP/1.1" 200 483 "-" "Mozilla/5.0 AppleWebKit/537.36 (KHTML, like Gecko; compatible; ClaudeBot/1.0; +claudebot@anthropic.com)"
216.73.216.141 - - [05/Sep/2026:13:00:56 +0000] "GET /wp-content/themes/twentytwentyfive/styles/typography/?C=D&O=D HTTP/1.1" 200 483 "-" "Mozilla/5.0 AppleWebKit/537.36 (KHTML, like Gecko; compatible; ClaudeBot/1.0; +claudebot@anthropic.com)"
216.73.216.141 - - [05/Sep/2026:13:00:56 +0000] "GET /wp-content/plugins/wp-mail-smtp/vendor_prefixed/guzzlehttp/guzzle/src/Cookie/?C=N&O=A HTTP/1.1" 200 496 "-" "Mozilla/5.0 AppleWebKit/537.36 (KHTML, like Gecko; compatible; ClaudeBot/1.0; +claudebot@anthropic.com)"
216.73.216.141 - - [05/Sep/2026:13:00:56 +0000] "GET /wp-content/plugins/seo-by-rank-math/vendor/woocommerce/action-scheduler/lib/cron-expression/?C=S&O=D HTTP/1.1" 200 608 "-" "Mozilla/5.0 AppleWebKit/537.36 (KHTML, like Gecko; compatible; ClaudeBot/1.0; +claudebot@anthropic.com)"
216.73.216.141 - - [05/Sep/2026:13:00:56 +0000] "GET /wp-content/plugins/seo-by-rank-math/vendor/woocommerce/action-scheduler/lib/cron-expression/?C=M&O=D HTTP/1.1" 200 610 "-" "Mozilla/5.0 AppleWebKit/537.36 (KHTML, like Gecko; compatible; ClaudeBot/1.0; +claudebot@anthropic.com)"
216.73.216.141 - - [05/Sep/2026:13:00:56 +0000] "GET /wp-content/plugins/seo-by-rank-math/vendor/woocommerce/action-scheduler/lib/cron-expression/?C=D&O=D HTTP/1.1" 200 610 "-" "Mozilla/5.0 AppleWebKit/537.36 (KHTML, like Gecko; compatible; ClaudeBot/1.0; +claudebot@anthropic.com)"
74.7.242.58 - - [05/Sep/2026:13:00:56 +0000] "GET /wp-content/et-cache/32312/?C=D;O=A HTTP/1.1" 200 439 "http://on-time-movers.com/wp-content/et-cache/32312/" "Mozilla/5.0 AppleWebKit/537.36 (KHTML, like Gecko; compatible; GPTBot/1.4; +https://openai.com/gptbot)"
216.73.216.141 - - [05/Sep/2026:13:00:57 +0000] "GET /wp-content/plugins/seo-by-rank-math/vendor/woocommerce/action-scheduler/classes/WP_CLI/?C=S&O=D HTTP/1.1" 200 569 "-" "Mozilla/5.0 AppleWebKit/537.36 (KHTML, like Gecko; compatible; ClaudeBot/1.0; +claudebot@anthropic.com)"
216.73.216.141 - - [05/Sep/2026:13:00:57 +0000] "GET /wp-content/plugins/seo-by-rank-math/vendor/woocommerce/action-scheduler/classes/WP_CLI/?C=M&O=D HTTP/1.1" 200 574 "-" "Mozilla/5.0 AppleWebKit/537.36 (KHTML, like Gecko; compatible; ClaudeBot/1.0; +claudebot@anthropic.com)"
216.73.216.141 - - [05/Sep/2026:13:00:57 +0000] "GET /wp-content/plugins/seo-by-rank-math/vendor/woocommerce/action-scheduler/classes/WP_CLI/?C=D&O=D HTTP/1.1" 200 571 "-" "Mozilla/5.0 AppleWebKit/537.36 (KHTML, like Gecko; compatible; ClaudeBot/1.0; +claudebot@anthropic.com)"
216.73.216.141 - - [05/Sep/2026:13:00:57 +0000] "GET /wp-content/plugins/seo-by-rank-math/vendor/woocommerce/action-scheduler/lib/cron-expression/?C=N&O=A HTTP/1.1" 200 604 "-" "Mozilla/5.0 AppleWebKit/537.36 (KHTML, like Gecko; compatible; ClaudeBot/1.0; +claudebot@anthropic.com)"
216.73.216.141 - - [05/Sep/2026:13:00:58 +0000] "GET /wp-content/themes/twentytwentyfive/styles/typography/?C=N&O=A HTTP/1.1" 200 485 "-" "Mozilla/5.0 AppleWebKit/537.36 (KHTML, like Gecko; compatible; ClaudeBot/1.0; +claudebot@anthropic.com)"
216.73.216.141 - - [05/Sep/2026:13:00:58 +0000] "GET /wp-content/themes/twentytwentyfive/assets/fonts/manrope/Manrope-VariableFont_wght.woff2 HTTP/1.1" 200 53577 "-" "Mozilla/5.0 AppleWebKit/537.36 (KHTML, like Gecko; compatible; ClaudeBot/1.0; +claudebot@anthropic.com)"
216.73.216.141 - - [05/Sep/2026:13:00:58 +0000] "GET /wp-content/plugins/seo-by-rank-math/vendor/woocommerce/action-scheduler/classes/WP_CLI/?C=N&O=A HTTP/1.1" 200 572 "-" "Mozilla/5.0 AppleWebKit/537.36 (KHTML, like Gecko; compatible; ClaudeBot/1.0; +claudebot@anthropic.com)"
216.73.216.141 - - [05/Sep/2026:13:00:58 +0000] "GET /wp-content/themes/twentytwentyfive/assets/fonts/?C=S&O=A HTTP/1.1" 200 510 "-" "Mozilla/5.0 AppleWebKit/537.36 (KHTML, like Gecko; compatible; ClaudeBot/1.0; +claudebot@anthropic.com)"
216.73.216.141 - - [05/Sep/2026:13:00:58 +0000] "GET /wp-content/themes/twentytwentyfive/assets/fonts/?C=M&O=A HTTP/1.1" 200 513 "-" "Mozilla/5.0 AppleWebKit/537.36 (KHTML, like Gecko; compatible; ClaudeBot/1.0; +claudebot@anthropic.com)"
74.7.242.58 - - [05/Sep/2026:13:00:59 +0000] "GET /wp-content/et-cache/34314/?C=S;O=D HTTP/1.1" 200 437 "http://on-time-movers.com/wp-content/et-cache/34314/?C=S;O=A" "Mozilla/5.0 AppleWebKit/537.36 (KHTML, like Gecko; compatible; GPTBot/1.4; +https://openai.com/gptbot)"
216.73.216.141 - - [05/Sep/2026:13:00:59 +0000] "GET /wp-content/themes/twentytwentyfive/assets/fonts/?C=D&O=A HTTP/1.1" 200 510 "-" "Mozilla/5.0 AppleWebKit/537.36 (KHTML, like Gecko; compatible; ClaudeBot/1.0; +claudebot@anthropic.com)"
216.73.216.141 - - [05/Sep/2026:13:00:59 +0000] "GET /wp-content/themes/twentytwentyfive/assets/fonts/?C=N&O=D HTTP/1.1" 200 506 "-" "Mozilla/5.0 AppleWebKit/537.36 (KHTML, like Gecko; compatible; ClaudeBot/1.0; +claudebot@anthropic.com)"
216.73.216.141 - - [05/Sep/2026:13:00:59 +0000] "GET /wp-content/themes/twentytwentyfive/assets/fonts/manrope/?C=S&O=A HTTP/1.1" 200 429 "-" "Mozilla/5.0 AppleWebKit/537.36 (KHTML, like Gecko; compatible; ClaudeBot/1.0; +claudebot@anthropic.com)"
216.73.216.141 - - [05/Sep/2026:13:00:59 +0000] "GET /wp-content/themes/twentytwentyfive/assets/fonts/manrope/?C=M&O=A HTTP/1.1" 200 429 "-" "Mozilla/5.0 AppleWebKit/537.36 (KHTML, like Gecko; compatible; ClaudeBot/1.0; +claudebot@anthropic.com)"
216.73.216.141 - - [05/Sep/2026:13:01:00 +0000] "GET /wp-content/themes/twentytwentyfive/assets/fonts/manrope/?C=D&O=A HTTP/1.1" 200 428 "-" "Mozilla/5.0 AppleWebKit/537.36 (KHTML, like Gecko; compatible; ClaudeBot/1.0; +claudebot@anthropic.com)"
216.73.216.141 - - [05/Sep/2026:13:01:00 +0000] "GET /wp-content/themes/twentytwentyfive/assets/fonts/manrope/?C=N&O=D HTTP/1.1" 200 426 "-" "Mozilla/5.0 AppleWebKit/537.36 (KHTML, like Gecko; compatible; ClaudeBot/1.0; +claudebot@anthropic.com)"
74.7.242.58 - - [05/Sep/2026:13:01:01 +0000] "GET /wp-content/et-cache/38368/?C=D;O=A HTTP/1.1" 200 439 "http://on-time-movers.com/wp-content/et-cache/38368/" "Mozilla/5.0 AppleWebKit/537.36 (KHTML, like Gecko; compatible; GPTBot/1.4; +https://openai.com/gptbot)"
74.7.242.58 - - [05/Sep/2026:13:01:03 +0000] "GET /wp-content/et-cache/35300/?C=S;O=D HTTP/1.1" 200 437 "http://on-time-movers.com/wp-content/et-cache/35300/?C=S;O=A" "Mozilla/5.0 AppleWebKit/537.36 (KHTML, like Gecko; compatible; GPTBot/1.4; +https://openai.com/gptbot)"
216.73.216.141 - - [05/Sep/2026:13:01:04 +0000] "GET /wp-content/et-cache/37239/?C=M&O=D HTTP/1.1" 200 425 "-" "Mozilla/5.0 AppleWebKit/537.36 (KHTML, like Gecko; compatible; ClaudeBot/1.0; +claudebot@anthropic.com)"
216.73.216.141 - - [05/Sep/2026:13:01:04 +0000] "GET /wp-content/et-cache/37576/?C=M&O=D HTTP/1.1" 200 438 "-" "Mozilla/5.0 AppleWebKit/537.36 (KHTML, like Gecko; compatible; ClaudeBot/1.0; +claudebot@anthropic.com)"
216.73.216.141 - - [05/Sep/2026:13:01:04 +0000] "GET /wp-content/et-cache/37482/?C=M&O=D HTTP/1.1" 200 437 "-" "Mozilla/5.0 AppleWebKit/537.36 (KHTML, like Gecko; compatible; ClaudeBot/1.0; +claudebot@anthropic.com)"
216.73.216.141 - - [05/Sep/2026:13:01:04 +0000] "GET /wp-content/et-cache/36752/?C=D&O=D HTTP/1.1" 200 435 "-" "Mozilla/5.0 AppleWebKit/537.36 (KHTML, like Gecko; compatible; ClaudeBot/1.0; +claudebot@anthropic.com)"
216.73.216.141 - - [05/Sep/2026:13:01:04 +0000] "GET /wp-content/et-cache/39260/?C=D&O=D HTTP/1.1" 200 435 "-" "Mozilla/5.0 AppleWebKit/537.36 (KHTML, like Gecko; compatible; ClaudeBot/1.0; +claudebot@anthropic.com)"
74.7.242.58 - - [05/Sep/2026:13:01:05 +0000] "GET /wp-content/et-cache/33434/?C=M;O=A HTTP/1.1" 200 429 "http://on-time-movers.com/wp-content/et-cache/33434/" "Mozilla/5.0 AppleWebKit/537.36 (KHTML, like Gecko; compatible; GPTBot/1.4; +https://openai.com/gptbot)"
216.73.216.141 - - [05/Sep/2026:13:01:05 +0000] "GET /wp-content/et-cache/36936/?C=D&O=D HTTP/1.1" 200 435 "-" "Mozilla/5.0 AppleWebKit/537.36 (KHTML, like Gecko; compatible; ClaudeBot/1.0; +claudebot@anthropic.com)"
216.73.216.141 - - [05/Sep/2026:13:01:05 +0000] "GET /wp-content/et-cache/39248/?C=D&O=D HTTP/1.1" 200 435 "-" "Mozilla/5.0 AppleWebKit/537.36 (KHTML, like Gecko; compatible; ClaudeBot/1.0; +claudebot@anthropic.com)"
216.73.216.141 - - [05/Sep/2026:13:01:05 +0000] "GET /wp-content/et-cache/39346/?C=S&O=D HTTP/1.1" 200 437 "-" "Mozilla/5.0 AppleWebKit/537.36 (KHTML, like Gecko; compatible; ClaudeBot/1.0; +claudebot@anthropic.com)"
216.73.216.141 - - [05/Sep/2026:13:01:05 +0000] "GET /wp-content/et-cache/36985/?C=S&O=D HTTP/1.1" 200 427 "-" "Mozilla/5.0 AppleWebKit/537.36 (KHTML, like Gecko; compatible; ClaudeBot/1.0; +claudebot@anthropic.com)"
74.7.242.58 - - [05/Sep/2026:13:01:07 +0000] "GET /wp-content/et-cache/34373/?C=D;O=D HTTP/1.1" 200 425 "http://on-time-movers.com/wp-content/et-cache/34373/?C=D;O=A" "Mozilla/5.0 AppleWebKit/537.36 (KHTML, like Gecko; compatible; GPTBot/1.4; +https://openai.com/gptbot)"
216.73.216.242 - - [05/Sep/2026:13:01:08 +0000] "GET /wp-content/plugins/google-site-kit/includes/Core/Authentication/Google_Proxy.php HTTP/1.1" 200 - "-" "Mozilla/5.0 AppleWebKit/537.36 (KHTML, like Gecko; compatible; ClaudeBot/1.0; +claudebot@anthropic.com)"
74.7.242.58 - - [05/Sep/2026:13:01:08 +0000] "GET /wp-content/et-cache/32237/?C=M;O=A HTTP/1.1" 200 439 "http://on-time-movers.com/wp-content/et-cache/32237/" "Mozilla/5.0 AppleWebKit/537.36 (KHTML, like Gecko; compatible; GPTBot/1.4; +https://openai.com/gptbot)"
74.7.242.58 - - [05/Sep/2026:13:01:11 +0000] "GET /wp-content/et-cache/34464/?C=D;O=D HTTP/1.1" 200 435 "http://on-time-movers.com/wp-content/et-cache/34464/?C=D;O=A" "Mozilla/5.0 AppleWebKit/537.36 (KHTML, like Gecko; compatible; GPTBot/1.4; +https://openai.com/gptbot)"
74.7.242.58 - - [05/Sep/2026:13:01:13 +0000] "GET /wp-content/et-cache/38868/?C=M;O=A HTTP/1.1" 200 439 "http://on-time-movers.com/wp-content/et-cache/38868/" "Mozilla/5.0 AppleWebKit/537.36 (KHTML, like Gecko; compatible; GPTBot/1.4; +https://openai.com/gptbot)"
216.73.216.242 - - [05/Sep/2026:13:01:13 +0000] "GET /wp-content/plugins/google-site-kit/includes/Core/Authentication/Has_Connected_Admins.php HTTP/1.1" 500 - "-" "Mozilla/5.0 AppleWebKit/537.36 (KHTML, like Gecko; compatible; ClaudeBot/1.0; +claudebot@anthropic.com)"
216.73.216.141 - - [05/Sep/2026:13:01:14 +0000] "GET /wp-content/plugins/wp-rocket/inc/3rd-party/hosting/?C=D&O=D HTTP/1.1" 200 514 "-" "Mozilla/5.0 AppleWebKit/537.36 (KHTML, like Gecko; compatible; ClaudeBot/1.0; +claudebot@anthropic.com)"
216.73.216.141 - - [05/Sep/2026:13:01:15 +0000] "GET /wp-content/et-cache/39260/?C=S&O=D HTTP/1.1" 200 436 "-" "Mozilla/5.0 AppleWebKit/537.36 (KHTML, like Gecko; compatible; ClaudeBot/1.0; +claudebot@anthropic.com)"
74.7.242.58 - - [05/Sep/2026:13:01:15 +0000] "GET /wp-content/et-cache/35454/?C=D;O=D HTTP/1.1" 200 435 "http://on-time-movers.com/wp-content/et-cache/35454/?C=D;O=A" "Mozilla/5.0 AppleWebKit/537.36 (KHTML, like Gecko; compatible; GPTBot/1.4; +https://openai.com/gptbot)"
216.73.216.141 - - [05/Sep/2026:13:01:15 +0000] "GET /wp-content/et-cache/36752/?C=S&O=D HTTP/1.1" 200 437 "-" "Mozilla/5.0 AppleWebKit/537.36 (KHTML, like Gecko; compatible; ClaudeBot/1.0; +claudebot@anthropic.com)"
216.73.216.141 - - [05/Sep/2026:13:01:15 +0000] "GET /wp-content/et-cache/36936/?C=S&O=D HTTP/1.1" 200 436 "-" "Mozilla/5.0 AppleWebKit/537.36 (KHTML, like Gecko; compatible; ClaudeBot/1.0; +claudebot@anthropic.com)"
216.73.216.141 - - [05/Sep/2026:13:01:15 +0000] "GET /wp-content/et-cache/39248/?C=S&O=D HTTP/1.1" 200 437 "-" "Mozilla/5.0 AppleWebKit/537.36 (KHTML, like Gecko; compatible; ClaudeBot/1.0; +claudebot@anthropic.com)"
216.73.216.141 - - [05/Sep/2026:13:01:15 +0000] "GET /wp-content/et-cache/37576/?C=D&O=D HTTP/1.1" 200 436 "-" "Mozilla/5.0 AppleWebKit/537.36 (KHTML, like Gecko; compatible; ClaudeBot/1.0; +claudebot@anthropic.com)"
216.73.216.141 - - [05/Sep/2026:13:01:15 +0000] "GET /wp-content/et-cache/37239/?C=D&O=D HTTP/1.1" 200 425 "-" "Mozilla/5.0 AppleWebKit/537.36 (KHTML, like Gecko; compatible; ClaudeBot/1.0; +claudebot@anthropic.com)"
216.73.216.141 - - [05/Sep/2026:13:01:16 +0000] "GET /wp-content/et-cache/37482/?C=D&O=D HTTP/1.1" 200 435 "-" "Mozilla/5.0 AppleWebKit/537.36 (KHTML, like Gecko; compatible; ClaudeBot/1.0; +claudebot@anthropic.com)"
216.73.216.141 - - [05/Sep/2026:13:01:16 +0000] "GET /wp-content/plugins/wp-rocket/inc/3rd-party/hosting/?C=S&O=D HTTP/1.1" 200 518 "-" "Mozilla/5.0 AppleWebKit/537.36 (KHTML, like Gecko; compatible; ClaudeBot/1.0; +claudebot@anthropic.com)"
74.7.242.58 - - [05/Sep/2026:13:01:17 +0000] "GET /wp-content/et-cache/32733/?C=M;O=D HTTP/1.1" 200 437 "http://on-time-movers.com/wp-content/et-cache/32733/?C=M;O=A" "Mozilla/5.0 AppleWebKit/537.36 (KHTML, like Gecko; compatible; GPTBot/1.4; +https://openai.com/gptbot)"
216.73.216.242 - - [05/Sep/2026:13:01:18 +0000] "GET /wp-content/plugins/google-site-kit/includes/Modules/Analytics_4/Email_Reporting/Report_Options.php HTTP/1.1" 500 - "-" "Mozilla/5.0 AppleWebKit/537.36 (KHTML, like Gecko; compatible; ClaudeBot/1.0; +claudebot@anthropic.com)"
