216.73.216.141 - - [05/Sep/2026:12:26:00 +0000] "GET /wp-content/et-cache/38711/?C=D&O=D HTTP/1.1" 200 435 "-" "Mozilla/5.0 AppleWebKit/537.36 (KHTML, like Gecko; compatible; ClaudeBot/1.0; +claudebot@anthropic.com)"
216.73.216.141 - - [05/Sep/2026:12:26:00 +0000] "GET /wp-content/et-cache/32544/?C=M&O=A HTTP/1.1" 200 439 "-" "Mozilla/5.0 AppleWebKit/537.36 (KHTML, like Gecko; compatible; ClaudeBot/1.0; +claudebot@anthropic.com)"
216.73.216.141 - - [05/Sep/2026:12:26:00 +0000] "GET /wp-content/plugins/wp-rocket/inc/Dependencies/ActionScheduler/classes/actions/?C=D&O=A HTTP/1.1" 200 480 "-" "Mozilla/5.0 AppleWebKit/537.36 (KHTML, like Gecko; compatible; ClaudeBot/1.0; +claudebot@anthropic.com)"
216.73.216.141 - - [05/Sep/2026:12:26:00 +0000] "GET /wp-content/plugins/wp-rocket/inc/Dependencies/ActionScheduler/classes/actions/?C=N&O=D HTTP/1.1" 200 479 "-" "Mozilla/5.0 AppleWebKit/537.36 (KHTML, like Gecko; compatible; ClaudeBot/1.0; +claudebot@anthropic.com)"
216.73.216.141 - - [05/Sep/2026:12:26:01 +0000] "GET /wp-content/et-cache/36197/?C=M&O=A HTTP/1.1" 200 439 "-" "Mozilla/5.0 AppleWebKit/537.36 (KHTML, like Gecko; compatible; ClaudeBot/1.0; +claudebot@anthropic.com)"
74.7.242.58 - - [05/Sep/2026:12:26:01 +0000] "GET /wp-content/et-cache/33130/?C=N;O=D HTTP/1.1" 200 435 "http://on-time-movers.com/wp-content/et-cache/33130/" "Mozilla/5.0 AppleWebKit/537.36 (KHTML, like Gecko; compatible; GPTBot/1.4; +https://openai.com/gptbot)"
216.73.216.141 - - [05/Sep/2026:12:26:01 +0000] "GET /wp-content/et-cache/33886/?C=N&O=D HTTP/1.1" 200 435 "-" "Mozilla/5.0 AppleWebKit/537.36 (KHTML, like Gecko; compatible; ClaudeBot/1.0; +claudebot@anthropic.com)"
216.73.216.141 - - [05/Sep/2026:12:26:01 +0000] "GET /wp-content/plugins/wp-rocket/inc/Dependencies/ActionScheduler/classes/actions/?C=S&O=A HTTP/1.1" 200 480 "-" "Mozilla/5.0 AppleWebKit/537.36 (KHTML, like Gecko; compatible; ClaudeBot/1.0; +claudebot@anthropic.com)"
216.73.216.141 - - [05/Sep/2026:12:26:01 +0000] "GET /wp-content/et-cache/33886/?C=D&O=A HTTP/1.1" 200 439 "-" "Mozilla/5.0 AppleWebKit/537.36 (KHTML, like Gecko; compatible; ClaudeBot/1.0; +claudebot@anthropic.com)"
216.73.216.141 - - [05/Sep/2026:12:26:02 +0000] "GET /wp-content/et-cache/32427/?C=N&O=D HTTP/1.1" 200 435 "-" "Mozilla/5.0 AppleWebKit/537.36 (KHTML, like Gecko; compatible; ClaudeBot/1.0; +claudebot@anthropic.com)"
216.73.216.141 - - [05/Sep/2026:12:26:02 +0000] "GET /wp-content/et-cache/36576/?C=N&O=D HTTP/1.1" 200 436 "-" "Mozilla/5.0 AppleWebKit/537.36 (KHTML, like Gecko; compatible; ClaudeBot/1.0; +claudebot@anthropic.com)"
216.73.216.141 - - [05/Sep/2026:12:26:02 +0000] "GET /wp-content/et-cache/37370/?C=M&O=A HTTP/1.1" 200 439 "-" "Mozilla/5.0 AppleWebKit/537.36 (KHTML, like Gecko; compatible; ClaudeBot/1.0; +claudebot@anthropic.com)"
216.73.216.141 - - [05/Sep/2026:12:26:02 +0000] "GET /wp-content/et-cache/33886/?C=S&O=A HTTP/1.1" 200 437 "-" "Mozilla/5.0 AppleWebKit/537.36 (KHTML, like Gecko; compatible; ClaudeBot/1.0; +claudebot@anthropic.com)"
216.73.216.141 - - [05/Sep/2026:12:26:03 +0000] "GET /wp-content/et-cache/32427/?C=D&O=A HTTP/1.1" 200 439 "-" "Mozilla/5.0 AppleWebKit/537.36 (KHTML, like Gecko; compatible; ClaudeBot/1.0; +claudebot@anthropic.com)"
216.73.216.141 - - [05/Sep/2026:12:26:03 +0000] "GET /wp-content/plugins/wpforms-lite/vendor/woocommerce/action-scheduler/classes/schedules/?C=M&O=D HTTP/1.1" 200 516 "-" "Mozilla/5.0 AppleWebKit/537.36 (KHTML, like Gecko; compatible; ClaudeBot/1.0; +claudebot@anthropic.com)"
74.7.242.58 - - [05/Sep/2026:12:26:03 +0000] "GET /wp-content/et-cache/34535/?C=S;O=A HTTP/1.1" 200 427 "http://on-time-movers.com/wp-content/et-cache/34535/" "Mozilla/5.0 AppleWebKit/537.36 (KHTML, like Gecko; compatible; GPTBot/1.4; +https://openai.com/gptbot)"
216.73.216.141 - - [05/Sep/2026:12:26:03 +0000] "GET /wp-content/et-cache/36576/?C=D&O=A HTTP/1.1" 200 439 "-" "Mozilla/5.0 AppleWebKit/537.36 (KHTML, like Gecko; compatible; ClaudeBot/1.0; +claudebot@anthropic.com)"
216.73.216.141 - - [05/Sep/2026:12:26:03 +0000] "GET /wp-content/et-cache/36197/?C=N&O=D HTTP/1.1" 200 435 "-" "Mozilla/5.0 AppleWebKit/537.36 (KHTML, like Gecko; compatible; ClaudeBot/1.0; +claudebot@anthropic.com)"
216.73.216.141 - - [05/Sep/2026:12:26:03 +0000] "GET /wp-content/et-cache/32544/?C=N&O=D HTTP/1.1" 200 435 "-" "Mozilla/5.0 AppleWebKit/537.36 (KHTML, like Gecko; compatible; ClaudeBot/1.0; +claudebot@anthropic.com)"
216.73.216.141 - - [05/Sep/2026:12:26:04 +0000] "GET /wp-content/et-cache/35814/?C=M&O=A HTTP/1.1" 200 439 "-" "Mozilla/5.0 AppleWebKit/537.36 (KHTML, like Gecko; compatible; ClaudeBot/1.0; +claudebot@anthropic.com)"
216.73.216.141 - - [05/Sep/2026:12:26:04 +0000] "GET /wp-content/plugins/wp-rocket/inc/Dependencies/RocketLazyload/?C=D&O=A HTTP/1.1" 200 446 "-" "Mozilla/5.0 AppleWebKit/537.36 (KHTML, like Gecko; compatible; ClaudeBot/1.0; +claudebot@anthropic.com)"
216.73.216.141 - - [05/Sep/2026:12:26:04 +0000] "GET /wp-content/et-cache/36349/?C=M&O=A HTTP/1.1" 200 439 "-" "Mozilla/5.0 AppleWebKit/537.36 (KHTML, like Gecko; compatible; ClaudeBot/1.0; +claudebot@anthropic.com)"
216.73.216.141 - - [05/Sep/2026:12:26:04 +0000] "GET /wp-content/et-cache/32427/?C=S&O=A HTTP/1.1" 200 438 "-" "Mozilla/5.0 AppleWebKit/537.36 (KHTML, like Gecko; compatible; ClaudeBot/1.0; +claudebot@anthropic.com)"
216.73.216.141 - - [05/Sep/2026:12:26:05 +0000] "GET /wp-content/plugins/wp-rocket/inc/Dependencies/RocketLazyload/?C=N&O=D HTTP/1.1" 200 445 "-" "Mozilla/5.0 AppleWebKit/537.36 (KHTML, like Gecko; compatible; ClaudeBot/1.0; +claudebot@anthropic.com)"
216.73.216.141 - - [05/Sep/2026:12:26:05 +0000] "GET /wp-content/et-cache/36576/?C=S&O=A HTTP/1.1" 200 438 "-" "Mozilla/5.0 AppleWebKit/537.36 (KHTML, like Gecko; compatible; ClaudeBot/1.0; +claudebot@anthropic.com)"
74.7.242.58 - - [05/Sep/2026:12:26:05 +0000] "GET /wp-content/et-cache/37575/?C=D;O=A HTTP/1.1" 200 428 "http://on-time-movers.com/wp-content/et-cache/37575/" "Mozilla/5.0 AppleWebKit/537.36 (KHTML, like Gecko; compatible; GPTBot/1.4; +https://openai.com/gptbot)"
216.73.216.141 - - [05/Sep/2026:12:26:05 +0000] "GET /wp-content/et-cache/36197/?C=D&O=A HTTP/1.1" 200 439 "-" "Mozilla/5.0 AppleWebKit/537.36 (KHTML, like Gecko; compatible; ClaudeBot/1.0; +claudebot@anthropic.com)"
216.73.216.141 - - [05/Sep/2026:12:26:05 +0000] "GET /wp-content/et-cache/32541/?C=M&O=A HTTP/1.1" 200 439 "-" "Mozilla/5.0 AppleWebKit/537.36 (KHTML, like Gecko; compatible; ClaudeBot/1.0; +claudebot@anthropic.com)"
216.73.216.141 - - [05/Sep/2026:12:26:06 +0000] "GET /wp-content/plugins/wp-rocket/inc/Dependencies/RocketLazyload/?C=S&O=A HTTP/1.1" 200 447 "-" "Mozilla/5.0 AppleWebKit/537.36 (KHTML, like Gecko; compatible; ClaudeBot/1.0; +claudebot@anthropic.com)"
216.73.216.141 - - [05/Sep/2026:12:26:06 +0000] "GET /wp-content/et-cache/32544/?C=D&O=A HTTP/1.1" 200 439 "-" "Mozilla/5.0 AppleWebKit/537.36 (KHTML, like Gecko; compatible; ClaudeBot/1.0; +claudebot@anthropic.com)"
216.73.216.141 - - [05/Sep/2026:12:26:06 +0000] "GET /wp-content/et-cache/34267/?C=M&O=A HTTP/1.1" 200 439 "-" "Mozilla/5.0 AppleWebKit/537.36 (KHTML, like Gecko; compatible; ClaudeBot/1.0; +claudebot@anthropic.com)"
216.73.216.141 - - [05/Sep/2026:12:26:06 +0000] "GET /wp-content/et-cache/36197/?C=S&O=A HTTP/1.1" 200 438 "-" "Mozilla/5.0 AppleWebKit/537.36 (KHTML, like Gecko; compatible; ClaudeBot/1.0; +claudebot@anthropic.com)"
216.73.216.141 - - [05/Sep/2026:12:26:06 +0000] "GET /wp-content/et-cache/32544/?C=S&O=A HTTP/1.1" 200 437 "-" "Mozilla/5.0 AppleWebKit/537.36 (KHTML, like Gecko; compatible; ClaudeBot/1.0; +claudebot@anthropic.com)"
216.73.216.141 - - [05/Sep/2026:12:26:07 +0000] "GET /wp-content/et-cache/37370/?C=N&O=D HTTP/1.1" 200 436 "-" "Mozilla/5.0 AppleWebKit/537.36 (KHTML, like Gecko; compatible; ClaudeBot/1.0; +claudebot@anthropic.com)"
216.73.216.141 - - [05/Sep/2026:12:26:07 +0000] "GET /wp-content/plugins/wp-rocket/inc/Dependencies/ActionScheduler/classes/WP_CLI/?C=M&O=A HTTP/1.1" 200 507 "-" "Mozilla/5.0 AppleWebKit/537.36 (KHTML, like Gecko; compatible; ClaudeBot/1.0; +claudebot@anthropic.com)"
216.73.216.141 - - [05/Sep/2026:12:26:07 +0000] "GET /wp-content/et-cache/37370/?C=D&O=A HTTP/1.1" 200 439 "-" "Mozilla/5.0 AppleWebKit/537.36 (KHTML, like Gecko; compatible; ClaudeBot/1.0; +claudebot@anthropic.com)"
216.73.216.141 - - [05/Sep/2026:12:26:07 +0000] "GET /wp-content/et-cache/35814/?C=N&O=D HTTP/1.1" 200 435 "-" "Mozilla/5.0 AppleWebKit/537.36 (KHTML, like Gecko; compatible; ClaudeBot/1.0; +claudebot@anthropic.com)"
74.7.242.58 - - [05/Sep/2026:12:26:07 +0000] "GET /wp-content/et-cache/33995/?C=N;O=D HTTP/1.1" 200 425 "http://on-time-movers.com/wp-content/et-cache/33995/" "Mozilla/5.0 AppleWebKit/537.36 (KHTML, like Gecko; compatible; GPTBot/1.4; +https://openai.com/gptbot)"
216.73.216.141 - - [05/Sep/2026:12:26:08 +0000] "GET /wp-content/et-cache/37908/?C=M&O=A HTTP/1.1" 200 439 "-" "Mozilla/5.0 AppleWebKit/537.36 (KHTML, like Gecko; compatible; ClaudeBot/1.0; +claudebot@anthropic.com)"
216.73.216.141 - - [05/Sep/2026:12:26:08 +0000] "GET /wp-content/et-cache/36349/?C=N&O=D HTTP/1.1" 200 435 "-" "Mozilla/5.0 AppleWebKit/537.36 (KHTML, like Gecko; compatible; ClaudeBot/1.0; +claudebot@anthropic.com)"
216.73.216.141 - - [05/Sep/2026:12:26:08 +0000] "GET /wp-content/et-cache/37370/?C=S&O=A HTTP/1.1" 200 438 "-" "Mozilla/5.0 AppleWebKit/537.36 (KHTML, like Gecko; compatible; ClaudeBot/1.0; +claudebot@anthropic.com)"
216.73.216.141 - - [05/Sep/2026:12:26:08 +0000] "GET /wp-content/et-cache/34759/?C=M&O=A HTTP/1.1" 200 440 "-" "Mozilla/5.0 AppleWebKit/537.36 (KHTML, like Gecko; compatible; ClaudeBot/1.0; +claudebot@anthropic.com)"
216.73.216.141 - - [05/Sep/2026:12:26:08 +0000] "GET /wp-content/et-cache/35814/?C=D&O=A HTTP/1.1" 200 439 "-" "Mozilla/5.0 AppleWebKit/537.36 (KHTML, like Gecko; compatible; ClaudeBot/1.0; +claudebot@anthropic.com)"
216.73.216.141 - - [05/Sep/2026:12:26:09 +0000] "GET /wp-content/et-cache/36349/?C=D&O=A HTTP/1.1" 200 438 "-" "Mozilla/5.0 AppleWebKit/537.36 (KHTML, like Gecko; compatible; ClaudeBot/1.0; +claudebot@anthropic.com)"
216.73.216.141 - - [05/Sep/2026:12:26:09 +0000] "GET /wp-content/et-cache/32541/?C=N&O=D HTTP/1.1" 200 435 "-" "Mozilla/5.0 AppleWebKit/537.36 (KHTML, like Gecko; compatible; ClaudeBot/1.0; +claudebot@anthropic.com)"
216.73.216.141 - - [05/Sep/2026:12:26:09 +0000] "GET /wp-content/et-cache/32543/?C=M&O=A HTTP/1.1" 200 439 "-" "Mozilla/5.0 AppleWebKit/537.36 (KHTML, like Gecko; compatible; ClaudeBot/1.0; +claudebot@anthropic.com)"
74.7.242.58 - - [05/Sep/2026:12:26:09 +0000] "GET /wp-content/et-cache/32388/?C=N;O=D HTTP/1.1" 200 435 "http://on-time-movers.com/wp-content/et-cache/32388/" "Mozilla/5.0 AppleWebKit/537.36 (KHTML, like Gecko; compatible; GPTBot/1.4; +https://openai.com/gptbot)"
216.73.216.141 - - [05/Sep/2026:12:26:09 +0000] "GET /wp-content/et-cache/32541/?C=D&O=A HTTP/1.1" 200 439 "-" "Mozilla/5.0 AppleWebKit/537.36 (KHTML, like Gecko; compatible; ClaudeBot/1.0; +claudebot@anthropic.com)"
216.73.216.141 - - [05/Sep/2026:12:26:10 +0000] "GET /wp-content/et-cache/35814/?C=S&O=A HTTP/1.1" 200 438 "-" "Mozilla/5.0 AppleWebKit/537.36 (KHTML, like Gecko; compatible; ClaudeBot/1.0; +claudebot@anthropic.com)"
216.73.216.141 - - [05/Sep/2026:12:26:10 +0000] "GET /wp-content/et-cache/34267/?C=N&O=D HTTP/1.1" 200 436 "-" "Mozilla/5.0 AppleWebKit/537.36 (KHTML, like Gecko; compatible; ClaudeBot/1.0; +claudebot@anthropic.com)"
216.73.216.141 - - [05/Sep/2026:12:26:10 +0000] "GET /wp-content/et-cache/36349/?C=S&O=A HTTP/1.1" 200 437 "-" "Mozilla/5.0 AppleWebKit/537.36 (KHTML, like Gecko; compatible; ClaudeBot/1.0; +claudebot@anthropic.com)"
216.73.216.141 - - [05/Sep/2026:12:26:10 +0000] "GET /wp-content/et-cache/34267/?C=D&O=A HTTP/1.1" 200 439 "-" "Mozilla/5.0 AppleWebKit/537.36 (KHTML, like Gecko; compatible; ClaudeBot/1.0; +claudebot@anthropic.com)"
216.73.216.141 - - [05/Sep/2026:12:26:10 +0000] "GET /wp-content/et-cache/35998/?C=M&O=A HTTP/1.1" 200 439 "-" "Mozilla/5.0 AppleWebKit/537.36 (KHTML, like Gecko; compatible; ClaudeBot/1.0; +claudebot@anthropic.com)"
216.73.216.141 - - [05/Sep/2026:12:26:11 +0000] "GET /wp-content/et-cache/32541/?C=S&O=A HTTP/1.1" 200 437 "-" "Mozilla/5.0 AppleWebKit/537.36 (KHTML, like Gecko; compatible; ClaudeBot/1.0; +claudebot@anthropic.com)"
74.7.242.58 - - [05/Sep/2026:12:26:11 +0000] "GET /wp-content/et-cache/34433/?C=D;O=D HTTP/1.1" 200 435 "http://on-time-movers.com/wp-content/et-cache/34433/?C=D;O=A" "Mozilla/5.0 AppleWebKit/537.36 (KHTML, like Gecko; compatible; GPTBot/1.4; +https://openai.com/gptbot)"
216.73.216.141 - - [05/Sep/2026:12:26:11 +0000] "GET /wp-content/et-cache/35235/?C=M&O=A HTTP/1.1" 200 439 "-" "Mozilla/5.0 AppleWebKit/537.36 (KHTML, like Gecko; compatible; ClaudeBot/1.0; +claudebot@anthropic.com)"
216.73.216.141 - - [05/Sep/2026:12:26:11 +0000] "GET /wp-content/et-cache/32677/?C=M&O=A HTTP/1.1" 200 466 "-" "Mozilla/5.0 AppleWebKit/537.36 (KHTML, like Gecko; compatible; ClaudeBot/1.0; +claudebot@anthropic.com)"
216.73.216.141 - - [05/Sep/2026:12:26:11 +0000] "GET /wp-content/et-cache/34267/?C=S&O=A HTTP/1.1" 200 438 "-" "Mozilla/5.0 AppleWebKit/537.36 (KHTML, like Gecko; compatible; ClaudeBot/1.0; +claudebot@anthropic.com)"
216.73.216.141 - - [05/Sep/2026:12:26:12 +0000] "GET /wp-content/et-cache/38260/?C=M&O=A HTTP/1.1" 200 439 "-" "Mozilla/5.0 AppleWebKit/537.36 (KHTML, like Gecko; compatible; ClaudeBot/1.0; +claudebot@anthropic.com)"
216.73.216.141 - - [05/Sep/2026:12:26:12 +0000] "GET /wp-content/plugins/wp-rocket/inc/Dependencies/ActionScheduler/classes/WP_CLI/?C=D&O=A HTTP/1.1" 200 507 "-" "Mozilla/5.0 AppleWebKit/537.36 (KHTML, like Gecko; compatible; ClaudeBot/1.0; +claudebot@anthropic.com)"
216.73.216.141 - - [05/Sep/2026:12:26:12 +0000] "GET /wp-content/et-cache/37908/?C=N&O=D HTTP/1.1" 200 435 "-" "Mozilla/5.0 AppleWebKit/537.36 (KHTML, like Gecko; compatible; ClaudeBot/1.0; +claudebot@anthropic.com)"
216.73.216.141 - - [05/Sep/2026:12:26:12 +0000] "GET /wp-content/plugins/wp-rocket/inc/Dependencies/ActionScheduler/classes/WP_CLI/?C=N&O=D HTTP/1.1" 200 503 "-" "Mozilla/5.0 AppleWebKit/537.36 (KHTML, like Gecko; compatible; ClaudeBot/1.0; +claudebot@anthropic.com)"
74.7.242.58 - - [05/Sep/2026:12:26:12 +0000] "GET /wp-content/et-cache/35735/?C=D;O=D HTTP/1.1" 200 436 "http://on-time-movers.com/wp-content/et-cache/35735/?C=D;O=A" "Mozilla/5.0 AppleWebKit/537.36 (KHTML, like Gecko; compatible; GPTBot/1.4; +https://openai.com/gptbot)"
216.73.216.141 - - [05/Sep/2026:12:26:13 +0000] "GET /wp-content/et-cache/37908/?C=D&O=A HTTP/1.1" 200 439 "-" "Mozilla/5.0 AppleWebKit/537.36 (KHTML, like Gecko; compatible; ClaudeBot/1.0; +claudebot@anthropic.com)"
216.73.216.141 - - [05/Sep/2026:12:26:13 +0000] "GET /wp-content/plugins/wp-rocket/inc/Dependencies/ActionScheduler/classes/WP_CLI/?C=S&O=A HTTP/1.1" 200 505 "-" "Mozilla/5.0 AppleWebKit/537.36 (KHTML, like Gecko; compatible; ClaudeBot/1.0; +claudebot@anthropic.com)"
216.73.216.141 - - [05/Sep/2026:12:26:13 +0000] "GET /wp-content/et-cache/34759/?C=N&O=D HTTP/1.1" 200 436 "-" "Mozilla/5.0 AppleWebKit/537.36 (KHTML, like Gecko; compatible; ClaudeBot/1.0; +claudebot@anthropic.com)"
216.73.216.141 - - [05/Sep/2026:12:26:13 +0000] "GET /wp-content/et-cache/34759/?C=D&O=A HTTP/1.1" 200 439 "-" "Mozilla/5.0 AppleWebKit/537.36 (KHTML, like Gecko; compatible; ClaudeBot/1.0; +claudebot@anthropic.com)"
216.73.216.141 - - [05/Sep/2026:12:26:13 +0000] "GET /wp-content/et-cache/37908/?C=S&O=A HTTP/1.1" 200 437 "-" "Mozilla/5.0 AppleWebKit/537.36 (KHTML, like Gecko; compatible; ClaudeBot/1.0; +claudebot@anthropic.com)"
216.73.216.141 - - [05/Sep/2026:12:26:14 +0000] "GET /wp-content/et-cache/32543/?C=N&O=D HTTP/1.1" 200 435 "-" "Mozilla/5.0 AppleWebKit/537.36 (KHTML, like Gecko; compatible; ClaudeBot/1.0; +claudebot@anthropic.com)"
216.73.216.141 - - [05/Sep/2026:12:26:14 +0000] "GET /wp-content/et-cache/32543/?C=D&O=A HTTP/1.1" 200 439 "-" "Mozilla/5.0 AppleWebKit/537.36 (KHTML, like Gecko; compatible; ClaudeBot/1.0; +claudebot@anthropic.com)"
216.73.216.141 - - [05/Sep/2026:12:26:14 +0000] "GET /wp-content/et-cache/33094/?C=M&O=A HTTP/1.1" 200 438 "-" "Mozilla/5.0 AppleWebKit/537.36 (KHTML, like Gecko; compatible; ClaudeBot/1.0; +claudebot@anthropic.com)"
216.73.216.141 - - [05/Sep/2026:12:26:14 +0000] "GET /wp-content/et-cache/34759/?C=S&O=A HTTP/1.1" 200 438 "-" "Mozilla/5.0 AppleWebKit/537.36 (KHTML, like Gecko; compatible; ClaudeBot/1.0; +claudebot@anthropic.com)"
216.73.216.141 - - [05/Sep/2026:12:26:15 +0000] "GET /wp-content/et-cache/34527/?C=M&O=A HTTP/1.1" 200 439 "-" "Mozilla/5.0 AppleWebKit/537.36 (KHTML, like Gecko; compatible; ClaudeBot/1.0; +claudebot@anthropic.com)"
216.73.216.141 - - [05/Sep/2026:12:26:15 +0000] "GET /wp-content/et-cache/32543/?C=S&O=A HTTP/1.1" 200 437 "-" "Mozilla/5.0 AppleWebKit/537.36 (KHTML, like Gecko; compatible; ClaudeBot/1.0; +claudebot@anthropic.com)"
216.73.216.141 - - [05/Sep/2026:12:26:15 +0000] "GET /wp-content/et-cache/35114/?C=M&O=A HTTP/1.1" 200 439 "-" "Mozilla/5.0 AppleWebKit/537.36 (KHTML, like Gecko; compatible; ClaudeBot/1.0; +claudebot@anthropic.com)"
74.7.242.58 - - [05/Sep/2026:12:26:15 +0000] "GET /wp-content/et-cache/37537/?C=D;O=A HTTP/1.1" 200 439 "http://on-time-movers.com/wp-content/et-cache/37537/" "Mozilla/5.0 AppleWebKit/537.36 (KHTML, like Gecko; compatible; GPTBot/1.4; +https://openai.com/gptbot)"
216.73.216.141 - - [05/Sep/2026:12:26:15 +0000] "GET /wp-content/et-cache/38831/?C=M&O=A HTTP/1.1" 200 439 "-" "Mozilla/5.0 AppleWebKit/537.36 (KHTML, like Gecko; compatible; ClaudeBot/1.0; +claudebot@anthropic.com)"
216.73.216.141 - - [05/Sep/2026:12:26:15 +0000] "GET /wp-content/et-cache/35235/?C=N&O=D HTTP/1.1" 200 435 "-" "Mozilla/5.0 AppleWebKit/537.36 (KHTML, like Gecko; compatible; ClaudeBot/1.0; +claudebot@anthropic.com)"
216.73.216.141 - - [05/Sep/2026:12:26:16 +0000] "GET /wp-content/et-cache/35235/?C=D&O=A HTTP/1.1" 200 439 "-" "Mozilla/5.0 AppleWebKit/537.36 (KHTML, like Gecko; compatible; ClaudeBot/1.0; +claudebot@anthropic.com)"
216.73.216.141 - - [05/Sep/2026:12:26:16 +0000] "GET /wp-content/et-cache/35998/?C=N&O=D HTTP/1.1" 200 435 "-" "Mozilla/5.0 AppleWebKit/537.36 (KHTML, like Gecko; compatible; ClaudeBot/1.0; +claudebot@anthropic.com)"
216.73.216.141 - - [05/Sep/2026:12:26:16 +0000] "GET /wp-content/et-cache/35998/?C=D&O=A HTTP/1.1" 200 439 "-" "Mozilla/5.0 AppleWebKit/537.36 (KHTML, like Gecko; compatible; ClaudeBot/1.0; +claudebot@anthropic.com)"
216.73.216.141 - - [05/Sep/2026:12:26:16 +0000] "GET /wp-content/et-cache/32677/?C=N&O=D HTTP/1.1" 200 462 "-" "Mozilla/5.0 AppleWebKit/537.36 (KHTML, like Gecko; compatible; ClaudeBot/1.0; +claudebot@anthropic.com)"
216.73.216.141 - - [05/Sep/2026:12:26:17 +0000] "GET /wp-content/et-cache/32677/?C=D&O=A HTTP/1.1" 200 465 "-" "Mozilla/5.0 AppleWebKit/537.36 (KHTML, like Gecko; compatible; ClaudeBot/1.0; +claudebot@anthropic.com)"
216.73.216.141 - - [05/Sep/2026:12:26:17 +0000] "GET /wp-content/et-cache/38260/?C=N&O=D HTTP/1.1" 200 435 "-" "Mozilla/5.0 AppleWebKit/537.36 (KHTML, like Gecko; compatible; ClaudeBot/1.0; +claudebot@anthropic.com)"
74.7.242.58 - - [05/Sep/2026:12:26:17 +0000] "GET /wp-content/et-cache/33776/?C=S;O=A HTTP/1.1" 200 437 "http://on-time-movers.com/wp-content/et-cache/33776/" "Mozilla/5.0 AppleWebKit/537.36 (KHTML, like Gecko; compatible; GPTBot/1.4; +https://openai.com/gptbot)"
216.73.216.141 - - [05/Sep/2026:12:26:17 +0000] "GET /wp-content/et-cache/35235/?C=S&O=A HTTP/1.1" 200 437 "-" "Mozilla/5.0 AppleWebKit/537.36 (KHTML, like Gecko; compatible; ClaudeBot/1.0; +claudebot@anthropic.com)"
216.73.216.141 - - [05/Sep/2026:12:26:17 +0000] "GET /wp-content/et-cache/38260/?C=D&O=A HTTP/1.1" 200 438 "-" "Mozilla/5.0 AppleWebKit/537.36 (KHTML, like Gecko; compatible; ClaudeBot/1.0; +claudebot@anthropic.com)"
216.73.216.141 - - [05/Sep/2026:12:26:17 +0000] "GET /wp-content/et-cache/35998/?C=S&O=A HTTP/1.1" 200 437 "-" "Mozilla/5.0 AppleWebKit/537.36 (KHTML, like Gecko; compatible; ClaudeBot/1.0; +claudebot@anthropic.com)"
216.73.216.141 - - [05/Sep/2026:12:26:18 +0000] "GET /wp-content/et-cache/32677/?C=S&O=A HTTP/1.1" 200 462 "-" "Mozilla/5.0 AppleWebKit/537.36 (KHTML, like Gecko; compatible; ClaudeBot/1.0; +claudebot@anthropic.com)"
216.73.216.141 - - [05/Sep/2026:12:26:18 +0000] "GET /wp-content/et-cache/38260/?C=S&O=A HTTP/1.1" 200 437 "-" "Mozilla/5.0 AppleWebKit/537.36 (KHTML, like Gecko; compatible; ClaudeBot/1.0; +claudebot@anthropic.com)"
216.73.216.141 - - [05/Sep/2026:12:26:18 +0000] "GET /wp-content/et-cache/32564/?C=M&O=A HTTP/1.1" 200 439 "-" "Mozilla/5.0 AppleWebKit/537.36 (KHTML, like Gecko; compatible; ClaudeBot/1.0; +claudebot@anthropic.com)"
216.73.216.141 - - [05/Sep/2026:12:26:18 +0000] "GET /wp-content/et-cache/33094/?C=N&O=D HTTP/1.1" 200 436 "-" "Mozilla/5.0 AppleWebKit/537.36 (KHTML, like Gecko; compatible; ClaudeBot/1.0; +claudebot@anthropic.com)"
74.7.242.58 - - [05/Sep/2026:12:26:19 +0000] "GET /wp-content/et-cache/33242/?C=N;O=A HTTP/1.1" 200 439 "http://on-time-movers.com/wp-content/et-cache/33242/?C=S;O=A" "Mozilla/5.0 AppleWebKit/537.36 (KHTML, like Gecko; compatible; GPTBot/1.4; +https://openai.com/gptbot)"
216.73.216.141 - - [05/Sep/2026:12:26:19 +0000] "GET /wp-content/et-cache/33094/?C=D&O=A HTTP/1.1" 200 438 "-" "Mozilla/5.0 AppleWebKit/537.36 (KHTML, like Gecko; compatible; ClaudeBot/1.0; +claudebot@anthropic.com)"
216.73.216.141 - - [05/Sep/2026:12:26:19 +0000] "GET /wp-content/et-cache/31793/?C=S&O=A HTTP/1.1" 200 437 "-" "Mozilla/5.0 AppleWebKit/537.36 (KHTML, like Gecko; compatible; ClaudeBot/1.0; +claudebot@anthropic.com)"
216.73.216.141 - - [05/Sep/2026:12:26:19 +0000] "GET /wp-content/et-cache/37949/?C=M&O=A HTTP/1.1" 200 439 "-" "Mozilla/5.0 AppleWebKit/537.36 (KHTML, like Gecko; compatible; ClaudeBot/1.0; +claudebot@anthropic.com)"
216.73.216.141 - - [05/Sep/2026:12:26:20 +0000] "GET /wp-content/et-cache/34527/?C=N&O=D HTTP/1.1" 200 436 "-" "Mozilla/5.0 AppleWebKit/537.36 (KHTML, like Gecko; compatible; ClaudeBot/1.0; +claudebot@anthropic.com)"
216.73.216.141 - - [05/Sep/2026:12:26:20 +0000] "GET /wp-content/themes/twentytwentyfive/assets/fonts/manrope/ HTTP/1.1" 200 428 "-" "Mozilla/5.0 AppleWebKit/537.36 (KHTML, like Gecko; compatible; ClaudeBot/1.0; +claudebot@anthropic.com)"
216.73.216.141 - - [05/Sep/2026:12:26:20 +0000] "GET /wp-content/et-cache/35114/?C=D&O=A HTTP/1.1" 200 439 "-" "Mozilla/5.0 AppleWebKit/537.36 (KHTML, like Gecko; compatible; ClaudeBot/1.0; +claudebot@anthropic.com)"
74.7.242.58 - - [05/Sep/2026:12:26:20 +0000] "GET /wp-content/et-cache/37273/?C=M;O=D HTTP/1.1" 200 441 "http://on-time-movers.com/wp-content/et-cache/37273/?C=M;O=A" "Mozilla/5.0 AppleWebKit/537.36 (KHTML, like Gecko; compatible; GPTBot/1.4; +https://openai.com/gptbot)"
216.73.216.141 - - [05/Sep/2026:12:26:20 +0000] "GET /wp-content/et-cache/35114/?C=N&O=D HTTP/1.1" 200 435 "-" "Mozilla/5.0 AppleWebKit/537.36 (KHTML, like Gecko; compatible; ClaudeBot/1.0; +claudebot@anthropic.com)"
216.73.216.141 - - [05/Sep/2026:12:26:20 +0000] "GET /wp-content/et-cache/33094/?C=S&O=A HTTP/1.1" 200 438 "-" "Mozilla/5.0 AppleWebKit/537.36 (KHTML, like Gecko; compatible; ClaudeBot/1.0; +claudebot@anthropic.com)"
216.73.216.141 - - [05/Sep/2026:12:26:20 +0000] "GET /wp-content/et-cache/34527/?C=D&O=A HTTP/1.1" 200 439 "-" "Mozilla/5.0 AppleWebKit/537.36 (KHTML, like Gecko; compatible; ClaudeBot/1.0; +claudebot@anthropic.com)"
216.73.216.141 - - [05/Sep/2026:12:26:21 +0000] "GET /wp-content/et-cache/34527/?C=S&O=A HTTP/1.1" 200 438 "-" "Mozilla/5.0 AppleWebKit/537.36 (KHTML, like Gecko; compatible; ClaudeBot/1.0; +claudebot@anthropic.com)"
216.73.216.141 - - [05/Sep/2026:12:26:21 +0000] "GET /wp-content/et-cache/38831/?C=D&O=A HTTP/1.1" 200 439 "-" "Mozilla/5.0 AppleWebKit/537.36 (KHTML, like Gecko; compatible; ClaudeBot/1.0; +claudebot@anthropic.com)"
216.73.216.141 - - [05/Sep/2026:12:26:21 +0000] "GET /wp-content/et-cache/38831/?C=N&O=D HTTP/1.1" 200 435 "-" "Mozilla/5.0 AppleWebKit/537.36 (KHTML, like Gecko; compatible; ClaudeBot/1.0; +claudebot@anthropic.com)"
216.73.216.242 - - [05/Sep/2026:12:26:21 +0000] "GET /wp-content/plugins/google-site-kit/includes/Core/Authentication/Clients/OAuth_Client.php HTTP/1.1" 500 - "-" "Mozilla/5.0 AppleWebKit/537.36 (KHTML, like Gecko; compatible; ClaudeBot/1.0; +claudebot@anthropic.com)"
216.73.216.141 - - [05/Sep/2026:12:26:21 +0000] "GET /wp-content/et-cache/37576/?C=M&O=A HTTP/1.1" 200 440 "-" "Mozilla/5.0 AppleWebKit/537.36 (KHTML, like Gecko; compatible; ClaudeBot/1.0; +claudebot@anthropic.com)"
216.73.216.242 - - [05/Sep/2026:12:26:21 +0000] "GET /wp-content/plugins/google-site-kit/includes/Core/Authentication/Clients/Google_Site_Kit_Client.php HTTP/1.1" 500 - "-" "Mozilla/5.0 AppleWebKit/537.36 (KHTML, like Gecko; compatible; ClaudeBot/1.0; +claudebot@anthropic.com)"
216.73.216.141 - - [05/Sep/2026:12:26:22 +0000] "GET /wp-content/plugins/wp-rocket/inc/3rd-party/hosting/?C=N&O=D HTTP/1.1" 200 514 "-" "Mozilla/5.0 AppleWebKit/537.36 (KHTML, like Gecko; compatible; ClaudeBot/1.0; +claudebot@anthropic.com)"
216.73.216.141 - - [05/Sep/2026:12:26:22 +0000] "GET /wp-content/et-cache/37239/?C=M&O=A HTTP/1.1" 200 429 "-" "Mozilla/5.0 AppleWebKit/537.36 (KHTML, like Gecko; compatible; ClaudeBot/1.0; +claudebot@anthropic.com)"
216.73.216.242 - - [05/Sep/2026:12:26:22 +0000] "GET /wp-content/plugins/wpforms-lite/vendor_prefixed/stripe/stripe-php/lib/Issuing/Token.php HTTP/1.1" 500 - "-" "Mozilla/5.0 AppleWebKit/537.36 (KHTML, like Gecko; compatible; ClaudeBot/1.0; +claudebot@anthropic.com)"
216.73.216.141 - - [05/Sep/2026:12:26:22 +0000] "GET /wp-content/et-cache/37482/?C=M&O=A HTTP/1.1" 200 439 "-" "Mozilla/5.0 AppleWebKit/537.36 (KHTML, like Gecko; compatible; ClaudeBot/1.0; +claudebot@anthropic.com)"
74.7.242.58 - - [05/Sep/2026:12:26:22 +0000] "GET /wp-content/et-cache/37535/?C=S;O=D HTTP/1.1" 200 437 "http://on-time-movers.com/wp-content/et-cache/37535/?C=S;O=A" "Mozilla/5.0 AppleWebKit/537.36 (KHTML, like Gecko; compatible; GPTBot/1.4; +https://openai.com/gptbot)"
216.73.216.141 - - [05/Sep/2026:12:26:22 +0000] "GET /wp-content/et-cache/36752/?C=D&O=A HTTP/1.1" 200 439 "-" "Mozilla/5.0 AppleWebKit/537.36 (KHTML, like Gecko; compatible; ClaudeBot/1.0; +claudebot@anthropic.com)"
216.73.216.242 - - [05/Sep/2026:12:26:22 +0000] "GET /wp-content/plugins/google-site-kit/includes/Core/Authentication/Exception/ HTTP/1.1" 200 527 "-" "Mozilla/5.0 AppleWebKit/537.36 (KHTML, like Gecko; compatible; ClaudeBot/1.0; +claudebot@anthropic.com)"
216.73.216.141 - - [05/Sep/2026:12:26:23 +0000] "GET /wp-content/et-cache/39346/?C=S&O=A HTTP/1.1" 200 437 "-" "Mozilla/5.0 AppleWebKit/537.36 (KHTML, like Gecko; compatible; ClaudeBot/1.0; +claudebot@anthropic.com)"
216.73.216.141 - - [05/Sep/2026:12:26:23 +0000] "GET /wp-content/et-cache/37513/?C=M&O=D HTTP/1.1" 200 438 "-" "Mozilla/5.0 AppleWebKit/537.36 (KHTML, like Gecko; compatible; ClaudeBot/1.0; +claudebot@anthropic.com)"
216.73.216.141 - - [05/Sep/2026:12:26:23 +0000] "GET /wp-content/et-cache/39248/?C=D&O=A HTTP/1.1" 200 439 "-" "Mozilla/5.0 AppleWebKit/537.36 (KHTML, like Gecko; compatible; ClaudeBot/1.0; +claudebot@anthropic.com)"
216.73.216.141 - - [05/Sep/2026:12:26:23 +0000] "GET /wp-content/et-cache/36936/?C=D&O=A HTTP/1.1" 200 438 "-" "Mozilla/5.0 AppleWebKit/537.36 (KHTML, like Gecko; compatible; ClaudeBot/1.0; +claudebot@anthropic.com)"
216.73.216.141 - - [05/Sep/2026:12:26:23 +0000] "GET /wp-content/et-cache/39260/?C=D&O=A HTTP/1.1" 200 438 "-" "Mozilla/5.0 AppleWebKit/537.36 (KHTML, like Gecko; compatible; ClaudeBot/1.0; +claudebot@anthropic.com)"
74.7.242.58 - - [05/Sep/2026:12:26:24 +0000] "GET /wp-content/et-cache/34535/?C=S;O=D HTTP/1.1" 200 426 "http://on-time-movers.com/wp-content/et-cache/34535/?C=S;O=A" "Mozilla/5.0 AppleWebKit/537.36 (KHTML, like Gecko; compatible; GPTBot/1.4; +https://openai.com/gptbot)"
216.73.216.141 - - [05/Sep/2026:12:26:24 +0000] "GET /wp-content/et-cache/36985/?C=S&O=A HTTP/1.1" 200 427 "-" "Mozilla/5.0 AppleWebKit/537.36 (KHTML, like Gecko; compatible; ClaudeBot/1.0; +claudebot@anthropic.com)"
216.73.216.141 - - [05/Sep/2026:12:26:24 +0000] "GET /wp-content/et-cache/32641/?C=M&O=D HTTP/1.1" 200 425 "-" "Mozilla/5.0 AppleWebKit/537.36 (KHTML, like Gecko; compatible; ClaudeBot/1.0; +claudebot@anthropic.com)"
216.73.216.141 - - [05/Sep/2026:12:26:24 +0000] "GET /wp-content/plugins/wp-rocket/inc/3rd-party/hosting/?C=D&O=A HTTP/1.1" 200 519 "-" "Mozilla/5.0 AppleWebKit/537.36 (KHTML, like Gecko; compatible; ClaudeBot/1.0; +claudebot@anthropic.com)"
216.73.216.141 - - [05/Sep/2026:12:26:24 +0000] "GET /wp-content/et-cache/37576/?C=N&O=D HTTP/1.1" 200 436 "-" "Mozilla/5.0 AppleWebKit/537.36 (KHTML, like Gecko; compatible; ClaudeBot/1.0; +claudebot@anthropic.com)"
216.73.216.141 - - [05/Sep/2026:12:26:25 +0000] "GET /wp-content/et-cache/38273/?C=M&O=D HTTP/1.1" 200 437 "-" "Mozilla/5.0 AppleWebKit/537.36 (KHTML, like Gecko; compatible; ClaudeBot/1.0; +claudebot@anthropic.com)"
216.73.216.141 - - [05/Sep/2026:12:26:25 +0000] "GET /wp-content/et-cache/32740/?C=M&O=D HTTP/1.1" 200 437 "-" "Mozilla/5.0 AppleWebKit/537.36 (KHTML, like Gecko; compatible; ClaudeBot/1.0; +claudebot@anthropic.com)"
216.73.216.141 - - [05/Sep/2026:12:26:25 +0000] "GET /wp-content/et-cache/37239/?C=N&O=D HTTP/1.1" 200 425 "-" "Mozilla/5.0 AppleWebKit/537.36 (KHTML, like Gecko; compatible; ClaudeBot/1.0; +claudebot@anthropic.com)"
216.73.216.141 - - [05/Sep/2026:12:26:25 +0000] "GET /wp-content/et-cache/37482/?C=N&O=D HTTP/1.1" 200 435 "-" "Mozilla/5.0 AppleWebKit/537.36 (KHTML, like Gecko; compatible; ClaudeBot/1.0; +claudebot@anthropic.com)"
74.7.242.58 - - [05/Sep/2026:12:26:25 +0000] "GET /wp-content/et-cache/37575/?C=D;O=D HTTP/1.1" 200 424 "http://on-time-movers.com/wp-content/et-cache/37575/?C=D;O=A" "Mozilla/5.0 AppleWebKit/537.36 (KHTML, like Gecko; compatible; GPTBot/1.4; +https://openai.com/gptbot)"
216.73.216.141 - - [05/Sep/2026:12:26:26 +0000] "GET /wp-content/et-cache/36752/?C=S&O=A HTTP/1.1" 200 438 "-" "Mozilla/5.0 AppleWebKit/537.36 (KHTML, like Gecko; compatible; ClaudeBot/1.0; +claudebot@anthropic.com)"
216.73.216.141 - - [05/Sep/2026:12:26:26 +0000] "GET /wp-content/plugins/wp-rocket/inc/3rd-party/hosting/?C=S&O=A HTTP/1.1" 200 520 "-" "Mozilla/5.0 AppleWebKit/537.36 (KHTML, like Gecko; compatible; ClaudeBot/1.0; +claudebot@anthropic.com)"
216.73.216.141 - - [05/Sep/2026:12:26:26 +0000] "GET /wp-content/et-cache/34358/?C=M&O=D HTTP/1.1" 200 437 "-" "Mozilla/5.0 AppleWebKit/537.36 (KHTML, like Gecko; compatible; ClaudeBot/1.0; +claudebot@anthropic.com)"
216.73.216.141 - - [05/Sep/2026:12:26:26 +0000] "GET /wp-content/et-cache/39248/?C=S&O=A HTTP/1.1" 200 437 "-" "Mozilla/5.0 AppleWebKit/537.36 (KHTML, like Gecko; compatible; ClaudeBot/1.0; +claudebot@anthropic.com)"
216.73.216.141 - - [05/Sep/2026:12:26:26 +0000] "GET /wp-content/et-cache/37899/?C=S&O=D HTTP/1.1" 200 437 "-" "Mozilla/5.0 AppleWebKit/537.36 (KHTML, like Gecko; compatible; ClaudeBot/1.0; +claudebot@anthropic.com)"
216.73.216.141 - - [05/Sep/2026:12:26:27 +0000] "GET /wp-content/et-cache/36936/?C=S&O=A HTTP/1.1" 200 437 "-" "Mozilla/5.0 AppleWebKit/537.36 (KHTML, like Gecko; compatible; ClaudeBot/1.0; +claudebot@anthropic.com)"
216.73.216.141 - - [05/Sep/2026:12:26:27 +0000] "GET /wp-content/et-cache/39260/?C=S&O=A HTTP/1.1" 200 437 "-" "Mozilla/5.0 AppleWebKit/537.36 (KHTML, like Gecko; compatible; ClaudeBot/1.0; +claudebot@anthropic.com)"
216.73.216.141 - - [05/Sep/2026:12:26:27 +0000] "GET /wp-content/et-cache/33442/?C=S&O=D HTTP/1.1" 200 437 "-" "Mozilla/5.0 AppleWebKit/537.36 (KHTML, like Gecko; compatible; ClaudeBot/1.0; +claudebot@anthropic.com)"
74.7.242.58 - - [05/Sep/2026:12:26:27 +0000] "GET /wp-content/et-cache/37783/?C=M;O=D HTTP/1.1" 200 425 "http://on-time-movers.com/wp-content/et-cache/37783/?C=M;O=A" "Mozilla/5.0 AppleWebKit/537.36 (KHTML, like Gecko; compatible; GPTBot/1.4; +https://openai.com/gptbot)"
216.73.216.141 - - [05/Sep/2026:12:26:27 +0000] "GET /wp-content/et-cache/38602/?C=D&O=D HTTP/1.1" 200 435 "-" "Mozilla/5.0 AppleWebKit/537.36 (KHTML, like Gecko; compatible; ClaudeBot/1.0; +claudebot@anthropic.com)"
216.73.216.141 - - [05/Sep/2026:12:26:28 +0000] "GET /wp-content/et-cache/35197/?C=M&O=D HTTP/1.1" 200 438 "-" "Mozilla/5.0 AppleWebKit/537.36 (KHTML, like Gecko; compatible; ClaudeBot/1.0; +claudebot@anthropic.com)"
216.73.216.141 - - [05/Sep/2026:12:26:28 +0000] "GET /wp-content/et-cache/37576/?C=D&O=A HTTP/1.1" 200 439 "-" "Mozilla/5.0 AppleWebKit/537.36 (KHTML, like Gecko; compatible; ClaudeBot/1.0; +claudebot@anthropic.com)"
216.73.216.141 - - [05/Sep/2026:12:26:28 +0000] "GET /wp-content/et-cache/38215/?C=S&O=D HTTP/1.1" 200 437 "-" "Mozilla/5.0 AppleWebKit/537.36 (KHTML, like Gecko; compatible; ClaudeBot/1.0; +claudebot@anthropic.com)"
216.73.216.141 - - [05/Sep/2026:12:26:28 +0000] "GET /wp-content/et-cache/33058/?C=D&O=D HTTP/1.1" 200 435 "-" "Mozilla/5.0 AppleWebKit/537.36 (KHTML, like Gecko; compatible; ClaudeBot/1.0; +claudebot@anthropic.com)"
216.73.216.141 - - [05/Sep/2026:12:26:28 +0000] "GET /wp-content/et-cache/37239/?C=D&O=A HTTP/1.1" 200 429 "-" "Mozilla/5.0 AppleWebKit/537.36 (KHTML, like Gecko; compatible; ClaudeBot/1.0; +claudebot@anthropic.com)"
216.73.216.141 - - [05/Sep/2026:12:26:29 +0000] "GET /wp-content/et-cache/37482/?C=D&O=A HTTP/1.1" 200 439 "-" "Mozilla/5.0 AppleWebKit/537.36 (KHTML, like Gecko; compatible; ClaudeBot/1.0; +claudebot@anthropic.com)"
74.7.242.58 - - [05/Sep/2026:12:26:29 +0000] "GET /wp-content/et-cache/36766/?C=M;O=A HTTP/1.1" 200 429 "http://on-time-movers.com/wp-content/et-cache/36766/" "Mozilla/5.0 AppleWebKit/537.36 (KHTML, like Gecko; compatible; GPTBot/1.4; +https://openai.com/gptbot)"
216.73.216.141 - - [05/Sep/2026:12:26:29 +0000] "GET /wp-content/et-cache/37186/?C=M&O=D HTTP/1.1" 200 437 "-" "Mozilla/5.0 AppleWebKit/537.36 (KHTML, like Gecko; compatible; ClaudeBot/1.0; +claudebot@anthropic.com)"
216.73.216.141 - - [05/Sep/2026:12:26:29 +0000] "GET /wp-content/et-cache/33109/?C=S&O=D HTTP/1.1" 200 426 "-" "Mozilla/5.0 AppleWebKit/537.36 (KHTML, like Gecko; compatible; ClaudeBot/1.0; +claudebot@anthropic.com)"
216.73.216.141 - - [05/Sep/2026:12:26:29 +0000] "GET /wp-content/et-cache/38272/?C=M&O=D HTTP/1.1" 200 437 "-" "Mozilla/5.0 AppleWebKit/537.36 (KHTML, like Gecko; compatible; ClaudeBot/1.0; +claudebot@anthropic.com)"
216.73.216.141 - - [05/Sep/2026:12:26:30 +0000] "GET /wp-content/et-cache/35391/?C=M&O=D HTTP/1.1" 200 437 "-" "Mozilla/5.0 AppleWebKit/537.36 (KHTML, like Gecko; compatible; ClaudeBot/1.0; +claudebot@anthropic.com)"
216.73.216.141 - - [05/Sep/2026:12:26:30 +0000] "GET /wp-content/et-cache/35509/?C=S&O=D HTTP/1.1" 200 436 "-" "Mozilla/5.0 AppleWebKit/537.36 (KHTML, like Gecko; compatible; ClaudeBot/1.0; +claudebot@anthropic.com)"
216.73.216.141 - - [05/Sep/2026:12:26:30 +0000] "GET /wp-content/et-cache/35457/?C=D&O=D HTTP/1.1" 200 435 "-" "Mozilla/5.0 AppleWebKit/537.36 (KHTML, like Gecko; compatible; ClaudeBot/1.0; +claudebot@anthropic.com)"
216.73.216.141 - - [05/Sep/2026:12:26:30 +0000] "GET /wp-content/et-cache/37576/?C=S&O=A HTTP/1.1" 200 438 "-" "Mozilla/5.0 AppleWebKit/537.36 (KHTML, like Gecko; compatible; ClaudeBot/1.0; +claudebot@anthropic.com)"
216.73.216.141 - - [05/Sep/2026:12:26:31 +0000] "GET /wp-content/et-cache/37157/?C=S&O=D HTTP/1.1" 200 437 "-" "Mozilla/5.0 AppleWebKit/537.36 (KHTML, like Gecko; compatible; ClaudeBot/1.0; +claudebot@anthropic.com)"
74.7.242.58 - - [05/Sep/2026:12:26:31 +0000] "GET /wp-content/et-cache/35343/?C=M;O=D HTTP/1.1" 200 437 "http://on-time-movers.com/wp-content/et-cache/35343/?C=M;O=A" "Mozilla/5.0 AppleWebKit/537.36 (KHTML, like Gecko; compatible; GPTBot/1.4; +https://openai.com/gptbot)"
216.73.216.141 - - [05/Sep/2026:12:26:31 +0000] "GET /wp-content/et-cache/37239/?C=S&O=A HTTP/1.1" 200 427 "-" "Mozilla/5.0 AppleWebKit/537.36 (KHTML, like Gecko; compatible; ClaudeBot/1.0; +claudebot@anthropic.com)"
216.73.216.141 - - [05/Sep/2026:12:26:31 +0000] "GET /wp-content/et-cache/37482/?C=S&O=A HTTP/1.1" 200 437 "-" "Mozilla/5.0 AppleWebKit/537.36 (KHTML, like Gecko; compatible; ClaudeBot/1.0; +claudebot@anthropic.com)"
216.73.216.141 - - [05/Sep/2026:12:26:31 +0000] "GET /wp-content/et-cache/38287/?C=D&O=D HTTP/1.1" 200 435 "-" "Mozilla/5.0 AppleWebKit/537.36 (KHTML, like Gecko; compatible; ClaudeBot/1.0; +claudebot@anthropic.com)"
216.73.216.141 - - [05/Sep/2026:12:26:31 +0000] "GET /wp-content/et-cache/39137/?C=M&O=A HTTP/1.1" 200 439 "-" "Mozilla/5.0 AppleWebKit/537.36 (KHTML, like Gecko; compatible; ClaudeBot/1.0; +claudebot@anthropic.com)"
216.73.216.141 - - [05/Sep/2026:12:26:32 +0000] "GET /wp-content/et-cache/37627/?C=S&O=D HTTP/1.1" 200 427 "-" "Mozilla/5.0 AppleWebKit/537.36 (KHTML, like Gecko; compatible; ClaudeBot/1.0; +claudebot@anthropic.com)"
216.73.216.141 - - [05/Sep/2026:12:26:32 +0000] "GET /wp-content/et-cache/36105/?C=M&O=D HTTP/1.1" 200 438 "-" "Mozilla/5.0 AppleWebKit/537.36 (KHTML, like Gecko; compatible; ClaudeBot/1.0; +claudebot@anthropic.com)"
216.73.216.141 - - [05/Sep/2026:12:26:32 +0000] "GET /wp-content/et-cache/39137/?C=N&O=D HTTP/1.1" 200 435 "-" "Mozilla/5.0 AppleWebKit/537.36 (KHTML, like Gecko; compatible; ClaudeBot/1.0; +claudebot@anthropic.com)"
74.7.242.58 - - [05/Sep/2026:12:26:32 +0000] "GET /wp-content/et-cache/31773/?C=M;O=A HTTP/1.1" 200 439 "http://on-time-movers.com/wp-content/et-cache/31773/" "Mozilla/5.0 AppleWebKit/537.36 (KHTML, like Gecko; compatible; GPTBot/1.4; +https://openai.com/gptbot)"
216.73.216.141 - - [05/Sep/2026:12:26:32 +0000] "GET /wp-content/et-cache/33969/?C=S&O=D HTTP/1.1" 200 426 "-" "Mozilla/5.0 AppleWebKit/537.36 (KHTML, like Gecko; compatible; ClaudeBot/1.0; +claudebot@anthropic.com)"
216.73.216.141 - - [05/Sep/2026:12:26:33 +0000] "GET /wp-content/et-cache/34692/?C=S&O=D HTTP/1.1" 200 437 "-" "Mozilla/5.0 AppleWebKit/537.36 (KHTML, like Gecko; compatible; ClaudeBot/1.0; +claudebot@anthropic.com)"
216.73.216.141 - - [05/Sep/2026:12:26:33 +0000] "GET /wp-content/et-cache/33639/?C=M&O=D HTTP/1.1" 200 437 "-" "Mozilla/5.0 AppleWebKit/537.36 (KHTML, like Gecko; compatible; ClaudeBot/1.0; +claudebot@anthropic.com)"
216.73.216.141 - - [05/Sep/2026:12:26:33 +0000] "GET /wp-content/et-cache/34649/?C=M&O=D HTTP/1.1" 200 437 "-" "Mozilla/5.0 AppleWebKit/537.36 (KHTML, like Gecko; compatible; ClaudeBot/1.0; +claudebot@anthropic.com)"
216.73.216.141 - - [05/Sep/2026:12:26:33 +0000] "GET /wp-content/et-cache/33847/?C=D&O=D HTTP/1.1" 200 435 "-" "Mozilla/5.0 AppleWebKit/537.36 (KHTML, like Gecko; compatible; ClaudeBot/1.0; +claudebot@anthropic.com)"
216.73.216.141 - - [05/Sep/2026:12:26:34 +0000] "GET /wp-content/et-cache/33998/?C=S&O=D HTTP/1.1" 200 436 "-" "Mozilla/5.0 AppleWebKit/537.36 (KHTML, like Gecko; compatible; ClaudeBot/1.0; +claudebot@anthropic.com)"
216.73.216.141 - - [05/Sep/2026:12:26:34 +0000] "GET /wp-content/et-cache/39137/?C=D&O=A HTTP/1.1" 200 439 "-" "Mozilla/5.0 AppleWebKit/537.36 (KHTML, like Gecko; compatible; ClaudeBot/1.0; +claudebot@anthropic.com)"
216.73.216.141 - - [05/Sep/2026:12:26:34 +0000] "GET /wp-content/et-cache/34277/?C=D&O=D HTTP/1.1" 200 436 "-" "Mozilla/5.0 AppleWebKit/537.36 (KHTML, like Gecko; compatible; ClaudeBot/1.0; +claudebot@anthropic.com)"
216.73.216.141 - - [05/Sep/2026:12:26:34 +0000] "GET /wp-content/et-cache/37849/?C=S&O=D HTTP/1.1" 200 437 "-" "Mozilla/5.0 AppleWebKit/537.36 (KHTML, like Gecko; compatible; ClaudeBot/1.0; +claudebot@anthropic.com)"
216.73.216.141 - - [05/Sep/2026:12:26:34 +0000] "GET /wp-content/et-cache/34648/?C=D&O=D HTTP/1.1" 200 435 "-" "Mozilla/5.0 AppleWebKit/537.36 (KHTML, like Gecko; compatible; ClaudeBot/1.0; +claudebot@anthropic.com)"
216.73.216.141 - - [05/Sep/2026:12:26:35 +0000] "GET /wp-content/et-cache/32755/?C=D&O=D HTTP/1.1" 200 435 "-" "Mozilla/5.0 AppleWebKit/537.36 (KHTML, like Gecko; compatible; ClaudeBot/1.0; +claudebot@anthropic.com)"
216.73.216.141 - - [05/Sep/2026:12:26:35 +0000] "GET /wp-content/et-cache/35371/?C=S&O=D HTTP/1.1" 200 437 "-" "Mozilla/5.0 AppleWebKit/537.36 (KHTML, like Gecko; compatible; ClaudeBot/1.0; +claudebot@anthropic.com)"
216.73.216.141 - - [05/Sep/2026:12:26:35 +0000] "GET /wp-content/et-cache/35500/?C=D&O=D HTTP/1.1" 200 435 "-" "Mozilla/5.0 AppleWebKit/537.36 (KHTML, like Gecko; compatible; ClaudeBot/1.0; +claudebot@anthropic.com)"
74.7.242.58 - - [05/Sep/2026:12:26:35 +0000] "GET /wp-content/et-cache/37537/?C=D;O=D HTTP/1.1" 200 436 "http://on-time-movers.com/wp-content/et-cache/37537/?C=D;O=A" "Mozilla/5.0 AppleWebKit/537.36 (KHTML, like Gecko; compatible; GPTBot/1.4; +https://openai.com/gptbot)"
216.73.216.141 - - [05/Sep/2026:12:26:35 +0000] "GET /wp-content/et-cache/35990/?C=S&O=D HTTP/1.1" 200 437 "-" "Mozilla/5.0 AppleWebKit/537.36 (KHTML, like Gecko; compatible; ClaudeBot/1.0; +claudebot@anthropic.com)"
216.73.216.141 - - [05/Sep/2026:12:26:36 +0000] "GET /wp-content/et-cache/35825/?C=D&O=D HTTP/1.1" 200 435 "-" "Mozilla/5.0 AppleWebKit/537.36 (KHTML, like Gecko; compatible; ClaudeBot/1.0; +claudebot@anthropic.com)"
216.73.216.141 - - [05/Sep/2026:12:26:36 +0000] "GET /wp-content/et-cache/34930/?C=D&O=D HTTP/1.1" 200 435 "-" "Mozilla/5.0 AppleWebKit/537.36 (KHTML, like Gecko; compatible; ClaudeBot/1.0; +claudebot@anthropic.com)"
216.73.216.141 - - [05/Sep/2026:12:26:36 +0000] "GET /wp-content/et-cache/33654/?C=S&O=D HTTP/1.1" 200 437 "-" "Mozilla/5.0 AppleWebKit/537.36 (KHTML, like Gecko; compatible; ClaudeBot/1.0; +claudebot@anthropic.com)"
216.73.216.141 - - [05/Sep/2026:12:26:36 +0000] "GET /wp-content/et-cache/34598/?C=S&O=D HTTP/1.1" 200 427 "-" "Mozilla/5.0 AppleWebKit/537.36 (KHTML, like Gecko; compatible; ClaudeBot/1.0; +claudebot@anthropic.com)"
216.73.216.141 - - [05/Sep/2026:12:26:37 +0000] "GET /wp-content/et-cache/33620/?C=D&O=D HTTP/1.1" 200 424 "-" "Mozilla/5.0 AppleWebKit/537.36 (KHTML, like Gecko; compatible; ClaudeBot/1.0; +claudebot@anthropic.com)"
216.73.216.141 - - [05/Sep/2026:12:26:37 +0000] "GET /wp-content/et-cache/32872/?C=S&O=D HTTP/1.1" 200 437 "-" "Mozilla/5.0 AppleWebKit/537.36 (KHTML, like Gecko; compatible; ClaudeBot/1.0; +claudebot@anthropic.com)"
216.73.216.141 - - [05/Sep/2026:12:26:37 +0000] "GET /wp-content/et-cache/34381/?C=S&O=D HTTP/1.1" 200 437 "-" "Mozilla/5.0 AppleWebKit/537.36 (KHTML, like Gecko; compatible; ClaudeBot/1.0; +claudebot@anthropic.com)"
74.7.242.58 - - [05/Sep/2026:12:26:37 +0000] "GET /wp-content/et-cache/33776/?C=S;O=D HTTP/1.1" 200 437 "http://on-time-movers.com/wp-content/et-cache/33776/?C=S;O=A" "Mozilla/5.0 AppleWebKit/537.36 (KHTML, like Gecko; compatible; GPTBot/1.4; +https://openai.com/gptbot)"
216.73.216.141 - - [05/Sep/2026:12:26:37 +0000] "GET /wp-content/et-cache/33234/?C=M&O=D HTTP/1.1" 200 437 "-" "Mozilla/5.0 AppleWebKit/537.36 (KHTML, like Gecko; compatible; ClaudeBot/1.0; +claudebot@anthropic.com)"
216.73.216.141 - - [05/Sep/2026:12:26:37 +0000] "GET /wp-content/et-cache/36260/?C=S&O=D HTTP/1.1" 200 427 "-" "Mozilla/5.0 AppleWebKit/537.36 (KHTML, like Gecko; compatible; ClaudeBot/1.0; +claudebot@anthropic.com)"
216.73.216.141 - - [05/Sep/2026:12:26:38 +0000] "GET /wp-content/et-cache/36327/?C=S&O=D HTTP/1.1" 200 436 "-" "Mozilla/5.0 AppleWebKit/537.36 (KHTML, like Gecko; compatible; ClaudeBot/1.0; +claudebot@anthropic.com)"
216.73.216.141 - - [05/Sep/2026:12:26:38 +0000] "GET /wp-content/et-cache/37476/?C=S&O=D HTTP/1.1" 200 437 "-" "Mozilla/5.0 AppleWebKit/537.36 (KHTML, like Gecko; compatible; ClaudeBot/1.0; +claudebot@anthropic.com)"
216.73.216.141 - - [05/Sep/2026:12:26:38 +0000] "GET /wp-content/et-cache/36990/?C=D&O=D HTTP/1.1" 200 435 "-" "Mozilla/5.0 AppleWebKit/537.36 (KHTML, like Gecko; compatible; ClaudeBot/1.0; +claudebot@anthropic.com)"
216.73.216.141 - - [05/Sep/2026:12:26:38 +0000] "GET /wp-content/et-cache/34502/?C=M&O=D HTTP/1.1" 200 437 "-" "Mozilla/5.0 AppleWebKit/537.36 (KHTML, like Gecko; compatible; ClaudeBot/1.0; +claudebot@anthropic.com)"
216.73.216.141 - - [05/Sep/2026:12:26:39 +0000] "GET /wp-content/et-cache/39137/?C=S&O=A HTTP/1.1" 200 437 "-" "Mozilla/5.0 AppleWebKit/537.36 (KHTML, like Gecko; compatible; ClaudeBot/1.0; +claudebot@anthropic.com)"
216.73.216.141 - - [05/Sep/2026:12:26:39 +0000] "GET /wp-content/et-cache/38476/?C=S&O=D HTTP/1.1" 200 437 "-" "Mozilla/5.0 AppleWebKit/537.36 (KHTML, like Gecko; compatible; ClaudeBot/1.0; +claudebot@anthropic.com)"
216.73.216.141 - - [05/Sep/2026:12:26:39 +0000] "GET /wp-content/et-cache/36802/?C=N&O=A HTTP/1.1" 200 428 "-" "Mozilla/5.0 AppleWebKit/537.36 (KHTML, like Gecko; compatible; ClaudeBot/1.0; +claudebot@anthropic.com)"
74.7.242.58 - - [05/Sep/2026:12:26:39 +0000] "GET /wp-content/et-cache/32266/?C=D;O=D HTTP/1.1" 200 435 "http://on-time-movers.com/wp-content/et-cache/32266/?C=D;O=A" "Mozilla/5.0 AppleWebKit/537.36 (KHTML, like Gecko; compatible; GPTBot/1.4; +https://openai.com/gptbot)"
216.73.216.141 - - [05/Sep/2026:12:26:39 +0000] "GET /wp-content/et-cache/32698/?C=M&O=D HTTP/1.1" 200 437 "-" "Mozilla/5.0 AppleWebKit/537.36 (KHTML, like Gecko; compatible; ClaudeBot/1.0; +claudebot@anthropic.com)"
216.73.216.141 - - [05/Sep/2026:12:26:39 +0000] "GET /wp-content/et-cache/34520/?C=S&O=D HTTP/1.1" 200 437 "-" "Mozilla/5.0 AppleWebKit/537.36 (KHTML, like Gecko; compatible; ClaudeBot/1.0; +claudebot@anthropic.com)"
216.73.216.141 - - [05/Sep/2026:12:26:40 +0000] "GET /wp-content/et-cache/37203/?C=M&O=D HTTP/1.1" 200 425 "-" "Mozilla/5.0 AppleWebKit/537.36 (KHTML, like Gecko; compatible; ClaudeBot/1.0; +claudebot@anthropic.com)"
216.73.216.141 - - [05/Sep/2026:12:26:40 +0000] "GET /wp-content/et-cache/32577/?C=D&O=D HTTP/1.1" 200 436 "-" "Mozilla/5.0 AppleWebKit/537.36 (KHTML, like Gecko; compatible; ClaudeBot/1.0; +claudebot@anthropic.com)"
216.73.216.141 - - [05/Sep/2026:12:26:40 +0000] "GET /wp-content/et-cache/36116/?C=S&O=D HTTP/1.1" 200 426 "-" "Mozilla/5.0 AppleWebKit/537.36 (KHTML, like Gecko; compatible; ClaudeBot/1.0; +claudebot@anthropic.com)"
216.73.216.141 - - [05/Sep/2026:12:26:40 +0000] "GET /wp-content/et-cache/37651/?C=S&O=D HTTP/1.1" 200 437 "-" "Mozilla/5.0 AppleWebKit/537.36 (KHTML, like Gecko; compatible; ClaudeBot/1.0; +claudebot@anthropic.com)"
216.73.216.141 - - [05/Sep/2026:12:26:41 +0000] "GET /wp-content/et-cache/38309/?C=S&O=D HTTP/1.1" 200 436 "-" "Mozilla/5.0 AppleWebKit/537.36 (KHTML, like Gecko; compatible; ClaudeBot/1.0; +claudebot@anthropic.com)"
74.7.242.58 - - [05/Sep/2026:12:26:41 +0000] "GET /wp-content/et-cache/33595/?C=D;O=D HTTP/1.1" 200 435 "http://on-time-movers.com/wp-content/et-cache/33595/?C=D;O=A" "Mozilla/5.0 AppleWebKit/537.36 (KHTML, like Gecko; compatible; GPTBot/1.4; +https://openai.com/gptbot)"
216.73.216.141 - - [05/Sep/2026:12:26:41 +0000] "GET /wp-content/et-cache/35493/?C=M&O=D HTTP/1.1" 200 425 "-" "Mozilla/5.0 AppleWebKit/537.36 (KHTML, like Gecko; compatible; ClaudeBot/1.0; +claudebot@anthropic.com)"
216.73.216.141 - - [05/Sep/2026:12:26:41 +0000] "GET /wp-content/et-cache/36651/?C=S&O=D HTTP/1.1" 200 437 "-" "Mozilla/5.0 AppleWebKit/537.36 (KHTML, like Gecko; compatible; ClaudeBot/1.0; +claudebot@anthropic.com)"
216.73.216.141 - - [05/Sep/2026:12:26:41 +0000] "GET /wp-content/et-cache/36441/?C=S&O=D HTTP/1.1" 200 437 "-" "Mozilla/5.0 AppleWebKit/537.36 (KHTML, like Gecko; compatible; ClaudeBot/1.0; +claudebot@anthropic.com)"
216.73.216.141 - - [05/Sep/2026:12:26:41 +0000] "GET /wp-content/et-cache/35863/?C=N&O=A HTTP/1.1" 200 439 "-" "Mozilla/5.0 AppleWebKit/537.36 (KHTML, like Gecko; compatible; ClaudeBot/1.0; +claudebot@anthropic.com)"
216.73.216.141 - - [05/Sep/2026:12:26:42 +0000] "GET /wp-content/et-cache/37738/?C=S&O=D HTTP/1.1" 200 438 "-" "Mozilla/5.0 AppleWebKit/537.36 (KHTML, like Gecko; compatible; ClaudeBot/1.0; +claudebot@anthropic.com)"
216.73.216.141 - - [05/Sep/2026:12:26:42 +0000] "GET /wp-content/et-cache/35207/?C=S&O=D HTTP/1.1" 200 437 "-" "Mozilla/5.0 AppleWebKit/537.36 (KHTML, like Gecko; compatible; ClaudeBot/1.0; +claudebot@anthropic.com)"
74.7.242.58 - - [05/Sep/2026:12:26:42 +0000] "GET /wp-content/et-cache/32626/?C=S;O=A HTTP/1.1" 200 438 "http://on-time-movers.com/wp-content/et-cache/32626/" "Mozilla/5.0 AppleWebKit/537.36 (KHTML, like Gecko; compatible; GPTBot/1.4; +https://openai.com/gptbot)"
216.73.216.141 - - [05/Sep/2026:12:26:42 +0000] "GET /wp-content/et-cache/37347/?C=D&O=D HTTP/1.1" 200 435 "-" "Mozilla/5.0 AppleWebKit/537.36 (KHTML, like Gecko; compatible; ClaudeBot/1.0; +claudebot@anthropic.com)"
216.73.216.141 - - [05/Sep/2026:12:26:43 +0000] "GET /wp-content/et-cache/32144/?C=D&O=D HTTP/1.1" 200 435 "-" "Mozilla/5.0 AppleWebKit/537.36 (KHTML, like Gecko; compatible; ClaudeBot/1.0; +claudebot@anthropic.com)"
216.73.216.141 - - [05/Sep/2026:12:26:43 +0000] "GET /wp-content/et-cache/36060/?C=D&O=D HTTP/1.1" 200 435 "-" "Mozilla/5.0 AppleWebKit/537.36 (KHTML, like Gecko; compatible; ClaudeBot/1.0; +claudebot@anthropic.com)"
216.73.216.141 - - [05/Sep/2026:12:26:43 +0000] "GET /wp-content/et-cache/38529/?C=S&O=D HTTP/1.1" 200 437 "-" "Mozilla/5.0 AppleWebKit/537.36 (KHTML, like Gecko; compatible; ClaudeBot/1.0; +claudebot@anthropic.com)"
216.73.216.141 - - [05/Sep/2026:12:26:43 +0000] "GET /wp-content/et-cache/32489/?C=S&O=D HTTP/1.1" 200 437 "-" "Mozilla/5.0 AppleWebKit/537.36 (KHTML, like Gecko; compatible; ClaudeBot/1.0; +claudebot@anthropic.com)"
216.73.216.141 - - [05/Sep/2026:12:26:43 +0000] "GET /wp-content/et-cache/39171/?C=S&O=D HTTP/1.1" 200 437 "-" "Mozilla/5.0 AppleWebKit/537.36 (KHTML, like Gecko; compatible; ClaudeBot/1.0; +claudebot@anthropic.com)"
216.73.216.141 - - [05/Sep/2026:12:26:44 +0000] "GET /wp-content/et-cache/33308/?C=D&O=D HTTP/1.1" 200 435 "-" "Mozilla/5.0 AppleWebKit/537.36 (KHTML, like Gecko; compatible; ClaudeBot/1.0; +claudebot@anthropic.com)"
216.73.216.141 - - [05/Sep/2026:12:26:44 +0000] "GET /wp-content/et-cache/38534/?C=M&O=D HTTP/1.1" 200 425 "-" "Mozilla/5.0 AppleWebKit/537.36 (KHTML, like Gecko; compatible; ClaudeBot/1.0; +claudebot@anthropic.com)"
