216.73.216.141 - - [05/Sep/2026:12:30:36 +0000] "GET /wp-content/themes/twentytwentyfive/assets/images/agenda-img-4.webp HTTP/1.1" 200 14542 "-" "Mozilla/5.0 AppleWebKit/537.36 (KHTML, like Gecko; compatible; ClaudeBot/1.0; +claudebot@anthropic.com)"
216.73.216.141 - - [05/Sep/2026:12:30:37 +0000] "GET /wp-content/themes/twentytwentyfive/assets/images/campanula-alliariifolia-flower.webp HTTP/1.1" 200 42036 "-" "Mozilla/5.0 AppleWebKit/537.36 (KHTML, like Gecko; compatible; ClaudeBot/1.0; +claudebot@anthropic.com)"
216.73.216.141 - - [05/Sep/2026:12:30:37 +0000] "GET /wp-content/themes/twentytwentyfive/assets/images/?C=S&O=A HTTP/1.1" 200 1089 "-" "Mozilla/5.0 AppleWebKit/537.36 (KHTML, like Gecko; compatible; ClaudeBot/1.0; +claudebot@anthropic.com)"
216.73.216.141 - - [05/Sep/2026:12:30:37 +0000] "GET /wp-content/themes/twentytwentyfive/assets/images/malibu-plantlife.webp HTTP/1.1" 200 5194 "-" "Mozilla/5.0 AppleWebKit/537.36 (KHTML, like Gecko; compatible; ClaudeBot/1.0; +claudebot@anthropic.com)"
74.7.242.58 - - [05/Sep/2026:12:30:37 +0000] "GET /wp-content/et-cache/38363/?C=S;O=A HTTP/1.1" 200 437 "http://on-time-movers.com/wp-content/et-cache/38363/" "Mozilla/5.0 AppleWebKit/537.36 (KHTML, like Gecko; compatible; GPTBot/1.4; +https://openai.com/gptbot)"
216.73.216.141 - - [05/Sep/2026:12:30:37 +0000] "GET /wp-content/themes/twentytwentyfive/assets/images/?C=M&O=A HTTP/1.1" 200 1095 "-" "Mozilla/5.0 AppleWebKit/537.36 (KHTML, like Gecko; compatible; ClaudeBot/1.0; +claudebot@anthropic.com)"
216.73.216.141 - - [05/Sep/2026:12:30:37 +0000] "GET /wp-content/themes/twentytwentyfive/assets/images/?C=D&O=A HTTP/1.1" 200 1089 "-" "Mozilla/5.0 AppleWebKit/537.36 (KHTML, like Gecko; compatible; ClaudeBot/1.0; +claudebot@anthropic.com)"
216.73.216.141 - - [05/Sep/2026:12:30:38 +0000] "GET /wp-content/themes/twentytwentyfive/assets/images/woman-splashing-water.webp HTTP/1.1" 200 57776 "-" "Mozilla/5.0 AppleWebKit/537.36 (KHTML, like Gecko; compatible; ClaudeBot/1.0; +claudebot@anthropic.com)"
216.73.216.141 - - [05/Sep/2026:12:30:38 +0000] "GET /wp-content/themes/twentytwentyfive/assets/images/?C=N&O=D HTTP/1.1" 200 1092 "-" "Mozilla/5.0 AppleWebKit/537.36 (KHTML, like Gecko; compatible; ClaudeBot/1.0; +claudebot@anthropic.com)"
216.73.216.141 - - [05/Sep/2026:12:30:38 +0000] "GET /wp-content/themes/twentytwentyfive/assets/images/northern-buttercups-flowers.webp HTTP/1.1" 200 35820 "-" "Mozilla/5.0 AppleWebKit/537.36 (KHTML, like Gecko; compatible; ClaudeBot/1.0; +claudebot@anthropic.com)"
216.73.216.141 - - [05/Sep/2026:12:30:38 +0000] "GET /wp-content/et-cache/35372/?C=N&O=A HTTP/1.1" 200 439 "-" "Mozilla/5.0 AppleWebKit/537.36 (KHTML, like Gecko; compatible; ClaudeBot/1.0; +claudebot@anthropic.com)"
216.73.216.141 - - [05/Sep/2026:12:30:39 +0000] "GET /wp-content/et-cache/33167/?C=D&O=A HTTP/1.1" 200 429 "-" "Mozilla/5.0 AppleWebKit/537.36 (KHTML, like Gecko; compatible; ClaudeBot/1.0; +claudebot@anthropic.com)"
216.73.216.141 - - [05/Sep/2026:12:30:39 +0000] "GET /wp-content/et-cache/37386/et-divi-dynamic-tb-30988-37386-late.css HTTP/1.1" 200 1419 "-" "Mozilla/5.0 AppleWebKit/537.36 (KHTML, like Gecko; compatible; ClaudeBot/1.0; +claudebot@anthropic.com)"
216.73.216.141 - - [05/Sep/2026:12:30:39 +0000] "GET /wp-content/et-cache/33393/?C=M&O=A HTTP/1.1" 200 428 "-" "Mozilla/5.0 AppleWebKit/537.36 (KHTML, like Gecko; compatible; ClaudeBot/1.0; +claudebot@anthropic.com)"
74.7.242.58 - - [05/Sep/2026:12:30:39 +0000] "GET /wp-content/et-cache/37557/?C=S;O=A HTTP/1.1" 200 438 "http://on-time-movers.com/wp-content/et-cache/37557/" "Mozilla/5.0 AppleWebKit/537.36 (KHTML, like Gecko; compatible; GPTBot/1.4; +https://openai.com/gptbot)"
216.73.216.141 - - [05/Sep/2026:12:30:39 +0000] "GET /wp-content/et-cache/33102/?C=M&O=A HTTP/1.1" 200 428 "-" "Mozilla/5.0 AppleWebKit/537.36 (KHTML, like Gecko; compatible; ClaudeBot/1.0; +claudebot@anthropic.com)"
216.73.216.141 - - [05/Sep/2026:12:30:40 +0000] "GET /wp-content/et-cache/35220/?C=M&O=A HTTP/1.1" 200 439 "-" "Mozilla/5.0 AppleWebKit/537.36 (KHTML, like Gecko; compatible; ClaudeBot/1.0; +claudebot@anthropic.com)"
216.73.216.141 - - [05/Sep/2026:12:30:40 +0000] "GET /wp-content/plugins/wpforms-lite/assets/images/entry-importer/?C=S&O=D HTTP/1.1" 200 448 "-" "Mozilla/5.0 AppleWebKit/537.36 (KHTML, like Gecko; compatible; ClaudeBot/1.0; +claudebot@anthropic.com)"
216.73.216.141 - - [05/Sep/2026:12:30:40 +0000] "GET /wp-content/et-cache/37593/?C=N&O=D HTTP/1.1" 200 436 "-" "Mozilla/5.0 AppleWebKit/537.36 (KHTML, like Gecko; compatible; ClaudeBot/1.0; +claudebot@anthropic.com)"
216.73.216.141 - - [05/Sep/2026:12:30:40 +0000] "GET /wp-content/et-cache/36678/?C=M&O=D HTTP/1.1" 200 437 "-" "Mozilla/5.0 AppleWebKit/537.36 (KHTML, like Gecko; compatible; ClaudeBot/1.0; +claudebot@anthropic.com)"
216.73.216.141 - - [05/Sep/2026:12:30:40 +0000] "GET /wp-content/et-cache/32850/?C=M&O=D HTTP/1.1" 200 437 "-" "Mozilla/5.0 AppleWebKit/537.36 (KHTML, like Gecko; compatible; ClaudeBot/1.0; +claudebot@anthropic.com)"
216.73.216.141 - - [05/Sep/2026:12:30:41 +0000] "GET /wp-content/et-cache/32182/?C=N&O=A HTTP/1.1" 200 439 "-" "Mozilla/5.0 AppleWebKit/537.36 (KHTML, like Gecko; compatible; ClaudeBot/1.0; +claudebot@anthropic.com)"
216.73.216.141 - - [05/Sep/2026:12:30:41 +0000] "GET /wp-content/et-cache/33576/?C=N&O=D HTTP/1.1" 200 435 "-" "Mozilla/5.0 AppleWebKit/537.36 (KHTML, like Gecko; compatible; ClaudeBot/1.0; +claudebot@anthropic.com)"
74.7.242.58 - - [05/Sep/2026:12:30:41 +0000] "GET /wp-content/et-cache/38813/?C=N;O=A HTTP/1.1" 200 438 "http://on-time-movers.com/wp-content/et-cache/38813/?C=S;O=A" "Mozilla/5.0 AppleWebKit/537.36 (KHTML, like Gecko; compatible; GPTBot/1.4; +https://openai.com/gptbot)"
216.73.216.141 - - [05/Sep/2026:12:30:42 +0000] "GET /wp-content/et-cache/36883/?C=D&O=D HTTP/1.1" 200 435 "-" "Mozilla/5.0 AppleWebKit/537.36 (KHTML, like Gecko; compatible; ClaudeBot/1.0; +claudebot@anthropic.com)"
216.73.216.141 - - [05/Sep/2026:12:30:42 +0000] "GET /wp-content/plugins/wp-rocket/inc/ThirdParty/Plugins/CDN/?C=S&O=D HTTP/1.1" 200 407 "-" "Mozilla/5.0 AppleWebKit/537.36 (KHTML, like Gecko; compatible; ClaudeBot/1.0; +claudebot@anthropic.com)"
216.73.216.141 - - [05/Sep/2026:12:30:42 +0000] "GET /wp-content/et-cache/34089/?C=D&O=D HTTP/1.1" 200 435 "-" "Mozilla/5.0 AppleWebKit/537.36 (KHTML, like Gecko; compatible; ClaudeBot/1.0; +claudebot@anthropic.com)"
216.73.216.141 - - [05/Sep/2026:12:30:42 +0000] "GET /wp-content/et-cache/36583/?C=D&O=D HTTP/1.1" 200 435 "-" "Mozilla/5.0 AppleWebKit/537.36 (KHTML, like Gecko; compatible; ClaudeBot/1.0; +claudebot@anthropic.com)"
216.73.216.141 - - [05/Sep/2026:12:30:43 +0000] "GET /wp-content/et-cache/34075/?C=M&O=D HTTP/1.1" 200 438 "-" "Mozilla/5.0 AppleWebKit/537.36 (KHTML, like Gecko; compatible; ClaudeBot/1.0; +claudebot@anthropic.com)"
74.7.242.58 - - [05/Sep/2026:12:30:43 +0000] "GET /wp-content/et-cache/32328/?C=M;O=D HTTP/1.1" 200 437 "http://on-time-movers.com/wp-content/et-cache/32328/?C=M;O=A" "Mozilla/5.0 AppleWebKit/537.36 (KHTML, like Gecko; compatible; GPTBot/1.4; +https://openai.com/gptbot)"
216.73.216.141 - - [05/Sep/2026:12:30:43 +0000] "GET /wp-content/et-cache/32023/?C=S&O=D HTTP/1.1" 200 436 "-" "Mozilla/5.0 AppleWebKit/537.36 (KHTML, like Gecko; compatible; ClaudeBot/1.0; +claudebot@anthropic.com)"
216.73.216.141 - - [05/Sep/2026:12:30:43 +0000] "GET /wp-content/et-cache/36700/?C=D&O=D HTTP/1.1" 200 441 "-" "Mozilla/5.0 AppleWebKit/537.36 (KHTML, like Gecko; compatible; ClaudeBot/1.0; +claudebot@anthropic.com)"
216.73.216.141 - - [05/Sep/2026:12:30:43 +0000] "GET /wp-content/et-cache/36018/?C=D&O=D HTTP/1.1" 200 435 "-" "Mozilla/5.0 AppleWebKit/537.36 (KHTML, like Gecko; compatible; ClaudeBot/1.0; +claudebot@anthropic.com)"
216.73.216.141 - - [05/Sep/2026:12:30:43 +0000] "GET /wp-content/et-cache/38710/?C=M&O=D HTTP/1.1" 200 437 "-" "Mozilla/5.0 AppleWebKit/537.36 (KHTML, like Gecko; compatible; ClaudeBot/1.0; +claudebot@anthropic.com)"
216.73.216.141 - - [05/Sep/2026:12:30:44 +0000] "GET /wp-content/et-cache/38743/?C=D&O=D HTTP/1.1" 200 435 "-" "Mozilla/5.0 AppleWebKit/537.36 (KHTML, like Gecko; compatible; ClaudeBot/1.0; +claudebot@anthropic.com)"
216.73.216.141 - - [05/Sep/2026:12:30:44 +0000] "GET /wp-content/et-cache/34557/?C=D&O=D HTTP/1.1" 200 425 "-" "Mozilla/5.0 AppleWebKit/537.36 (KHTML, like Gecko; compatible; ClaudeBot/1.0; +claudebot@anthropic.com)"
216.73.216.141 - - [05/Sep/2026:12:30:44 +0000] "GET /wp-content/et-cache/38743/?C=S&O=D HTTP/1.1" 200 437 "-" "Mozilla/5.0 AppleWebKit/537.36 (KHTML, like Gecko; compatible; ClaudeBot/1.0; +claudebot@anthropic.com)"
74.7.242.58 - - [05/Sep/2026:12:30:44 +0000] "GET /wp-content/et-cache/34353/?C=N;O=A HTTP/1.1" 200 439 "http://on-time-movers.com/wp-content/et-cache/34353/?C=D;O=A" "Mozilla/5.0 AppleWebKit/537.36 (KHTML, like Gecko; compatible; GPTBot/1.4; +https://openai.com/gptbot)"
74.7.242.58 - - [05/Sep/2026:12:30:46 +0000] "GET /wp-content/et-cache/34243/?C=M;O=A HTTP/1.1" 200 439 "http://on-time-movers.com/wp-content/et-cache/34243/" "Mozilla/5.0 AppleWebKit/537.36 (KHTML, like Gecko; compatible; GPTBot/1.4; +https://openai.com/gptbot)"
74.7.242.58 - - [05/Sep/2026:12:30:48 +0000] "GET /wp-content/et-cache/38783/?C=M;O=D HTTP/1.1" 200 425 "http://on-time-movers.com/wp-content/et-cache/38783/?C=M;O=A" "Mozilla/5.0 AppleWebKit/537.36 (KHTML, like Gecko; compatible; GPTBot/1.4; +https://openai.com/gptbot)"
74.7.242.58 - - [05/Sep/2026:12:30:50 +0000] "GET /wp-content/et-cache/36006/?C=M;O=D HTTP/1.1" 200 437 "http://on-time-movers.com/wp-content/et-cache/36006/?C=M;O=A" "Mozilla/5.0 AppleWebKit/537.36 (KHTML, like Gecko; compatible; GPTBot/1.4; +https://openai.com/gptbot)"
74.7.242.58 - - [05/Sep/2026:12:30:52 +0000] "GET /wp-content/et-cache/33166/?C=S;O=D HTTP/1.1" 200 437 "http://on-time-movers.com/wp-content/et-cache/33166/?C=S;O=A" "Mozilla/5.0 AppleWebKit/537.36 (KHTML, like Gecko; compatible; GPTBot/1.4; +https://openai.com/gptbot)"
74.7.242.58 - - [05/Sep/2026:12:30:54 +0000] "GET /wp-content/et-cache/36334/?C=N;O=D HTTP/1.1" 200 435 "http://on-time-movers.com/wp-content/et-cache/36334/" "Mozilla/5.0 AppleWebKit/537.36 (KHTML, like Gecko; compatible; GPTBot/1.4; +https://openai.com/gptbot)"
74.7.242.58 - - [05/Sep/2026:12:30:56 +0000] "GET /wp-content/et-cache/38488/?C=N;O=D HTTP/1.1" 200 435 "http://on-time-movers.com/wp-content/et-cache/38488/" "Mozilla/5.0 AppleWebKit/537.36 (KHTML, like Gecko; compatible; GPTBot/1.4; +https://openai.com/gptbot)"
74.7.242.58 - - [05/Sep/2026:12:30:58 +0000] "GET /wp-content/et-cache/37677/?C=D;O=A HTTP/1.1" 200 429 "http://on-time-movers.com/wp-content/et-cache/37677/" "Mozilla/5.0 AppleWebKit/537.36 (KHTML, like Gecko; compatible; GPTBot/1.4; +https://openai.com/gptbot)"
74.7.242.58 - - [05/Sep/2026:12:31:00 +0000] "GET /wp-content/et-cache/37557/?C=S;O=D HTTP/1.1" 200 437 "http://on-time-movers.com/wp-content/et-cache/37557/?C=S;O=A" "Mozilla/5.0 AppleWebKit/537.36 (KHTML, like Gecko; compatible; GPTBot/1.4; +https://openai.com/gptbot)"
74.7.242.58 - - [05/Sep/2026:12:31:02 +0000] "GET /wp-content/et-cache/33464/?C=N;O=A HTTP/1.1" 200 439 "http://on-time-movers.com/wp-content/et-cache/33464/?C=D;O=A" "Mozilla/5.0 AppleWebKit/537.36 (KHTML, like Gecko; compatible; GPTBot/1.4; +https://openai.com/gptbot)"
74.7.242.58 - - [05/Sep/2026:12:31:04 +0000] "GET /wp-content/et-cache/35993/?C=S;O=D HTTP/1.1" 200 437 "http://on-time-movers.com/wp-content/et-cache/35993/?C=S;O=A" "Mozilla/5.0 AppleWebKit/537.36 (KHTML, like Gecko; compatible; GPTBot/1.4; +https://openai.com/gptbot)"
74.7.242.58 - - [05/Sep/2026:12:31:06 +0000] "GET /wp-content/et-cache/33115/?C=M;O=D HTTP/1.1" 200 437 "http://on-time-movers.com/wp-content/et-cache/33115/?C=M;O=A" "Mozilla/5.0 AppleWebKit/537.36 (KHTML, like Gecko; compatible; GPTBot/1.4; +https://openai.com/gptbot)"
216.73.216.141 - - [05/Sep/2026:12:31:06 +0000] "GET /wp-content/et-cache/38237/?C=N&O=D HTTP/1.1" 200 435 "-" "Mozilla/5.0 AppleWebKit/537.36 (KHTML, like Gecko; compatible; ClaudeBot/1.0; +claudebot@anthropic.com)"
216.73.216.141 - - [05/Sep/2026:12:31:06 +0000] "GET /wp-content/et-cache/33566/?C=N&O=D HTTP/1.1" 200 435 "-" "Mozilla/5.0 AppleWebKit/537.36 (KHTML, like Gecko; compatible; ClaudeBot/1.0; +claudebot@anthropic.com)"
216.73.216.141 - - [05/Sep/2026:12:31:06 +0000] "GET /wp-content/et-cache/38539/?C=D&O=A HTTP/1.1" 200 439 "-" "Mozilla/5.0 AppleWebKit/537.36 (KHTML, like Gecko; compatible; ClaudeBot/1.0; +claudebot@anthropic.com)"
216.73.216.141 - - [05/Sep/2026:12:31:07 +0000] "GET /wp-content/et-cache/35929/?C=N&O=D HTTP/1.1" 200 435 "-" "Mozilla/5.0 AppleWebKit/537.36 (KHTML, like Gecko; compatible; ClaudeBot/1.0; +claudebot@anthropic.com)"
216.73.216.141 - - [05/Sep/2026:12:31:07 +0000] "GET /wp-content/et-cache/34866/?C=M&O=D HTTP/1.1" 200 425 "-" "Mozilla/5.0 AppleWebKit/537.36 (KHTML, like Gecko; compatible; ClaudeBot/1.0; +claudebot@anthropic.com)"
216.73.216.141 - - [05/Sep/2026:12:31:07 +0000] "GET /wp-content/et-cache/32771/?C=D&O=A HTTP/1.1" 200 439 "-" "Mozilla/5.0 AppleWebKit/537.36 (KHTML, like Gecko; compatible; ClaudeBot/1.0; +claudebot@anthropic.com)"
216.73.216.141 - - [05/Sep/2026:12:31:07 +0000] "GET /wp-content/et-cache/33370/?C=S&O=A HTTP/1.1" 200 438 "-" "Mozilla/5.0 AppleWebKit/537.36 (KHTML, like Gecko; compatible; ClaudeBot/1.0; +claudebot@anthropic.com)"
74.7.242.58 - - [05/Sep/2026:12:31:07 +0000] "GET /wp-content/et-cache/37753/?C=D;O=A HTTP/1.1" 200 439 "http://on-time-movers.com/wp-content/et-cache/37753/" "Mozilla/5.0 AppleWebKit/537.36 (KHTML, like Gecko; compatible; GPTBot/1.4; +https://openai.com/gptbot)"
216.73.216.141 - - [05/Sep/2026:12:31:07 +0000] "GET /wp-content/et-cache/34881/?C=D&O=D HTTP/1.1" 200 425 "-" "Mozilla/5.0 AppleWebKit/537.36 (KHTML, like Gecko; compatible; ClaudeBot/1.0; +claudebot@anthropic.com)"
216.73.216.141 - - [05/Sep/2026:12:31:08 +0000] "GET /wp-content/et-cache/33699/?C=N&O=D HTTP/1.1" 200 435 "-" "Mozilla/5.0 AppleWebKit/537.36 (KHTML, like Gecko; compatible; ClaudeBot/1.0; +claudebot@anthropic.com)"
216.73.216.141 - - [05/Sep/2026:12:31:08 +0000] "GET /wp-content/et-cache/35746/?C=N&O=D HTTP/1.1" 200 435 "-" "Mozilla/5.0 AppleWebKit/537.36 (KHTML, like Gecko; compatible; ClaudeBot/1.0; +claudebot@anthropic.com)"
216.73.216.141 - - [05/Sep/2026:12:31:08 +0000] "GET /wp-content/et-cache/31578/et-divi-dynamic-tb-30988-31578-critical.css HTTP/1.1" 200 13584 "-" "Mozilla/5.0 AppleWebKit/537.36 (KHTML, like Gecko; compatible; ClaudeBot/1.0; +claudebot@anthropic.com)"
216.73.216.141 - - [05/Sep/2026:12:31:08 +0000] "GET /wp-content/et-cache/36273/?C=D&O=A HTTP/1.1" 200 439 "-" "Mozilla/5.0 AppleWebKit/537.36 (KHTML, like Gecko; compatible; ClaudeBot/1.0; +claudebot@anthropic.com)"
74.7.242.58 - - [05/Sep/2026:12:31:09 +0000] "GET /wp-content/et-cache/34494/?C=N;O=A HTTP/1.1" 200 439 "http://on-time-movers.com/wp-content/et-cache/34494/?C=N;O=D" "Mozilla/5.0 AppleWebKit/537.36 (KHTML, like Gecko; compatible; GPTBot/1.4; +https://openai.com/gptbot)"
216.73.216.141 - - [05/Sep/2026:12:31:11 +0000] "GET /wp-content/et-cache/32920/?C=M&O=D HTTP/1.1" 200 437 "-" "Mozilla/5.0 AppleWebKit/537.36 (KHTML, like Gecko; compatible; ClaudeBot/1.0; +claudebot@anthropic.com)"
216.73.216.141 - - [05/Sep/2026:12:31:11 +0000] "GET /wp-content/et-cache/36669/?C=S&O=A HTTP/1.1" 200 427 "-" "Mozilla/5.0 AppleWebKit/537.36 (KHTML, like Gecko; compatible; ClaudeBot/1.0; +claudebot@anthropic.com)"
216.73.216.141 - - [05/Sep/2026:12:31:11 +0000] "GET /wp-content/et-cache/37613/?C=N&O=D HTTP/1.1" 200 435 "-" "Mozilla/5.0 AppleWebKit/537.36 (KHTML, like Gecko; compatible; ClaudeBot/1.0; +claudebot@anthropic.com)"
216.73.216.141 - - [05/Sep/2026:12:31:11 +0000] "GET /wp-content/et-cache/34334/?C=S&O=A HTTP/1.1" 200 437 "-" "Mozilla/5.0 AppleWebKit/537.36 (KHTML, like Gecko; compatible; ClaudeBot/1.0; +claudebot@anthropic.com)"
216.73.216.141 - - [05/Sep/2026:12:31:11 +0000] "GET /wp-content/et-cache/34063/?C=D&O=A HTTP/1.1" 200 438 "-" "Mozilla/5.0 AppleWebKit/537.36 (KHTML, like Gecko; compatible; ClaudeBot/1.0; +claudebot@anthropic.com)"
216.73.216.141 - - [05/Sep/2026:12:31:11 +0000] "GET /wp-content/et-cache/37993/?C=S&O=A HTTP/1.1" 200 438 "-" "Mozilla/5.0 AppleWebKit/537.36 (KHTML, like Gecko; compatible; ClaudeBot/1.0; +claudebot@anthropic.com)"
216.73.216.141 - - [05/Sep/2026:12:31:11 +0000] "GET /wp-content/et-cache/33933/?C=N&O=D HTTP/1.1" 200 435 "-" "Mozilla/5.0 AppleWebKit/537.36 (KHTML, like Gecko; compatible; ClaudeBot/1.0; +claudebot@anthropic.com)"
216.73.216.141 - - [05/Sep/2026:12:31:11 +0000] "GET /wp-content/et-cache/35323/?C=D&O=A HTTP/1.1" 200 428 "-" "Mozilla/5.0 AppleWebKit/537.36 (KHTML, like Gecko; compatible; ClaudeBot/1.0; +claudebot@anthropic.com)"
216.73.216.141 - - [05/Sep/2026:12:31:12 +0000] "GET /wp-content/et-cache/38113/?C=N&O=D HTTP/1.1" 200 425 "-" "Mozilla/5.0 AppleWebKit/537.36 (KHTML, like Gecko; compatible; ClaudeBot/1.0; +claudebot@anthropic.com)"
74.7.242.58 - - [05/Sep/2026:12:31:12 +0000] "GET /wp-content/et-cache/32663/?C=N;O=D HTTP/1.1" 200 435 "http://on-time-movers.com/wp-content/et-cache/32663/" "Mozilla/5.0 AppleWebKit/537.36 (KHTML, like Gecko; compatible; GPTBot/1.4; +https://openai.com/gptbot)"
216.73.216.141 - - [05/Sep/2026:12:31:12 +0000] "GET /wp-content/et-cache/34035/?C=S&O=A HTTP/1.1" 200 443 "-" "Mozilla/5.0 AppleWebKit/537.36 (KHTML, like Gecko; compatible; ClaudeBot/1.0; +claudebot@anthropic.com)"
216.73.216.141 - - [05/Sep/2026:12:31:12 +0000] "GET /wp-content/et-cache/34446/?C=S&O=D HTTP/1.1" 200 437 "-" "Mozilla/5.0 AppleWebKit/537.36 (KHTML, like Gecko; compatible; ClaudeBot/1.0; +claudebot@anthropic.com)"
74.7.242.58 - - [05/Sep/2026:12:31:13 +0000] "GET /wp-content/et-cache/36338/?C=N;O=A HTTP/1.1" 200 439 "http://on-time-movers.com/wp-content/et-cache/36338/?C=S;O=A" "Mozilla/5.0 AppleWebKit/537.36 (KHTML, like Gecko; compatible; GPTBot/1.4; +https://openai.com/gptbot)"
74.7.242.58 - - [05/Sep/2026:12:31:15 +0000] "GET /wp-content/et-cache/33913/?C=S;O=D HTTP/1.1" 200 437 "http://on-time-movers.com/wp-content/et-cache/33913/?C=S;O=A" "Mozilla/5.0 AppleWebKit/537.36 (KHTML, like Gecko; compatible; GPTBot/1.4; +https://openai.com/gptbot)"
74.7.242.58 - - [05/Sep/2026:12:31:17 +0000] "GET /wp-content/et-cache/35539/?C=D;O=D HTTP/1.1" 200 435 "http://on-time-movers.com/wp-content/et-cache/35539/?C=D;O=A" "Mozilla/5.0 AppleWebKit/537.36 (KHTML, like Gecko; compatible; GPTBot/1.4; +https://openai.com/gptbot)"
74.7.242.58 - - [05/Sep/2026:12:31:19 +0000] "GET /wp-content/et-cache/37677/?C=D;O=D HTTP/1.1" 200 426 "http://on-time-movers.com/wp-content/et-cache/37677/?C=D;O=A" "Mozilla/5.0 AppleWebKit/537.36 (KHTML, like Gecko; compatible; GPTBot/1.4; +https://openai.com/gptbot)"
74.7.242.58 - - [05/Sep/2026:12:31:20 +0000] "GET /wp-content/et-cache/31613/?C=S;O=A HTTP/1.1" 200 436 "http://on-time-movers.com/wp-content/et-cache/31613/" "Mozilla/5.0 AppleWebKit/537.36 (KHTML, like Gecko; compatible; GPTBot/1.4; +https://openai.com/gptbot)"
74.7.242.58 - - [05/Sep/2026:12:31:22 +0000] "GET /wp-content/et-cache/36553/?C=N;O=D HTTP/1.1" 200 435 "http://on-time-movers.com/wp-content/et-cache/36553/" "Mozilla/5.0 AppleWebKit/537.36 (KHTML, like Gecko; compatible; GPTBot/1.4; +https://openai.com/gptbot)"
74.7.242.58 - - [05/Sep/2026:12:31:24 +0000] "GET /wp-content/et-cache/36366/?C=D;O=A HTTP/1.1" 200 439 "http://on-time-movers.com/wp-content/et-cache/36366/" "Mozilla/5.0 AppleWebKit/537.36 (KHTML, like Gecko; compatible; GPTBot/1.4; +https://openai.com/gptbot)"
74.7.242.58 - - [05/Sep/2026:12:31:26 +0000] "GET /wp-content/et-cache/33656/?C=D;O=A HTTP/1.1" 200 428 "http://on-time-movers.com/wp-content/et-cache/33656/" "Mozilla/5.0 AppleWebKit/537.36 (KHTML, like Gecko; compatible; GPTBot/1.4; +https://openai.com/gptbot)"
74.7.242.58 - - [05/Sep/2026:12:31:27 +0000] "GET /wp-content/et-cache/37753/?C=D;O=D HTTP/1.1" 200 435 "http://on-time-movers.com/wp-content/et-cache/37753/?C=D;O=A" "Mozilla/5.0 AppleWebKit/537.36 (KHTML, like Gecko; compatible; GPTBot/1.4; +https://openai.com/gptbot)"
74.7.242.58 - - [05/Sep/2026:12:31:30 +0000] "GET /wp-content/et-cache/35357/?C=D;O=D HTTP/1.1" 200 435 "http://on-time-movers.com/wp-content/et-cache/35357/?C=D;O=A" "Mozilla/5.0 AppleWebKit/537.36 (KHTML, like Gecko; compatible; GPTBot/1.4; +https://openai.com/gptbot)"
74.7.242.58 - - [05/Sep/2026:12:31:31 +0000] "GET /wp-content/et-cache/35757/?C=M;O=D HTTP/1.1" 200 425 "http://on-time-movers.com/wp-content/et-cache/35757/?C=M;O=A" "Mozilla/5.0 AppleWebKit/537.36 (KHTML, like Gecko; compatible; GPTBot/1.4; +https://openai.com/gptbot)"
74.7.242.58 - - [05/Sep/2026:12:31:33 +0000] "GET /wp-content/et-cache/35531/?C=M;O=D HTTP/1.1" 200 437 "http://on-time-movers.com/wp-content/et-cache/35531/?C=M;O=A" "Mozilla/5.0 AppleWebKit/537.36 (KHTML, like Gecko; compatible; GPTBot/1.4; +https://openai.com/gptbot)"
216.73.216.141 - - [05/Sep/2026:12:31:34 +0000] "GET /wp-content/et-cache/34210/?C=N&O=D HTTP/1.1" 200 435 "-" "Mozilla/5.0 AppleWebKit/537.36 (KHTML, like Gecko; compatible; ClaudeBot/1.0; +claudebot@anthropic.com)"
216.73.216.141 - - [05/Sep/2026:12:31:34 +0000] "GET /wp-content/et-cache/32434/?C=S&O=A HTTP/1.1" 200 438 "-" "Mozilla/5.0 AppleWebKit/537.36 (KHTML, like Gecko; compatible; ClaudeBot/1.0; +claudebot@anthropic.com)"
216.73.216.141 - - [05/Sep/2026:12:31:34 +0000] "GET /wp-content/et-cache/32612/?C=M&O=D HTTP/1.1" 200 437 "-" "Mozilla/5.0 AppleWebKit/537.36 (KHTML, like Gecko; compatible; ClaudeBot/1.0; +claudebot@anthropic.com)"
216.73.216.141 - - [05/Sep/2026:12:31:34 +0000] "GET /wp-content/et-cache/31704/et-divi-dynamic-tb-30988-31704-critical.css HTTP/1.1" 200 13584 "-" "Mozilla/5.0 AppleWebKit/537.36 (KHTML, like Gecko; compatible; ClaudeBot/1.0; +claudebot@anthropic.com)"
216.73.216.141 - - [05/Sep/2026:12:31:34 +0000] "GET /wp-content/plugins/wpforms-lite/assets/images/integrations/stripe/?C=N&O=A HTTP/1.1" 200 419 "-" "Mozilla/5.0 AppleWebKit/537.36 (KHTML, like Gecko; compatible; ClaudeBot/1.0; +claudebot@anthropic.com)"
216.73.216.141 - - [05/Sep/2026:12:31:34 +0000] "GET /wp-content/et-cache/30128/?C=M&O=A HTTP/1.1" 200 448 "-" "Mozilla/5.0 AppleWebKit/537.36 (KHTML, like Gecko; compatible; ClaudeBot/1.0; +claudebot@anthropic.com)"
216.73.216.141 - - [05/Sep/2026:12:31:34 +0000] "GET /wp-content/et-cache/34501/?C=D&O=A HTTP/1.1" 200 438 "-" "Mozilla/5.0 AppleWebKit/537.36 (KHTML, like Gecko; compatible; ClaudeBot/1.0; +claudebot@anthropic.com)"
216.73.216.141 - - [05/Sep/2026:12:31:34 +0000] "GET /wp-content/et-cache/33438/?C=S&O=A HTTP/1.1" 200 438 "-" "Mozilla/5.0 AppleWebKit/537.36 (KHTML, like Gecko; compatible; ClaudeBot/1.0; +claudebot@anthropic.com)"
74.7.242.58 - - [05/Sep/2026:12:31:35 +0000] "GET /wp-content/et-cache/33244/?C=S;O=A HTTP/1.1" 200 437 "http://on-time-movers.com/wp-content/et-cache/33244/" "Mozilla/5.0 AppleWebKit/537.36 (KHTML, like Gecko; compatible; GPTBot/1.4; +https://openai.com/gptbot)"
216.73.216.141 - - [05/Sep/2026:12:31:35 +0000] "GET /wp-content/et-cache/32506/?C=D&O=A HTTP/1.1" 200 439 "-" "Mozilla/5.0 AppleWebKit/537.36 (KHTML, like Gecko; compatible; ClaudeBot/1.0; +claudebot@anthropic.com)"
216.73.216.141 - - [05/Sep/2026:12:31:35 +0000] "GET /wp-content/et-cache/37097/?C=N&O=D HTTP/1.1" 200 435 "-" "Mozilla/5.0 AppleWebKit/537.36 (KHTML, like Gecko; compatible; ClaudeBot/1.0; +claudebot@anthropic.com)"
216.73.216.141 - - [05/Sep/2026:12:31:35 +0000] "GET /wp-content/et-cache/38142/?C=S&O=A HTTP/1.1" 200 437 "-" "Mozilla/5.0 AppleWebKit/537.36 (KHTML, like Gecko; compatible; ClaudeBot/1.0; +claudebot@anthropic.com)"
216.73.216.242 - - [05/Sep/2026:12:31:36 +0000] "GET /wp-content/plugins/wpforms-lite/src/Integrations/ConstantContact/V3/Api/Http/ HTTP/1.1" 200 445 "-" "Mozilla/5.0 AppleWebKit/537.36 (KHTML, like Gecko; compatible; ClaudeBot/1.0; +claudebot@anthropic.com)"
216.73.216.141 - - [05/Sep/2026:12:31:36 +0000] "GET /wp-content/et-cache/34082/?C=N&O=D HTTP/1.1" 200 425 "-" "Mozilla/5.0 AppleWebKit/537.36 (KHTML, like Gecko; compatible; ClaudeBot/1.0; +claudebot@anthropic.com)"
216.73.216.141 - - [05/Sep/2026:12:31:36 +0000] "GET /wp-content/et-cache/32969/?C=N&O=D HTTP/1.1" 200 425 "-" "Mozilla/5.0 AppleWebKit/537.36 (KHTML, like Gecko; compatible; ClaudeBot/1.0; +claudebot@anthropic.com)"
216.73.216.141 - - [05/Sep/2026:12:31:36 +0000] "GET /wp-content/et-cache/37417/?C=S&O=A HTTP/1.1" 200 438 "-" "Mozilla/5.0 AppleWebKit/537.36 (KHTML, like Gecko; compatible; ClaudeBot/1.0; +claudebot@anthropic.com)"
216.73.216.242 - - [05/Sep/2026:12:31:36 +0000] "GET /wp-content/plugins/google-site-kit/includes/Core/Nonces/Nonces.php HTTP/1.1" 200 - "-" "Mozilla/5.0 AppleWebKit/537.36 (KHTML, like Gecko; compatible; ClaudeBot/1.0; +claudebot@anthropic.com)"
216.73.216.141 - - [05/Sep/2026:12:31:36 +0000] "GET /wp-content/et-cache/38517/?C=N&O=A HTTP/1.1" 200 429 "-" "Mozilla/5.0 AppleWebKit/537.36 (KHTML, like Gecko; compatible; ClaudeBot/1.0; +claudebot@anthropic.com)"
74.7.242.58 - - [05/Sep/2026:12:31:36 +0000] "GET /wp-content/et-cache/35253/?C=S;O=D HTTP/1.1" 200 437 "http://on-time-movers.com/wp-content/et-cache/35253/?C=S;O=A" "Mozilla/5.0 AppleWebKit/537.36 (KHTML, like Gecko; compatible; GPTBot/1.4; +https://openai.com/gptbot)"
216.73.216.141 - - [05/Sep/2026:12:31:37 +0000] "GET /wp-content/et-cache/38256/?C=M&O=A HTTP/1.1" 200 439 "-" "Mozilla/5.0 AppleWebKit/537.36 (KHTML, like Gecko; compatible; ClaudeBot/1.0; +claudebot@anthropic.com)"
216.73.216.141 - - [05/Sep/2026:12:31:37 +0000] "GET /wp-content/et-cache/38302/?C=M&O=D HTTP/1.1" 200 437 "-" "Mozilla/5.0 AppleWebKit/537.36 (KHTML, like Gecko; compatible; ClaudeBot/1.0; +claudebot@anthropic.com)"
216.73.216.141 - - [05/Sep/2026:12:31:37 +0000] "GET /wp-content/et-cache/38559/?C=S&O=A HTTP/1.1" 200 437 "-" "Mozilla/5.0 AppleWebKit/537.36 (KHTML, like Gecko; compatible; ClaudeBot/1.0; +claudebot@anthropic.com)"
216.73.216.141 - - [05/Sep/2026:12:31:37 +0000] "GET /wp-content/et-cache/37768/?C=M&O=A HTTP/1.1" 200 439 "-" "Mozilla/5.0 AppleWebKit/537.36 (KHTML, like Gecko; compatible; ClaudeBot/1.0; +claudebot@anthropic.com)"
216.73.216.141 - - [05/Sep/2026:12:31:38 +0000] "GET /wp-content/et-cache/39220/?C=N&O=A HTTP/1.1" 200 439 "-" "Mozilla/5.0 AppleWebKit/537.36 (KHTML, like Gecko; compatible; ClaudeBot/1.0; +claudebot@anthropic.com)"
216.73.216.141 - - [05/Sep/2026:12:31:38 +0000] "GET /wp-content/et-cache/36622/?C=D&O=D HTTP/1.1" 200 435 "-" "Mozilla/5.0 AppleWebKit/537.36 (KHTML, like Gecko; compatible; ClaudeBot/1.0; +claudebot@anthropic.com)"
216.73.216.141 - - [05/Sep/2026:12:31:38 +0000] "GET /wp-content/et-cache/31671/?C=M&O=D HTTP/1.1" 200 436 "-" "Mozilla/5.0 AppleWebKit/537.36 (KHTML, like Gecko; compatible; ClaudeBot/1.0; +claudebot@anthropic.com)"
74.7.242.58 - - [05/Sep/2026:12:31:38 +0000] "GET /wp-content/et-cache/32277/?C=N;O=D HTTP/1.1" 200 436 "http://on-time-movers.com/wp-content/et-cache/32277/" "Mozilla/5.0 AppleWebKit/537.36 (KHTML, like Gecko; compatible; GPTBot/1.4; +https://openai.com/gptbot)"
216.73.216.141 - - [05/Sep/2026:12:31:39 +0000] "GET /wp-content/et-cache/35956/?C=D&O=D HTTP/1.1" 200 435 "-" "Mozilla/5.0 AppleWebKit/537.36 (KHTML, like Gecko; compatible; ClaudeBot/1.0; +claudebot@anthropic.com)"
216.73.216.141 - - [05/Sep/2026:12:31:39 +0000] "GET /wp-content/et-cache/36622/?C=S&O=D HTTP/1.1" 200 437 "-" "Mozilla/5.0 AppleWebKit/537.36 (KHTML, like Gecko; compatible; ClaudeBot/1.0; +claudebot@anthropic.com)"
216.73.216.141 - - [05/Sep/2026:12:31:39 +0000] "GET /wp-content/et-cache/31973/?C=D&O=D HTTP/1.1" 200 435 "-" "Mozilla/5.0 AppleWebKit/537.36 (KHTML, like Gecko; compatible; ClaudeBot/1.0; +claudebot@anthropic.com)"
216.73.216.141 - - [05/Sep/2026:12:31:39 +0000] "GET /wp-content/et-cache/37415/?C=M&O=D HTTP/1.1" 200 438 "-" "Mozilla/5.0 AppleWebKit/537.36 (KHTML, like Gecko; compatible; ClaudeBot/1.0; +claudebot@anthropic.com)"
216.73.216.141 - - [05/Sep/2026:12:31:40 +0000] "GET /wp-content/et-cache/35956/?C=S&O=D HTTP/1.1" 200 437 "-" "Mozilla/5.0 AppleWebKit/537.36 (KHTML, like Gecko; compatible; ClaudeBot/1.0; +claudebot@anthropic.com)"
74.7.242.58 - - [05/Sep/2026:12:31:40 +0000] "GET /wp-content/et-cache/31613/?C=S;O=D HTTP/1.1" 200 435 "http://on-time-movers.com/wp-content/et-cache/31613/?C=S;O=A" "Mozilla/5.0 AppleWebKit/537.36 (KHTML, like Gecko; compatible; GPTBot/1.4; +https://openai.com/gptbot)"
216.73.216.141 - - [05/Sep/2026:12:31:40 +0000] "GET /wp-content/et-cache/34240/?C=D&O=D HTTP/1.1" 200 435 "-" "Mozilla/5.0 AppleWebKit/537.36 (KHTML, like Gecko; compatible; ClaudeBot/1.0; +claudebot@anthropic.com)"
216.73.216.141 - - [05/Sep/2026:12:31:40 +0000] "GET /wp-content/et-cache/31973/?C=S&O=D HTTP/1.1" 200 437 "-" "Mozilla/5.0 AppleWebKit/537.36 (KHTML, like Gecko; compatible; ClaudeBot/1.0; +claudebot@anthropic.com)"
216.73.216.141 - - [05/Sep/2026:12:31:40 +0000] "GET /wp-content/et-cache/37964/?C=S&O=D HTTP/1.1" 200 437 "-" "Mozilla/5.0 AppleWebKit/537.36 (KHTML, like Gecko; compatible; ClaudeBot/1.0; +claudebot@anthropic.com)"
216.73.216.141 - - [05/Sep/2026:12:31:40 +0000] "GET /wp-content/et-cache/34240/?C=S&O=D HTTP/1.1" 200 437 "-" "Mozilla/5.0 AppleWebKit/537.36 (KHTML, like Gecko; compatible; ClaudeBot/1.0; +claudebot@anthropic.com)"
216.73.216.141 - - [05/Sep/2026:12:31:41 +0000] "GET /wp-content/et-cache/31609/?C=D&O=D HTTP/1.1" 200 434 "-" "Mozilla/5.0 AppleWebKit/537.36 (KHTML, like Gecko; compatible; ClaudeBot/1.0; +claudebot@anthropic.com)"
216.73.216.141 - - [05/Sep/2026:12:31:41 +0000] "GET /wp-content/et-cache/31671/?C=D&O=D HTTP/1.1" 200 434 "-" "Mozilla/5.0 AppleWebKit/537.36 (KHTML, like Gecko; compatible; ClaudeBot/1.0; +claudebot@anthropic.com)"
74.7.242.58 - - [05/Sep/2026:12:31:41 +0000] "GET /wp-content/et-cache/33653/?C=D;O=A HTTP/1.1" 200 439 "http://on-time-movers.com/wp-content/et-cache/33653/" "Mozilla/5.0 AppleWebKit/537.36 (KHTML, like Gecko; compatible; GPTBot/1.4; +https://openai.com/gptbot)"
74.7.242.58 - - [05/Sep/2026:12:31:43 +0000] "GET /wp-content/et-cache/36366/?C=D;O=D HTTP/1.1" 200 435 "http://on-time-movers.com/wp-content/et-cache/36366/?C=D;O=A" "Mozilla/5.0 AppleWebKit/537.36 (KHTML, like Gecko; compatible; GPTBot/1.4; +https://openai.com/gptbot)"
74.7.242.58 - - [05/Sep/2026:12:31:45 +0000] "GET /wp-content/et-cache/33656/?C=D;O=D HTTP/1.1" 200 425 "http://on-time-movers.com/wp-content/et-cache/33656/?C=D;O=A" "Mozilla/5.0 AppleWebKit/537.36 (KHTML, like Gecko; compatible; GPTBot/1.4; +https://openai.com/gptbot)"
74.7.242.58 - - [05/Sep/2026:12:31:47 +0000] "GET /wp-content/et-cache/33044/?C=S;O=D HTTP/1.1" 200 436 "http://on-time-movers.com/wp-content/et-cache/33044/?C=S;O=A" "Mozilla/5.0 AppleWebKit/537.36 (KHTML, like Gecko; compatible; GPTBot/1.4; +https://openai.com/gptbot)"
74.7.242.58 - - [05/Sep/2026:12:31:48 +0000] "GET /wp-content/et-cache/33403/?C=D;O=D HTTP/1.1" 200 435 "http://on-time-movers.com/wp-content/et-cache/33403/?C=D;O=A" "Mozilla/5.0 AppleWebKit/537.36 (KHTML, like Gecko; compatible; GPTBot/1.4; +https://openai.com/gptbot)"
74.7.242.58 - - [05/Sep/2026:12:31:50 +0000] "GET /wp-content/et-cache/37322/?C=S;O=A HTTP/1.1" 200 438 "http://on-time-movers.com/wp-content/et-cache/37322/" "Mozilla/5.0 AppleWebKit/537.36 (KHTML, like Gecko; compatible; GPTBot/1.4; +https://openai.com/gptbot)"
74.7.242.58 - - [05/Sep/2026:12:31:52 +0000] "GET /wp-content/et-cache/34454/?C=S;O=A HTTP/1.1" 200 437 "http://on-time-movers.com/wp-content/et-cache/34454/" "Mozilla/5.0 AppleWebKit/537.36 (KHTML, like Gecko; compatible; GPTBot/1.4; +https://openai.com/gptbot)"
74.7.242.58 - - [05/Sep/2026:12:31:54 +0000] "GET /wp-content/et-cache/37633/?C=S;O=D HTTP/1.1" 200 427 "http://on-time-movers.com/wp-content/et-cache/37633/?C=S;O=A" "Mozilla/5.0 AppleWebKit/537.36 (KHTML, like Gecko; compatible; GPTBot/1.4; +https://openai.com/gptbot)"
216.73.216.141 - - [05/Sep/2026:12:31:54 +0000] "GET /wp-content/et-cache/31609/?C=S&O=D HTTP/1.1" 200 435 "-" "Mozilla/5.0 AppleWebKit/537.36 (KHTML, like Gecko; compatible; ClaudeBot/1.0; +claudebot@anthropic.com)"
216.73.216.141 - - [05/Sep/2026:12:31:55 +0000] "GET /wp-content/et-cache/31671/?C=S&O=D HTTP/1.1" 200 436 "-" "Mozilla/5.0 AppleWebKit/537.36 (KHTML, like Gecko; compatible; ClaudeBot/1.0; +claudebot@anthropic.com)"
216.73.216.141 - - [05/Sep/2026:12:31:55 +0000] "GET /wp-content/et-cache/37415/?C=D&O=D HTTP/1.1" 200 436 "-" "Mozilla/5.0 AppleWebKit/537.36 (KHTML, like Gecko; compatible; ClaudeBot/1.0; +claudebot@anthropic.com)"
216.73.216.141 - - [05/Sep/2026:12:31:55 +0000] "GET /wp-content/et-cache/37415/?C=S&O=D HTTP/1.1" 200 438 "-" "Mozilla/5.0 AppleWebKit/537.36 (KHTML, like Gecko; compatible; ClaudeBot/1.0; +claudebot@anthropic.com)"
216.73.216.141 - - [05/Sep/2026:12:31:55 +0000] "GET /wp-content/et-cache/33408/?C=M&O=D HTTP/1.1" 200 425 "-" "Mozilla/5.0 AppleWebKit/537.36 (KHTML, like Gecko; compatible; ClaudeBot/1.0; +claudebot@anthropic.com)"
216.73.216.141 - - [05/Sep/2026:12:31:56 +0000] "GET /wp-content/et-cache/38284/?C=D&O=D HTTP/1.1" 200 435 "-" "Mozilla/5.0 AppleWebKit/537.36 (KHTML, like Gecko; compatible; ClaudeBot/1.0; +claudebot@anthropic.com)"
216.73.216.141 - - [05/Sep/2026:12:31:56 +0000] "GET /wp-content/et-cache/33922/?C=N&O=A HTTP/1.1" 200 439 "-" "Mozilla/5.0 AppleWebKit/537.36 (KHTML, like Gecko; compatible; ClaudeBot/1.0; +claudebot@anthropic.com)"
216.73.216.141 - - [05/Sep/2026:12:31:56 +0000] "GET /wp-content/et-cache/38284/?C=S&O=D HTTP/1.1" 200 437 "-" "Mozilla/5.0 AppleWebKit/537.36 (KHTML, like Gecko; compatible; ClaudeBot/1.0; +claudebot@anthropic.com)"
216.73.216.141 - - [05/Sep/2026:12:31:56 +0000] "GET /wp-content/plugins/wp-rocket/inc/Dependencies/ActionScheduler/deprecated/?C=M&O=D HTTP/1.1" 200 517 "-" "Mozilla/5.0 AppleWebKit/537.36 (KHTML, like Gecko; compatible; ClaudeBot/1.0; +claudebot@anthropic.com)"
74.7.242.58 - - [05/Sep/2026:12:31:56 +0000] "GET /wp-content/et-cache/33177/?C=S;O=D HTTP/1.1" 200 437 "http://on-time-movers.com/wp-content/et-cache/33177/?C=S;O=A" "Mozilla/5.0 AppleWebKit/537.36 (KHTML, like Gecko; compatible; GPTBot/1.4; +https://openai.com/gptbot)"
216.73.216.141 - - [05/Sep/2026:12:31:57 +0000] "GET /wp-content/plugins/wp-rocket/inc/Dependencies/ActionScheduler/deprecated/?C=D&O=D HTTP/1.1" 200 517 "-" "Mozilla/5.0 AppleWebKit/537.36 (KHTML, like Gecko; compatible; ClaudeBot/1.0; +claudebot@anthropic.com)"
216.73.216.141 - - [05/Sep/2026:12:31:57 +0000] "GET /wp-content/plugins/wp-rocket/inc/Dependencies/ActionScheduler/deprecated/?C=S&O=D HTTP/1.1" 200 519 "-" "Mozilla/5.0 AppleWebKit/537.36 (KHTML, like Gecko; compatible; ClaudeBot/1.0; +claudebot@anthropic.com)"
74.7.242.58 - - [05/Sep/2026:12:31:58 +0000] "GET /wp-content/et-cache/33773/?C=M;O=D HTTP/1.1" 200 437 "http://on-time-movers.com/wp-content/et-cache/33773/?C=M;O=A" "Mozilla/5.0 AppleWebKit/537.36 (KHTML, like Gecko; compatible; GPTBot/1.4; +https://openai.com/gptbot)"
74.7.242.58 - - [05/Sep/2026:12:32:00 +0000] "GET /wp-content/et-cache/32131/?C=D;O=D HTTP/1.1" 200 434 "http://on-time-movers.com/wp-content/et-cache/32131/?C=D;O=A" "Mozilla/5.0 AppleWebKit/537.36 (KHTML, like Gecko; compatible; GPTBot/1.4; +https://openai.com/gptbot)"
74.7.242.58 - - [05/Sep/2026:12:32:02 +0000] "GET /wp-content/et-cache/33653/?C=D;O=D HTTP/1.1" 200 435 "http://on-time-movers.com/wp-content/et-cache/33653/?C=D;O=A" "Mozilla/5.0 AppleWebKit/537.36 (KHTML, like Gecko; compatible; GPTBot/1.4; +https://openai.com/gptbot)"
216.73.216.141 - - [05/Sep/2026:12:32:02 +0000] "GET /wp-content/et-cache/35956/?C=N&O=A HTTP/1.1" 200 439 "-" "Mozilla/5.0 AppleWebKit/537.36 (KHTML, like Gecko; compatible; ClaudeBot/1.0; +claudebot@anthropic.com)"
216.73.216.141 - - [05/Sep/2026:12:32:02 +0000] "GET /wp-content/et-cache/31973/?C=N&O=A HTTP/1.1" 200 439 "-" "Mozilla/5.0 AppleWebKit/537.36 (KHTML, like Gecko; compatible; ClaudeBot/1.0; +claudebot@anthropic.com)"
216.73.216.141 - - [05/Sep/2026:12:32:02 +0000] "GET /wp-content/et-cache/36622/?C=N&O=A HTTP/1.1" 200 438 "-" "Mozilla/5.0 AppleWebKit/537.36 (KHTML, like Gecko; compatible; ClaudeBot/1.0; +claudebot@anthropic.com)"
216.73.216.141 - - [05/Sep/2026:12:32:03 +0000] "GET /wp-content/et-cache/31671/?C=N&O=A HTTP/1.1" 200 438 "-" "Mozilla/5.0 AppleWebKit/537.36 (KHTML, like Gecko; compatible; ClaudeBot/1.0; +claudebot@anthropic.com)"
216.73.216.141 - - [05/Sep/2026:12:32:03 +0000] "GET /wp-content/et-cache/37415/?C=N&O=A HTTP/1.1" 200 439 "-" "Mozilla/5.0 AppleWebKit/537.36 (KHTML, like Gecko; compatible; ClaudeBot/1.0; +claudebot@anthropic.com)"
216.73.216.141 - - [05/Sep/2026:12:32:03 +0000] "GET /wp-content/plugins/wp-rocket/inc/Dependencies/ActionScheduler/classes/schedules/?C=M&O=D HTTP/1.1" 200 508 "-" "Mozilla/5.0 AppleWebKit/537.36 (KHTML, like Gecko; compatible; ClaudeBot/1.0; +claudebot@anthropic.com)"
216.73.216.141 - - [05/Sep/2026:12:32:03 +0000] "GET /wp-content/plugins/wp-rocket/inc/Dependencies/ActionScheduler/classes/schedules/?C=D&O=D HTTP/1.1" 200 508 "-" "Mozilla/5.0 AppleWebKit/537.36 (KHTML, like Gecko; compatible; ClaudeBot/1.0; +claudebot@anthropic.com)"
216.73.216.141 - - [05/Sep/2026:12:32:04 +0000] "GET /wp-content/plugins/wp-rocket/inc/Dependencies/ActionScheduler/classes/schedules/?C=S&O=D HTTP/1.1" 200 509 "-" "Mozilla/5.0 AppleWebKit/537.36 (KHTML, like Gecko; compatible; ClaudeBot/1.0; +claudebot@anthropic.com)"
216.73.216.141 - - [05/Sep/2026:12:32:04 +0000] "GET /wp-content/plugins/wp-rocket/inc/Dependencies/League/Container/?C=M&O=D HTTP/1.1" 200 559 "-" "Mozilla/5.0 AppleWebKit/537.36 (KHTML, like Gecko; compatible; ClaudeBot/1.0; +claudebot@anthropic.com)"
74.7.242.58 - - [05/Sep/2026:12:32:04 +0000] "GET /wp-content/et-cache/37707/?C=M;O=D HTTP/1.1" 200 438 "http://on-time-movers.com/wp-content/et-cache/37707/?C=M;O=A" "Mozilla/5.0 AppleWebKit/537.36 (KHTML, like Gecko; compatible; GPTBot/1.4; +https://openai.com/gptbot)"
216.73.216.141 - - [05/Sep/2026:12:32:04 +0000] "GET /wp-content/plugins/wp-rocket/inc/Dependencies/League/Container/?C=S&O=D HTTP/1.1" 200 559 "-" "Mozilla/5.0 AppleWebKit/537.36 (KHTML, like Gecko; compatible; ClaudeBot/1.0; +claudebot@anthropic.com)"
216.73.216.141 - - [05/Sep/2026:12:32:04 +0000] "GET /wp-content/plugins/wp-rocket/inc/Dependencies/League/Container/?C=D&O=D HTTP/1.1" 200 559 "-" "Mozilla/5.0 AppleWebKit/537.36 (KHTML, like Gecko; compatible; ClaudeBot/1.0; +claudebot@anthropic.com)"
74.7.242.58 - - [05/Sep/2026:12:32:06 +0000] "GET /wp-content/et-cache/33603/?C=D;O=A HTTP/1.1" 200 428 "http://on-time-movers.com/wp-content/et-cache/33603/" "Mozilla/5.0 AppleWebKit/537.36 (KHTML, like Gecko; compatible; GPTBot/1.4; +https://openai.com/gptbot)"
74.7.242.58 - - [05/Sep/2026:12:32:08 +0000] "GET /wp-content/et-cache/37757/?C=M;O=D HTTP/1.1" 200 438 "http://on-time-movers.com/wp-content/et-cache/37757/?C=M;O=A" "Mozilla/5.0 AppleWebKit/537.36 (KHTML, like Gecko; compatible; GPTBot/1.4; +https://openai.com/gptbot)"
74.7.242.58 - - [05/Sep/2026:12:32:10 +0000] "GET /wp-content/et-cache/33828/?C=N;O=D HTTP/1.1" 200 435 "http://on-time-movers.com/wp-content/et-cache/33828/" "Mozilla/5.0 AppleWebKit/537.36 (KHTML, like Gecko; compatible; GPTBot/1.4; +https://openai.com/gptbot)"
216.73.216.141 - - [05/Sep/2026:12:32:11 +0000] "GET /wp-content/plugins/wp-rocket/inc/Dependencies/ActionScheduler/deprecated/?C=N&O=A HTTP/1.1" 200 517 "-" "Mozilla/5.0 AppleWebKit/537.36 (KHTML, like Gecko; compatible; ClaudeBot/1.0; +claudebot@anthropic.com)"
216.73.216.141 - - [05/Sep/2026:12:32:11 +0000] "GET /wp-content/plugins/google-site-kit/dist/assets/blocks/reader-revenue-manager/common/?C=M&O=D HTTP/1.1" 200 450 "-" "Mozilla/5.0 AppleWebKit/537.36 (KHTML, like Gecko; compatible; ClaudeBot/1.0; +claudebot@anthropic.com)"
74.7.242.58 - - [05/Sep/2026:12:32:11 +0000] "GET /wp-content/et-cache/37322/?C=S;O=D HTTP/1.1" 200 437 "http://on-time-movers.com/wp-content/et-cache/37322/?C=S;O=A" "Mozilla/5.0 AppleWebKit/537.36 (KHTML, like Gecko; compatible; GPTBot/1.4; +https://openai.com/gptbot)"
216.73.216.141 - - [05/Sep/2026:12:32:11 +0000] "GET /wp-content/plugins/google-site-kit/dist/assets/blocks/reader-revenue-manager/common/?C=S&O=D HTTP/1.1" 200 449 "-" "Mozilla/5.0 AppleWebKit/537.36 (KHTML, like Gecko; compatible; ClaudeBot/1.0; +claudebot@anthropic.com)"
216.73.216.141 - - [05/Sep/2026:12:32:12 +0000] "GET /wp-content/plugins/google-site-kit/dist/assets/blocks/reader-revenue-manager/common/?C=D&O=D HTTP/1.1" 200 450 "-" "Mozilla/5.0 AppleWebKit/537.36 (KHTML, like Gecko; compatible; ClaudeBot/1.0; +claudebot@anthropic.com)"
216.73.216.141 - - [05/Sep/2026:12:32:12 +0000] "GET /wp-content/plugins/wp-rocket/inc/Dependencies/ActionScheduler/classes/schedules/?C=N&O=A HTTP/1.1" 200 510 "-" "Mozilla/5.0 AppleWebKit/537.36 (KHTML, like Gecko; compatible; ClaudeBot/1.0; +claudebot@anthropic.com)"
216.73.216.141 - - [05/Sep/2026:12:32:12 +0000] "GET /wp-content/plugins/wp-rocket/inc/Dependencies/League/Container/?C=N&O=A HTTP/1.1" 200 561 "-" "Mozilla/5.0 AppleWebKit/537.36 (KHTML, like Gecko; compatible; ClaudeBot/1.0; +claudebot@anthropic.com)"
216.73.216.141 - - [05/Sep/2026:12:32:12 +0000] "GET /wp-content/plugins/google-site-kit/dist/assets/blocks/reader-revenue-manager/common/?C=N&O=A HTTP/1.1" 200 451 "-" "Mozilla/5.0 AppleWebKit/537.36 (KHTML, like Gecko; compatible; ClaudeBot/1.0; +claudebot@anthropic.com)"
216.73.216.141 - - [05/Sep/2026:12:32:13 +0000] "GET /wp-content/plugins/wp-mail-smtp/vendor_prefixed/symfony/polyfill-intl-idn/Resources/unidata/?C=S&O=D HTTP/1.1" 200 586 "-" "Mozilla/5.0 AppleWebKit/537.36 (KHTML, like Gecko; compatible; ClaudeBot/1.0; +claudebot@anthropic.com)"
216.73.216.141 - - [05/Sep/2026:12:32:13 +0000] "GET /wp-content/plugins/wp-mail-smtp/vendor_prefixed/symfony/polyfill-intl-idn/Resources/unidata/?C=M&O=D HTTP/1.1" 200 589 "-" "Mozilla/5.0 AppleWebKit/537.36 (KHTML, like Gecko; compatible; ClaudeBot/1.0; +claudebot@anthropic.com)"
216.73.216.141 - - [05/Sep/2026:12:32:13 +0000] "GET /wp-content/plugins/wp-mail-smtp/vendor_prefixed/symfony/polyfill-intl-idn/Resources/unidata/?C=D&O=D HTTP/1.1" 200 588 "-" "Mozilla/5.0 AppleWebKit/537.36 (KHTML, like Gecko; compatible; ClaudeBot/1.0; +claudebot@anthropic.com)"
74.7.242.58 - - [05/Sep/2026:12:32:13 +0000] "GET /wp-content/et-cache/35435/?C=S;O=D HTTP/1.1" 200 437 "http://on-time-movers.com/wp-content/et-cache/35435/?C=S;O=A" "Mozilla/5.0 AppleWebKit/537.36 (KHTML, like Gecko; compatible; GPTBot/1.4; +https://openai.com/gptbot)"
216.73.216.141 - - [05/Sep/2026:12:32:13 +0000] "GET /wp-content/plugins/wp-mail-smtp/vendor_prefixed/symfony/polyfill-intl-idn/Resources/unidata/?C=N&O=A HTTP/1.1" 200 594 "-" "Mozilla/5.0 AppleWebKit/537.36 (KHTML, like Gecko; compatible; ClaudeBot/1.0; +claudebot@anthropic.com)"
74.7.242.58 - - [05/Sep/2026:12:32:15 +0000] "GET /wp-content/et-cache/34993/?C=S;O=D HTTP/1.1" 200 437 "http://on-time-movers.com/wp-content/et-cache/34993/?C=S;O=A" "Mozilla/5.0 AppleWebKit/537.36 (KHTML, like Gecko; compatible; GPTBot/1.4; +https://openai.com/gptbot)"
74.7.242.58 - - [05/Sep/2026:12:32:16 +0000] "GET /wp-content/et-cache/33203/?C=S;O=D HTTP/1.1" 200 426 "http://on-time-movers.com/wp-content/et-cache/33203/?C=S;O=A" "Mozilla/5.0 AppleWebKit/537.36 (KHTML, like Gecko; compatible; GPTBot/1.4; +https://openai.com/gptbot)"
74.7.242.58 - - [05/Sep/2026:12:32:18 +0000] "GET /wp-content/et-cache/32231/?C=M;O=D HTTP/1.1" 200 437 "http://on-time-movers.com/wp-content/et-cache/32231/?C=M;O=A" "Mozilla/5.0 AppleWebKit/537.36 (KHTML, like Gecko; compatible; GPTBot/1.4; +https://openai.com/gptbot)"
74.7.242.58 - - [05/Sep/2026:12:32:20 +0000] "GET /wp-content/et-cache/37833/?C=N;O=D HTTP/1.1" 200 435 "http://on-time-movers.com/wp-content/et-cache/37833/" "Mozilla/5.0 AppleWebKit/537.36 (KHTML, like Gecko; compatible; GPTBot/1.4; +https://openai.com/gptbot)"
74.7.242.58 - - [05/Sep/2026:12:32:22 +0000] "GET /wp-content/et-cache/36863/?C=M;O=A HTTP/1.1" 200 429 "http://on-time-movers.com/wp-content/et-cache/36863/" "Mozilla/5.0 AppleWebKit/537.36 (KHTML, like Gecko; compatible; GPTBot/1.4; +https://openai.com/gptbot)"
74.7.242.58 - - [05/Sep/2026:12:32:24 +0000] "GET /wp-content/et-cache/33183/?C=S;O=A HTTP/1.1" 200 437 "http://on-time-movers.com/wp-content/et-cache/33183/" "Mozilla/5.0 AppleWebKit/537.36 (KHTML, like Gecko; compatible; GPTBot/1.4; +https://openai.com/gptbot)"
74.7.242.58 - - [05/Sep/2026:12:32:26 +0000] "GET /wp-content/et-cache/33603/?C=D;O=D HTTP/1.1" 200 425 "http://on-time-movers.com/wp-content/et-cache/33603/?C=D;O=A" "Mozilla/5.0 AppleWebKit/537.36 (KHTML, like Gecko; compatible; GPTBot/1.4; +https://openai.com/gptbot)"
74.7.242.58 - - [05/Sep/2026:12:32:27 +0000] "GET /wp-content/et-cache/38633/?C=D;O=D HTTP/1.1" 200 435 "http://on-time-movers.com/wp-content/et-cache/38633/?C=D;O=A" "Mozilla/5.0 AppleWebKit/537.36 (KHTML, like Gecko; compatible; GPTBot/1.4; +https://openai.com/gptbot)"
216.73.216.141 - - [05/Sep/2026:12:32:28 +0000] "GET /wp-content/et-cache/32615/?C=D&O=D HTTP/1.1" 200 435 "-" "Mozilla/5.0 AppleWebKit/537.36 (KHTML, like Gecko; compatible; ClaudeBot/1.0; +claudebot@anthropic.com)"
74.7.242.58 - - [05/Sep/2026:12:32:29 +0000] "GET /wp-content/et-cache/31733/?C=S;O=D HTTP/1.1" 200 437 "http://on-time-movers.com/wp-content/et-cache/31733/?C=S;O=A" "Mozilla/5.0 AppleWebKit/537.36 (KHTML, like Gecko; compatible; GPTBot/1.4; +https://openai.com/gptbot)"
74.7.242.58 - - [05/Sep/2026:12:32:31 +0000] "GET /wp-content/et-cache/37973/?C=N;O=D HTTP/1.1" 200 435 "http://on-time-movers.com/wp-content/et-cache/37973/" "Mozilla/5.0 AppleWebKit/537.36 (KHTML, like Gecko; compatible; GPTBot/1.4; +https://openai.com/gptbot)"
74.7.242.58 - - [05/Sep/2026:12:32:33 +0000] "GET /wp-content/et-cache/32242/?C=D;O=A HTTP/1.1" 200 439 "http://on-time-movers.com/wp-content/et-cache/32242/" "Mozilla/5.0 AppleWebKit/537.36 (KHTML, like Gecko; compatible; GPTBot/1.4; +https://openai.com/gptbot)"
74.7.242.58 - - [05/Sep/2026:12:32:34 +0000] "GET /wp-content/et-cache/36036/?C=M;O=D HTTP/1.1" 200 437 "http://on-time-movers.com/wp-content/et-cache/36036/?C=M;O=A" "Mozilla/5.0 AppleWebKit/537.36 (KHTML, like Gecko; compatible; GPTBot/1.4; +https://openai.com/gptbot)"
74.7.242.58 - - [05/Sep/2026:12:32:36 +0000] "GET /wp-content/et-cache/31636/?C=N;O=A HTTP/1.1" 200 437 "http://on-time-movers.com/wp-content/et-cache/31636/?C=N;O=D" "Mozilla/5.0 AppleWebKit/537.36 (KHTML, like Gecko; compatible; GPTBot/1.4; +https://openai.com/gptbot)"
74.7.242.58 - - [05/Sep/2026:12:32:38 +0000] "GET /wp-content/et-cache/35343/?C=N;O=D HTTP/1.1" 200 435 "http://on-time-movers.com/wp-content/et-cache/35343/" "Mozilla/5.0 AppleWebKit/537.36 (KHTML, like Gecko; compatible; GPTBot/1.4; +https://openai.com/gptbot)"
74.7.242.58 - - [05/Sep/2026:12:32:40 +0000] "GET /wp-content/et-cache/33977/?C=N;O=A HTTP/1.1" 200 439 "http://on-time-movers.com/wp-content/et-cache/33977/?C=N;O=D" "Mozilla/5.0 AppleWebKit/537.36 (KHTML, like Gecko; compatible; GPTBot/1.4; +https://openai.com/gptbot)"
74.7.242.58 - - [05/Sep/2026:12:32:41 +0000] "GET /wp-content/et-cache/36863/?C=M;O=D HTTP/1.1" 200 425 "http://on-time-movers.com/wp-content/et-cache/36863/?C=M;O=A" "Mozilla/5.0 AppleWebKit/537.36 (KHTML, like Gecko; compatible; GPTBot/1.4; +https://openai.com/gptbot)"
74.7.242.58 - - [05/Sep/2026:12:32:43 +0000] "GET /wp-content/et-cache/33183/?C=S;O=D HTTP/1.1" 200 437 "http://on-time-movers.com/wp-content/et-cache/33183/?C=S;O=A" "Mozilla/5.0 AppleWebKit/537.36 (KHTML, like Gecko; compatible; GPTBot/1.4; +https://openai.com/gptbot)"
74.7.242.58 - - [05/Sep/2026:12:32:45 +0000] "GET /wp-content/et-cache/33101/?C=N;O=A HTTP/1.1" 200 438 "http://on-time-movers.com/wp-content/et-cache/33101/?C=S;O=A" "Mozilla/5.0 AppleWebKit/537.36 (KHTML, like Gecko; compatible; GPTBot/1.4; +https://openai.com/gptbot)"
74.7.242.58 - - [05/Sep/2026:12:32:46 +0000] "GET /wp-content/et-cache/33538/?C=M;O=D HTTP/1.1" 200 437 "http://on-time-movers.com/wp-content/et-cache/33538/?C=M;O=A" "Mozilla/5.0 AppleWebKit/537.36 (KHTML, like Gecko; compatible; GPTBot/1.4; +https://openai.com/gptbot)"
74.7.242.58 - - [05/Sep/2026:12:32:48 +0000] "GET /wp-content/et-cache/34843/?C=S;O=D HTTP/1.1" 200 437 "http://on-time-movers.com/wp-content/et-cache/34843/?C=S;O=A" "Mozilla/5.0 AppleWebKit/537.36 (KHTML, like Gecko; compatible; GPTBot/1.4; +https://openai.com/gptbot)"
74.7.242.58 - - [05/Sep/2026:12:32:50 +0000] "GET /wp-content/et-cache/34633/?C=N;O=A HTTP/1.1" 200 428 "http://on-time-movers.com/wp-content/et-cache/34633/?C=N;O=D" "Mozilla/5.0 AppleWebKit/537.36 (KHTML, like Gecko; compatible; GPTBot/1.4; +https://openai.com/gptbot)"
74.7.242.58 - - [05/Sep/2026:12:32:51 +0000] "GET /wp-content/et-cache/32242/?C=D;O=D HTTP/1.1" 200 435 "http://on-time-movers.com/wp-content/et-cache/32242/?C=D;O=A" "Mozilla/5.0 AppleWebKit/537.36 (KHTML, like Gecko; compatible; GPTBot/1.4; +https://openai.com/gptbot)"
74.7.242.58 - - [05/Sep/2026:12:32:53 +0000] "GET /wp-content/et-cache/32732/?C=N;O=D HTTP/1.1" 200 435 "http://on-time-movers.com/wp-content/et-cache/32732/" "Mozilla/5.0 AppleWebKit/537.36 (KHTML, like Gecko; compatible; GPTBot/1.4; +https://openai.com/gptbot)"
74.7.242.58 - - [05/Sep/2026:12:32:55 +0000] "GET /wp-content/et-cache/33893/?C=S;O=A HTTP/1.1" 200 437 "http://on-time-movers.com/wp-content/et-cache/33893/" "Mozilla/5.0 AppleWebKit/537.36 (KHTML, like Gecko; compatible; GPTBot/1.4; +https://openai.com/gptbot)"
74.7.242.58 - - [05/Sep/2026:12:32:57 +0000] "GET /wp-content/et-cache/33484/?C=D;O=A HTTP/1.1" 200 438 "http://on-time-movers.com/wp-content/et-cache/33484/" "Mozilla/5.0 AppleWebKit/537.36 (KHTML, like Gecko; compatible; GPTBot/1.4; +https://openai.com/gptbot)"
