216.73.216.141 - - [05/Sep/2026:12:58:23 +0000] "GET /wp-content/plugins/popups-for-divi/includes/builder/?C=M&O=A HTTP/1.1" 200 432 "-" "Mozilla/5.0 AppleWebKit/537.36 (KHTML, like Gecko; compatible; ClaudeBot/1.0; +claudebot@anthropic.com)"
216.73.216.141 - - [05/Sep/2026:12:58:23 +0000] "GET /wp-content/et-cache/32768/et-divi-dynamic-tb-30988-32768-critical.css HTTP/1.1" 200 13584 "-" "Mozilla/5.0 AppleWebKit/537.36 (KHTML, like Gecko; compatible; ClaudeBot/1.0; +claudebot@anthropic.com)"
74.7.242.58 - - [05/Sep/2026:12:58:23 +0000] "GET /wp-content/et-cache/33438/?C=D;O=D HTTP/1.1" 200 435 "http://on-time-movers.com/wp-content/et-cache/33438/?C=D;O=A" "Mozilla/5.0 AppleWebKit/537.36 (KHTML, like Gecko; compatible; GPTBot/1.4; +https://openai.com/gptbot)"
216.73.216.141 - - [05/Sep/2026:12:58:23 +0000] "GET /wp-content/et-cache/30159/et-divi-dynamic-tb-30988-30159-critical.css HTTP/1.1" 200 9086 "-" "Mozilla/5.0 AppleWebKit/537.36 (KHTML, like Gecko; compatible; ClaudeBot/1.0; +claudebot@anthropic.com)"
216.73.216.141 - - [05/Sep/2026:12:58:23 +0000] "GET /wp-content/et-cache/39061/?C=M&O=A HTTP/1.1" 200 439 "-" "Mozilla/5.0 AppleWebKit/537.36 (KHTML, like Gecko; compatible; ClaudeBot/1.0; +claudebot@anthropic.com)"
216.73.216.141 - - [05/Sep/2026:12:58:23 +0000] "GET /wp-content/et-cache/39061/?C=N&O=D HTTP/1.1" 200 435 "-" "Mozilla/5.0 AppleWebKit/537.36 (KHTML, like Gecko; compatible; ClaudeBot/1.0; +claudebot@anthropic.com)"
216.73.216.141 - - [05/Sep/2026:12:58:24 +0000] "GET /wp-content/et-cache/39061/?C=D&O=A HTTP/1.1" 200 439 "-" "Mozilla/5.0 AppleWebKit/537.36 (KHTML, like Gecko; compatible; ClaudeBot/1.0; +claudebot@anthropic.com)"
216.73.216.141 - - [05/Sep/2026:12:58:24 +0000] "GET /wp-content/et-cache/39061/?C=S&O=A HTTP/1.1" 200 437 "-" "Mozilla/5.0 AppleWebKit/537.36 (KHTML, like Gecko; compatible; ClaudeBot/1.0; +claudebot@anthropic.com)"
216.73.216.141 - - [05/Sep/2026:12:58:24 +0000] "GET /wp-content/et-cache/37863/?C=N&O=D HTTP/1.1" 200 440 "-" "Mozilla/5.0 AppleWebKit/537.36 (KHTML, like Gecko; compatible; ClaudeBot/1.0; +claudebot@anthropic.com)"
216.73.216.141 - - [05/Sep/2026:12:58:24 +0000] "GET /wp-content/et-cache/37863/?C=M&O=A HTTP/1.1" 200 443 "-" "Mozilla/5.0 AppleWebKit/537.36 (KHTML, like Gecko; compatible; ClaudeBot/1.0; +claudebot@anthropic.com)"
216.73.216.141 - - [05/Sep/2026:12:58:25 +0000] "GET /wp-content/et-cache/39053/?C=M&O=A HTTP/1.1" 200 439 "-" "Mozilla/5.0 AppleWebKit/537.36 (KHTML, like Gecko; compatible; ClaudeBot/1.0; +claudebot@anthropic.com)"
74.7.242.58 - - [05/Sep/2026:12:58:25 +0000] "GET /wp-content/et-cache/33634/?C=N;O=D HTTP/1.1" 200 435 "http://on-time-movers.com/wp-content/et-cache/33634/" "Mozilla/5.0 AppleWebKit/537.36 (KHTML, like Gecko; compatible; GPTBot/1.4; +https://openai.com/gptbot)"
216.73.216.141 - - [05/Sep/2026:12:58:25 +0000] "GET /wp-content/et-cache/39053/?C=N&O=D HTTP/1.1" 200 435 "-" "Mozilla/5.0 AppleWebKit/537.36 (KHTML, like Gecko; compatible; ClaudeBot/1.0; +claudebot@anthropic.com)"
216.73.216.141 - - [05/Sep/2026:12:58:25 +0000] "GET /wp-content/et-cache/37863/?C=D&O=A HTTP/1.1" 200 443 "-" "Mozilla/5.0 AppleWebKit/537.36 (KHTML, like Gecko; compatible; ClaudeBot/1.0; +claudebot@anthropic.com)"
216.73.216.141 - - [05/Sep/2026:12:58:25 +0000] "GET /wp-content/et-cache/39053/?C=D&O=A HTTP/1.1" 200 439 "-" "Mozilla/5.0 AppleWebKit/537.36 (KHTML, like Gecko; compatible; ClaudeBot/1.0; +claudebot@anthropic.com)"
216.73.216.141 - - [05/Sep/2026:12:58:25 +0000] "GET /wp-content/et-cache/37863/?C=S&O=A HTTP/1.1" 200 443 "-" "Mozilla/5.0 AppleWebKit/537.36 (KHTML, like Gecko; compatible; ClaudeBot/1.0; +claudebot@anthropic.com)"
216.73.216.141 - - [05/Sep/2026:12:58:26 +0000] "GET /wp-content/et-cache/39053/?C=S&O=A HTTP/1.1" 200 437 "-" "Mozilla/5.0 AppleWebKit/537.36 (KHTML, like Gecko; compatible; ClaudeBot/1.0; +claudebot@anthropic.com)"
216.73.216.141 - - [05/Sep/2026:12:58:26 +0000] "GET /wp-content/et-cache/36736/?C=M&O=A HTTP/1.1" 200 439 "-" "Mozilla/5.0 AppleWebKit/537.36 (KHTML, like Gecko; compatible; ClaudeBot/1.0; +claudebot@anthropic.com)"
216.73.216.141 - - [05/Sep/2026:12:58:26 +0000] "GET /wp-content/et-cache/36736/?C=N&O=D HTTP/1.1" 200 435 "-" "Mozilla/5.0 AppleWebKit/537.36 (KHTML, like Gecko; compatible; ClaudeBot/1.0; +claudebot@anthropic.com)"
216.73.216.141 - - [05/Sep/2026:12:58:26 +0000] "GET /wp-content/et-cache/37982/?C=M&O=A HTTP/1.1" 200 439 "-" "Mozilla/5.0 AppleWebKit/537.36 (KHTML, like Gecko; compatible; ClaudeBot/1.0; +claudebot@anthropic.com)"
216.73.216.141 - - [05/Sep/2026:12:58:27 +0000] "GET /wp-content/et-cache/36982/?C=M&O=A HTTP/1.1" 200 439 "-" "Mozilla/5.0 AppleWebKit/537.36 (KHTML, like Gecko; compatible; ClaudeBot/1.0; +claudebot@anthropic.com)"
74.7.242.58 - - [05/Sep/2026:12:58:27 +0000] "GET /wp-content/et-cache/37766/?C=M;O=D HTTP/1.1" 200 438 "http://on-time-movers.com/wp-content/et-cache/37766/?C=M;O=A" "Mozilla/5.0 AppleWebKit/537.36 (KHTML, like Gecko; compatible; GPTBot/1.4; +https://openai.com/gptbot)"
216.73.216.141 - - [05/Sep/2026:12:58:27 +0000] "GET /wp-content/et-cache/36736/?C=D&O=A HTTP/1.1" 200 439 "-" "Mozilla/5.0 AppleWebKit/537.36 (KHTML, like Gecko; compatible; ClaudeBot/1.0; +claudebot@anthropic.com)"
216.73.216.141 - - [05/Sep/2026:12:58:27 +0000] "GET /wp-content/et-cache/37982/?C=N&O=D HTTP/1.1" 200 435 "-" "Mozilla/5.0 AppleWebKit/537.36 (KHTML, like Gecko; compatible; ClaudeBot/1.0; +claudebot@anthropic.com)"
216.73.216.141 - - [05/Sep/2026:12:58:27 +0000] "GET /wp-content/et-cache/36982/?C=N&O=D HTTP/1.1" 200 435 "-" "Mozilla/5.0 AppleWebKit/537.36 (KHTML, like Gecko; compatible; ClaudeBot/1.0; +claudebot@anthropic.com)"
216.73.216.141 - - [05/Sep/2026:12:58:27 +0000] "GET /wp-content/et-cache/39272/?C=M&O=A HTTP/1.1" 200 439 "-" "Mozilla/5.0 AppleWebKit/537.36 (KHTML, like Gecko; compatible; ClaudeBot/1.0; +claudebot@anthropic.com)"
216.73.216.141 - - [05/Sep/2026:12:58:28 +0000] "GET /wp-content/et-cache/36736/?C=S&O=A HTTP/1.1" 200 438 "-" "Mozilla/5.0 AppleWebKit/537.36 (KHTML, like Gecko; compatible; ClaudeBot/1.0; +claudebot@anthropic.com)"
216.73.216.141 - - [05/Sep/2026:12:58:28 +0000] "GET /wp-content/et-cache/39272/?C=N&O=D HTTP/1.1" 200 435 "-" "Mozilla/5.0 AppleWebKit/537.36 (KHTML, like Gecko; compatible; ClaudeBot/1.0; +claudebot@anthropic.com)"
216.73.216.141 - - [05/Sep/2026:12:58:28 +0000] "GET /wp-content/et-cache/37982/?C=D&O=A HTTP/1.1" 200 439 "-" "Mozilla/5.0 AppleWebKit/537.36 (KHTML, like Gecko; compatible; ClaudeBot/1.0; +claudebot@anthropic.com)"
74.7.242.58 - - [05/Sep/2026:12:58:28 +0000] "GET /wp-content/et-cache/33473/?C=M;O=A HTTP/1.1" 200 429 "http://on-time-movers.com/wp-content/et-cache/33473/" "Mozilla/5.0 AppleWebKit/537.36 (KHTML, like Gecko; compatible; GPTBot/1.4; +https://openai.com/gptbot)"
216.73.216.141 - - [05/Sep/2026:12:58:28 +0000] "GET /wp-content/et-cache/39246/?C=M&O=A HTTP/1.1" 200 439 "-" "Mozilla/5.0 AppleWebKit/537.36 (KHTML, like Gecko; compatible; ClaudeBot/1.0; +claudebot@anthropic.com)"
216.73.216.141 - - [05/Sep/2026:12:58:29 +0000] "GET /wp-content/et-cache/36982/?C=D&O=A HTTP/1.1" 200 439 "-" "Mozilla/5.0 AppleWebKit/537.36 (KHTML, like Gecko; compatible; ClaudeBot/1.0; +claudebot@anthropic.com)"
216.73.216.141 - - [05/Sep/2026:12:58:29 +0000] "GET /wp-content/et-cache/39273/?C=M&O=A HTTP/1.1" 200 439 "-" "Mozilla/5.0 AppleWebKit/537.36 (KHTML, like Gecko; compatible; ClaudeBot/1.0; +claudebot@anthropic.com)"
216.73.216.141 - - [05/Sep/2026:12:58:29 +0000] "GET /wp-content/et-cache/37201/?C=M&O=A HTTP/1.1" 200 429 "-" "Mozilla/5.0 AppleWebKit/537.36 (KHTML, like Gecko; compatible; ClaudeBot/1.0; +claudebot@anthropic.com)"
216.73.216.141 - - [05/Sep/2026:12:58:29 +0000] "GET /wp-content/et-cache/39246/?C=N&O=D HTTP/1.1" 200 435 "-" "Mozilla/5.0 AppleWebKit/537.36 (KHTML, like Gecko; compatible; ClaudeBot/1.0; +claudebot@anthropic.com)"
216.73.216.141 - - [05/Sep/2026:12:58:30 +0000] "GET /wp-content/et-cache/39273/?C=N&O=D HTTP/1.1" 200 435 "-" "Mozilla/5.0 AppleWebKit/537.36 (KHTML, like Gecko; compatible; ClaudeBot/1.0; +claudebot@anthropic.com)"
216.73.216.141 - - [05/Sep/2026:12:58:30 +0000] "GET /wp-content/et-cache/39272/?C=D&O=A HTTP/1.1" 200 439 "-" "Mozilla/5.0 AppleWebKit/537.36 (KHTML, like Gecko; compatible; ClaudeBot/1.0; +claudebot@anthropic.com)"
216.73.216.141 - - [05/Sep/2026:12:58:30 +0000] "GET /wp-content/et-cache/37982/?C=S&O=A HTTP/1.1" 200 437 "-" "Mozilla/5.0 AppleWebKit/537.36 (KHTML, like Gecko; compatible; ClaudeBot/1.0; +claudebot@anthropic.com)"
74.7.242.58 - - [05/Sep/2026:12:58:30 +0000] "GET /wp-content/et-cache/38683/?C=S;O=D HTTP/1.1" 200 426 "http://on-time-movers.com/wp-content/et-cache/38683/?C=S;O=A" "Mozilla/5.0 AppleWebKit/537.36 (KHTML, like Gecko; compatible; GPTBot/1.4; +https://openai.com/gptbot)"
216.73.216.141 - - [05/Sep/2026:12:58:30 +0000] "GET /wp-content/et-cache/36593/?C=M&O=A HTTP/1.1" 200 443 "-" "Mozilla/5.0 AppleWebKit/537.36 (KHTML, like Gecko; compatible; ClaudeBot/1.0; +claudebot@anthropic.com)"
216.73.216.141 - - [05/Sep/2026:12:58:30 +0000] "GET /wp-content/et-cache/36982/?C=S&O=A HTTP/1.1" 200 437 "-" "Mozilla/5.0 AppleWebKit/537.36 (KHTML, like Gecko; compatible; ClaudeBot/1.0; +claudebot@anthropic.com)"
216.73.216.141 - - [05/Sep/2026:12:58:31 +0000] "GET /wp-content/et-cache/36593/?C=N&O=D HTTP/1.1" 200 440 "-" "Mozilla/5.0 AppleWebKit/537.36 (KHTML, like Gecko; compatible; ClaudeBot/1.0; +claudebot@anthropic.com)"
216.73.216.141 - - [05/Sep/2026:12:58:31 +0000] "GET /wp-content/et-cache/37201/?C=N&O=D HTTP/1.1" 200 425 "-" "Mozilla/5.0 AppleWebKit/537.36 (KHTML, like Gecko; compatible; ClaudeBot/1.0; +claudebot@anthropic.com)"
216.73.216.141 - - [05/Sep/2026:12:58:31 +0000] "GET /wp-content/et-cache/37809/?C=M&O=A HTTP/1.1" 200 439 "-" "Mozilla/5.0 AppleWebKit/537.36 (KHTML, like Gecko; compatible; ClaudeBot/1.0; +claudebot@anthropic.com)"
216.73.216.141 - - [05/Sep/2026:12:58:31 +0000] "GET /wp-content/et-cache/39272/?C=S&O=A HTTP/1.1" 200 438 "-" "Mozilla/5.0 AppleWebKit/537.36 (KHTML, like Gecko; compatible; ClaudeBot/1.0; +claudebot@anthropic.com)"
216.73.216.141 - - [05/Sep/2026:12:58:32 +0000] "GET /wp-content/et-cache/36772/?C=M&O=A HTTP/1.1" 200 439 "-" "Mozilla/5.0 AppleWebKit/537.36 (KHTML, like Gecko; compatible; ClaudeBot/1.0; +claudebot@anthropic.com)"
216.73.216.141 - - [05/Sep/2026:12:58:32 +0000] "GET /wp-content/et-cache/39246/?C=D&O=A HTTP/1.1" 200 439 "-" "Mozilla/5.0 AppleWebKit/537.36 (KHTML, like Gecko; compatible; ClaudeBot/1.0; +claudebot@anthropic.com)"
74.7.242.58 - - [05/Sep/2026:12:58:32 +0000] "GET /wp-content/et-cache/37447/?C=S;O=A HTTP/1.1" 200 438 "http://on-time-movers.com/wp-content/et-cache/37447/" "Mozilla/5.0 AppleWebKit/537.36 (KHTML, like Gecko; compatible; GPTBot/1.4; +https://openai.com/gptbot)"
216.73.216.141 - - [05/Sep/2026:12:58:32 +0000] "GET /wp-content/et-cache/37809/?C=N&O=D HTTP/1.1" 200 435 "-" "Mozilla/5.0 AppleWebKit/537.36 (KHTML, like Gecko; compatible; ClaudeBot/1.0; +claudebot@anthropic.com)"
216.73.216.141 - - [05/Sep/2026:12:58:32 +0000] "GET /wp-content/et-cache/39273/?C=D&O=A HTTP/1.1" 200 439 "-" "Mozilla/5.0 AppleWebKit/537.36 (KHTML, like Gecko; compatible; ClaudeBot/1.0; +claudebot@anthropic.com)"
216.73.216.141 - - [05/Sep/2026:12:58:32 +0000] "GET /wp-content/et-cache/37486/?C=M&O=A HTTP/1.1" 200 429 "-" "Mozilla/5.0 AppleWebKit/537.36 (KHTML, like Gecko; compatible; ClaudeBot/1.0; +claudebot@anthropic.com)"
216.73.216.141 - - [05/Sep/2026:12:58:33 +0000] "GET /wp-content/et-cache/37201/?C=D&O=A HTTP/1.1" 200 429 "-" "Mozilla/5.0 AppleWebKit/537.36 (KHTML, like Gecko; compatible; ClaudeBot/1.0; +claudebot@anthropic.com)"
216.73.216.141 - - [05/Sep/2026:12:58:33 +0000] "GET /wp-content/et-cache/38014/?C=M&O=A HTTP/1.1" 200 443 "-" "Mozilla/5.0 AppleWebKit/537.36 (KHTML, like Gecko; compatible; ClaudeBot/1.0; +claudebot@anthropic.com)"
216.73.216.141 - - [05/Sep/2026:12:58:33 +0000] "GET /wp-content/et-cache/36772/?C=N&O=D HTTP/1.1" 200 435 "-" "Mozilla/5.0 AppleWebKit/537.36 (KHTML, like Gecko; compatible; ClaudeBot/1.0; +claudebot@anthropic.com)"
216.73.216.141 - - [05/Sep/2026:12:58:33 +0000] "GET /wp-content/et-cache/36593/?C=D&O=A HTTP/1.1" 200 443 "-" "Mozilla/5.0 AppleWebKit/537.36 (KHTML, like Gecko; compatible; ClaudeBot/1.0; +claudebot@anthropic.com)"
216.73.216.141 - - [05/Sep/2026:12:58:34 +0000] "GET /wp-content/et-cache/39246/?C=S&O=A HTTP/1.1" 200 437 "-" "Mozilla/5.0 AppleWebKit/537.36 (KHTML, like Gecko; compatible; ClaudeBot/1.0; +claudebot@anthropic.com)"
74.7.242.58 - - [05/Sep/2026:12:58:34 +0000] "GET /wp-content/et-cache/37322/?C=D;O=A HTTP/1.1" 200 439 "http://on-time-movers.com/wp-content/et-cache/37322/" "Mozilla/5.0 AppleWebKit/537.36 (KHTML, like Gecko; compatible; GPTBot/1.4; +https://openai.com/gptbot)"
216.73.216.141 - - [05/Sep/2026:12:58:34 +0000] "GET /wp-content/et-cache/37486/?C=N&O=D HTTP/1.1" 200 425 "-" "Mozilla/5.0 AppleWebKit/537.36 (KHTML, like Gecko; compatible; ClaudeBot/1.0; +claudebot@anthropic.com)"
216.73.216.141 - - [05/Sep/2026:12:58:34 +0000] "GET /wp-content/et-cache/39267/?C=M&O=A HTTP/1.1" 200 439 "-" "Mozilla/5.0 AppleWebKit/537.36 (KHTML, like Gecko; compatible; ClaudeBot/1.0; +claudebot@anthropic.com)"
216.73.216.141 - - [05/Sep/2026:12:58:34 +0000] "GET /wp-content/et-cache/39273/?C=S&O=A HTTP/1.1" 200 438 "-" "Mozilla/5.0 AppleWebKit/537.36 (KHTML, like Gecko; compatible; ClaudeBot/1.0; +claudebot@anthropic.com)"
216.73.216.141 - - [05/Sep/2026:12:58:34 +0000] "GET /wp-content/et-cache/38014/?C=N&O=D HTTP/1.1" 200 440 "-" "Mozilla/5.0 AppleWebKit/537.36 (KHTML, like Gecko; compatible; ClaudeBot/1.0; +claudebot@anthropic.com)"
216.73.216.141 - - [05/Sep/2026:12:58:35 +0000] "GET /wp-content/et-cache/37201/?C=S&O=A HTTP/1.1" 200 427 "-" "Mozilla/5.0 AppleWebKit/537.36 (KHTML, like Gecko; compatible; ClaudeBot/1.0; +claudebot@anthropic.com)"
216.73.216.141 - - [05/Sep/2026:12:58:35 +0000] "GET /wp-content/et-cache/37488/?C=M&O=A HTTP/1.1" 200 439 "-" "Mozilla/5.0 AppleWebKit/537.36 (KHTML, like Gecko; compatible; ClaudeBot/1.0; +claudebot@anthropic.com)"
216.73.216.141 - - [05/Sep/2026:12:58:35 +0000] "GET /wp-content/et-cache/39245/?C=M&O=A HTTP/1.1" 200 439 "-" "Mozilla/5.0 AppleWebKit/537.36 (KHTML, like Gecko; compatible; ClaudeBot/1.0; +claudebot@anthropic.com)"
216.73.216.141 - - [05/Sep/2026:12:58:35 +0000] "GET /wp-content/et-cache/37809/?C=D&O=A HTTP/1.1" 200 438 "-" "Mozilla/5.0 AppleWebKit/537.36 (KHTML, like Gecko; compatible; ClaudeBot/1.0; +claudebot@anthropic.com)"
216.73.216.141 - - [05/Sep/2026:12:58:36 +0000] "GET /wp-content/et-cache/36593/?C=S&O=A HTTP/1.1" 200 442 "-" "Mozilla/5.0 AppleWebKit/537.36 (KHTML, like Gecko; compatible; ClaudeBot/1.0; +claudebot@anthropic.com)"
74.7.242.58 - - [05/Sep/2026:12:58:36 +0000] "GET /wp-content/et-cache/37133/?C=D;O=D HTTP/1.1" 200 435 "http://on-time-movers.com/wp-content/et-cache/37133/?C=D;O=A" "Mozilla/5.0 AppleWebKit/537.36 (KHTML, like Gecko; compatible; GPTBot/1.4; +https://openai.com/gptbot)"
216.73.216.141 - - [05/Sep/2026:12:58:36 +0000] "GET /wp-content/et-cache/39267/?C=N&O=D HTTP/1.1" 200 435 "-" "Mozilla/5.0 AppleWebKit/537.36 (KHTML, like Gecko; compatible; ClaudeBot/1.0; +claudebot@anthropic.com)"
216.73.216.141 - - [05/Sep/2026:12:58:36 +0000] "GET /wp-content/et-cache/36772/?C=D&O=A HTTP/1.1" 200 439 "-" "Mozilla/5.0 AppleWebKit/537.36 (KHTML, like Gecko; compatible; ClaudeBot/1.0; +claudebot@anthropic.com)"
216.73.216.141 - - [05/Sep/2026:12:58:36 +0000] "GET /wp-content/et-cache/36705/?C=M&O=A HTTP/1.1" 200 429 "-" "Mozilla/5.0 AppleWebKit/537.36 (KHTML, like Gecko; compatible; ClaudeBot/1.0; +claudebot@anthropic.com)"
216.73.216.141 - - [05/Sep/2026:12:58:36 +0000] "GET /wp-content/et-cache/37488/?C=N&O=D HTTP/1.1" 200 436 "-" "Mozilla/5.0 AppleWebKit/537.36 (KHTML, like Gecko; compatible; ClaudeBot/1.0; +claudebot@anthropic.com)"
216.73.216.141 - - [05/Sep/2026:12:58:37 +0000] "GET /wp-content/et-cache/39245/?C=N&O=D HTTP/1.1" 200 436 "-" "Mozilla/5.0 AppleWebKit/537.36 (KHTML, like Gecko; compatible; ClaudeBot/1.0; +claudebot@anthropic.com)"
216.73.216.141 - - [05/Sep/2026:12:58:37 +0000] "GET /wp-content/et-cache/37486/?C=D&O=A HTTP/1.1" 200 429 "-" "Mozilla/5.0 AppleWebKit/537.36 (KHTML, like Gecko; compatible; ClaudeBot/1.0; +claudebot@anthropic.com)"
216.73.216.141 - - [05/Sep/2026:12:58:37 +0000] "GET /wp-content/et-cache/38014/?C=D&O=A HTTP/1.1" 200 443 "-" "Mozilla/5.0 AppleWebKit/537.36 (KHTML, like Gecko; compatible; ClaudeBot/1.0; +claudebot@anthropic.com)"
216.73.216.141 - - [05/Sep/2026:12:58:37 +0000] "GET /wp-content/et-cache/37809/?C=S&O=A HTTP/1.1" 200 438 "-" "Mozilla/5.0 AppleWebKit/537.36 (KHTML, like Gecko; compatible; ClaudeBot/1.0; +claudebot@anthropic.com)"
74.7.242.58 - - [05/Sep/2026:12:58:38 +0000] "GET /wp-content/et-cache/38488/?C=S;O=D HTTP/1.1" 200 437 "http://on-time-movers.com/wp-content/et-cache/38488/?C=S;O=A" "Mozilla/5.0 AppleWebKit/537.36 (KHTML, like Gecko; compatible; GPTBot/1.4; +https://openai.com/gptbot)"
216.73.216.141 - - [05/Sep/2026:12:58:38 +0000] "GET /wp-content/et-cache/39349/?C=M&O=A HTTP/1.1" 200 439 "-" "Mozilla/5.0 AppleWebKit/537.36 (KHTML, like Gecko; compatible; ClaudeBot/1.0; +claudebot@anthropic.com)"
216.73.216.141 - - [05/Sep/2026:12:58:38 +0000] "GET /wp-content/et-cache/39267/?C=S&O=A HTTP/1.1" 200 438 "-" "Mozilla/5.0 AppleWebKit/537.36 (KHTML, like Gecko; compatible; ClaudeBot/1.0; +claudebot@anthropic.com)"
216.73.216.141 - - [05/Sep/2026:12:58:39 +0000] "GET /wp-content/et-cache/39200/?C=N&O=D HTTP/1.1" 200 435 "-" "Mozilla/5.0 AppleWebKit/537.36 (KHTML, like Gecko; compatible; ClaudeBot/1.0; +claudebot@anthropic.com)"
216.73.216.141 - - [05/Sep/2026:12:58:39 +0000] "GET /wp-content/et-cache/36705/?C=D&O=A HTTP/1.1" 200 429 "-" "Mozilla/5.0 AppleWebKit/537.36 (KHTML, like Gecko; compatible; ClaudeBot/1.0; +claudebot@anthropic.com)"
216.73.216.141 - - [05/Sep/2026:12:58:39 +0000] "GET /wp-content/et-cache/37488/?C=S&O=A HTTP/1.1" 200 438 "-" "Mozilla/5.0 AppleWebKit/537.36 (KHTML, like Gecko; compatible; ClaudeBot/1.0; +claudebot@anthropic.com)"
216.73.216.141 - - [05/Sep/2026:12:58:39 +0000] "GET /wp-content/et-cache/39245/?C=S&O=A HTTP/1.1" 200 438 "-" "Mozilla/5.0 AppleWebKit/537.36 (KHTML, like Gecko; compatible; ClaudeBot/1.0; +claudebot@anthropic.com)"
216.73.216.141 - - [05/Sep/2026:12:58:40 +0000] "GET /wp-content/et-cache/39349/?C=N&O=D HTTP/1.1" 200 435 "-" "Mozilla/5.0 AppleWebKit/537.36 (KHTML, like Gecko; compatible; ClaudeBot/1.0; +claudebot@anthropic.com)"
74.7.242.58 - - [05/Sep/2026:12:58:40 +0000] "GET /wp-content/et-cache/33935/?C=S;O=D HTTP/1.1" 200 437 "http://on-time-movers.com/wp-content/et-cache/33935/?C=S;O=A" "Mozilla/5.0 AppleWebKit/537.36 (KHTML, like Gecko; compatible; GPTBot/1.4; +https://openai.com/gptbot)"
216.73.216.141 - - [05/Sep/2026:12:58:40 +0000] "GET /wp-content/et-cache/36705/?C=S&O=A HTTP/1.1" 200 427 "-" "Mozilla/5.0 AppleWebKit/537.36 (KHTML, like Gecko; compatible; ClaudeBot/1.0; +claudebot@anthropic.com)"
216.73.216.141 - - [05/Sep/2026:12:58:40 +0000] "GET /wp-content/et-cache/39200/?C=D&O=A HTTP/1.1" 200 439 "-" "Mozilla/5.0 AppleWebKit/537.36 (KHTML, like Gecko; compatible; ClaudeBot/1.0; +claudebot@anthropic.com)"
216.73.216.141 - - [05/Sep/2026:12:58:40 +0000] "GET /wp-content/et-cache/37533/?C=M&O=A HTTP/1.1" 200 439 "-" "Mozilla/5.0 AppleWebKit/537.36 (KHTML, like Gecko; compatible; ClaudeBot/1.0; +claudebot@anthropic.com)"
216.73.216.141 - - [05/Sep/2026:12:58:41 +0000] "GET /wp-content/et-cache/39349/?C=D&O=A HTTP/1.1" 200 439 "-" "Mozilla/5.0 AppleWebKit/537.36 (KHTML, like Gecko; compatible; ClaudeBot/1.0; +claudebot@anthropic.com)"
216.73.216.141 - - [05/Sep/2026:12:58:41 +0000] "GET /wp-content/et-cache/37599/?C=M&O=A HTTP/1.1" 200 439 "-" "Mozilla/5.0 AppleWebKit/537.36 (KHTML, like Gecko; compatible; ClaudeBot/1.0; +claudebot@anthropic.com)"
216.73.216.141 - - [05/Sep/2026:12:58:41 +0000] "GET /wp-content/et-cache/39200/?C=S&O=A HTTP/1.1" 200 437 "-" "Mozilla/5.0 AppleWebKit/537.36 (KHTML, like Gecko; compatible; ClaudeBot/1.0; +claudebot@anthropic.com)"
216.73.216.141 - - [05/Sep/2026:12:58:41 +0000] "GET /wp-content/et-cache/39349/?C=S&O=A HTTP/1.1" 200 437 "-" "Mozilla/5.0 AppleWebKit/537.36 (KHTML, like Gecko; compatible; ClaudeBot/1.0; +claudebot@anthropic.com)"
216.73.216.141 - - [05/Sep/2026:12:58:41 +0000] "GET /wp-content/et-cache/38481/?C=M&O=A HTTP/1.1" 200 439 "-" "Mozilla/5.0 AppleWebKit/537.36 (KHTML, like Gecko; compatible; ClaudeBot/1.0; +claudebot@anthropic.com)"
216.73.216.141 - - [05/Sep/2026:12:58:42 +0000] "GET /wp-content/et-cache/37533/?C=N&O=D HTTP/1.1" 200 435 "-" "Mozilla/5.0 AppleWebKit/537.36 (KHTML, like Gecko; compatible; ClaudeBot/1.0; +claudebot@anthropic.com)"
74.7.242.58 - - [05/Sep/2026:12:58:42 +0000] "GET /wp-content/et-cache/33499/?C=M;O=D HTTP/1.1" 200 438 "http://on-time-movers.com/wp-content/et-cache/33499/?C=M;O=A" "Mozilla/5.0 AppleWebKit/537.36 (KHTML, like Gecko; compatible; GPTBot/1.4; +https://openai.com/gptbot)"
216.73.216.141 - - [05/Sep/2026:12:58:42 +0000] "GET /wp-content/et-cache/37599/?C=N&O=D HTTP/1.1" 200 436 "-" "Mozilla/5.0 AppleWebKit/537.36 (KHTML, like Gecko; compatible; ClaudeBot/1.0; +claudebot@anthropic.com)"
216.73.216.141 - - [05/Sep/2026:12:58:42 +0000] "GET /wp-content/et-cache/37552/?C=M&O=A HTTP/1.1" 200 439 "-" "Mozilla/5.0 AppleWebKit/537.36 (KHTML, like Gecko; compatible; ClaudeBot/1.0; +claudebot@anthropic.com)"
216.73.216.141 - - [05/Sep/2026:12:58:42 +0000] "GET /wp-content/et-cache/37533/?C=D&O=A HTTP/1.1" 200 439 "-" "Mozilla/5.0 AppleWebKit/537.36 (KHTML, like Gecko; compatible; ClaudeBot/1.0; +claudebot@anthropic.com)"
216.73.216.141 - - [05/Sep/2026:12:58:43 +0000] "GET /wp-content/et-cache/38501/?C=M&O=A HTTP/1.1" 200 439 "-" "Mozilla/5.0 AppleWebKit/537.36 (KHTML, like Gecko; compatible; ClaudeBot/1.0; +claudebot@anthropic.com)"
216.73.216.141 - - [05/Sep/2026:12:58:43 +0000] "GET /wp-content/et-cache/38481/?C=N&O=D HTTP/1.1" 200 435 "-" "Mozilla/5.0 AppleWebKit/537.36 (KHTML, like Gecko; compatible; ClaudeBot/1.0; +claudebot@anthropic.com)"
216.73.216.141 - - [05/Sep/2026:12:58:43 +0000] "GET /wp-content/et-cache/37540/?C=M&O=A HTTP/1.1" 200 439 "-" "Mozilla/5.0 AppleWebKit/537.36 (KHTML, like Gecko; compatible; ClaudeBot/1.0; +claudebot@anthropic.com)"
216.73.216.141 - - [05/Sep/2026:12:58:43 +0000] "GET /wp-content/et-cache/37599/?C=D&O=A HTTP/1.1" 200 439 "-" "Mozilla/5.0 AppleWebKit/537.36 (KHTML, like Gecko; compatible; ClaudeBot/1.0; +claudebot@anthropic.com)"
216.73.216.141 - - [05/Sep/2026:12:58:43 +0000] "GET /wp-content/et-cache/37271/?C=M&O=A HTTP/1.1" 200 439 "-" "Mozilla/5.0 AppleWebKit/537.36 (KHTML, like Gecko; compatible; ClaudeBot/1.0; +claudebot@anthropic.com)"
216.73.216.141 - - [05/Sep/2026:12:58:44 +0000] "GET /wp-content/et-cache/37533/?C=S&O=A HTTP/1.1" 200 437 "-" "Mozilla/5.0 AppleWebKit/537.36 (KHTML, like Gecko; compatible; ClaudeBot/1.0; +claudebot@anthropic.com)"
74.7.242.58 - - [05/Sep/2026:12:58:44 +0000] "GET /wp-content/et-cache/37731/?C=D;O=D HTTP/1.1" 200 435 "http://on-time-movers.com/wp-content/et-cache/37731/?C=D;O=A" "Mozilla/5.0 AppleWebKit/537.36 (KHTML, like Gecko; compatible; GPTBot/1.4; +https://openai.com/gptbot)"
216.73.216.141 - - [05/Sep/2026:12:58:44 +0000] "GET /wp-content/et-cache/38501/?C=N&O=D HTTP/1.1" 200 435 "-" "Mozilla/5.0 AppleWebKit/537.36 (KHTML, like Gecko; compatible; ClaudeBot/1.0; +claudebot@anthropic.com)"
216.73.216.141 - - [05/Sep/2026:12:58:44 +0000] "GET /wp-content/et-cache/38481/?C=D&O=A HTTP/1.1" 200 439 "-" "Mozilla/5.0 AppleWebKit/537.36 (KHTML, like Gecko; compatible; ClaudeBot/1.0; +claudebot@anthropic.com)"
216.73.216.141 - - [05/Sep/2026:12:58:44 +0000] "GET /wp-content/et-cache/37599/?C=S&O=A HTTP/1.1" 200 438 "-" "Mozilla/5.0 AppleWebKit/537.36 (KHTML, like Gecko; compatible; ClaudeBot/1.0; +claudebot@anthropic.com)"
216.73.216.141 - - [05/Sep/2026:12:58:45 +0000] "GET /wp-content/et-cache/37552/?C=N&O=D HTTP/1.1" 200 435 "-" "Mozilla/5.0 AppleWebKit/537.36 (KHTML, like Gecko; compatible; ClaudeBot/1.0; +claudebot@anthropic.com)"
216.73.216.141 - - [05/Sep/2026:12:58:45 +0000] "GET /wp-content/et-cache/37528/?C=M&O=A HTTP/1.1" 200 429 "-" "Mozilla/5.0 AppleWebKit/537.36 (KHTML, like Gecko; compatible; ClaudeBot/1.0; +claudebot@anthropic.com)"
216.73.216.141 - - [05/Sep/2026:12:58:45 +0000] "GET /wp-content/et-cache/38481/?C=S&O=A HTTP/1.1" 200 437 "-" "Mozilla/5.0 AppleWebKit/537.36 (KHTML, like Gecko; compatible; ClaudeBot/1.0; +claudebot@anthropic.com)"
216.73.216.141 - - [05/Sep/2026:12:58:45 +0000] "GET /wp-content/et-cache/37540/?C=N&O=D HTTP/1.1" 200 435 "-" "Mozilla/5.0 AppleWebKit/537.36 (KHTML, like Gecko; compatible; ClaudeBot/1.0; +claudebot@anthropic.com)"
216.73.216.141 - - [05/Sep/2026:12:58:46 +0000] "GET /wp-content/et-cache/38501/?C=D&O=A HTTP/1.1" 200 438 "-" "Mozilla/5.0 AppleWebKit/537.36 (KHTML, like Gecko; compatible; ClaudeBot/1.0; +claudebot@anthropic.com)"
216.73.216.141 - - [05/Sep/2026:12:58:46 +0000] "GET /wp-content/et-cache/37271/?C=N&O=D HTTP/1.1" 200 436 "-" "Mozilla/5.0 AppleWebKit/537.36 (KHTML, like Gecko; compatible; ClaudeBot/1.0; +claudebot@anthropic.com)"
74.7.242.58 - - [05/Sep/2026:12:58:46 +0000] "GET /wp-content/et-cache/33118/?C=D;O=A HTTP/1.1" 200 438 "http://on-time-movers.com/wp-content/et-cache/33118/" "Mozilla/5.0 AppleWebKit/537.36 (KHTML, like Gecko; compatible; GPTBot/1.4; +https://openai.com/gptbot)"
216.73.216.141 - - [05/Sep/2026:12:58:46 +0000] "GET /wp-content/et-cache/37552/?C=D&O=A HTTP/1.1" 200 439 "-" "Mozilla/5.0 AppleWebKit/537.36 (KHTML, like Gecko; compatible; ClaudeBot/1.0; +claudebot@anthropic.com)"
216.73.216.141 - - [05/Sep/2026:12:58:46 +0000] "GET /wp-content/et-cache/37574/?C=M&O=A HTTP/1.1" 200 439 "-" "Mozilla/5.0 AppleWebKit/537.36 (KHTML, like Gecko; compatible; ClaudeBot/1.0; +claudebot@anthropic.com)"
216.73.216.141 - - [05/Sep/2026:12:58:46 +0000] "GET /wp-content/et-cache/37540/?C=D&O=A HTTP/1.1" 200 439 "-" "Mozilla/5.0 AppleWebKit/537.36 (KHTML, like Gecko; compatible; ClaudeBot/1.0; +claudebot@anthropic.com)"
216.73.216.141 - - [05/Sep/2026:12:58:47 +0000] "GET /wp-content/et-cache/37469/?C=M&O=A HTTP/1.1" 200 439 "-" "Mozilla/5.0 AppleWebKit/537.36 (KHTML, like Gecko; compatible; ClaudeBot/1.0; +claudebot@anthropic.com)"
216.73.216.141 - - [05/Sep/2026:12:58:47 +0000] "GET /wp-content/et-cache/38501/?C=S&O=A HTTP/1.1" 200 437 "-" "Mozilla/5.0 AppleWebKit/537.36 (KHTML, like Gecko; compatible; ClaudeBot/1.0; +claudebot@anthropic.com)"
216.73.216.141 - - [05/Sep/2026:12:58:47 +0000] "GET /wp-content/et-cache/37271/?C=D&O=A HTTP/1.1" 200 439 "-" "Mozilla/5.0 AppleWebKit/537.36 (KHTML, like Gecko; compatible; ClaudeBot/1.0; +claudebot@anthropic.com)"
216.73.216.141 - - [05/Sep/2026:12:58:47 +0000] "GET /wp-content/et-cache/37552/?C=S&O=A HTTP/1.1" 200 438 "-" "Mozilla/5.0 AppleWebKit/537.36 (KHTML, like Gecko; compatible; ClaudeBot/1.0; +claudebot@anthropic.com)"
216.73.216.141 - - [05/Sep/2026:12:58:48 +0000] "GET /wp-content/et-cache/37528/?C=N&O=D HTTP/1.1" 200 426 "-" "Mozilla/5.0 AppleWebKit/537.36 (KHTML, like Gecko; compatible; ClaudeBot/1.0; +claudebot@anthropic.com)"
216.73.216.141 - - [05/Sep/2026:12:58:48 +0000] "GET /wp-content/et-cache/37540/?C=S&O=A HTTP/1.1" 200 438 "-" "Mozilla/5.0 AppleWebKit/537.36 (KHTML, like Gecko; compatible; ClaudeBot/1.0; +claudebot@anthropic.com)"
74.7.242.58 - - [05/Sep/2026:12:58:48 +0000] "GET /wp-content/et-cache/36367/?C=D;O=D HTTP/1.1" 200 425 "http://on-time-movers.com/wp-content/et-cache/36367/?C=D;O=A" "Mozilla/5.0 AppleWebKit/537.36 (KHTML, like Gecko; compatible; GPTBot/1.4; +https://openai.com/gptbot)"
216.73.216.141 - - [05/Sep/2026:12:58:48 +0000] "GET /wp-content/et-cache/37271/?C=S&O=A HTTP/1.1" 200 438 "-" "Mozilla/5.0 AppleWebKit/537.36 (KHTML, like Gecko; compatible; ClaudeBot/1.0; +claudebot@anthropic.com)"
216.73.216.141 - - [05/Sep/2026:12:58:48 +0000] "GET /wp-content/et-cache/37528/?C=D&O=A HTTP/1.1" 200 429 "-" "Mozilla/5.0 AppleWebKit/537.36 (KHTML, like Gecko; compatible; ClaudeBot/1.0; +claudebot@anthropic.com)"
216.73.216.141 - - [05/Sep/2026:12:58:48 +0000] "GET /wp-content/et-cache/37574/?C=N&O=D HTTP/1.1" 200 436 "-" "Mozilla/5.0 AppleWebKit/537.36 (KHTML, like Gecko; compatible; ClaudeBot/1.0; +claudebot@anthropic.com)"
216.73.216.141 - - [05/Sep/2026:12:58:49 +0000] "GET /wp-content/et-cache/37469/?C=N&O=D HTTP/1.1" 200 435 "-" "Mozilla/5.0 AppleWebKit/537.36 (KHTML, like Gecko; compatible; ClaudeBot/1.0; +claudebot@anthropic.com)"
216.73.216.141 - - [05/Sep/2026:12:58:49 +0000] "GET /wp-content/et-cache/37528/?C=S&O=A HTTP/1.1" 200 428 "-" "Mozilla/5.0 AppleWebKit/537.36 (KHTML, like Gecko; compatible; ClaudeBot/1.0; +claudebot@anthropic.com)"
216.73.216.141 - - [05/Sep/2026:12:58:49 +0000] "GET /wp-content/et-cache/37574/?C=D&O=A HTTP/1.1" 200 439 "-" "Mozilla/5.0 AppleWebKit/537.36 (KHTML, like Gecko; compatible; ClaudeBot/1.0; +claudebot@anthropic.com)"
216.73.216.141 - - [05/Sep/2026:12:58:49 +0000] "GET /wp-content/et-cache/37469/?C=D&O=A HTTP/1.1" 200 439 "-" "Mozilla/5.0 AppleWebKit/537.36 (KHTML, like Gecko; compatible; ClaudeBot/1.0; +claudebot@anthropic.com)"
216.73.216.141 - - [05/Sep/2026:12:58:50 +0000] "GET /wp-content/et-cache/37574/?C=S&O=A HTTP/1.1" 200 438 "-" "Mozilla/5.0 AppleWebKit/537.36 (KHTML, like Gecko; compatible; ClaudeBot/1.0; +claudebot@anthropic.com)"
216.73.216.141 - - [05/Sep/2026:12:58:50 +0000] "GET /wp-content/et-cache/37469/?C=S&O=A HTTP/1.1" 200 438 "-" "Mozilla/5.0 AppleWebKit/537.36 (KHTML, like Gecko; compatible; ClaudeBot/1.0; +claudebot@anthropic.com)"
74.7.242.58 - - [05/Sep/2026:12:58:50 +0000] "GET /wp-content/et-cache/33473/?C=M;O=D HTTP/1.1" 200 425 "http://on-time-movers.com/wp-content/et-cache/33473/?C=M;O=A" "Mozilla/5.0 AppleWebKit/537.36 (KHTML, like Gecko; compatible; GPTBot/1.4; +https://openai.com/gptbot)"
216.73.216.141 - - [05/Sep/2026:12:58:50 +0000] "GET /wp-content/et-cache/37402/?C=M&O=A HTTP/1.1" 200 439 "-" "Mozilla/5.0 AppleWebKit/537.36 (KHTML, like Gecko; compatible; ClaudeBot/1.0; +claudebot@anthropic.com)"
216.73.216.141 - - [05/Sep/2026:12:58:50 +0000] "GET /wp-content/et-cache/37515/?C=M&O=A HTTP/1.1" 200 439 "-" "Mozilla/5.0 AppleWebKit/537.36 (KHTML, like Gecko; compatible; ClaudeBot/1.0; +claudebot@anthropic.com)"
216.73.216.141 - - [05/Sep/2026:12:58:51 +0000] "GET /wp-content/et-cache/37402/?C=N&O=D HTTP/1.1" 200 435 "-" "Mozilla/5.0 AppleWebKit/537.36 (KHTML, like Gecko; compatible; ClaudeBot/1.0; +claudebot@anthropic.com)"
216.73.216.141 - - [05/Sep/2026:12:58:51 +0000] "GET /wp-content/et-cache/37515/?C=N&O=D HTTP/1.1" 200 435 "-" "Mozilla/5.0 AppleWebKit/537.36 (KHTML, like Gecko; compatible; ClaudeBot/1.0; +claudebot@anthropic.com)"
216.73.216.141 - - [05/Sep/2026:12:58:51 +0000] "GET /wp-content/et-cache/37402/?C=D&O=A HTTP/1.1" 200 439 "-" "Mozilla/5.0 AppleWebKit/537.36 (KHTML, like Gecko; compatible; ClaudeBot/1.0; +claudebot@anthropic.com)"
216.73.216.141 - - [05/Sep/2026:12:58:51 +0000] "GET /wp-content/et-cache/37515/?C=D&O=A HTTP/1.1" 200 439 "-" "Mozilla/5.0 AppleWebKit/537.36 (KHTML, like Gecko; compatible; ClaudeBot/1.0; +claudebot@anthropic.com)"
216.73.216.141 - - [05/Sep/2026:12:58:51 +0000] "GET /wp-content/et-cache/37402/?C=S&O=A HTTP/1.1" 200 437 "-" "Mozilla/5.0 AppleWebKit/537.36 (KHTML, like Gecko; compatible; ClaudeBot/1.0; +claudebot@anthropic.com)"
216.73.216.141 - - [05/Sep/2026:12:58:52 +0000] "GET /wp-content/et-cache/37515/?C=S&O=A HTTP/1.1" 200 438 "-" "Mozilla/5.0 AppleWebKit/537.36 (KHTML, like Gecko; compatible; ClaudeBot/1.0; +claudebot@anthropic.com)"
216.73.216.141 - - [05/Sep/2026:12:58:52 +0000] "GET /wp-content/et-cache/39049/?C=M&O=A HTTP/1.1" 200 428 "-" "Mozilla/5.0 AppleWebKit/537.36 (KHTML, like Gecko; compatible; ClaudeBot/1.0; +claudebot@anthropic.com)"
74.7.242.58 - - [05/Sep/2026:12:58:52 +0000] "GET /wp-content/et-cache/36343/?C=S;O=A HTTP/1.1" 200 437 "http://on-time-movers.com/wp-content/et-cache/36343/" "Mozilla/5.0 AppleWebKit/537.36 (KHTML, like Gecko; compatible; GPTBot/1.4; +https://openai.com/gptbot)"
216.73.216.141 - - [05/Sep/2026:12:58:52 +0000] "GET /wp-content/et-cache/39049/?C=D&O=A HTTP/1.1" 200 428 "-" "Mozilla/5.0 AppleWebKit/537.36 (KHTML, like Gecko; compatible; ClaudeBot/1.0; +claudebot@anthropic.com)"
216.73.216.141 - - [05/Sep/2026:12:58:52 +0000] "GET /wp-content/et-cache/39049/?C=S&O=A HTTP/1.1" 200 426 "-" "Mozilla/5.0 AppleWebKit/537.36 (KHTML, like Gecko; compatible; ClaudeBot/1.0; +claudebot@anthropic.com)"
216.73.216.141 - - [05/Sep/2026:12:58:53 +0000] "GET /wp-content/et-cache/39049/?C=N&O=D HTTP/1.1" 200 424 "-" "Mozilla/5.0 AppleWebKit/537.36 (KHTML, like Gecko; compatible; ClaudeBot/1.0; +claudebot@anthropic.com)"
216.73.216.141 - - [05/Sep/2026:12:58:53 +0000] "GET /wp-content/et-cache/36549/?C=M&O=A HTTP/1.1" 200 429 "-" "Mozilla/5.0 AppleWebKit/537.36 (KHTML, like Gecko; compatible; ClaudeBot/1.0; +claudebot@anthropic.com)"
216.73.216.141 - - [05/Sep/2026:12:58:53 +0000] "GET /wp-content/et-cache/36549/?C=D&O=A HTTP/1.1" 200 428 "-" "Mozilla/5.0 AppleWebKit/537.36 (KHTML, like Gecko; compatible; ClaudeBot/1.0; +claudebot@anthropic.com)"
216.73.216.141 - - [05/Sep/2026:12:58:53 +0000] "GET /wp-content/et-cache/36549/?C=S&O=A HTTP/1.1" 200 427 "-" "Mozilla/5.0 AppleWebKit/537.36 (KHTML, like Gecko; compatible; ClaudeBot/1.0; +claudebot@anthropic.com)"
216.73.216.141 - - [05/Sep/2026:12:58:53 +0000] "GET /wp-content/et-cache/36549/?C=N&O=D HTTP/1.1" 200 425 "-" "Mozilla/5.0 AppleWebKit/537.36 (KHTML, like Gecko; compatible; ClaudeBot/1.0; +claudebot@anthropic.com)"
216.73.216.141 - - [05/Sep/2026:12:58:54 +0000] "GET /wp-content/plugins/wp-rocket/inc/Dependencies/Psr/Container/?C=M&O=A HTTP/1.1" 200 463 "-" "Mozilla/5.0 AppleWebKit/537.36 (KHTML, like Gecko; compatible; ClaudeBot/1.0; +claudebot@anthropic.com)"
74.7.242.58 - - [05/Sep/2026:12:58:54 +0000] "GET /wp-content/et-cache/37447/?C=S;O=D HTTP/1.1" 200 438 "http://on-time-movers.com/wp-content/et-cache/37447/?C=S;O=A" "Mozilla/5.0 AppleWebKit/537.36 (KHTML, like Gecko; compatible; GPTBot/1.4; +https://openai.com/gptbot)"
216.73.216.141 - - [05/Sep/2026:12:58:54 +0000] "GET /wp-content/plugins/wp-rocket/inc/Dependencies/Psr/Container/?C=S&O=A HTTP/1.1" 200 462 "-" "Mozilla/5.0 AppleWebKit/537.36 (KHTML, like Gecko; compatible; ClaudeBot/1.0; +claudebot@anthropic.com)"
216.73.216.141 - - [05/Sep/2026:12:58:54 +0000] "GET /wp-content/plugins/wp-rocket/inc/Dependencies/Psr/Container/?C=D&O=A HTTP/1.1" 200 462 "-" "Mozilla/5.0 AppleWebKit/537.36 (KHTML, like Gecko; compatible; ClaudeBot/1.0; +claudebot@anthropic.com)"
216.73.216.141 - - [05/Sep/2026:12:58:54 +0000] "GET /wp-content/plugins/wp-rocket/inc/Dependencies/Psr/Container/?C=N&O=D HTTP/1.1" 200 461 "-" "Mozilla/5.0 AppleWebKit/537.36 (KHTML, like Gecko; compatible; ClaudeBot/1.0; +claudebot@anthropic.com)"
216.73.216.141 - - [05/Sep/2026:12:58:55 +0000] "GET /wp-content/plugins/wp-rocket/inc/Dependencies/League/Container/Definition/?C=M&O=A HTTP/1.1" 200 475 "-" "Mozilla/5.0 AppleWebKit/537.36 (KHTML, like Gecko; compatible; ClaudeBot/1.0; +claudebot@anthropic.com)"
216.73.216.141 - - [05/Sep/2026:12:58:55 +0000] "GET /wp-content/plugins/wp-rocket/inc/Dependencies/League/Container/Definition/?C=S&O=A HTTP/1.1" 200 478 "-" "Mozilla/5.0 AppleWebKit/537.36 (KHTML, like Gecko; compatible; ClaudeBot/1.0; +claudebot@anthropic.com)"
216.73.216.141 - - [05/Sep/2026:12:58:55 +0000] "GET /wp-content/plugins/wp-rocket/inc/Dependencies/League/Container/Definition/?C=D&O=A HTTP/1.1" 200 475 "-" "Mozilla/5.0 AppleWebKit/537.36 (KHTML, like Gecko; compatible; ClaudeBot/1.0; +claudebot@anthropic.com)"
216.73.216.141 - - [05/Sep/2026:12:58:55 +0000] "GET /wp-content/plugins/wp-rocket/inc/Dependencies/League/Container/Definition/?C=N&O=D HTTP/1.1" 200 473 "-" "Mozilla/5.0 AppleWebKit/537.36 (KHTML, like Gecko; compatible; ClaudeBot/1.0; +claudebot@anthropic.com)"
216.73.216.141 - - [05/Sep/2026:12:58:55 +0000] "GET /wp-content/themes/twentytwentyfive/assets/fonts/fira-code/?C=M&O=A HTTP/1.1" 200 433 "-" "Mozilla/5.0 AppleWebKit/537.36 (KHTML, like Gecko; compatible; ClaudeBot/1.0; +claudebot@anthropic.com)"
216.73.216.141 - - [05/Sep/2026:12:58:56 +0000] "GET /wp-content/themes/twentytwentyfive/assets/fonts/fira-code/?C=S&O=A HTTP/1.1" 200 433 "-" "Mozilla/5.0 AppleWebKit/537.36 (KHTML, like Gecko; compatible; ClaudeBot/1.0; +claudebot@anthropic.com)"
216.73.216.141 - - [05/Sep/2026:12:58:56 +0000] "GET /wp-content/themes/twentytwentyfive/assets/fonts/fira-code/?C=D&O=A HTTP/1.1" 200 433 "-" "Mozilla/5.0 AppleWebKit/537.36 (KHTML, like Gecko; compatible; ClaudeBot/1.0; +claudebot@anthropic.com)"
74.7.242.58 - - [05/Sep/2026:12:58:56 +0000] "GET /wp-content/et-cache/37322/?C=D;O=D HTTP/1.1" 200 435 "http://on-time-movers.com/wp-content/et-cache/37322/?C=D;O=A" "Mozilla/5.0 AppleWebKit/537.36 (KHTML, like Gecko; compatible; GPTBot/1.4; +https://openai.com/gptbot)"
216.73.216.141 - - [05/Sep/2026:12:58:56 +0000] "GET /wp-content/themes/twentytwentyfive/assets/fonts/fira-code/?C=N&O=D HTTP/1.1" 200 431 "-" "Mozilla/5.0 AppleWebKit/537.36 (KHTML, like Gecko; compatible; ClaudeBot/1.0; +claudebot@anthropic.com)"
216.73.216.141 - - [05/Sep/2026:12:58:57 +0000] "GET /wp-content/et-cache/37372/?C=M&O=D HTTP/1.1" 200 438 "-" "Mozilla/5.0 AppleWebKit/537.36 (KHTML, like Gecko; compatible; ClaudeBot/1.0; +claudebot@anthropic.com)"
216.73.216.141 - - [05/Sep/2026:12:58:57 +0000] "GET /wp-content/plugins/wpforms-lite/assets/images/admin-flyout-menu/?C=S&O=D HTTP/1.1" 200 435 "-" "Mozilla/5.0 AppleWebKit/537.36 (KHTML, like Gecko; compatible; ClaudeBot/1.0; +claudebot@anthropic.com)"
216.73.216.141 - - [05/Sep/2026:12:58:57 +0000] "GET /wp-content/et-cache/36904/?C=S&O=D HTTP/1.1" 200 437 "-" "Mozilla/5.0 AppleWebKit/537.36 (KHTML, like Gecko; compatible; ClaudeBot/1.0; +claudebot@anthropic.com)"
216.73.216.141 - - [05/Sep/2026:12:58:57 +0000] "GET /wp-content/plugins/wpforms-lite/vendor/woocommerce/action-scheduler/lib/cron-expression/?C=D&O=D HTTP/1.1" 200 605 "-" "Mozilla/5.0 AppleWebKit/537.36 (KHTML, like Gecko; compatible; ClaudeBot/1.0; +claudebot@anthropic.com)"
216.73.216.141 - - [05/Sep/2026:12:58:58 +0000] "GET /wp-content/plugins/wpforms-lite/vendor/woocommerce/action-scheduler/lib/cron-expression/?C=S&O=D HTTP/1.1" 200 604 "-" "Mozilla/5.0 AppleWebKit/537.36 (KHTML, like Gecko; compatible; ClaudeBot/1.0; +claudebot@anthropic.com)"
216.73.216.141 - - [05/Sep/2026:12:58:58 +0000] "GET /wp-content/et-cache/39291/?C=M&O=D HTTP/1.1" 200 437 "-" "Mozilla/5.0 AppleWebKit/537.36 (KHTML, like Gecko; compatible; ClaudeBot/1.0; +claudebot@anthropic.com)"
216.73.216.141 - - [05/Sep/2026:12:58:58 +0000] "GET /wp-content/et-cache/39291/?C=D&O=D HTTP/1.1" 200 435 "-" "Mozilla/5.0 AppleWebKit/537.36 (KHTML, like Gecko; compatible; ClaudeBot/1.0; +claudebot@anthropic.com)"
74.7.242.58 - - [05/Sep/2026:12:58:58 +0000] "GET /wp-content/et-cache/34242/?C=M;O=D HTTP/1.1" 200 438 "http://on-time-movers.com/wp-content/et-cache/34242/?C=M;O=A" "Mozilla/5.0 AppleWebKit/537.36 (KHTML, like Gecko; compatible; GPTBot/1.4; +https://openai.com/gptbot)"
216.73.216.141 - - [05/Sep/2026:12:58:58 +0000] "GET /wp-content/et-cache/39291/?C=S&O=D HTTP/1.1" 200 437 "-" "Mozilla/5.0 AppleWebKit/537.36 (KHTML, like Gecko; compatible; ClaudeBot/1.0; +claudebot@anthropic.com)"
216.73.216.141 - - [05/Sep/2026:12:58:58 +0000] "GET /wp-content/et-cache/39286/?C=M&O=D HTTP/1.1" 200 437 "-" "Mozilla/5.0 AppleWebKit/537.36 (KHTML, like Gecko; compatible; ClaudeBot/1.0; +claudebot@anthropic.com)"
216.73.216.141 - - [05/Sep/2026:12:58:59 +0000] "GET /wp-content/et-cache/36760/?C=M&O=D HTTP/1.1" 200 437 "-" "Mozilla/5.0 AppleWebKit/537.36 (KHTML, like Gecko; compatible; ClaudeBot/1.0; +claudebot@anthropic.com)"
216.73.216.141 - - [05/Sep/2026:12:58:59 +0000] "GET /wp-content/et-cache/36743/?C=M&O=D HTTP/1.1" 200 438 "-" "Mozilla/5.0 AppleWebKit/537.36 (KHTML, like Gecko; compatible; ClaudeBot/1.0; +claudebot@anthropic.com)"
216.73.216.141 - - [05/Sep/2026:12:58:59 +0000] "GET /wp-content/et-cache/36760/?C=D&O=D HTTP/1.1" 200 435 "-" "Mozilla/5.0 AppleWebKit/537.36 (KHTML, like Gecko; compatible; ClaudeBot/1.0; +claudebot@anthropic.com)"
216.73.216.141 - - [05/Sep/2026:12:58:59 +0000] "GET /wp-content/et-cache/36791/?C=M&O=D HTTP/1.1" 200 438 "-" "Mozilla/5.0 AppleWebKit/537.36 (KHTML, like Gecko; compatible; ClaudeBot/1.0; +claudebot@anthropic.com)"
216.73.216.141 - - [05/Sep/2026:12:59:00 +0000] "GET /wp-content/et-cache/39286/?C=D&O=D HTTP/1.1" 200 435 "-" "Mozilla/5.0 AppleWebKit/537.36 (KHTML, like Gecko; compatible; ClaudeBot/1.0; +claudebot@anthropic.com)"
216.73.216.141 - - [05/Sep/2026:12:59:00 +0000] "GET /wp-content/et-cache/39096/?C=M&O=D HTTP/1.1" 200 425 "-" "Mozilla/5.0 AppleWebKit/537.36 (KHTML, like Gecko; compatible; ClaudeBot/1.0; +claudebot@anthropic.com)"
216.73.216.141 - - [05/Sep/2026:12:59:00 +0000] "GET /wp-content/et-cache/39202/?C=M&O=D HTTP/1.1" 200 436 "-" "Mozilla/5.0 AppleWebKit/537.36 (KHTML, like Gecko; compatible; ClaudeBot/1.0; +claudebot@anthropic.com)"
74.7.242.58 - - [05/Sep/2026:12:59:00 +0000] "GET /wp-content/et-cache/36332/?C=M;O=A HTTP/1.1" 200 439 "http://on-time-movers.com/wp-content/et-cache/36332/" "Mozilla/5.0 AppleWebKit/537.36 (KHTML, like Gecko; compatible; GPTBot/1.4; +https://openai.com/gptbot)"
216.73.216.141 - - [05/Sep/2026:12:59:00 +0000] "GET /wp-content/et-cache/36760/?C=S&O=D HTTP/1.1" 200 437 "-" "Mozilla/5.0 AppleWebKit/537.36 (KHTML, like Gecko; compatible; ClaudeBot/1.0; +claudebot@anthropic.com)"
216.73.216.141 - - [05/Sep/2026:12:59:00 +0000] "GET /wp-content/et-cache/33209/?C=M&O=D HTTP/1.1" 200 436 "-" "Mozilla/5.0 AppleWebKit/537.36 (KHTML, like Gecko; compatible; ClaudeBot/1.0; +claudebot@anthropic.com)"
216.73.216.141 - - [05/Sep/2026:12:59:01 +0000] "GET /wp-content/et-cache/39202/?C=N&O=D HTTP/1.1" 200 435 "-" "Mozilla/5.0 AppleWebKit/537.36 (KHTML, like Gecko; compatible; ClaudeBot/1.0; +claudebot@anthropic.com)"
216.73.216.141 - - [05/Sep/2026:12:59:01 +0000] "GET /wp-content/et-cache/36791/?C=N&O=D HTTP/1.1" 200 435 "-" "Mozilla/5.0 AppleWebKit/537.36 (KHTML, like Gecko; compatible; ClaudeBot/1.0; +claudebot@anthropic.com)"
216.73.216.141 - - [05/Sep/2026:12:59:01 +0000] "GET /wp-content/et-cache/36281/?C=M&O=D HTTP/1.1" 200 437 "-" "Mozilla/5.0 AppleWebKit/537.36 (KHTML, like Gecko; compatible; ClaudeBot/1.0; +claudebot@anthropic.com)"
216.73.216.141 - - [05/Sep/2026:12:59:01 +0000] "GET /wp-content/et-cache/36743/?C=D&O=A HTTP/1.1" 200 439 "-" "Mozilla/5.0 AppleWebKit/537.36 (KHTML, like Gecko; compatible; ClaudeBot/1.0; +claudebot@anthropic.com)"
216.73.216.141 - - [05/Sep/2026:12:59:02 +0000] "GET /wp-content/et-cache/36712/?C=M&O=A HTTP/1.1" 200 439 "-" "Mozilla/5.0 AppleWebKit/537.36 (KHTML, like Gecko; compatible; ClaudeBot/1.0; +claudebot@anthropic.com)"
216.73.216.141 - - [05/Sep/2026:12:59:02 +0000] "GET /wp-content/et-cache/36712/?C=N&O=D HTTP/1.1" 200 435 "-" "Mozilla/5.0 AppleWebKit/537.36 (KHTML, like Gecko; compatible; ClaudeBot/1.0; +claudebot@anthropic.com)"
74.7.242.58 - - [05/Sep/2026:12:59:02 +0000] "GET /wp-content/et-cache/33656/?C=S;O=D HTTP/1.1" 200 426 "http://on-time-movers.com/wp-content/et-cache/33656/?C=S;O=A" "Mozilla/5.0 AppleWebKit/537.36 (KHTML, like Gecko; compatible; GPTBot/1.4; +https://openai.com/gptbot)"
216.73.216.141 - - [05/Sep/2026:12:59:02 +0000] "GET /wp-content/et-cache/39096/?C=N&O=D HTTP/1.1" 200 425 "-" "Mozilla/5.0 AppleWebKit/537.36 (KHTML, like Gecko; compatible; ClaudeBot/1.0; +claudebot@anthropic.com)"
216.73.216.141 - - [05/Sep/2026:12:59:02 +0000] "GET /wp-content/et-cache/35525/?C=S&O=D HTTP/1.1" 200 437 "-" "Mozilla/5.0 AppleWebKit/537.36 (KHTML, like Gecko; compatible; ClaudeBot/1.0; +claudebot@anthropic.com)"
216.73.216.141 - - [05/Sep/2026:12:59:02 +0000] "GET /wp-content/et-cache/39286/?C=S&O=A HTTP/1.1" 200 437 "-" "Mozilla/5.0 AppleWebKit/537.36 (KHTML, like Gecko; compatible; ClaudeBot/1.0; +claudebot@anthropic.com)"
216.73.216.141 - - [05/Sep/2026:12:59:03 +0000] "GET /wp-content/et-cache/36743/?C=S&O=A HTTP/1.1" 200 438 "-" "Mozilla/5.0 AppleWebKit/537.36 (KHTML, like Gecko; compatible; ClaudeBot/1.0; +claudebot@anthropic.com)"
216.73.216.141 - - [05/Sep/2026:12:59:03 +0000] "GET /wp-content/et-cache/39076/?C=M&O=A HTTP/1.1" 200 439 "-" "Mozilla/5.0 AppleWebKit/537.36 (KHTML, like Gecko; compatible; ClaudeBot/1.0; +claudebot@anthropic.com)"
216.73.216.141 - - [05/Sep/2026:12:59:03 +0000] "GET /wp-content/et-cache/37236/?C=D&O=D HTTP/1.1" 200 435 "-" "Mozilla/5.0 AppleWebKit/537.36 (KHTML, like Gecko; compatible; ClaudeBot/1.0; +claudebot@anthropic.com)"
216.73.216.141 - - [05/Sep/2026:12:59:03 +0000] "GET /wp-content/et-cache/36334/?C=D&O=D HTTP/1.1" 200 435 "-" "Mozilla/5.0 AppleWebKit/537.36 (KHTML, like Gecko; compatible; ClaudeBot/1.0; +claudebot@anthropic.com)"
216.73.216.141 - - [05/Sep/2026:12:59:04 +0000] "GET /wp-content/et-cache/37334/?C=D&O=D HTTP/1.1" 200 435 "-" "Mozilla/5.0 AppleWebKit/537.36 (KHTML, like Gecko; compatible; ClaudeBot/1.0; +claudebot@anthropic.com)"
216.73.216.141 - - [05/Sep/2026:12:59:04 +0000] "GET /wp-content/et-cache/35247/?C=D&O=D HTTP/1.1" 200 435 "-" "Mozilla/5.0 AppleWebKit/537.36 (KHTML, like Gecko; compatible; ClaudeBot/1.0; +claudebot@anthropic.com)"
74.7.242.58 - - [05/Sep/2026:12:59:04 +0000] "GET /wp-content/et-cache/34340/?C=S;O=A HTTP/1.1" 200 437 "http://on-time-movers.com/wp-content/et-cache/34340/" "Mozilla/5.0 AppleWebKit/537.36 (KHTML, like Gecko; compatible; GPTBot/1.4; +https://openai.com/gptbot)"
216.73.216.141 - - [05/Sep/2026:12:59:04 +0000] "GET /wp-content/et-cache/32499/?C=S&O=D HTTP/1.1" 200 437 "-" "Mozilla/5.0 AppleWebKit/537.36 (KHTML, like Gecko; compatible; ClaudeBot/1.0; +claudebot@anthropic.com)"
216.73.216.141 - - [05/Sep/2026:12:59:04 +0000] "GET /wp-content/et-cache/37376/?C=M&O=D HTTP/1.1" 200 437 "-" "Mozilla/5.0 AppleWebKit/537.36 (KHTML, like Gecko; compatible; ClaudeBot/1.0; +claudebot@anthropic.com)"
216.73.216.141 - - [05/Sep/2026:12:59:05 +0000] "GET /wp-content/et-cache/33468/?C=D&O=D HTTP/1.1" 200 435 "-" "Mozilla/5.0 AppleWebKit/537.36 (KHTML, like Gecko; compatible; ClaudeBot/1.0; +claudebot@anthropic.com)"
216.73.216.141 - - [05/Sep/2026:12:59:05 +0000] "GET /wp-content/et-cache/32377/?C=M&O=D HTTP/1.1" 200 437 "-" "Mozilla/5.0 AppleWebKit/537.36 (KHTML, like Gecko; compatible; ClaudeBot/1.0; +claudebot@anthropic.com)"
216.73.216.141 - - [05/Sep/2026:12:59:05 +0000] "GET /wp-content/et-cache/36385/?C=D&O=D HTTP/1.1" 200 435 "-" "Mozilla/5.0 AppleWebKit/537.36 (KHTML, like Gecko; compatible; ClaudeBot/1.0; +claudebot@anthropic.com)"
216.73.216.141 - - [05/Sep/2026:12:59:05 +0000] "GET /wp-content/plugins/wpforms-lite/lite/templates/education/builder/lite-connect/?C=M&O=A HTTP/1.1" 200 443 "-" "Mozilla/5.0 AppleWebKit/537.36 (KHTML, like Gecko; compatible; ClaudeBot/1.0; +claudebot@anthropic.com)"
216.73.216.141 - - [05/Sep/2026:12:59:06 +0000] "GET /wp-content/et-cache/35524/?C=S&O=D HTTP/1.1" 200 436 "-" "Mozilla/5.0 AppleWebKit/537.36 (KHTML, like Gecko; compatible; ClaudeBot/1.0; +claudebot@anthropic.com)"
216.73.216.141 - - [05/Sep/2026:12:59:06 +0000] "GET /wp-content/et-cache/32507/?C=D&O=D HTTP/1.1" 200 436 "-" "Mozilla/5.0 AppleWebKit/537.36 (KHTML, like Gecko; compatible; ClaudeBot/1.0; +claudebot@anthropic.com)"
74.7.242.58 - - [05/Sep/2026:12:59:06 +0000] "GET /wp-content/et-cache/36686/?C=N;O=D HTTP/1.1" 200 435 "http://on-time-movers.com/wp-content/et-cache/36686/" "Mozilla/5.0 AppleWebKit/537.36 (KHTML, like Gecko; compatible; GPTBot/1.4; +https://openai.com/gptbot)"
216.73.216.141 - - [05/Sep/2026:12:59:06 +0000] "GET /wp-content/et-cache/37243/?C=M&O=D HTTP/1.1" 200 425 "-" "Mozilla/5.0 AppleWebKit/537.36 (KHTML, like Gecko; compatible; ClaudeBot/1.0; +claudebot@anthropic.com)"
216.73.216.141 - - [05/Sep/2026:12:59:06 +0000] "GET /wp-content/et-cache/35951/?C=D&O=D HTTP/1.1" 200 435 "-" "Mozilla/5.0 AppleWebKit/537.36 (KHTML, like Gecko; compatible; ClaudeBot/1.0; +claudebot@anthropic.com)"
216.73.216.141 - - [05/Sep/2026:12:59:07 +0000] "GET /wp-content/et-cache/34152/?C=S&O=D HTTP/1.1" 200 435 "-" "Mozilla/5.0 AppleWebKit/537.36 (KHTML, like Gecko; compatible; ClaudeBot/1.0; +claudebot@anthropic.com)"
216.73.216.141 - - [05/Sep/2026:12:59:07 +0000] "GET /wp-content/et-cache/37601/?C=M&O=D HTTP/1.1" 200 438 "-" "Mozilla/5.0 AppleWebKit/537.36 (KHTML, like Gecko; compatible; ClaudeBot/1.0; +claudebot@anthropic.com)"
216.73.216.141 - - [05/Sep/2026:12:59:07 +0000] "GET /wp-content/et-cache/32429/?C=D&O=D HTTP/1.1" 200 435 "-" "Mozilla/5.0 AppleWebKit/537.36 (KHTML, like Gecko; compatible; ClaudeBot/1.0; +claudebot@anthropic.com)"
216.73.216.141 - - [05/Sep/2026:12:59:07 +0000] "GET /wp-content/et-cache/38253/?C=D&O=D HTTP/1.1" 200 435 "-" "Mozilla/5.0 AppleWebKit/537.36 (KHTML, like Gecko; compatible; ClaudeBot/1.0; +claudebot@anthropic.com)"
216.73.216.141 - - [05/Sep/2026:12:59:07 +0000] "GET /wp-content/et-cache/35635/?C=M&O=D HTTP/1.1" 200 437 "-" "Mozilla/5.0 AppleWebKit/537.36 (KHTML, like Gecko; compatible; ClaudeBot/1.0; +claudebot@anthropic.com)"
216.73.216.141 - - [05/Sep/2026:12:59:08 +0000] "GET /wp-content/et-cache/37352/?C=N&O=D HTTP/1.1" 200 426 "-" "Mozilla/5.0 AppleWebKit/537.36 (KHTML, like Gecko; compatible; ClaudeBot/1.0; +claudebot@anthropic.com)"
216.73.216.141 - - [05/Sep/2026:12:59:08 +0000] "GET /wp-content/et-cache/34397/?C=S&O=D HTTP/1.1" 200 437 "-" "Mozilla/5.0 AppleWebKit/537.36 (KHTML, like Gecko; compatible; ClaudeBot/1.0; +claudebot@anthropic.com)"
74.7.242.58 - - [05/Sep/2026:12:59:08 +0000] "GET /wp-content/et-cache/33118/?C=D;O=D HTTP/1.1" 200 435 "http://on-time-movers.com/wp-content/et-cache/33118/?C=D;O=A" "Mozilla/5.0 AppleWebKit/537.36 (KHTML, like Gecko; compatible; GPTBot/1.4; +https://openai.com/gptbot)"
