66.249.73.64 - - [05/Sep/2026:13:05:43 +0000] "GET /?e=26825114585902 HTTP/1.1" 200 246548 "-" "Mozilla/5.0 (Linux; Android 6.0.1; Nexus 5X Build/MMB29P) AppleWebKit/537.36 (KHTML, like Gecko) Chrome/151.0.7922.173 Mobile Safari/537.36 (compatible; Googlebot/2.1; +http://www.google.com/bot.html)"
66.249.73.70 - - [05/Sep/2026:13:05:44 +0000] "GET /?e=07700130023601 HTTP/1.1" 200 246588 "-" "Mozilla/5.0 (Linux; Android 6.0.1; Nexus 5X Build/MMB29P) AppleWebKit/537.36 (KHTML, like Gecko) Chrome/151.0.7922.173 Mobile Safari/537.36 (compatible; Googlebot/2.1; +http://www.google.com/bot.html)"
57.141.4.66 - - [05/Sep/2026:13:05:44 +0000] "GET /products/9dd4711521 HTTP/1.1" 301 - "-" "Mozilla/5.0 (Macintosh; Intel Mac OS X 10_15_7) AppleWebKit/537.36 (KHTML, like Gecko) Chrome/145.0.0.0 Safari/537.36 (compatible; meta-externalagent/1.1 (+https://developers.facebook.com/docs/sharing/webmasters/crawler))"
66.249.73.64 - - [05/Sep/2026:13:05:45 +0000] "GET /?e=49778115484505 HTTP/1.1" 200 237570 "-" "Mozilla/5.0 (Linux; Android 6.0.1; Nexus 5X Build/MMB29P) AppleWebKit/537.36 (KHTML, like Gecko) Chrome/151.0.7922.173 Mobile Safari/537.36 (compatible; Googlebot/2.1; +http://www.google.com/bot.html)"
57.141.4.64 - - [05/Sep/2026:13:05:46 +0000] "GET /products/9dd4711521 HTTP/1.1" 404 35692 "-" "Mozilla/5.0 (Macintosh; Intel Mac OS X 10_15_7) AppleWebKit/537.36 (KHTML, like Gecko) Chrome/145.0.0.0 Safari/537.36 (compatible; meta-externalagent/1.1 (+https://developers.facebook.com/docs/sharing/webmasters/crawler))"
66.249.73.65 - - [05/Sep/2026:13:05:47 +0000] "GET /?e=34640152544200 HTTP/1.1" 200 240614 "-" "Mozilla/5.0 (Linux; Android 6.0.1; Nexus 5X Build/MMB29P) AppleWebKit/537.36 (KHTML, like Gecko) Chrome/151.0.7922.173 Mobile Safari/537.36 (compatible; Googlebot/2.1; +http://www.google.com/bot.html)"
66.249.73.73 - - [05/Sep/2026:13:05:47 +0000] "GET /?e=99388115253901 HTTP/1.1" 200 239415 "-" "Mozilla/5.0 (Linux; Android 6.0.1; Nexus 5X Build/MMB29P) AppleWebKit/537.36 (KHTML, like Gecko) Chrome/151.0.7922.173 Mobile Safari/537.36 (compatible; Googlebot/2.1; +http://www.google.com/bot.html)"
66.249.73.67 - - [05/Sep/2026:13:05:47 +0000] "GET /?e=9880552321002 HTTP/1.1" 200 239202 "-" "Mozilla/5.0 (Linux; Android 6.0.1; Nexus 5X Build/MMB29P) AppleWebKit/537.36 (KHTML, like Gecko) Chrome/151.0.7922.173 Mobile Safari/537.36 (compatible; Googlebot/2.1; +http://www.google.com/bot.html)"
66.249.73.73 - - [05/Sep/2026:13:05:48 +0000] "GET /?e=6105046416405 HTTP/1.1" 200 249780 "-" "Mozilla/5.0 (Linux; Android 6.0.1; Nexus 5X Build/MMB29P) AppleWebKit/537.36 (KHTML, like Gecko) Chrome/151.0.7922.173 Mobile Safari/537.36 (compatible; Googlebot/2.1; +http://www.google.com/bot.html)"
66.249.73.73 - - [05/Sep/2026:13:05:48 +0000] "GET /?e=1281345990104 HTTP/1.1" 200 238740 "-" "Mozilla/5.0 (Linux; Android 6.0.1; Nexus 5X Build/MMB29P) AppleWebKit/537.36 (KHTML, like Gecko) Chrome/151.0.7922.173 Mobile Safari/537.36 (compatible; Googlebot/2.1; +http://www.google.com/bot.html)"
66.249.73.66 - - [05/Sep/2026:13:05:48 +0000] "GET /?e=26044205591307 HTTP/1.1" 200 237473 "-" "Mozilla/5.0 (Linux; Android 6.0.1; Nexus 5X Build/MMB29P) AppleWebKit/537.36 (KHTML, like Gecko) Chrome/151.0.7922.173 Mobile Safari/537.36 (compatible; Googlebot/2.1; +http://www.google.com/bot.html)"
66.249.73.68 - - [05/Sep/2026:13:05:49 +0000] "GET /?e=2016316508701 HTTP/1.1" 200 251461 "-" "Mozilla/5.0 (Linux; Android 6.0.1; Nexus 5X Build/MMB29P) AppleWebKit/537.36 (KHTML, like Gecko) Chrome/151.0.7922.173 Mobile Safari/537.36 (compatible; Googlebot/2.1; +http://www.google.com/bot.html)"
66.249.73.70 - - [05/Sep/2026:13:05:49 +0000] "GET /?e=0257119081707 HTTP/1.1" 200 242330 "-" "Mozilla/5.0 (Linux; Android 6.0.1; Nexus 5X Build/MMB29P) AppleWebKit/537.36 (KHTML, like Gecko) Chrome/151.0.7922.173 Mobile Safari/537.36 (compatible; Googlebot/2.1; +http://www.google.com/bot.html)"
106.222.249.187 - - [05/Sep/2026:13:05:49 +0000] "POST /xmlrpc.php HTTP/1.1" 200 403 "-" "Jetpack by WordPress.com"
66.249.73.68 - - [05/Sep/2026:13:05:50 +0000] "GET /?e=0978273823904 HTTP/1.1" 200 241846 "-" "Mozilla/5.0 (Linux; Android 6.0.1; Nexus 5X Build/MMB29P) AppleWebKit/537.36 (KHTML, like Gecko) Chrome/151.0.7922.173 Mobile Safari/537.36 (compatible; Googlebot/2.1; +http://www.google.com/bot.html)"
66.249.73.69 - - [05/Sep/2026:13:05:51 +0000] "GET /?e=1870966346207 HTTP/1.1" 200 249820 "-" "Mozilla/5.0 (Linux; Android 6.0.1; Nexus 5X Build/MMB29P) AppleWebKit/537.36 (KHTML, like Gecko) Chrome/151.0.7922.173 Mobile Safari/537.36 (compatible; Googlebot/2.1; +http://www.google.com/bot.html)"
66.249.73.71 - - [05/Sep/2026:13:05:51 +0000] "GET /?e=77808132974100 HTTP/1.1" 200 239940 "-" "Mozilla/5.0 (Linux; Android 6.0.1; Nexus 5X Build/MMB29P) AppleWebKit/537.36 (KHTML, like Gecko) Chrome/151.0.7922.173 Mobile Safari/537.36 (compatible; Googlebot/2.1; +http://www.google.com/bot.html)"
66.249.73.71 - - [05/Sep/2026:13:05:53 +0000] "GET /?e=15080159046900 HTTP/1.1" 200 242938 "-" "Mozilla/5.0 (Linux; Android 6.0.1; Nexus 5X Build/MMB29P) AppleWebKit/537.36 (KHTML, like Gecko) Chrome/151.0.7922.173 Mobile Safari/537.36 (compatible; Googlebot/2.1; +http://www.google.com/bot.html)"
66.249.73.66 - - [05/Sep/2026:13:05:53 +0000] "GET /?e=55727153878703 HTTP/1.1" 200 249865 "-" "Mozilla/5.0 (Linux; Android 6.0.1; Nexus 5X Build/MMB29P) AppleWebKit/537.36 (KHTML, like Gecko) Chrome/151.0.7922.173 Mobile Safari/537.36 (compatible; Googlebot/2.1; +http://www.google.com/bot.html)"
66.249.73.69 - - [05/Sep/2026:13:05:53 +0000] "GET /?e=79102201847600 HTTP/1.1" 200 243649 "-" "Mozilla/5.0 (Linux; Android 6.0.1; Nexus 5X Build/MMB29P) AppleWebKit/537.36 (KHTML, like Gecko) Chrome/151.0.7922.173 Mobile Safari/537.36 (compatible; Googlebot/2.1; +http://www.google.com/bot.html)"
66.249.73.71 - - [05/Sep/2026:13:05:54 +0000] "GET /?e=1971171043300 HTTP/1.1" 200 245069 "-" "Mozilla/5.0 (Linux; Android 6.0.1; Nexus 5X Build/MMB29P) AppleWebKit/537.36 (KHTML, like Gecko) Chrome/151.0.7922.173 Mobile Safari/537.36 (compatible; Googlebot/2.1; +http://www.google.com/bot.html)"
66.249.73.69 - - [05/Sep/2026:13:05:54 +0000] "GET /?e=62963211384001 HTTP/1.1" 200 242391 "-" "Mozilla/5.0 (Linux; Android 6.0.1; Nexus 5X Build/MMB29P) AppleWebKit/537.36 (KHTML, like Gecko) Chrome/151.0.7922.173 Mobile Safari/537.36 (compatible; Googlebot/2.1; +http://www.google.com/bot.html)"
66.249.73.72 - - [05/Sep/2026:13:05:54 +0000] "GET /?e=1967221212700 HTTP/1.1" 200 244917 "-" "Mozilla/5.0 (Linux; Android 6.0.1; Nexus 5X Build/MMB29P) AppleWebKit/537.36 (KHTML, like Gecko) Chrome/151.0.7922.173 Mobile Safari/537.36 (compatible; Googlebot/2.1; +http://www.google.com/bot.html)"
66.249.73.64 - - [05/Sep/2026:13:05:54 +0000] "GET /?e=2910881762503 HTTP/1.1" 200 242242 "-" "Mozilla/5.0 (Linux; Android 6.0.1; Nexus 5X Build/MMB29P) AppleWebKit/537.36 (KHTML, like Gecko) Chrome/151.0.7922.173 Mobile Safari/537.36 (compatible; Googlebot/2.1; +http://www.google.com/bot.html)"
66.249.73.65 - - [05/Sep/2026:13:05:56 +0000] "GET /?e=8332067222111 HTTP/1.1" 200 251847 "-" "Mozilla/5.0 (Linux; Android 6.0.1; Nexus 5X Build/MMB29P) AppleWebKit/537.36 (KHTML, like Gecko) Chrome/151.0.7922.173 Mobile Safari/537.36 (compatible; Googlebot/2.1; +http://www.google.com/bot.html)"
66.249.73.69 - - [05/Sep/2026:13:05:56 +0000] "GET /?e=23186116896100 HTTP/1.1" 200 256281 "-" "Mozilla/5.0 (Linux; Android 6.0.1; Nexus 5X Build/MMB29P) AppleWebKit/537.36 (KHTML, like Gecko) Chrome/151.0.7922.173 Mobile Safari/537.36 (compatible; Googlebot/2.1; +http://www.google.com/bot.html)"
66.249.73.72 - - [05/Sep/2026:13:05:57 +0000] "GET /?e=8415670169204 HTTP/1.1" 200 243864 "-" "Mozilla/5.0 (Linux; Android 6.0.1; Nexus 5X Build/MMB29P) AppleWebKit/537.36 (KHTML, like Gecko) Chrome/151.0.7922.173 Mobile Safari/537.36 (compatible; Googlebot/2.1; +http://www.google.com/bot.html)"
66.249.73.71 - - [05/Sep/2026:13:05:57 +0000] "GET /?e=11178189692404 HTTP/1.1" 200 239597 "-" "Mozilla/5.0 (Linux; Android 6.0.1; Nexus 5X Build/MMB29P) AppleWebKit/537.36 (KHTML, like Gecko) Chrome/151.0.7922.173 Mobile Safari/537.36 (compatible; Googlebot/2.1; +http://www.google.com/bot.html)"
66.249.73.70 - - [05/Sep/2026:13:05:57 +0000] "GET /?e=12208101575302 HTTP/1.1" 200 252847 "-" "Mozilla/5.0 (Linux; Android 6.0.1; Nexus 5X Build/MMB29P) AppleWebKit/537.36 (KHTML, like Gecko) Chrome/151.0.7922.173 Mobile Safari/537.36 (compatible; Googlebot/2.1; +http://www.google.com/bot.html)"
66.249.73.70 - - [05/Sep/2026:13:05:58 +0000] "GET /?e=13419106164401 HTTP/1.1" 200 238847 "-" "Mozilla/5.0 (Linux; Android 6.0.1; Nexus 5X Build/MMB29P) AppleWebKit/537.36 (KHTML, like Gecko) Chrome/151.0.7922.173 Mobile Safari/537.36 (compatible; Googlebot/2.1; +http://www.google.com/bot.html)"
66.249.73.69 - - [05/Sep/2026:13:05:58 +0000] "GET /?e=3059475093800 HTTP/1.1" 200 251242 "-" "Mozilla/5.0 (Linux; Android 6.0.1; Nexus 5X Build/MMB29P) AppleWebKit/537.36 (KHTML, like Gecko) Chrome/151.0.7922.173 Mobile Safari/537.36 (compatible; Googlebot/2.1; +http://www.google.com/bot.html)"
66.249.73.64 - - [05/Sep/2026:13:06:00 +0000] "GET /?e=4989796874808 HTTP/1.1" 200 236497 "-" "Mozilla/5.0 (Linux; Android 6.0.1; Nexus 5X Build/MMB29P) AppleWebKit/537.36 (KHTML, like Gecko) Chrome/151.0.7922.173 Mobile Safari/537.36 (compatible; Googlebot/2.1; +http://www.google.com/bot.html)"
106.222.249.187 - - [05/Sep/2026:13:06:00 +0000] "POST /xmlrpc.php HTTP/1.1" 200 403 "-" "Jetpack by WordPress.com"
66.249.73.70 - - [05/Sep/2026:13:06:00 +0000] "GET /?e=1521956744402 HTTP/1.1" 200 249055 "-" "Mozilla/5.0 (Linux; Android 6.0.1; Nexus 5X Build/MMB29P) AppleWebKit/537.36 (KHTML, like Gecko) Chrome/151.0.7922.173 Mobile Safari/537.36 (compatible; Googlebot/2.1; +http://www.google.com/bot.html)"
66.249.73.67 - - [05/Sep/2026:13:06:00 +0000] "GET /?e=30172191959401 HTTP/1.1" 200 242154 "-" "Mozilla/5.0 (Linux; Android 6.0.1; Nexus 5X Build/MMB29P) AppleWebKit/537.36 (KHTML, like Gecko) Chrome/151.0.7922.173 Mobile Safari/537.36 (compatible; Googlebot/2.1; +http://www.google.com/bot.html)"
66.249.73.73 - - [05/Sep/2026:13:06:01 +0000] "GET /?e=5273074988510 HTTP/1.1" 200 242761 "-" "Mozilla/5.0 (Linux; Android 6.0.1; Nexus 5X Build/MMB29P) AppleWebKit/537.36 (KHTML, like Gecko) Chrome/151.0.7922.173 Mobile Safari/537.36 (compatible; Googlebot/2.1; +http://www.google.com/bot.html)"
66.249.73.72 - - [05/Sep/2026:13:06:02 +0000] "GET /?e=7851530692504 HTTP/1.1" 200 248378 "-" "Mozilla/5.0 (Linux; Android 6.0.1; Nexus 5X Build/MMB29P) AppleWebKit/537.36 (KHTML, like Gecko) Chrome/151.0.7922.173 Mobile Safari/537.36 (compatible; Googlebot/2.1; +http://www.google.com/bot.html)"
66.249.73.102 - - [05/Sep/2026:13:06:03 +0000] "GET /?e=778816748408 HTTP/1.1" 200 236130 "-" "Mozilla/5.0 (Linux; Android 6.0.1; Nexus 5X Build/MMB29P) AppleWebKit/537.36 (KHTML, like Gecko) Chrome/151.0.7922.173 Mobile Safari/537.36 (compatible; Googlebot/2.1; +http://www.google.com/bot.html)"
66.249.73.64 - - [05/Sep/2026:13:06:03 +0000] "GET /?e=7274035336603 HTTP/1.1" 200 247150 "-" "Mozilla/5.0 (Linux; Android 6.0.1; Nexus 5X Build/MMB29P) AppleWebKit/537.36 (KHTML, like Gecko) Chrome/151.0.7922.173 Mobile Safari/537.36 (compatible; Googlebot/2.1; +http://www.google.com/bot.html)"
66.249.73.71 - - [05/Sep/2026:13:06:03 +0000] "GET /?e=7461175011600 HTTP/1.1" 200 241143 "-" "Mozilla/5.0 (Linux; Android 6.0.1; Nexus 5X Build/MMB29P) AppleWebKit/537.36 (KHTML, like Gecko) Chrome/151.0.7922.173 Mobile Safari/537.36 (compatible; Googlebot/2.1; +http://www.google.com/bot.html)"
66.249.73.102 - - [05/Sep/2026:13:06:03 +0000] "GET /kaden/mtalk/?sku=87414095 HTTP/1.1" 200 244890 "-" "Mozilla/5.0 (Linux; Android 6.0.1; Nexus 5X Build/MMB29P) AppleWebKit/537.36 (KHTML, like Gecko) Chrome/151.0.7922.173 Mobile Safari/537.36 (compatible; Googlebot/2.1; +http://www.google.com/bot.html)"
66.249.73.69 - - [05/Sep/2026:13:06:05 +0000] "GET /?e=0029581004424 HTTP/1.1" 200 239153 "-" "Mozilla/5.0 (Linux; Android 6.0.1; Nexus 5X Build/MMB29P) AppleWebKit/537.36 (KHTML, like Gecko) Chrome/151.0.7922.173 Mobile Safari/537.36 (compatible; Googlebot/2.1; +http://www.google.com/bot.html)"
66.249.73.67 - - [05/Sep/2026:13:06:05 +0000] "GET /?e=1860225477601 HTTP/1.1" 200 240062 "-" "Mozilla/5.0 (Linux; Android 6.0.1; Nexus 5X Build/MMB29P) AppleWebKit/537.36 (KHTML, like Gecko) Chrome/151.0.7922.173 Mobile Safari/537.36 (compatible; Googlebot/2.1; +http://www.google.com/bot.html)"
45.161.5.51 - - [05/Sep/2026:13:06:06 +0000] "GET /wp-includes/rest-api/endpoints/class-wp-rest-controller.php HTTP/1.1" 200 - "-" "Mozilla/5.0 (Macintosh; Intel Mac OS X 10_15_7) AppleWebKit/537.36 (KHTML, like Gecko) Chrome/119.0.0.0 Safari/537.36"
66.249.77.229 - - [05/Sep/2026:13:06:06 +0000] "GET /?e=0574043930505 HTTP/1.1" 200 239457 "-" "Mozilla/5.0 (Linux; Android 6.0.1; Nexus 5X Build/MMB29P) AppleWebKit/537.36 (KHTML, like Gecko) Chrome/151.0.7922.173 Mobile Safari/537.36 (compatible; Googlebot/2.1; +http://www.google.com/bot.html)"
66.249.73.64 - - [05/Sep/2026:13:06:07 +0000] "GET /?e=16222169727002 HTTP/1.1" 200 248098 "-" "Mozilla/5.0 (Linux; Android 6.0.1; Nexus 5X Build/MMB29P) AppleWebKit/537.36 (KHTML, like Gecko) Chrome/151.0.7922.173 Mobile Safari/537.36 (compatible; Googlebot/2.1; +http://www.google.com/bot.html)"
66.249.73.71 - - [05/Sep/2026:13:06:10 +0000] "GET /?e=52288151577601 HTTP/1.1" 200 245932 "-" "Mozilla/5.0 (Linux; Android 6.0.1; Nexus 5X Build/MMB29P) AppleWebKit/537.36 (KHTML, like Gecko) Chrome/151.0.7922.173 Mobile Safari/537.36 (compatible; Googlebot/2.1; +http://www.google.com/bot.html)"
106.222.249.187 - - [05/Sep/2026:13:06:10 +0000] "POST /xmlrpc.php HTTP/1.1" 200 403 "-" "Jetpack by WordPress.com"
66.249.73.73 - - [05/Sep/2026:13:06:12 +0000] "GET /?e=1493085660001 HTTP/1.1" 200 246403 "-" "Mozilla/5.0 (Linux; Android 6.0.1; Nexus 5X Build/MMB29P) AppleWebKit/537.36 (KHTML, like Gecko) Chrome/151.0.7922.173 Mobile Safari/537.36 (compatible; Googlebot/2.1; +http://www.google.com/bot.html)"
66.249.73.65 - - [05/Sep/2026:13:06:14 +0000] "GET /?e=2121298448606 HTTP/1.1" 200 238969 "-" "Mozilla/5.0 (Linux; Android 6.0.1; Nexus 5X Build/MMB29P) AppleWebKit/537.36 (KHTML, like Gecko) Chrome/151.0.7922.173 Mobile Safari/537.36 (compatible; Googlebot/2.1; +http://www.google.com/bot.html)"
57.141.4.16 - - [05/Sep/2026:13:06:15 +0000] "GET /products/13f2036856 HTTP/1.1" 301 - "-" "Mozilla/5.0 (Macintosh; Intel Mac OS X 10_15_7) AppleWebKit/537.36 (KHTML, like Gecko) Chrome/145.0.0.0 Safari/537.36 (compatible; meta-externalagent/1.1 (+https://developers.facebook.com/docs/sharing/webmasters/crawler))"
57.141.18.23 - - [05/Sep/2026:13:06:16 +0000] "GET / HTTP/1.1" 200 96969 "-" "facebookexternalhit/1.1 (+http://www.facebook.com/externalhit_uatext.php)"
57.141.4.64 - - [05/Sep/2026:13:06:16 +0000] "GET /products/13f2036856 HTTP/1.1" 404 35692 "-" "Mozilla/5.0 (Macintosh; Intel Mac OS X 10_15_7) AppleWebKit/537.36 (KHTML, like Gecko) Chrome/145.0.0.0 Safari/537.36 (compatible; meta-externalagent/1.1 (+https://developers.facebook.com/docs/sharing/webmasters/crawler))"
57.141.4.64 - - [05/Sep/2026:13:06:17 +0000] "GET /products/e201664112 HTTP/1.1" 301 - "-" "Mozilla/5.0 (Macintosh; Intel Mac OS X 10_15_7) AppleWebKit/537.36 (KHTML, like Gecko) Chrome/145.0.0.0 Safari/537.36 (compatible; meta-externalagent/1.1 (+https://developers.facebook.com/docs/sharing/webmasters/crawler))"
66.249.73.66 - - [05/Sep/2026:13:06:17 +0000] "GET /?e=39797201984707 HTTP/1.1" 200 237933 "-" "Mozilla/5.0 (Linux; Android 6.0.1; Nexus 5X Build/MMB29P) AppleWebKit/537.36 (KHTML, like Gecko) Chrome/151.0.7922.173 Mobile Safari/537.36 (compatible; Googlebot/2.1; +http://www.google.com/bot.html)"
66.249.73.71 - - [05/Sep/2026:13:06:19 +0000] "GET /?e=02700208147703 HTTP/1.1" 200 241084 "-" "Mozilla/5.0 (Linux; Android 6.0.1; Nexus 5X Build/MMB29P) AppleWebKit/537.36 (KHTML, like Gecko) Chrome/151.0.7922.173 Mobile Safari/537.36 (compatible; Googlebot/2.1; +http://www.google.com/bot.html)"
57.141.4.41 - - [05/Sep/2026:13:06:19 +0000] "GET /products/e201664112 HTTP/1.1" 404 35692 "-" "Mozilla/5.0 (Macintosh; Intel Mac OS X 10_15_7) AppleWebKit/537.36 (KHTML, like Gecko) Chrome/145.0.0.0 Safari/537.36 (compatible; meta-externalagent/1.1 (+https://developers.facebook.com/docs/sharing/webmasters/crawler))"
66.249.73.73 - - [05/Sep/2026:13:06:19 +0000] "GET /?e=7917728085803 HTTP/1.1" 200 242832 "-" "Mozilla/5.0 (Linux; Android 6.0.1; Nexus 5X Build/MMB29P) AppleWebKit/537.36 (KHTML, like Gecko) Chrome/151.0.7922.173 Mobile Safari/537.36 (compatible; Googlebot/2.1; +http://www.google.com/bot.html)"
66.249.73.73 - - [05/Sep/2026:13:06:19 +0000] "GET /?e=9988477169203 HTTP/1.1" 200 242773 "-" "Mozilla/5.0 (Linux; Android 6.0.1; Nexus 5X Build/MMB29P) AppleWebKit/537.36 (KHTML, like Gecko) Chrome/151.0.7922.173 Mobile Safari/537.36 (compatible; Googlebot/2.1; +http://www.google.com/bot.html)"
66.249.73.65 - - [05/Sep/2026:13:06:20 +0000] "GET /?e=15187179448610 HTTP/1.1" 200 247212 "-" "Mozilla/5.0 (Linux; Android 6.0.1; Nexus 5X Build/MMB29P) AppleWebKit/537.36 (KHTML, like Gecko) Chrome/151.0.7922.173 Mobile Safari/537.36 (compatible; Googlebot/2.1; +http://www.google.com/bot.html)"
66.249.73.72 - - [05/Sep/2026:13:06:20 +0000] "GET /?e=0611976897200 HTTP/1.1" 200 248567 "-" "Mozilla/5.0 (Linux; Android 6.0.1; Nexus 5X Build/MMB29P) AppleWebKit/537.36 (KHTML, like Gecko) Chrome/151.0.7922.173 Mobile Safari/537.36 (compatible; Googlebot/2.1; +http://www.google.com/bot.html)"
66.249.73.70 - - [05/Sep/2026:13:06:20 +0000] "GET /?e=52885163198800 HTTP/1.1" 200 238523 "-" "Mozilla/5.0 (Linux; Android 6.0.1; Nexus 5X Build/MMB29P) AppleWebKit/537.36 (KHTML, like Gecko) Chrome/151.0.7922.173 Mobile Safari/537.36 (compatible; Googlebot/2.1; +http://www.google.com/bot.html)"
106.222.249.187 - - [05/Sep/2026:13:06:21 +0000] "POST /xmlrpc.php HTTP/1.1" 200 403 "-" "Jetpack/12.0; WordPress/6.1; http://site41668675.com"
66.249.73.65 - - [05/Sep/2026:13:06:22 +0000] "GET /?e=995233507606 HTTP/1.1" 200 239068 "-" "Mozilla/5.0 (Linux; Android 6.0.1; Nexus 5X Build/MMB29P) AppleWebKit/537.36 (KHTML, like Gecko) Chrome/151.0.7922.173 Mobile Safari/537.36 (compatible; Googlebot/2.1; +http://www.google.com/bot.html)"
66.249.73.71 - - [05/Sep/2026:13:06:26 +0000] "GET /?e=0874277335206 HTTP/1.1" 200 235942 "-" "Mozilla/5.0 (Linux; Android 6.0.1; Nexus 5X Build/MMB29P) AppleWebKit/537.36 (KHTML, like Gecko) Chrome/151.0.7922.173 Mobile Safari/537.36 (compatible; Googlebot/2.1; +http://www.google.com/bot.html)"
57.141.4.52 - - [05/Sep/2026:13:06:26 +0000] "GET /products/4003270818 HTTP/1.1" 301 - "-" "Mozilla/5.0 (X11; Linux x86_64) AppleWebKit/537.36 (KHTML, like Gecko) Chrome/145.0.0.0 Safari/537.36 (compatible; meta-externalagent/1.1 (+https://developers.facebook.com/docs/sharing/webmasters/crawler))"
57.141.4.57 - - [05/Sep/2026:13:06:28 +0000] "GET /products/4003270818 HTTP/1.1" 404 35692 "-" "Mozilla/5.0 (X11; Linux x86_64) AppleWebKit/537.36 (KHTML, like Gecko) Chrome/145.0.0.0 Safari/537.36 (compatible; meta-externalagent/1.1 (+https://developers.facebook.com/docs/sharing/webmasters/crawler))"
66.249.73.73 - - [05/Sep/2026:13:06:28 +0000] "GET /?e=41011196174501 HTTP/1.1" 200 238707 "-" "Mozilla/5.0 (Linux; Android 6.0.1; Nexus 5X Build/MMB29P) AppleWebKit/537.36 (KHTML, like Gecko) Chrome/151.0.7922.173 Mobile Safari/537.36 (compatible; Googlebot/2.1; +http://www.google.com/bot.html)"
66.249.73.72 - - [05/Sep/2026:13:06:29 +0000] "GET /?e=3441850553100 HTTP/1.1" 200 248783 "-" "Mozilla/5.0 (Linux; Android 6.0.1; Nexus 5X Build/MMB29P) AppleWebKit/537.36 (KHTML, like Gecko) Chrome/151.0.7922.173 Mobile Safari/537.36 (compatible; Googlebot/2.1; +http://www.google.com/bot.html)"
66.249.73.70 - - [05/Sep/2026:13:06:30 +0000] "GET /?e=23691122706614 HTTP/1.1" 200 245099 "-" "Mozilla/5.0 (Linux; Android 6.0.1; Nexus 5X Build/MMB29P) AppleWebKit/537.36 (KHTML, like Gecko) Chrome/151.0.7922.173 Mobile Safari/537.36 (compatible; Googlebot/2.1; +http://www.google.com/bot.html)"
66.249.73.64 - - [05/Sep/2026:13:06:31 +0000] "GET /?e=58119176617911 HTTP/1.1" 200 242853 "-" "Mozilla/5.0 (Linux; Android 6.0.1; Nexus 5X Build/MMB29P) AppleWebKit/537.36 (KHTML, like Gecko) Chrome/151.0.7922.173 Mobile Safari/537.36 (compatible; Googlebot/2.1; +http://www.google.com/bot.html)"
106.222.249.187 - - [05/Sep/2026:13:06:31 +0000] "POST /xmlrpc.php HTTP/1.1" 200 403 "-" "WordPress.com; https://wordpress.com"
57.141.4.49 - - [05/Sep/2026:13:06:32 +0000] "GET /products/6774270355 HTTP/1.1" 301 - "-" "Mozilla/5.0 (Macintosh; Intel Mac OS X 10_15_7) AppleWebKit/537.36 (KHTML, like Gecko) Chrome/145.0.0.0 Safari/537.36 (compatible; meta-externalagent/1.1 (+https://developers.facebook.com/docs/sharing/webmasters/crawler))"
66.249.73.71 - - [05/Sep/2026:13:06:33 +0000] "GET /?e=14408117583101 HTTP/1.1" 200 255191 "-" "Mozilla/5.0 (Linux; Android 6.0.1; Nexus 5X Build/MMB29P) AppleWebKit/537.36 (KHTML, like Gecko) Chrome/151.0.7922.173 Mobile Safari/537.36 (compatible; Googlebot/2.1; +http://www.google.com/bot.html)"
57.141.4.16 - - [05/Sep/2026:13:06:33 +0000] "GET /products/6774270355 HTTP/1.1" 404 35692 "-" "Mozilla/5.0 (Macintosh; Intel Mac OS X 10_15_7) AppleWebKit/537.36 (KHTML, like Gecko) Chrome/145.0.0.0 Safari/537.36 (compatible; meta-externalagent/1.1 (+https://developers.facebook.com/docs/sharing/webmasters/crawler))"
66.249.73.70 - - [05/Sep/2026:13:06:37 +0000] "GET /?e=28461121469505 HTTP/1.1" 200 242019 "-" "Mozilla/5.0 (Linux; Android 6.0.1; Nexus 5X Build/MMB29P) AppleWebKit/537.36 (KHTML, like Gecko) Chrome/151.0.7922.173 Mobile Safari/537.36 (compatible; Googlebot/2.1; +http://www.google.com/bot.html)"
66.249.73.73 - - [05/Sep/2026:13:06:37 +0000] "GET /?e=0274615102101 HTTP/1.1" 200 240022 "-" "Mozilla/5.0 (Linux; Android 6.0.1; Nexus 5X Build/MMB29P) AppleWebKit/537.36 (KHTML, like Gecko) Chrome/151.0.7922.173 Mobile Safari/537.36 (compatible; Googlebot/2.1; +http://www.google.com/bot.html)"
66.249.73.73 - - [05/Sep/2026:13:06:38 +0000] "GET /?e=55714183291100 HTTP/1.1" 200 259357 "-" "Mozilla/5.0 (Linux; Android 6.0.1; Nexus 5X Build/MMB29P) AppleWebKit/537.36 (KHTML, like Gecko) Chrome/151.0.7922.173 Mobile Safari/537.36 (compatible; Googlebot/2.1; +http://www.google.com/bot.html)"
66.249.73.64 - - [05/Sep/2026:13:06:38 +0000] "GET /?e=9460860332107 HTTP/1.1" 200 251722 "-" "Mozilla/5.0 (Linux; Android 6.0.1; Nexus 5X Build/MMB29P) AppleWebKit/537.36 (KHTML, like Gecko) Chrome/151.0.7922.173 Mobile Safari/537.36 (compatible; Googlebot/2.1; +http://www.google.com/bot.html)"
66.249.73.64 - - [05/Sep/2026:13:06:39 +0000] "GET /?e=1805640112100 HTTP/1.1" 200 257625 "-" "Mozilla/5.0 (Linux; Android 6.0.1; Nexus 5X Build/MMB29P) AppleWebKit/537.36 (KHTML, like Gecko) Chrome/151.0.7922.173 Mobile Safari/537.36 (compatible; Googlebot/2.1; +http://www.google.com/bot.html)"
66.249.73.72 - - [05/Sep/2026:13:06:39 +0000] "GET /?e=8641436764106 HTTP/1.1" 200 243021 "-" "Mozilla/5.0 (Linux; Android 6.0.1; Nexus 5X Build/MMB29P) AppleWebKit/537.36 (KHTML, like Gecko) Chrome/151.0.7922.173 Mobile Safari/537.36 (compatible; Googlebot/2.1; +http://www.google.com/bot.html)"
66.249.73.64 - - [05/Sep/2026:13:06:39 +0000] "GET /?e=48037110784003 HTTP/1.1" 200 246788 "-" "Mozilla/5.0 (Linux; Android 6.0.1; Nexus 5X Build/MMB29P) AppleWebKit/537.36 (KHTML, like Gecko) Chrome/151.0.7922.173 Mobile Safari/537.36 (compatible; Googlebot/2.1; +http://www.google.com/bot.html)"
66.249.73.71 - - [05/Sep/2026:13:06:40 +0000] "GET /?e=04329176380800 HTTP/1.1" 200 239699 "-" "Mozilla/5.0 (Linux; Android 6.0.1; Nexus 5X Build/MMB29P) AppleWebKit/537.36 (KHTML, like Gecko) Chrome/151.0.7922.173 Mobile Safari/537.36 (compatible; Googlebot/2.1; +http://www.google.com/bot.html)"
66.249.73.73 - - [05/Sep/2026:13:06:40 +0000] "GET /?e=89129187868205 HTTP/1.1" 200 250967 "-" "Mozilla/5.0 (Linux; Android 6.0.1; Nexus 5X Build/MMB29P) AppleWebKit/537.36 (KHTML, like Gecko) Chrome/151.0.7922.173 Mobile Safari/537.36 (compatible; Googlebot/2.1; +http://www.google.com/bot.html)"
106.129.39.19 - - [05/Sep/2026:13:06:41 +0000] "GET /?e=75974205852700 HTTP/1.1" 200 96969 "-" "Mozilla/5.0 (iPhone; CPU iPhone OS 26_6_1 like Mac OS X) AppleWebKit/605.1.15 (KHTML, like Gecko) GSA/436.4.969249353 Mobile/15E148 Safari/604.1"
106.222.249.187 - - [05/Sep/2026:13:06:42 +0000] "POST /xmlrpc.php HTTP/1.1" 200 403 "-" "Jetpack by WordPress.com (Jetpack 12.1; WordPress 6.3)"
106.129.39.19 - - [05/Sep/2026:13:06:42 +0000] "GET /wp-content/themes/engitech/css/slick-theme.css?ver=7.1 HTTP/1.1" 200 2481 "https://www.techbala.com/?e=75974205852700" "Mozilla/5.0 (iPhone; CPU iPhone OS 26_6_1 like Mac OS X) AppleWebKit/605.1.15 (KHTML, like Gecko) GSA/436.4.969249353 Mobile/15E148 Safari/604.1"
106.129.39.19 - - [05/Sep/2026:13:06:42 +0000] "GET /wp-content/themes/engitech/css/magnific-popup.css?ver=7.1 HTTP/1.1" 200 6367 "https://www.techbala.com/?e=75974205852700" "Mozilla/5.0 (iPhone; CPU iPhone OS 26_6_1 like Mac OS X) AppleWebKit/605.1.15 (KHTML, like Gecko) GSA/436.4.969249353 Mobile/15E148 Safari/604.1"
106.129.39.19 - - [05/Sep/2026:13:06:42 +0000] "GET /wp-content/plugins/contact-form-7/includes/css/styles.css?ver=6.1.7 HTTP/1.1" 200 2979 "https://www.techbala.com/?e=75974205852700" "Mozilla/5.0 (iPhone; CPU iPhone OS 26_6_1 like Mac OS X) AppleWebKit/605.1.15 (KHTML, like Gecko) GSA/436.4.969249353 Mobile/15E148 Safari/604.1"
106.129.39.19 - - [05/Sep/2026:13:06:42 +0000] "GET /wp-content/themes/engitech/css/slick.css?ver=7.1 HTTP/1.1" 200 1794 "https://www.techbala.com/?e=75974205852700" "Mozilla/5.0 (iPhone; CPU iPhone OS 26_6_1 like Mac OS X) AppleWebKit/605.1.15 (KHTML, like Gecko) GSA/436.4.969249353 Mobile/15E148 Safari/604.1"
106.129.39.19 - - [05/Sep/2026:13:06:42 +0000] "GET /wp-content/themes/engitech/css/font-awesome.min.css?ver=7.1 HTTP/1.1" 200 57130 "https://www.techbala.com/?e=75974205852700" "Mozilla/5.0 (iPhone; CPU iPhone OS 26_6_1 like Mac OS X) AppleWebKit/605.1.15 (KHTML, like Gecko) GSA/436.4.969249353 Mobile/15E148 Safari/604.1"
106.129.39.19 - - [05/Sep/2026:13:06:42 +0000] "GET /wp-content/themes/engitech/css/bootstrap.css?ver=4.0 HTTP/1.1" 200 12229 "https://www.techbala.com/?e=75974205852700" "Mozilla/5.0 (iPhone; CPU iPhone OS 26_6_1 like Mac OS X) AppleWebKit/605.1.15 (KHTML, like Gecko) GSA/436.4.969249353 Mobile/15E148 Safari/604.1"
106.129.39.19 - - [05/Sep/2026:13:06:43 +0000] "GET /wp-content/themes/engitech/css/flaticon.css?ver=7.1 HTTP/1.1" 200 3816 "https://www.techbala.com/?e=75974205852700" "Mozilla/5.0 (iPhone; CPU iPhone OS 26_6_1 like Mac OS X) AppleWebKit/605.1.15 (KHTML, like Gecko) GSA/436.4.969249353 Mobile/15E148 Safari/604.1"
106.129.39.19 - - [05/Sep/2026:13:06:43 +0000] "GET /wp-content/themes/engitech/style.css?ver=7.1 HTTP/1.1" 200 164791 "https://www.techbala.com/?e=75974205852700" "Mozilla/5.0 (iPhone; CPU iPhone OS 26_6_1 like Mac OS X) AppleWebKit/605.1.15 (KHTML, like Gecko) GSA/436.4.969249353 Mobile/15E148 Safari/604.1"
106.129.39.19 - - [05/Sep/2026:13:06:43 +0000] "GET /wp-content/themes/engitech/inc/backend/css/simple-likes-public.css?ver=7.1 HTTP/1.1" 200 2310 "https://www.techbala.com/?e=75974205852700" "Mozilla/5.0 (iPhone; CPU iPhone OS 26_6_1 like Mac OS X) AppleWebKit/605.1.15 (KHTML, like Gecko) GSA/436.4.969249353 Mobile/15E148 Safari/604.1"
106.129.39.19 - - [05/Sep/2026:13:06:43 +0000] "GET /wp-content/plugins/elementor/assets/lib/eicons/css/elementor-icons.min.css?ver=5.53.0 HTTP/1.1" 200 22258 "https://www.techbala.com/?e=75974205852700" "Mozilla/5.0 (iPhone; CPU iPhone OS 26_6_1 like Mac OS X) AppleWebKit/605.1.15 (KHTML, like Gecko) GSA/436.4.969249353 Mobile/15E148 Safari/604.1"
106.129.39.19 - - [05/Sep/2026:13:06:43 +0000] "GET /wp-content/plugins/elementor/assets/css/frontend.min.css?ver=4.2.4 HTTP/1.1" 200 54666 "https://www.techbala.com/?e=75974205852700" "Mozilla/5.0 (iPhone; CPU iPhone OS 26_6_1 like Mac OS X) AppleWebKit/605.1.15 (KHTML, like Gecko) GSA/436.4.969249353 Mobile/15E148 Safari/604.1"
106.129.39.19 - - [05/Sep/2026:13:06:43 +0000] "GET /wp-content/uploads/elementor/css/post-7.css?ver=1788412929 HTTP/1.1" 200 1197 "https://www.techbala.com/?e=75974205852700" "Mozilla/5.0 (iPhone; CPU iPhone OS 26_6_1 like Mac OS X) AppleWebKit/605.1.15 (KHTML, like Gecko) GSA/436.4.969249353 Mobile/15E148 Safari/604.1"
106.129.39.19 - - [05/Sep/2026:13:06:43 +0000] "GET /wp-content/uploads/2021/07/illustration1-300x259-1.png HTTP/1.1" 200 90560 "https://www.techbala.com/" "Mozilla/5.0 (iPhone; CPU iPhone OS 26_6_1 like Mac OS X) AppleWebKit/605.1.15 (KHTML, like Gecko) GSA/436.4.969249353 Mobile/15E148 Safari/604.1"
106.129.39.19 - - [05/Sep/2026:13:06:43 +0000] "GET /wp-content/plugins/elementor/assets/css/widget-image.min.css?ver=4.2.4 HTTP/1.1" 200 214 "https://www.techbala.com/?e=75974205852700" "Mozilla/5.0 (iPhone; CPU iPhone OS 26_6_1 like Mac OS X) AppleWebKit/605.1.15 (KHTML, like Gecko) GSA/436.4.969249353 Mobile/15E148 Safari/604.1"
106.129.39.19 - - [05/Sep/2026:13:06:43 +0000] "GET /wp-content/plugins/elementor/assets/css/widget-image-box.min.css?ver=4.2.4 HTTP/1.1" 200 1657 "https://www.techbala.com/?e=75974205852700" "Mozilla/5.0 (iPhone; CPU iPhone OS 26_6_1 like Mac OS X) AppleWebKit/605.1.15 (KHTML, like Gecko) GSA/436.4.969249353 Mobile/15E148 Safari/604.1"
106.129.39.19 - - [05/Sep/2026:13:06:43 +0000] "GET /wp-content/plugins/elementor/assets/css/widget-heading.min.css?ver=4.2.4 HTTP/1.1" 200 560 "https://www.techbala.com/?e=75974205852700" "Mozilla/5.0 (iPhone; CPU iPhone OS 26_6_1 like Mac OS X) AppleWebKit/605.1.15 (KHTML, like Gecko) GSA/436.4.969249353 Mobile/15E148 Safari/604.1"
106.129.39.19 - - [05/Sep/2026:13:06:43 +0000] "GET /wp-content/uploads/elementor/css/post-2544.css?ver=1788412930 HTTP/1.1" 200 34162 "https://www.techbala.com/?e=75974205852700" "Mozilla/5.0 (iPhone; CPU iPhone OS 26_6_1 like Mac OS X) AppleWebKit/605.1.15 (KHTML, like Gecko) GSA/436.4.969249353 Mobile/15E148 Safari/604.1"
106.129.39.19 - - [05/Sep/2026:13:06:43 +0000] "GET /wp-includes/js/jquery/jquery.min.js?ver=3.7.1 HTTP/1.1" 200 87553 "https://www.techbala.com/?e=75974205852700" "Mozilla/5.0 (iPhone; CPU iPhone OS 26_6_1 like Mac OS X) AppleWebKit/605.1.15 (KHTML, like Gecko) GSA/436.4.969249353 Mobile/15E148 Safari/604.1"
106.129.39.19 - - [05/Sep/2026:13:06:43 +0000] "GET /wp-content/uploads/2021/07/illustration14-300x300-1.png HTTP/1.1" 200 78075 "https://www.techbala.com/" "Mozilla/5.0 (iPhone; CPU iPhone OS 26_6_1 like Mac OS X) AppleWebKit/605.1.15 (KHTML, like Gecko) GSA/436.4.969249353 Mobile/15E148 Safari/604.1"
106.129.39.19 - - [05/Sep/2026:13:06:43 +0000] "GET /wp-includes/js/jquery/jquery-migrate.min.js?ver=3.4.1 HTTP/1.1" 200 13577 "https://www.techbala.com/?e=75974205852700" "Mozilla/5.0 (iPhone; CPU iPhone OS 26_6_1 like Mac OS X) AppleWebKit/605.1.15 (KHTML, like Gecko) GSA/436.4.969249353 Mobile/15E148 Safari/604.1"
106.129.39.19 - - [05/Sep/2026:13:06:44 +0000] "GET /wp-content/themes/engitech/inc/backend/js/simple-likes-public.js?ver=0.5 HTTP/1.1" 200 1354 "https://www.techbala.com/?e=75974205852700" "Mozilla/5.0 (iPhone; CPU iPhone OS 26_6_1 like Mac OS X) AppleWebKit/605.1.15 (KHTML, like Gecko) GSA/436.4.969249353 Mobile/15E148 Safari/604.1"
106.129.39.19 - - [05/Sep/2026:13:06:43 +0000] "GET /wp-content/uploads/2021/07/illustration3-300x300-1.png HTTP/1.1" 200 88691 "https://www.techbala.com/" "Mozilla/5.0 (iPhone; CPU iPhone OS 26_6_1 like Mac OS X) AppleWebKit/605.1.15 (KHTML, like Gecko) GSA/436.4.969249353 Mobile/15E148 Safari/604.1"
106.129.39.19 - - [05/Sep/2026:13:06:44 +0000] "GET /wp-content/uploads/2021/07/illustration24-300x290-1.png HTTP/1.1" 200 68119 "https://www.techbala.com/" "Mozilla/5.0 (iPhone; CPU iPhone OS 26_6_1 like Mac OS X) AppleWebKit/605.1.15 (KHTML, like Gecko) GSA/436.4.969249353 Mobile/15E148 Safari/604.1"
106.129.39.19 - - [05/Sep/2026:13:06:43 +0000] "GET /wp-content/uploads/elementor/google-fonts/css/roboto.css?ver=1745358293 HTTP/1.1" 404 35692 "https://www.techbala.com/?e=75974205852700" "Mozilla/5.0 (iPhone; CPU iPhone OS 26_6_1 like Mac OS X) AppleWebKit/605.1.15 (KHTML, like Gecko) GSA/436.4.969249353 Mobile/15E148 Safari/604.1"
106.129.39.19 - - [05/Sep/2026:13:06:43 +0000] "GET /wp-content/uploads/elementor/google-fonts/css/robotoslab.css?ver=1745358295 HTTP/1.1" 404 35692 "https://www.techbala.com/?e=75974205852700" "Mozilla/5.0 (iPhone; CPU iPhone OS 26_6_1 like Mac OS X) AppleWebKit/605.1.15 (KHTML, like Gecko) GSA/436.4.969249353 Mobile/15E148 Safari/604.1"
106.129.39.19 - - [05/Sep/2026:13:06:43 +0000] "GET /wp-content/uploads/elementor/google-fonts/css/inter.css?ver=1745358300 HTTP/1.1" 404 35692 "https://www.techbala.com/?e=75974205852700" "Mozilla/5.0 (iPhone; CPU iPhone OS 26_6_1 like Mac OS X) AppleWebKit/605.1.15 (KHTML, like Gecko) GSA/436.4.969249353 Mobile/15E148 Safari/604.1"
106.129.39.19 - - [05/Sep/2026:13:06:43 +0000] "GET /wp-content/uploads/elementor/google-fonts/css/nunitosans.css?ver=1745358303 HTTP/1.1" 404 35692 "https://www.techbala.com/?e=75974205852700" "Mozilla/5.0 (iPhone; CPU iPhone OS 26_6_1 like Mac OS X) AppleWebKit/605.1.15 (KHTML, like Gecko) GSA/436.4.969249353 Mobile/15E148 Safari/604.1"
106.129.39.19 - - [05/Sep/2026:13:06:44 +0000] "GET /wp-content/uploads/2021/01/image1-home6.png HTTP/1.1" 200 218286 "https://www.techbala.com/?e=75974205852700" "Mozilla/5.0 (iPhone; CPU iPhone OS 26_6_1 like Mac OS X) AppleWebKit/605.1.15 (KHTML, like Gecko) GSA/436.4.969249353 Mobile/15E148 Safari/604.1"
66.249.73.71 - - [05/Sep/2026:13:06:44 +0000] "GET /?e=18756131785213 HTTP/1.1" 200 236688 "-" "Mozilla/5.0 (Linux; Android 6.0.1; Nexus 5X Build/MMB29P) AppleWebKit/537.36 (KHTML, like Gecko) Chrome/151.0.7922.173 Mobile Safari/537.36 (compatible; Googlebot/2.1; +http://www.google.com/bot.html)"
106.129.39.19 - - [05/Sep/2026:13:06:44 +0000] "GET /wp-includes/js/dist/hooks.min.js?ver=f0f188028580e8dc1255 HTTP/1.1" 200 5107 "https://www.techbala.com/?e=75974205852700" "Mozilla/5.0 (iPhone; CPU iPhone OS 26_6_1 like Mac OS X) AppleWebKit/605.1.15 (KHTML, like Gecko) GSA/436.4.969249353 Mobile/15E148 Safari/604.1"
106.129.39.19 - - [05/Sep/2026:13:06:44 +0000] "GET /wp-content/uploads/2021/07/feature99-300x300-1.png HTTP/1.1" 200 79200 "https://www.techbala.com/" "Mozilla/5.0 (iPhone; CPU iPhone OS 26_6_1 like Mac OS X) AppleWebKit/605.1.15 (KHTML, like Gecko) GSA/436.4.969249353 Mobile/15E148 Safari/604.1"
106.129.39.19 - - [05/Sep/2026:13:06:44 +0000] "GET /wp-content/themes/engitech/js/jquery.magnific-popup.min.js?ver=20180910 HTTP/1.1" 200 20947 "https://www.techbala.com/?e=75974205852700" "Mozilla/5.0 (iPhone; CPU iPhone OS 26_6_1 like Mac OS X) AppleWebKit/605.1.15 (KHTML, like Gecko) GSA/436.4.969249353 Mobile/15E148 Safari/604.1"
106.129.39.19 - - [05/Sep/2026:13:06:44 +0000] "GET /wp-content/themes/engitech/js/jquery.isotope.min.js?ver=20190829 HTTP/1.1" 200 35631 "https://www.techbala.com/?e=75974205852700" "Mozilla/5.0 (iPhone; CPU iPhone OS 26_6_1 like Mac OS X) AppleWebKit/605.1.15 (KHTML, like Gecko) GSA/436.4.969249353 Mobile/15E148 Safari/604.1"
106.129.39.19 - - [05/Sep/2026:13:06:44 +0000] "GET /wp-content/themes/engitech/js/slick.min.js?ver=20180910 HTTP/1.1" 200 42863 "https://www.techbala.com/?e=75974205852700" "Mozilla/5.0 (iPhone; CPU iPhone OS 26_6_1 like Mac OS X) AppleWebKit/605.1.15 (KHTML, like Gecko) GSA/436.4.969249353 Mobile/15E148 Safari/604.1"
106.129.39.19 - - [05/Sep/2026:13:06:44 +0000] "GET /wp-content/themes/engitech/js/easypiechart.min.js?ver=20190829 HTTP/1.1" 200 3691 "https://www.techbala.com/?e=75974205852700" "Mozilla/5.0 (iPhone; CPU iPhone OS 26_6_1 like Mac OS X) AppleWebKit/605.1.15 (KHTML, like Gecko) GSA/436.4.969249353 Mobile/15E148 Safari/604.1"
106.129.39.19 - - [05/Sep/2026:13:06:44 +0000] "GET /wp-content/themes/engitech/js/jquery.countdown.min.js?ver=20180910 HTTP/1.1" 200 1310 "https://www.techbala.com/?e=75974205852700" "Mozilla/5.0 (iPhone; CPU iPhone OS 26_6_1 like Mac OS X) AppleWebKit/605.1.15 (KHTML, like Gecko) GSA/436.4.969249353 Mobile/15E148 Safari/604.1"
106.129.39.19 - - [05/Sep/2026:13:06:44 +0000] "GET /wp-content/themes/engitech/js/elementor.js?ver=20180910 HTTP/1.1" 200 28374 "https://www.techbala.com/?e=75974205852700" "Mozilla/5.0 (iPhone; CPU iPhone OS 26_6_1 like Mac OS X) AppleWebKit/605.1.15 (KHTML, like Gecko) GSA/436.4.969249353 Mobile/15E148 Safari/604.1"
106.129.39.19 - - [05/Sep/2026:13:06:45 +0000] "GET /wp-includes/js/dist/i18n.min.js?ver=1dfe7db3940c23ea9216 HTTP/1.1" 200 5791 "https://www.techbala.com/?e=75974205852700" "Mozilla/5.0 (iPhone; CPU iPhone OS 26_6_1 like Mac OS X) AppleWebKit/605.1.15 (KHTML, like Gecko) GSA/436.4.969249353 Mobile/15E148 Safari/604.1"
106.129.39.19 - - [05/Sep/2026:13:06:45 +0000] "GET /wp-content/plugins/contact-form-7/includes/swv/js/index.js?ver=6.1.7 HTTP/1.1" 200 12512 "https://www.techbala.com/?e=75974205852700" "Mozilla/5.0 (iPhone; CPU iPhone OS 26_6_1 like Mac OS X) AppleWebKit/605.1.15 (KHTML, like Gecko) GSA/436.4.969249353 Mobile/15E148 Safari/604.1"
106.129.39.19 - - [05/Sep/2026:13:06:45 +0000] "GET /wp-content/plugins/contact-form-7/includes/js/index.js?ver=6.1.7 HTTP/1.1" 200 13452 "https://www.techbala.com/?e=75974205852700" "Mozilla/5.0 (iPhone; CPU iPhone OS 26_6_1 like Mac OS X) AppleWebKit/605.1.15 (KHTML, like Gecko) GSA/436.4.969249353 Mobile/15E148 Safari/604.1"
106.129.39.19 - - [05/Sep/2026:13:06:45 +0000] "GET /wp-includes/js/imagesloaded.min.js?ver=5.0.0 HTTP/1.1" 200 5520 "https://www.techbala.com/?e=75974205852700" "Mozilla/5.0 (iPhone; CPU iPhone OS 26_6_1 like Mac OS X) AppleWebKit/605.1.15 (KHTML, like Gecko) GSA/436.4.969249353 Mobile/15E148 Safari/604.1"
106.129.39.19 - - [05/Sep/2026:13:06:45 +0000] "GET /wp-content/themes/engitech/js/elementor-header.js?ver=20180910 HTTP/1.1" 200 3763 "https://www.techbala.com/?e=75974205852700" "Mozilla/5.0 (iPhone; CPU iPhone OS 26_6_1 like Mac OS X) AppleWebKit/605.1.15 (KHTML, like Gecko) GSA/436.4.969249353 Mobile/15E148 Safari/604.1"
106.129.39.19 - - [05/Sep/2026:13:06:45 +0000] "GET /wp-content/themes/engitech/js/scripts.js?ver=20180910 HTTP/1.1" 200 8005 "https://www.techbala.com/?e=75974205852700" "Mozilla/5.0 (iPhone; CPU iPhone OS 26_6_1 like Mac OS X) AppleWebKit/605.1.15 (KHTML, like Gecko) GSA/436.4.969249353 Mobile/15E148 Safari/604.1"
106.129.39.19 - - [05/Sep/2026:13:06:45 +0000] "GET /wp-content/plugins/contact-form-7/modules/recaptcha/index.js?ver=6.1.7 HTTP/1.1" 200 934 "https://www.techbala.com/?e=75974205852700" "Mozilla/5.0 (iPhone; CPU iPhone OS 26_6_1 like Mac OS X) AppleWebKit/605.1.15 (KHTML, like Gecko) GSA/436.4.969249353 Mobile/15E148 Safari/604.1"
106.129.39.19 - - [05/Sep/2026:13:06:45 +0000] "GET /wp-content/plugins/elementor/assets/js/webpack.runtime.min.js?ver=4.2.4 HTTP/1.1" 200 5819 "https://www.techbala.com/?e=75974205852700" "Mozilla/5.0 (iPhone; CPU iPhone OS 26_6_1 like Mac OS X) AppleWebKit/605.1.15 (KHTML, like Gecko) GSA/436.4.969249353 Mobile/15E148 Safari/604.1"
106.129.39.19 - - [05/Sep/2026:13:06:45 +0000] "GET /wp-includes/js/dist/vendor/wp-polyfill.min.js?ver=3.15.0 HTTP/1.1" 200 29874 "https://www.techbala.com/?e=75974205852700" "Mozilla/5.0 (iPhone; CPU iPhone OS 26_6_1 like Mac OS X) AppleWebKit/605.1.15 (KHTML, like Gecko) GSA/436.4.969249353 Mobile/15E148 Safari/604.1"
106.129.39.19 - - [05/Sep/2026:13:06:45 +0000] "GET /wp-content/plugins/elementor/assets/js/frontend-modules.min.js?ver=4.2.4 HTTP/1.1" 200 50602 "https://www.techbala.com/?e=75974205852700" "Mozilla/5.0 (iPhone; CPU iPhone OS 26_6_1 like Mac OS X) AppleWebKit/605.1.15 (KHTML, like Gecko) GSA/436.4.969249353 Mobile/15E148 Safari/604.1"
106.129.39.19 - - [05/Sep/2026:13:06:45 +0000] "GET /wp-includes/js/jquery/ui/core.min.js?ver=1.14.2 HTTP/1.1" 200 18674 "https://www.techbala.com/?e=75974205852700" "Mozilla/5.0 (iPhone; CPU iPhone OS 26_6_1 like Mac OS X) AppleWebKit/605.1.15 (KHTML, like Gecko) GSA/436.4.969249353 Mobile/15E148 Safari/604.1"
106.129.39.19 - - [05/Sep/2026:13:06:45 +0000] "GET /wp-content/plugins/elementor/assets/js/frontend.min.js?ver=4.2.4 HTTP/1.1" 200 32098 "https://www.techbala.com/?e=75974205852700" "Mozilla/5.0 (iPhone; CPU iPhone OS 26_6_1 like Mac OS X) AppleWebKit/605.1.15 (KHTML, like Gecko) GSA/436.4.969249353 Mobile/15E148 Safari/604.1"
106.129.39.19 - - [05/Sep/2026:13:06:45 +0000] "GET /wp-content/themes/engitech/js/header-mobile.js?ver=20180910 HTTP/1.1" 200 749 "https://www.techbala.com/?e=75974205852700" "Mozilla/5.0 (iPhone; CPU iPhone OS 26_6_1 like Mac OS X) AppleWebKit/605.1.15 (KHTML, like Gecko) GSA/436.4.969249353 Mobile/15E148 Safari/604.1"
106.129.39.19 - - [05/Sep/2026:13:06:45 +0000] "GET /wp-content/themes/engitech/fonts/fa-brands-400.woff2 HTTP/1.1" 200 75936 "https://www.techbala.com/?e=75974205852700" "Mozilla/5.0 (iPhone; CPU iPhone OS 26_6_1 like Mac OS X) AppleWebKit/605.1.15 (KHTML, like Gecko) GSA/436.4.969249353 Mobile/15E148 Safari/604.1"
106.129.39.19 - - [05/Sep/2026:13:06:45 +0000] "GET /wp-content/themes/engitech/images/logo.svg HTTP/1.1" 200 52310 "https://www.techbala.com/?e=75974205852700" "Mozilla/5.0 (iPhone; CPU iPhone OS 26_6_1 like Mac OS X) AppleWebKit/605.1.15 (KHTML, like Gecko) GSA/436.4.969249353 Mobile/15E148 Safari/604.1"
106.129.39.19 - - [05/Sep/2026:13:06:45 +0000] "GET /wp-content/themes/engitech/fonts/Flaticon.svg HTTP/1.1" 200 148163 "https://www.techbala.com/?e=75974205852700" "Mozilla/5.0 (iPhone; CPU iPhone OS 26_6_1 like Mac OS X) AppleWebKit/605.1.15 (KHTML, like Gecko) GSA/436.4.969249353 Mobile/15E148 Safari/604.1"
106.129.39.19 - - [05/Sep/2026:13:06:45 +0000] "GET /wp-content/plugins/elementor/assets/js/section-frontend-handlers.d85ab872da118940910d.bundle.min.js HTTP/1.1" 200 449 "https://www.techbala.com/?e=75974205852700" "Mozilla/5.0 (iPhone; CPU iPhone OS 26_6_1 like Mac OS X) AppleWebKit/605.1.15 (KHTML, like Gecko) GSA/436.4.969249353 Mobile/15E148 Safari/604.1"
106.129.39.19 - - [05/Sep/2026:13:06:45 +0000] "GET /wp-content/plugins/elementor/assets/js/shared-frontend-handlers.03caa53373b56d3bab67.bundle.min.js HTTP/1.1" 200 8481 "https://www.techbala.com/?e=75974205852700" "Mozilla/5.0 (iPhone; CPU iPhone OS 26_6_1 like Mac OS X) AppleWebKit/605.1.15 (KHTML, like Gecko) GSA/436.4.969249353 Mobile/15E148 Safari/604.1"
106.129.39.19 - - [05/Sep/2026:13:06:45 +0000] "GET /wp-content/themes/engitech/images/bg-pheader.jpg HTTP/1.1" 200 131414 "https://www.techbala.com/?e=75974205852700" "Mozilla/5.0 (iPhone; CPU iPhone OS 26_6_1 like Mac OS X) AppleWebKit/605.1.15 (KHTML, like Gecko) GSA/436.4.969249353 Mobile/15E148 Safari/604.1"
106.129.39.19 - - [05/Sep/2026:13:06:45 +0000] "GET /wp-content/plugins/elementor/assets/js/text-editor.45609661e409413f1cef.bundle.min.js HTTP/1.1" 200 1348 "https://www.techbala.com/?e=75974205852700" "Mozilla/5.0 (iPhone; CPU iPhone OS 26_6_1 like Mac OS X) AppleWebKit/605.1.15 (KHTML, like Gecko) GSA/436.4.969249353 Mobile/15E148 Safari/604.1"
106.129.39.19 - - [05/Sep/2026:13:06:45 +0000] "GET /?e=75974205852700 HTTP/1.1" 200 96969 "https://www.techbala.com/?e=75974205852700" "Mozilla/5.0 (iPhone; CPU iPhone OS 26_6_1 like Mac OS X) AppleWebKit/605.1.15 (KHTML, like Gecko) GSA/436.4.969249353 Mobile/15E148 Safari/604.1"
106.129.39.19 - - [05/Sep/2026:13:06:46 +0000] "GET /wp-includes/js/wp-emoji-release.min.js?ver=7.1 HTTP/1.1" 200 22752 "https://www.techbala.com/?e=75974205852700" "Mozilla/5.0 (iPhone; CPU iPhone OS 26_6_1 like Mac OS X) AppleWebKit/605.1.15 (KHTML, like Gecko) GSA/436.4.969249353 Mobile/15E148 Safari/604.1"
106.129.39.19 - - [05/Sep/2026:13:06:46 +0000] "GET /wp-content/themes/engitech/images/logo-light.svg HTTP/1.1" 200 52847 "https://www.techbala.com/?e=75974205852700" "Mozilla/5.0 (iPhone; CPU iPhone OS 26_6_1 like Mac OS X) AppleWebKit/605.1.15 (KHTML, like Gecko) GSA/436.4.969249353 Mobile/15E148 Safari/604.1"
106.129.39.19 - - [05/Sep/2026:13:06:46 +0000] "GET /wp-content/uploads/2019/11/160e3b42f4087c-720x720.jpg HTTP/1.1" 200 67156 "https://www.techbala.com/?e=75974205852700" "Mozilla/5.0 (iPhone; CPU iPhone OS 26_6_1 like Mac OS X) AppleWebKit/605.1.15 (KHTML, like Gecko) GSA/436.4.969249353 Mobile/15E148 Safari/604.1"
106.129.39.19 - - [05/Sep/2026:13:06:46 +0000] "GET /wp-content/uploads/2021/01/bg1-price-home6.png HTTP/1.1" 200 2513 "https://www.techbala.com/?e=75974205852700" "Mozilla/5.0 (iPhone; CPU iPhone OS 26_6_1 like Mac OS X) AppleWebKit/605.1.15 (KHTML, like Gecko) GSA/436.4.969249353 Mobile/15E148 Safari/604.1"
106.129.39.19 - - [05/Sep/2026:13:06:46 +0000] "GET /wp-content/uploads/2019/11/img-3-493x720.png HTTP/1.1" 200 82048 "https://www.techbala.com/?e=75974205852700" "Mozilla/5.0 (iPhone; CPU iPhone OS 26_6_1 like Mac OS X) AppleWebKit/605.1.15 (KHTML, like Gecko) GSA/436.4.969249353 Mobile/15E148 Safari/604.1"
106.129.39.19 - - [05/Sep/2026:13:06:46 +0000] "GET /wp-content/uploads/2019/12/promo-image.jpg HTTP/1.1" 200 19349 "https://www.techbala.com/?e=75974205852700" "Mozilla/5.0 (iPhone; CPU iPhone OS 26_6_1 like Mac OS X) AppleWebKit/605.1.15 (KHTML, like Gecko) GSA/436.4.969249353 Mobile/15E148 Safari/604.1"
106.129.39.19 - - [05/Sep/2026:13:06:46 +0000] "GET /wp-content/uploads/2021/01/bg2-price-home6.png HTTP/1.1" 200 3735 "https://www.techbala.com/?e=75974205852700" "Mozilla/5.0 (iPhone; CPU iPhone OS 26_6_1 like Mac OS X) AppleWebKit/605.1.15 (KHTML, like Gecko) GSA/436.4.969249353 Mobile/15E148 Safari/604.1"
106.129.39.19 - - [05/Sep/2026:13:06:46 +0000] "GET /wp-content/uploads/2020/03/bg-cta-home2.jpg HTTP/1.1" 200 114085 "https://www.techbala.com/?e=75974205852700" "Mozilla/5.0 (iPhone; CPU iPhone OS 26_6_1 like Mac OS X) AppleWebKit/605.1.15 (KHTML, like Gecko) GSA/436.4.969249353 Mobile/15E148 Safari/604.1"
106.129.39.19 - - [05/Sep/2026:13:06:46 +0000] "GET /wp-content/uploads/2020/02/bg-solution-section.jpg HTTP/1.1" 200 123889 "https://www.techbala.com/?e=75974205852700" "Mozilla/5.0 (iPhone; CPU iPhone OS 26_6_1 like Mac OS X) AppleWebKit/605.1.15 (KHTML, like Gecko) GSA/436.4.969249353 Mobile/15E148 Safari/604.1"
106.129.39.19 - - [05/Sep/2026:13:06:46 +0000] "GET /wp-content/uploads/2020/01/bg-maps-dots.jpg HTTP/1.1" 200 12290 "https://www.techbala.com/?e=75974205852700" "Mozilla/5.0 (iPhone; CPU iPhone OS 26_6_1 like Mac OS X) AppleWebKit/605.1.15 (KHTML, like Gecko) GSA/436.4.969249353 Mobile/15E148 Safari/604.1"
106.129.39.19 - - [05/Sep/2026:13:06:46 +0000] "GET /wp-content/uploads/2019/11/60e46a9d0ef65-720x320.jpg HTTP/1.1" 200 49707 "https://www.techbala.com/?e=75974205852700" "Mozilla/5.0 (iPhone; CPU iPhone OS 26_6_1 like Mac OS X) AppleWebKit/605.1.15 (KHTML, like Gecko) GSA/436.4.969249353 Mobile/15E148 Safari/604.1"
106.129.39.19 - - [05/Sep/2026:13:06:46 +0000] "GET /wp-content/uploads/2019/11/160e4709a09830-720x633.jpg HTTP/1.1" 200 47566 "https://www.techbala.com/?e=75974205852700" "Mozilla/5.0 (iPhone; CPU iPhone OS 26_6_1 like Mac OS X) AppleWebKit/605.1.15 (KHTML, like Gecko) GSA/436.4.969249353 Mobile/15E148 Safari/604.1"
106.129.39.19 - - [05/Sep/2026:13:06:46 +0000] "GET /wp-content/uploads/2019/11/160e46e3a7f038-720x633.jpg HTTP/1.1" 200 58251 "https://www.techbala.com/?e=75974205852700" "Mozilla/5.0 (iPhone; CPU iPhone OS 26_6_1 like Mac OS X) AppleWebKit/605.1.15 (KHTML, like Gecko) GSA/436.4.969249353 Mobile/15E148 Safari/604.1"
106.129.39.19 - - [05/Sep/2026:13:06:47 +0000] "GET /wp-content/uploads/2019/11/1033956-vicon-delivers-hands-tracking-720x720.png HTTP/1.1" 200 410009 "https://www.techbala.com/?e=75974205852700" "Mozilla/5.0 (iPhone; CPU iPhone OS 26_6_1 like Mac OS X) AppleWebKit/605.1.15 (KHTML, like Gecko) GSA/436.4.969249353 Mobile/15E148 Safari/604.1"
106.129.39.19 - - [05/Sep/2026:13:06:47 +0000] "GET /wp-content/uploads/2019/11/160e476db21b49-720x633.jpg HTTP/1.1" 200 76877 "https://www.techbala.com/?e=75974205852700" "Mozilla/5.0 (iPhone; CPU iPhone OS 26_6_1 like Mac OS X) AppleWebKit/605.1.15 (KHTML, like Gecko) GSA/436.4.969249353 Mobile/15E148 Safari/604.1"
106.129.39.19 - - [05/Sep/2026:13:06:47 +0000] "GET /wp-content/uploads/2019/11/60e475321bab6-720x633.jpg HTTP/1.1" 200 44505 "https://www.techbala.com/?e=75974205852700" "Mozilla/5.0 (iPhone; CPU iPhone OS 26_6_1 like Mac OS X) AppleWebKit/605.1.15 (KHTML, like Gecko) GSA/436.4.969249353 Mobile/15E148 Safari/604.1"
66.249.73.72 - - [05/Sep/2026:13:06:47 +0000] "GET /?e=21007173075701 HTTP/1.1" 200 247065 "-" "Mozilla/5.0 (Linux; Android 6.0.1; Nexus 5X Build/MMB29P) AppleWebKit/537.36 (KHTML, like Gecko) Chrome/151.0.7922.173 Mobile Safari/537.36 (compatible; Googlebot/2.1; +http://www.google.com/bot.html)"
66.249.73.73 - - [05/Sep/2026:13:06:47 +0000] "GET /?e=27728186784711 HTTP/1.1" 200 241194 "-" "Mozilla/5.0 (Linux; Android 6.0.1; Nexus 5X Build/MMB29P) AppleWebKit/537.36 (KHTML, like Gecko) Chrome/151.0.7922.173 Mobile Safari/537.36 (compatible; Googlebot/2.1; +http://www.google.com/bot.html)"
66.249.73.67 - - [05/Sep/2026:13:06:48 +0000] "GET /?e=18957158114808 HTTP/1.1" 200 248850 "-" "Mozilla/5.0 (Linux; Android 6.0.1; Nexus 5X Build/MMB29P) AppleWebKit/537.36 (KHTML, like Gecko) Chrome/151.0.7922.173 Mobile Safari/537.36 (compatible; Googlebot/2.1; +http://www.google.com/bot.html)"
66.249.73.73 - - [05/Sep/2026:13:06:51 +0000] "GET /?e=7601083411505 HTTP/1.1" 200 245557 "-" "Mozilla/5.0 (Linux; Android 6.0.1; Nexus 5X Build/MMB29P) AppleWebKit/537.36 (KHTML, like Gecko) Chrome/151.0.7922.173 Mobile Safari/537.36 (compatible; Googlebot/2.1; +http://www.google.com/bot.html)"
106.222.249.187 - - [05/Sep/2026:13:06:52 +0000] "POST /xmlrpc.php HTTP/1.1" 200 403 "-" "Jetpack/12.0; WordPress/6.1; http://site49509454.com"
66.249.73.65 - - [05/Sep/2026:13:06:56 +0000] "GET /?e=3790792202305 HTTP/1.1" 200 250024 "-" "Mozilla/5.0 (Linux; Android 6.0.1; Nexus 5X Build/MMB29P) AppleWebKit/537.36 (KHTML, like Gecko) Chrome/151.0.7922.173 Mobile Safari/537.36 (compatible; Googlebot/2.1; +http://www.google.com/bot.html)"
