57.141.4.42 - - [05/Sep/2026:12:42:14 +0000] "GET /products/70e1561140 HTTP/1.1" 404 35692 "-" "Mozilla/5.0 (Macintosh; Intel Mac OS X 10_15_7) AppleWebKit/537.36 (KHTML, like Gecko) Chrome/145.0.0.0 Safari/537.36 (compatible; meta-externalagent/1.1 (+https://developers.facebook.com/docs/sharing/webmasters/crawler))"
85.25.43.199 - - [05/Sep/2026:12:42:16 +0000] "GET /products/detail/180189937 HTTP/1.1" 404 35692 "-" "Mozilla/5.0 (Macintosh; Intel Mac OS X 10_15_7; rv:132.0) Gecko/20100101 Firefox/132.0"
66.249.73.102 - - [05/Sep/2026:12:42:16 +0000] "GET /?e=1904975939701 HTTP/1.1" 200 237029 "-" "Mozilla/5.0 (Linux; Android 6.0.1; Nexus 5X Build/MMB29P) AppleWebKit/537.36 (KHTML, like Gecko) Chrome/151.0.7922.173 Mobile Safari/537.36 (compatible; Googlebot/2.1; +http://www.google.com/bot.html)"
66.249.73.73 - - [05/Sep/2026:12:42:16 +0000] "GET /?e=0807259714316 HTTP/1.1" 200 255256 "-" "Mozilla/5.0 (Linux; Android 6.0.1; Nexus 5X Build/MMB29P) AppleWebKit/537.36 (KHTML, like Gecko) Chrome/151.0.7922.173 Mobile Safari/537.36 (compatible; Googlebot/2.1; +http://www.google.com/bot.html)"
66.249.73.73 - - [05/Sep/2026:12:42:16 +0000] "GET /?e=22215145875500 HTTP/1.1" 200 242852 "-" "Mozilla/5.0 (Linux; Android 6.0.1; Nexus 5X Build/MMB29P) AppleWebKit/537.36 (KHTML, like Gecko) Chrome/151.0.7922.173 Mobile Safari/537.36 (compatible; Googlebot/2.1; +http://www.google.com/bot.html)"
66.249.73.73 - - [05/Sep/2026:12:42:17 +0000] "GET /?e=3118116181602 HTTP/1.1" 200 238769 "-" "Mozilla/5.0 (Linux; Android 6.0.1; Nexus 5X Build/MMB29P) AppleWebKit/537.36 (KHTML, like Gecko) Chrome/151.0.7922.173 Mobile Safari/537.36 (compatible; Googlebot/2.1; +http://www.google.com/bot.html)"
66.249.73.70 - - [05/Sep/2026:12:42:17 +0000] "GET /?e=7178738110505 HTTP/1.1" 200 236640 "-" "Mozilla/5.0 (Linux; Android 6.0.1; Nexus 5X Build/MMB29P) AppleWebKit/537.36 (KHTML, like Gecko) Chrome/151.0.7922.173 Mobile Safari/537.36 (compatible; Googlebot/2.1; +http://www.google.com/bot.html)"
66.249.73.71 - - [05/Sep/2026:12:42:17 +0000] "GET /?e=2817135602304 HTTP/1.1" 200 243705 "-" "Mozilla/5.0 (Linux; Android 6.0.1; Nexus 5X Build/MMB29P) AppleWebKit/537.36 (KHTML, like Gecko) Chrome/151.0.7922.173 Mobile Safari/537.36 (compatible; Googlebot/2.1; +http://www.google.com/bot.html)"
66.249.73.73 - - [05/Sep/2026:12:42:17 +0000] "GET /?e=79980127995600 HTTP/1.1" 200 242927 "-" "Mozilla/5.0 (Linux; Android 6.0.1; Nexus 5X Build/MMB29P) AppleWebKit/537.36 (KHTML, like Gecko) Chrome/151.0.7922.173 Mobile Safari/537.36 (compatible; Googlebot/2.1; +http://www.google.com/bot.html)"
66.249.73.72 - - [05/Sep/2026:12:42:17 +0000] "GET /?e=8704781783036 HTTP/1.1" 200 253213 "-" "Mozilla/5.0 (Linux; Android 6.0.1; Nexus 5X Build/MMB29P) AppleWebKit/537.36 (KHTML, like Gecko) Chrome/151.0.7922.173 Mobile Safari/537.36 (compatible; Googlebot/2.1; +http://www.google.com/bot.html)"
66.249.73.70 - - [05/Sep/2026:12:42:18 +0000] "GET /?e=93631174667609 HTTP/1.1" 200 253217 "-" "Mozilla/5.0 (Linux; Android 6.0.1; Nexus 5X Build/MMB29P) AppleWebKit/537.36 (KHTML, like Gecko) Chrome/151.0.7922.173 Mobile Safari/537.36 (compatible; Googlebot/2.1; +http://www.google.com/bot.html)"
66.249.73.73 - - [05/Sep/2026:12:42:18 +0000] "GET /?e=12202141418604 HTTP/1.1" 200 244274 "-" "Mozilla/5.0 (Linux; Android 6.0.1; Nexus 5X Build/MMB29P) AppleWebKit/537.36 (KHTML, like Gecko) Chrome/151.0.7922.173 Mobile Safari/537.36 (compatible; Googlebot/2.1; +http://www.google.com/bot.html)"
85.25.43.199 - - [05/Sep/2026:12:42:18 +0000] "GET /products/detail/109971604 HTTP/1.1" 404 35692 "-" "Mozilla/5.0 (Macintosh; Intel Mac OS X 10_15_7; rv:132.0) Gecko/20100101 Firefox/132.0"
66.249.73.70 - - [05/Sep/2026:12:42:18 +0000] "GET /?e=2077994743305 HTTP/1.1" 200 246592 "-" "Mozilla/5.0 (Linux; Android 6.0.1; Nexus 5X Build/MMB29P) AppleWebKit/537.36 (KHTML, like Gecko) Chrome/151.0.7922.173 Mobile Safari/537.36 (compatible; Googlebot/2.1; +http://www.google.com/bot.html)"
66.249.73.72 - - [05/Sep/2026:12:42:19 +0000] "GET /?e=552844058300 HTTP/1.1" 200 241401 "-" "Mozilla/5.0 (Linux; Android 6.0.1; Nexus 5X Build/MMB29P) AppleWebKit/537.36 (KHTML, like Gecko) Chrome/151.0.7922.173 Mobile Safari/537.36 (compatible; Googlebot/2.1; +http://www.google.com/bot.html)"
66.249.73.70 - - [05/Sep/2026:12:42:19 +0000] "GET /?e=12256152742305 HTTP/1.1" 200 242284 "-" "Mozilla/5.0 (Linux; Android 6.0.1; Nexus 5X Build/MMB29P) AppleWebKit/537.36 (KHTML, like Gecko) Chrome/151.0.7922.173 Mobile Safari/537.36 (compatible; Googlebot/2.1; +http://www.google.com/bot.html)"
66.249.73.102 - - [05/Sep/2026:12:42:19 +0000] "GET /?e=0887789291104 HTTP/1.1" 200 242072 "-" "Mozilla/5.0 (Linux; Android 6.0.1; Nexus 5X Build/MMB29P) AppleWebKit/537.36 (KHTML, like Gecko) Chrome/151.0.7922.173 Mobile Safari/537.36 (compatible; Googlebot/2.1; +http://www.google.com/bot.html)"
66.249.73.72 - - [05/Sep/2026:12:42:20 +0000] "GET /?e=13098102879600 HTTP/1.1" 200 240873 "-" "Mozilla/5.0 (Linux; Android 6.0.1; Nexus 5X Build/MMB29P) AppleWebKit/537.36 (KHTML, like Gecko) Chrome/151.0.7922.173 Mobile Safari/537.36 (compatible; Googlebot/2.1; +http://www.google.com/bot.html)"
85.25.43.199 - - [05/Sep/2026:12:42:20 +0000] "GET /products/detail/203211583 HTTP/1.1" 404 35692 "-" "Mozilla/5.0 (Macintosh; Intel Mac OS X 10_15_7; rv:132.0) Gecko/20100101 Firefox/132.0"
66.249.73.71 - - [05/Sep/2026:12:42:20 +0000] "GET /?e=94698212136402 HTTP/1.1" 200 241115 "-" "Mozilla/5.0 (Linux; Android 6.0.1; Nexus 5X Build/MMB29P) AppleWebKit/537.36 (KHTML, like Gecko) Chrome/151.0.7922.173 Mobile Safari/537.36 (compatible; Googlebot/2.1; +http://www.google.com/bot.html)"
66.249.73.70 - - [05/Sep/2026:12:42:21 +0000] "GET /?e=02291115788101 HTTP/1.1" 200 239640 "-" "Mozilla/5.0 (Linux; Android 6.0.1; Nexus 5X Build/MMB29P) AppleWebKit/537.36 (KHTML, like Gecko) Chrome/151.0.7922.173 Mobile Safari/537.36 (compatible; Googlebot/2.1; +http://www.google.com/bot.html)"
66.249.73.65 - - [05/Sep/2026:12:42:22 +0000] "GET /?e=3460234086704 HTTP/1.1" 200 240498 "-" "Mozilla/5.0 (Linux; Android 6.0.1; Nexus 5X Build/MMB29P) AppleWebKit/537.36 (KHTML, like Gecko) Chrome/151.0.7922.173 Mobile Safari/537.36 (compatible; Googlebot/2.1; +http://www.google.com/bot.html)"
85.25.43.199 - - [05/Sep/2026:12:42:22 +0000] "GET /products/detail/107162684 HTTP/1.1" 404 35692 "-" "Mozilla/5.0 (Macintosh; Intel Mac OS X 10_15_7; rv:132.0) Gecko/20100101 Firefox/132.0"
57.141.2.48 - - [05/Sep/2026:12:42:22 +0000] "GET / HTTP/1.1" 301 - "-" "facebookexternalhit/1.1 (+http://www.facebook.com/externalhit_uatext.php)"
66.249.73.72 - - [05/Sep/2026:12:42:22 +0000] "GET /?e=40767149295502 HTTP/1.1" 200 238376 "-" "Mozilla/5.0 (Linux; Android 6.0.1; Nexus 5X Build/MMB29P) AppleWebKit/537.36 (KHTML, like Gecko) Chrome/151.0.7922.173 Mobile Safari/537.36 (compatible; Googlebot/2.1; +http://www.google.com/bot.html)"
85.25.43.199 - - [05/Sep/2026:12:42:24 +0000] "GET /products/detail/111481018 HTTP/1.1" 404 35692 "-" "Mozilla/5.0 (Macintosh; Intel Mac OS X 10_15_7; rv:132.0) Gecko/20100101 Firefox/132.0"
66.249.73.65 - - [05/Sep/2026:12:42:25 +0000] "GET /wp-content/themes/engitech/inc/backend/js/simple-likes-public.js?ver=0.5 HTTP/1.1" 200 1354 "https://www.techbala.com/?e=7331223981801" "Mozilla/5.0 (Linux; Android 6.0.1; Nexus 5X Build/MMB29P) AppleWebKit/537.36 (KHTML, like Gecko) Chrome/151.0.7922.173 Mobile Safari/537.36 (compatible; Googlebot/2.1; +http://www.google.com/bot.html)"
66.249.73.66 - - [05/Sep/2026:12:42:25 +0000] "GET /?e=77951107672310 HTTP/1.1" 200 251205 "-" "Mozilla/5.0 (Linux; Android 6.0.1; Nexus 5X Build/MMB29P) AppleWebKit/537.36 (KHTML, like Gecko) Chrome/151.0.7922.173 Mobile Safari/537.36 (compatible; Googlebot/2.1; +http://www.google.com/bot.html)"
66.249.73.64 - - [05/Sep/2026:12:42:26 +0000] "GET /?e=1641045058004 HTTP/1.1" 200 240003 "-" "Mozilla/5.0 (Linux; Android 6.0.1; Nexus 5X Build/MMB29P) AppleWebKit/537.36 (KHTML, like Gecko) Chrome/151.0.7922.173 Mobile Safari/537.36 (compatible; Googlebot/2.1; +http://www.google.com/bot.html)"
85.25.43.199 - - [05/Sep/2026:12:42:26 +0000] "GET /products/detail/177766230 HTTP/1.1" 404 35692 "-" "Mozilla/5.0 (Macintosh; Intel Mac OS X 10_15_7; rv:132.0) Gecko/20100101 Firefox/132.0"
66.249.73.70 - - [05/Sep/2026:12:42:26 +0000] "GET /?e=9281856150401 HTTP/1.1" 200 235873 "-" "Mozilla/5.0 (Linux; Android 6.0.1; Nexus 5X Build/MMB29P) AppleWebKit/537.36 (KHTML, like Gecko) Chrome/151.0.7922.173 Mobile Safari/537.36 (compatible; Googlebot/2.1; +http://www.google.com/bot.html)"
66.249.73.72 - - [05/Sep/2026:12:42:27 +0000] "GET /?e=19085160517920 HTTP/1.1" 200 253783 "-" "Mozilla/5.0 (Linux; Android 6.0.1; Nexus 5X Build/MMB29P) AppleWebKit/537.36 (KHTML, like Gecko) Chrome/151.0.7922.173 Mobile Safari/537.36 (compatible; Googlebot/2.1; +http://www.google.com/bot.html)"
66.249.73.70 - - [05/Sep/2026:12:42:27 +0000] "GET /?e=6177147827700 HTTP/1.1" 200 245007 "-" "Mozilla/5.0 (Linux; Android 6.0.1; Nexus 5X Build/MMB29P) AppleWebKit/537.36 (KHTML, like Gecko) Chrome/151.0.7922.173 Mobile Safari/537.36 (compatible; Googlebot/2.1; +http://www.google.com/bot.html)"
66.249.73.65 - - [05/Sep/2026:12:42:28 +0000] "GET /?e=51222141162706 HTTP/1.1" 200 246371 "-" "Mozilla/5.0 (Linux; Android 6.0.1; Nexus 5X Build/MMB29P) AppleWebKit/537.36 (KHTML, like Gecko) Chrome/151.0.7922.173 Mobile Safari/537.36 (compatible; Googlebot/2.1; +http://www.google.com/bot.html)"
85.25.43.199 - - [05/Sep/2026:12:42:28 +0000] "GET /products/detail/193421058 HTTP/1.1" 404 35692 "-" "Mozilla/5.0 (Macintosh; Intel Mac OS X 10_15_7; rv:132.0) Gecko/20100101 Firefox/132.0"
66.249.73.67 - - [05/Sep/2026:12:42:29 +0000] "GET /?e=9085094357613 HTTP/1.1" 200 244703 "-" "Mozilla/5.0 (Linux; Android 6.0.1; Nexus 5X Build/MMB29P) AppleWebKit/537.36 (KHTML, like Gecko) Chrome/151.0.7922.173 Mobile Safari/537.36 (compatible; Googlebot/2.1; +http://www.google.com/bot.html)"
66.249.73.72 - - [05/Sep/2026:12:42:30 +0000] "GET /?e=0978113251104 HTTP/1.1" 200 243095 "-" "Mozilla/5.0 (Linux; Android 6.0.1; Nexus 5X Build/MMB29P) AppleWebKit/537.36 (KHTML, like Gecko) Chrome/151.0.7922.173 Mobile Safari/537.36 (compatible; Googlebot/2.1; +http://www.google.com/bot.html)"
85.25.43.199 - - [05/Sep/2026:12:42:30 +0000] "GET /products/detail/175455149 HTTP/1.1" 404 35692 "-" "Mozilla/5.0 (Macintosh; Intel Mac OS X 10_15_7; rv:132.0) Gecko/20100101 Firefox/132.0"
66.249.73.70 - - [05/Sep/2026:12:42:30 +0000] "GET /?e=8942276089305 HTTP/1.1" 200 248098 "-" "Mozilla/5.0 (Linux; Android 6.0.1; Nexus 5X Build/MMB29P) AppleWebKit/537.36 (KHTML, like Gecko) Chrome/151.0.7922.173 Mobile Safari/537.36 (compatible; Googlebot/2.1; +http://www.google.com/bot.html)"
66.249.73.72 - - [05/Sep/2026:12:42:30 +0000] "GET /?e=96957133876002 HTTP/1.1" 200 246517 "-" "Mozilla/5.0 (Linux; Android 6.0.1; Nexus 5X Build/MMB29P) AppleWebKit/537.36 (KHTML, like Gecko) Chrome/151.0.7922.173 Mobile Safari/537.36 (compatible; Googlebot/2.1; +http://www.google.com/bot.html)"
66.249.73.72 - - [05/Sep/2026:12:42:31 +0000] "GET /?e=4021095581705 HTTP/1.1" 200 241652 "-" "Mozilla/5.0 (Linux; Android 6.0.1; Nexus 5X Build/MMB29P) AppleWebKit/537.36 (KHTML, like Gecko) Chrome/151.0.7922.173 Mobile Safari/537.36 (compatible; Googlebot/2.1; +http://www.google.com/bot.html)"
66.249.73.67 - - [05/Sep/2026:12:42:31 +0000] "GET /?e=21615205312202 HTTP/1.1" 200 239662 "-" "Mozilla/5.0 (Linux; Android 6.0.1; Nexus 5X Build/MMB29P) AppleWebKit/537.36 (KHTML, like Gecko) Chrome/151.0.7922.173 Mobile Safari/537.36 (compatible; Googlebot/2.1; +http://www.google.com/bot.html)"
66.249.73.71 - - [05/Sep/2026:12:42:31 +0000] "GET /?e=9775048166800 HTTP/1.1" 200 241880 "-" "Mozilla/5.0 (Linux; Android 6.0.1; Nexus 5X Build/MMB29P) AppleWebKit/537.36 (KHTML, like Gecko) Chrome/151.0.7922.173 Mobile Safari/537.36 (compatible; Googlebot/2.1; +http://www.google.com/bot.html)"
66.249.73.71 - - [05/Sep/2026:12:42:32 +0000] "GET /?e=2210718721104 HTTP/1.1" 200 249028 "-" "Mozilla/5.0 (Linux; Android 6.0.1; Nexus 5X Build/MMB29P) AppleWebKit/537.36 (KHTML, like Gecko) Chrome/151.0.7922.173 Mobile Safari/537.36 (compatible; Googlebot/2.1; +http://www.google.com/bot.html)"
66.249.73.73 - - [05/Sep/2026:12:42:32 +0000] "GET /?e=47029204923902 HTTP/1.1" 200 258393 "-" "Mozilla/5.0 (Linux; Android 6.0.1; Nexus 5X Build/MMB29P) AppleWebKit/537.36 (KHTML, like Gecko) Chrome/151.0.7922.173 Mobile Safari/537.36 (compatible; Googlebot/2.1; +http://www.google.com/bot.html)"
66.249.73.70 - - [05/Sep/2026:12:42:32 +0000] "GET /?e=75750174608700 HTTP/1.1" 200 235404 "-" "Mozilla/5.0 (Linux; Android 6.0.1; Nexus 5X Build/MMB29P) AppleWebKit/537.36 (KHTML, like Gecko) Chrome/151.0.7922.173 Mobile Safari/537.36 (compatible; Googlebot/2.1; +http://www.google.com/bot.html)"
85.25.43.199 - - [05/Sep/2026:12:42:32 +0000] "GET /products/detail/258246250 HTTP/1.1" 404 35692 "-" "Mozilla/5.0 (Macintosh; Intel Mac OS X 10_15_7; rv:132.0) Gecko/20100101 Firefox/132.0"
66.249.73.66 - - [05/Sep/2026:12:42:33 +0000] "GET /?e=01739157783911 HTTP/1.1" 200 245827 "-" "Mozilla/5.0 (Linux; Android 6.0.1; Nexus 5X Build/MMB29P) AppleWebKit/537.36 (KHTML, like Gecko) Chrome/151.0.7922.173 Mobile Safari/537.36 (compatible; Googlebot/2.1; +http://www.google.com/bot.html)"
66.249.73.68 - - [05/Sep/2026:12:42:33 +0000] "GET /?e=11580141267501 HTTP/1.1" 200 245013 "-" "Mozilla/5.0 (Linux; Android 6.0.1; Nexus 5X Build/MMB29P) AppleWebKit/537.36 (KHTML, like Gecko) Chrome/151.0.7922.173 Mobile Safari/537.36 (compatible; Googlebot/2.1; +http://www.google.com/bot.html)"
66.249.73.64 - - [05/Sep/2026:12:42:34 +0000] "GET /?e=27642131589802 HTTP/1.1" 200 246825 "-" "Mozilla/5.0 (Linux; Android 6.0.1; Nexus 5X Build/MMB29P) AppleWebKit/537.36 (KHTML, like Gecko) Chrome/151.0.7922.173 Mobile Safari/537.36 (compatible; Googlebot/2.1; +http://www.google.com/bot.html)"
85.25.43.199 - - [05/Sep/2026:12:42:34 +0000] "GET /products/detail/104303624 HTTP/1.1" 404 35692 "-" "Mozilla/5.0 (Macintosh; Intel Mac OS X 10_15_7; rv:132.0) Gecko/20100101 Firefox/132.0"
66.249.73.68 - - [05/Sep/2026:12:42:34 +0000] "GET /?e=95883158816305 HTTP/1.1" 200 245029 "-" "Mozilla/5.0 (Linux; Android 6.0.1; Nexus 5X Build/MMB29P) AppleWebKit/537.36 (KHTML, like Gecko) Chrome/151.0.7922.173 Mobile Safari/537.36 (compatible; Googlebot/2.1; +http://www.google.com/bot.html)"
66.249.73.64 - - [05/Sep/2026:12:42:35 +0000] "GET /?e=4386547033706 HTTP/1.1" 200 243486 "-" "Mozilla/5.0 (Linux; Android 6.0.1; Nexus 5X Build/MMB29P) AppleWebKit/537.36 (KHTML, like Gecko) Chrome/151.0.7922.173 Mobile Safari/537.36 (compatible; Googlebot/2.1; +http://www.google.com/bot.html)"
66.249.73.66 - - [05/Sep/2026:12:42:35 +0000] "GET /?e=1577994479103 HTTP/1.1" 200 244810 "-" "Mozilla/5.0 (Linux; Android 6.0.1; Nexus 5X Build/MMB29P) AppleWebKit/537.36 (KHTML, like Gecko) Chrome/151.0.7922.173 Mobile Safari/537.36 (compatible; Googlebot/2.1; +http://www.google.com/bot.html)"
66.249.73.69 - - [05/Sep/2026:12:42:35 +0000] "GET /?e=77013137539005 HTTP/1.1" 200 238293 "-" "Mozilla/5.0 (Linux; Android 6.0.1; Nexus 5X Build/MMB29P) AppleWebKit/537.36 (KHTML, like Gecko) Chrome/151.0.7922.173 Mobile Safari/537.36 (compatible; Googlebot/2.1; +http://www.google.com/bot.html)"
66.249.73.67 - - [05/Sep/2026:12:42:36 +0000] "GET /?e=75809152888302 HTTP/1.1" 200 253320 "-" "Mozilla/5.0 (Linux; Android 6.0.1; Nexus 5X Build/MMB29P) AppleWebKit/537.36 (KHTML, like Gecko) Chrome/151.0.7922.173 Mobile Safari/537.36 (compatible; Googlebot/2.1; +http://www.google.com/bot.html)"
85.25.43.199 - - [05/Sep/2026:12:42:36 +0000] "GET /products/detail/262506523 HTTP/1.1" 404 35692 "-" "Mozilla/5.0 (Macintosh; Intel Mac OS X 10_15_7; rv:132.0) Gecko/20100101 Firefox/132.0"
66.249.73.66 - - [05/Sep/2026:12:42:37 +0000] "GET /?e=17913142195802 HTTP/1.1" 200 236512 "-" "Mozilla/5.0 (Linux; Android 6.0.1; Nexus 5X Build/MMB29P) AppleWebKit/537.36 (KHTML, like Gecko) Chrome/151.0.7922.173 Mobile Safari/537.36 (compatible; Googlebot/2.1; +http://www.google.com/bot.html)"
66.249.73.71 - - [05/Sep/2026:12:42:38 +0000] "GET /?e=46910164700101 HTTP/1.1" 200 241819 "-" "Mozilla/5.0 (Linux; Android 6.0.1; Nexus 5X Build/MMB29P) AppleWebKit/537.36 (KHTML, like Gecko) Chrome/151.0.7922.173 Mobile Safari/537.36 (compatible; Googlebot/2.1; +http://www.google.com/bot.html)"
66.249.73.64 - - [05/Sep/2026:12:42:38 +0000] "GET /?e=93768174506505 HTTP/1.1" 200 242143 "-" "Mozilla/5.0 (Linux; Android 6.0.1; Nexus 5X Build/MMB29P) AppleWebKit/537.36 (KHTML, like Gecko) Chrome/151.0.7922.173 Mobile Safari/537.36 (compatible; Googlebot/2.1; +http://www.google.com/bot.html)"
85.25.43.199 - - [05/Sep/2026:12:42:38 +0000] "GET /products/detail/169444947 HTTP/1.1" 404 35692 "-" "Mozilla/5.0 (Macintosh; Intel Mac OS X 10_15_7; rv:132.0) Gecko/20100101 Firefox/132.0"
66.249.73.71 - - [05/Sep/2026:12:42:38 +0000] "GET /?e=590794325001 HTTP/1.1" 200 259359 "-" "Mozilla/5.0 (Linux; Android 6.0.1; Nexus 5X Build/MMB29P) AppleWebKit/537.36 (KHTML, like Gecko) Chrome/151.0.7922.173 Mobile Safari/537.36 (compatible; Googlebot/2.1; +http://www.google.com/bot.html)"
66.249.73.64 - - [05/Sep/2026:12:42:39 +0000] "GET /?e=0005735882301 HTTP/1.1" 200 244369 "-" "Mozilla/5.0 (Linux; Android 6.0.1; Nexus 5X Build/MMB29P) AppleWebKit/537.36 (KHTML, like Gecko) Chrome/151.0.7922.173 Mobile Safari/537.36 (compatible; Googlebot/2.1; +http://www.google.com/bot.html)"
85.25.43.199 - - [05/Sep/2026:12:42:40 +0000] "GET /products/detail/257855109 HTTP/1.1" 404 35692 "-" "Mozilla/5.0 (Macintosh; Intel Mac OS X 10_15_7; rv:132.0) Gecko/20100101 Firefox/132.0"
66.249.73.69 - - [05/Sep/2026:12:42:40 +0000] "GET /?e=281964156203 HTTP/1.1" 200 249361 "-" "Mozilla/5.0 (Linux; Android 6.0.1; Nexus 5X Build/MMB29P) AppleWebKit/537.36 (KHTML, like Gecko) Chrome/151.0.7922.173 Mobile Safari/537.36 (compatible; Googlebot/2.1; +http://www.google.com/bot.html)"
66.249.73.73 - - [05/Sep/2026:12:42:41 +0000] "GET /?e=7821265336303 HTTP/1.1" 200 247878 "-" "Mozilla/5.0 (Linux; Android 6.0.1; Nexus 5X Build/MMB29P) AppleWebKit/537.36 (KHTML, like Gecko) Chrome/151.0.7922.173 Mobile Safari/537.36 (compatible; Googlebot/2.1; +http://www.google.com/bot.html)"
66.249.73.70 - - [05/Sep/2026:12:42:41 +0000] "GET /?e=52016100326408 HTTP/1.1" 200 244542 "-" "Mozilla/5.0 (Linux; Android 6.0.1; Nexus 5X Build/MMB29P) AppleWebKit/537.36 (KHTML, like Gecko) Chrome/151.0.7922.173 Mobile Safari/537.36 (compatible; Googlebot/2.1; +http://www.google.com/bot.html)"
66.249.73.71 - - [05/Sep/2026:12:42:42 +0000] "GET /?e=72222143451311 HTTP/1.1" 200 240228 "-" "Mozilla/5.0 (Linux; Android 6.0.1; Nexus 5X Build/MMB29P) AppleWebKit/537.36 (KHTML, like Gecko) Chrome/151.0.7922.173 Mobile Safari/537.36 (compatible; Googlebot/2.1; +http://www.google.com/bot.html)"
85.25.43.199 - - [05/Sep/2026:12:42:42 +0000] "GET /products/detail/273217533 HTTP/1.1" 404 35692 "-" "Mozilla/5.0 (Macintosh; Intel Mac OS X 10_15_7; rv:132.0) Gecko/20100101 Firefox/132.0"
66.249.73.71 - - [05/Sep/2026:12:42:43 +0000] "GET /?e=41258135295706 HTTP/1.1" 200 237390 "-" "Mozilla/5.0 (Linux; Android 6.0.1; Nexus 5X Build/MMB29P) AppleWebKit/537.36 (KHTML, like Gecko) Chrome/151.0.7922.173 Mobile Safari/537.36 (compatible; Googlebot/2.1; +http://www.google.com/bot.html)"
165.16.180.77 - - [05/Sep/2026:12:42:43 +0000] "GET /wp-content/plugins/meta-box/inc/fields/radio.php HTTP/1.1" 200 - "-" "Mozilla/5.0 (Windows NT 10.0; Win64; x64) AppleWebKit/537.36 (KHTML, like Gecko) Chrome/101.0.4951.67 Safari/537.36"
85.25.43.199 - - [05/Sep/2026:12:42:44 +0000] "GET /products/detail/153659624 HTTP/1.1" 404 35692 "-" "Mozilla/5.0 (Macintosh; Intel Mac OS X 10_15_7; rv:132.0) Gecko/20100101 Firefox/132.0"
66.249.73.72 - - [05/Sep/2026:12:42:45 +0000] "GET /?e=1775971754209 HTTP/1.1" 200 236935 "-" "Mozilla/5.0 (Linux; Android 6.0.1; Nexus 5X Build/MMB29P) AppleWebKit/537.36 (KHTML, like Gecko) Chrome/151.0.7922.173 Mobile Safari/537.36 (compatible; Googlebot/2.1; +http://www.google.com/bot.html)"
66.249.73.73 - - [05/Sep/2026:12:42:45 +0000] "GET /?e=4725883046804 HTTP/1.1" 200 257792 "-" "Mozilla/5.0 (Linux; Android 6.0.1; Nexus 5X Build/MMB29P) AppleWebKit/537.36 (KHTML, like Gecko) Chrome/151.0.7922.173 Mobile Safari/537.36 (compatible; Googlebot/2.1; +http://www.google.com/bot.html)"
66.249.73.70 - - [05/Sep/2026:12:42:46 +0000] "GET /?e=0266716255006 HTTP/1.1" 200 236034 "-" "Mozilla/5.0 (Linux; Android 6.0.1; Nexus 5X Build/MMB29P) AppleWebKit/537.36 (KHTML, like Gecko) Chrome/151.0.7922.173 Mobile Safari/537.36 (compatible; Googlebot/2.1; +http://www.google.com/bot.html)"
85.25.43.199 - - [05/Sep/2026:12:42:46 +0000] "GET /products/detail/247218008 HTTP/1.1" 404 35692 "-" "Mozilla/5.0 (Macintosh; Intel Mac OS X 10_15_7; rv:132.0) Gecko/20100101 Firefox/132.0"
66.249.73.102 - - [05/Sep/2026:12:42:46 +0000] "GET /?e=929793159903 HTTP/1.1" 200 236759 "-" "Mozilla/5.0 (Linux; Android 6.0.1; Nexus 5X Build/MMB29P) AppleWebKit/537.36 (KHTML, like Gecko) Chrome/151.0.7922.173 Mobile Safari/537.36 (compatible; Googlebot/2.1; +http://www.google.com/bot.html)"
66.249.73.65 - - [05/Sep/2026:12:42:46 +0000] "GET /?e=0851791891001 HTTP/1.1" 200 249751 "-" "Mozilla/5.0 (Linux; Android 6.0.1; Nexus 5X Build/MMB29P) AppleWebKit/537.36 (KHTML, like Gecko) Chrome/151.0.7922.173 Mobile Safari/537.36 (compatible; Googlebot/2.1; +http://www.google.com/bot.html)"
66.249.73.64 - - [05/Sep/2026:12:42:46 +0000] "GET /?e=62187883101 HTTP/1.1" 200 238401 "-" "Mozilla/5.0 (Linux; Android 6.0.1; Nexus 5X Build/MMB29P) AppleWebKit/537.36 (KHTML, like Gecko) Chrome/151.0.7922.173 Mobile Safari/537.36 (compatible; Googlebot/2.1; +http://www.google.com/bot.html)"
66.249.73.64 - - [05/Sep/2026:12:42:47 +0000] "GET /?e=22966139406802 HTTP/1.1" 200 237478 "-" "Mozilla/5.0 (Linux; Android 6.0.1; Nexus 5X Build/MMB29P) AppleWebKit/537.36 (KHTML, like Gecko) Chrome/151.0.7922.173 Mobile Safari/537.36 (compatible; Googlebot/2.1; +http://www.google.com/bot.html)"
85.25.43.199 - - [05/Sep/2026:12:42:48 +0000] "GET /products/detail/185431311 HTTP/1.1" 404 35692 "-" "Mozilla/5.0 (Macintosh; Intel Mac OS X 10_15_7; rv:132.0) Gecko/20100101 Firefox/132.0"
66.249.73.69 - - [05/Sep/2026:12:42:48 +0000] "GET /?e=6029086393901 HTTP/1.1" 200 237367 "-" "Mozilla/5.0 (Linux; Android 6.0.1; Nexus 5X Build/MMB29P) AppleWebKit/537.36 (KHTML, like Gecko) Chrome/151.0.7922.173 Mobile Safari/537.36 (compatible; Googlebot/2.1; +http://www.google.com/bot.html)"
85.25.43.199 - - [05/Sep/2026:12:42:50 +0000] "GET /products/detail/23713806 HTTP/1.1" 404 35692 "-" "Mozilla/5.0 (Macintosh; Intel Mac OS X 10_15_7; rv:132.0) Gecko/20100101 Firefox/132.0"
66.249.73.67 - - [05/Sep/2026:12:42:52 +0000] "GET /?e=28099104197204 HTTP/1.1" 200 255976 "-" "Mozilla/5.0 (Linux; Android 6.0.1; Nexus 5X Build/MMB29P) AppleWebKit/537.36 (KHTML, like Gecko) Chrome/151.0.7922.173 Mobile Safari/537.36 (compatible; Googlebot/2.1; +http://www.google.com/bot.html)"
85.25.43.199 - - [05/Sep/2026:12:42:52 +0000] "GET /products/detail/117633301 HTTP/1.1" 404 35692 "-" "Mozilla/5.0 (Macintosh; Intel Mac OS X 10_15_7; rv:132.0) Gecko/20100101 Firefox/132.0"
66.249.73.65 - - [05/Sep/2026:12:42:53 +0000] "GET /?e=9987377975705 HTTP/1.1" 200 247466 "-" "Mozilla/5.0 (Linux; Android 6.0.1; Nexus 5X Build/MMB29P) AppleWebKit/537.36 (KHTML, like Gecko) Chrome/151.0.7922.173 Mobile Safari/537.36 (compatible; Googlebot/2.1; +http://www.google.com/bot.html)"
66.249.73.65 - - [05/Sep/2026:12:42:53 +0000] "GET /?e=22799206224703 HTTP/1.1" 200 238955 "-" "Mozilla/5.0 (Linux; Android 6.0.1; Nexus 5X Build/MMB29P) AppleWebKit/537.36 (KHTML, like Gecko) Chrome/151.0.7922.173 Mobile Safari/537.36 (compatible; Googlebot/2.1; +http://www.google.com/bot.html)"
66.249.73.66 - - [05/Sep/2026:12:42:54 +0000] "GET /?e=23649146869305 HTTP/1.1" 200 237928 "-" "Mozilla/5.0 (Linux; Android 6.0.1; Nexus 5X Build/MMB29P) AppleWebKit/537.36 (KHTML, like Gecko) Chrome/151.0.7922.173 Mobile Safari/537.36 (compatible; Googlebot/2.1; +http://www.google.com/bot.html)"
85.25.43.199 - - [05/Sep/2026:12:42:54 +0000] "GET /products/detail/158910119 HTTP/1.1" 404 35692 "-" "Mozilla/5.0 (Macintosh; Intel Mac OS X 10_15_7; rv:132.0) Gecko/20100101 Firefox/132.0"
66.249.73.66 - - [05/Sep/2026:12:42:55 +0000] "GET /?e=2989229806200 HTTP/1.1" 200 249521 "-" "Mozilla/5.0 (Linux; Android 6.0.1; Nexus 5X Build/MMB29P) AppleWebKit/537.36 (KHTML, like Gecko) Chrome/151.0.7922.173 Mobile Safari/537.36 (compatible; Googlebot/2.1; +http://www.google.com/bot.html)"
45.172.39.4 - - [05/Sep/2026:12:42:56 +0000] "GET /wp-content/plugins/meta-box/inc/fields/text-list.php HTTP/1.1" 200 - "-" "Mozilla/5.0 (Windows NT 10.0; Win64; x64) AppleWebKit/537.36 (KHTML, like Gecko) Chrome/116.0.0.0 Safari/537.36"
85.25.43.199 - - [05/Sep/2026:12:42:56 +0000] "GET /products/detail/50090765 HTTP/1.1" 404 35692 "-" "Mozilla/5.0 (Macintosh; Intel Mac OS X 10_15_7; rv:132.0) Gecko/20100101 Firefox/132.0"
66.249.73.103 - - [05/Sep/2026:12:42:56 +0000] "GET /?e=21775194468409 HTTP/1.1" 200 244007 "-" "Mozilla/5.0 (Linux; Android 6.0.1; Nexus 5X Build/MMB29P) AppleWebKit/537.36 (KHTML, like Gecko) Chrome/151.0.7922.173 Mobile Safari/537.36 (compatible; Googlebot/2.1; +http://www.google.com/bot.html)"
106.222.249.187 - - [05/Sep/2026:12:42:58 +0000] "POST /xmlrpc.php HTTP/1.1" 200 403 "-" "Jetpack by WordPress.com"
85.25.43.199 - - [05/Sep/2026:12:42:58 +0000] "GET /products/detail/272122341 HTTP/1.1" 404 35692 "-" "Mozilla/5.0 (Macintosh; Intel Mac OS X 10_15_7; rv:132.0) Gecko/20100101 Firefox/132.0"
85.25.43.199 - - [05/Sep/2026:12:43:00 +0000] "GET /products/detail/110480109 HTTP/1.1" 404 35692 "-" "Mozilla/5.0 (Macintosh; Intel Mac OS X 10_15_7; rv:132.0) Gecko/20100101 Firefox/132.0"
66.249.73.103 - - [05/Sep/2026:12:42:58 +0000] "GET /?e=0189076304403 HTTP/1.1" 503 239616 "-" "Mozilla/5.0 (Linux; Android 6.0.1; Nexus 5X Build/MMB29P) AppleWebKit/537.36 (KHTML, like Gecko) Chrome/151.0.7922.173 Mobile Safari/537.36 (compatible; Googlebot/2.1; +http://www.google.com/bot.html)"
66.249.73.69 - - [05/Sep/2026:12:43:00 +0000] "GET /?e=0737815373905 HTTP/1.1" 200 247436 "-" "Mozilla/5.0 (Linux; Android 6.0.1; Nexus 5X Build/MMB29P) AppleWebKit/537.36 (KHTML, like Gecko) Chrome/151.0.7922.173 Mobile Safari/537.36 (compatible; Googlebot/2.1; +http://www.google.com/bot.html)"
85.25.43.199 - - [05/Sep/2026:12:43:02 +0000] "GET /products/detail/47148331 HTTP/1.1" 404 35692 "-" "Mozilla/5.0 (Macintosh; Intel Mac OS X 10_15_7; rv:132.0) Gecko/20100101 Firefox/132.0"
66.249.73.72 - - [05/Sep/2026:12:43:02 +0000] "GET /?e=1819193132510 HTTP/1.1" 200 255751 "-" "Mozilla/5.0 (Linux; Android 6.0.1; Nexus 5X Build/MMB29P) AppleWebKit/537.36 (KHTML, like Gecko) Chrome/151.0.7922.173 Mobile Safari/537.36 (compatible; Googlebot/2.1; +http://www.google.com/bot.html)"
66.249.73.67 - - [05/Sep/2026:12:43:02 +0000] "GET /?e=12774158285004 HTTP/1.1" 200 238338 "-" "Mozilla/5.0 (Linux; Android 6.0.1; Nexus 5X Build/MMB29P) AppleWebKit/537.36 (KHTML, like Gecko) Chrome/151.0.7922.173 Mobile Safari/537.36 (compatible; Googlebot/2.1; +http://www.google.com/bot.html)"
57.141.22.7 - - [05/Sep/2026:12:43:02 +0000] "GET / HTTP/1.1" 200 96969 "-" "facebookexternalhit/1.1 (+http://www.facebook.com/externalhit_uatext.php)"
66.249.73.66 - - [05/Sep/2026:12:43:02 +0000] "GET /?e=4919821914401 HTTP/1.1" 200 246253 "-" "Mozilla/5.0 (Linux; Android 6.0.1; Nexus 5X Build/MMB29P) AppleWebKit/537.36 (KHTML, like Gecko) Chrome/151.0.7922.173 Mobile Safari/537.36 (compatible; Googlebot/2.1; +http://www.google.com/bot.html)"
66.249.73.66 - - [05/Sep/2026:12:43:03 +0000] "GET /?e=9118687438108 HTTP/1.1" 200 245466 "-" "Mozilla/5.0 (Linux; Android 6.0.1; Nexus 5X Build/MMB29P) AppleWebKit/537.36 (KHTML, like Gecko) Chrome/151.0.7922.173 Mobile Safari/537.36 (compatible; Googlebot/2.1; +http://www.google.com/bot.html)"
85.25.43.199 - - [05/Sep/2026:12:43:04 +0000] "GET /products/detail/100480200 HTTP/1.1" 404 35692 "-" "Mozilla/5.0 (Macintosh; Intel Mac OS X 10_15_7; rv:132.0) Gecko/20100101 Firefox/132.0"
85.25.43.199 - - [05/Sep/2026:12:43:06 +0000] "GET /products/detail/123558220 HTTP/1.1" 404 35692 "-" "Mozilla/5.0 (Macintosh; Intel Mac OS X 10_15_7; rv:132.0) Gecko/20100101 Firefox/132.0"
66.249.73.69 - - [05/Sep/2026:12:43:06 +0000] "GET /?e=2272916170303 HTTP/1.1" 200 254607 "-" "Mozilla/5.0 (Linux; Android 6.0.1; Nexus 5X Build/MMB29P) AppleWebKit/537.36 (KHTML, like Gecko) Chrome/151.0.7922.173 Mobile Safari/537.36 (compatible; Googlebot/2.1; +http://www.google.com/bot.html)"
106.222.249.187 - - [05/Sep/2026:12:43:07 +0000] "POST /xmlrpc.php HTTP/1.1" 200 403 "-" "Jetpack by WordPress.com"
85.25.43.199 - - [05/Sep/2026:12:43:08 +0000] "GET /products/detail/274034846 HTTP/1.1" 404 35692 "-" "Mozilla/5.0 (Macintosh; Intel Mac OS X 10_15_7; rv:132.0) Gecko/20100101 Firefox/132.0"
85.25.43.199 - - [05/Sep/2026:12:43:10 +0000] "GET /products/detail/103863301 HTTP/1.1" 404 35692 "-" "Mozilla/5.0 (Macintosh; Intel Mac OS X 10_15_7; rv:132.0) Gecko/20100101 Firefox/132.0"
66.249.73.69 - - [05/Sep/2026:12:43:10 +0000] "GET /?e=2988292480704 HTTP/1.1" 200 250562 "-" "Mozilla/5.0 (Linux; Android 6.0.1; Nexus 5X Build/MMB29P) AppleWebKit/537.36 (KHTML, like Gecko) Chrome/151.0.7922.173 Mobile Safari/537.36 (compatible; Googlebot/2.1; +http://www.google.com/bot.html)"
66.249.73.66 - - [05/Sep/2026:12:43:11 +0000] "GET /?e=90615205886902 HTTP/1.1" 200 239729 "-" "Mozilla/5.0 (Linux; Android 6.0.1; Nexus 5X Build/MMB29P) AppleWebKit/537.36 (KHTML, like Gecko) Chrome/151.0.7922.173 Mobile Safari/537.36 (compatible; Googlebot/2.1; +http://www.google.com/bot.html)"
66.249.73.73 - - [05/Sep/2026:12:43:11 +0000] "GET /?e=2383821356504 HTTP/1.1" 200 250236 "-" "Mozilla/5.0 (Linux; Android 6.0.1; Nexus 5X Build/MMB29P) AppleWebKit/537.36 (KHTML, like Gecko) Chrome/151.0.7922.173 Mobile Safari/537.36 (compatible; Googlebot/2.1; +http://www.google.com/bot.html)"
85.25.43.199 - - [05/Sep/2026:12:43:12 +0000] "GET /products/detail/99241917 HTTP/1.1" 404 35692 "-" "Mozilla/5.0 (Macintosh; Intel Mac OS X 10_15_7; rv:132.0) Gecko/20100101 Firefox/132.0"
85.25.43.199 - - [05/Sep/2026:12:43:14 +0000] "GET /products/detail/290991301 HTTP/1.1" 404 35692 "-" "Mozilla/5.0 (Macintosh; Intel Mac OS X 10_15_7; rv:132.0) Gecko/20100101 Firefox/132.0"
66.249.73.71 - - [05/Sep/2026:12:43:14 +0000] "GET /?e=12818104250704 HTTP/1.1" 200 258168 "-" "Mozilla/5.0 (Linux; Android 6.0.1; Nexus 5X Build/MMB29P) AppleWebKit/537.36 (KHTML, like Gecko) Chrome/151.0.7922.173 Mobile Safari/537.36 (compatible; Googlebot/2.1; +http://www.google.com/bot.html)"
85.25.43.199 - - [05/Sep/2026:12:43:16 +0000] "GET /products/detail/177938351 HTTP/1.1" 404 35692 "-" "Mozilla/5.0 (Macintosh; Intel Mac OS X 10_15_7; rv:132.0) Gecko/20100101 Firefox/132.0"
85.25.43.199 - - [05/Sep/2026:12:43:18 +0000] "GET /products/detail/228353321 HTTP/1.1" 404 35692 "-" "Mozilla/5.0 (Macintosh; Intel Mac OS X 10_15_7; rv:132.0) Gecko/20100101 Firefox/132.0"
106.222.249.187 - - [05/Sep/2026:12:43:18 +0000] "POST /xmlrpc.php HTTP/1.1" 200 403 "-" "WordPress.com; https://wordpress.com"
66.249.73.70 - - [05/Sep/2026:12:43:20 +0000] "GET /?e=1240974385605 HTTP/1.1" 200 240261 "-" "Mozilla/5.0 (Linux; Android 6.0.1; Nexus 5X Build/MMB29P) AppleWebKit/537.36 (KHTML, like Gecko) Chrome/151.0.7922.173 Mobile Safari/537.36 (compatible; Googlebot/2.1; +http://www.google.com/bot.html)"
85.25.43.199 - - [05/Sep/2026:12:43:20 +0000] "GET /products/detail/225856482 HTTP/1.1" 404 35692 "-" "Mozilla/5.0 (Macintosh; Intel Mac OS X 10_15_7; rv:132.0) Gecko/20100101 Firefox/132.0"
66.249.73.65 - - [05/Sep/2026:12:43:20 +0000] "GET /?e=0487262109707 HTTP/1.1" 200 238144 "-" "Mozilla/5.0 (Linux; Android 6.0.1; Nexus 5X Build/MMB29P) AppleWebKit/537.36 (KHTML, like Gecko) Chrome/151.0.7922.173 Mobile Safari/537.36 (compatible; Googlebot/2.1; +http://www.google.com/bot.html)"
66.249.73.66 - - [05/Sep/2026:12:43:20 +0000] "GET /?e=794495313900 HTTP/1.1" 200 248713 "-" "Mozilla/5.0 (Linux; Android 6.0.1; Nexus 5X Build/MMB29P) AppleWebKit/537.36 (KHTML, like Gecko) Chrome/151.0.7922.173 Mobile Safari/537.36 (compatible; Googlebot/2.1; +http://www.google.com/bot.html)"
66.249.73.70 - - [05/Sep/2026:12:43:21 +0000] "GET /?e=08123193494008 HTTP/1.1" 200 241574 "-" "Mozilla/5.0 (Linux; Android 6.0.1; Nexus 5X Build/MMB29P) AppleWebKit/537.36 (KHTML, like Gecko) Chrome/151.0.7922.173 Mobile Safari/537.36 (compatible; Googlebot/2.1; +http://www.google.com/bot.html)"
66.249.73.64 - - [05/Sep/2026:12:43:21 +0000] "GET /?e=7614091459702 HTTP/1.1" 200 240308 "-" "Mozilla/5.0 (Linux; Android 6.0.1; Nexus 5X Build/MMB29P) AppleWebKit/537.36 (KHTML, like Gecko) Chrome/151.0.7922.173 Mobile Safari/537.36 (compatible; Googlebot/2.1; +http://www.google.com/bot.html)"
66.249.73.65 - - [05/Sep/2026:12:43:21 +0000] "GET /?e=19778176047001 HTTP/1.1" 200 242049 "-" "Mozilla/5.0 (Linux; Android 6.0.1; Nexus 5X Build/MMB29P) AppleWebKit/537.36 (KHTML, like Gecko) Chrome/151.0.7922.173 Mobile Safari/537.36 (compatible; Googlebot/2.1; +http://www.google.com/bot.html)"
66.249.73.65 - - [05/Sep/2026:12:43:21 +0000] "GET /?e=71919202658602 HTTP/1.1" 200 248505 "-" "Mozilla/5.0 (Linux; Android 6.0.1; Nexus 5X Build/MMB29P) AppleWebKit/537.36 (KHTML, like Gecko) Chrome/151.0.7922.173 Mobile Safari/537.36 (compatible; Googlebot/2.1; +http://www.google.com/bot.html)"
66.249.73.70 - - [05/Sep/2026:12:43:21 +0000] "GET /?e=8581295711917 HTTP/1.1" 200 242301 "-" "Mozilla/5.0 (Linux; Android 6.0.1; Nexus 5X Build/MMB29P) AppleWebKit/537.36 (KHTML, like Gecko) Chrome/151.0.7922.173 Mobile Safari/537.36 (compatible; Googlebot/2.1; +http://www.google.com/bot.html)"
85.25.43.199 - - [05/Sep/2026:12:43:22 +0000] "GET /products/detail/268320634 HTTP/1.1" 404 35692 "-" "Mozilla/5.0 (Macintosh; Intel Mac OS X 10_15_7; rv:132.0) Gecko/20100101 Firefox/132.0"
13.83.167.128 - - [05/Sep/2026:12:43:22 +0000] "GET /?e=4237212164101 HTTP/1.1" 403 - "-" "Mozilla/5.0 AppleWebKit/537.36 (KHTML, like Gecko); compatible; ChatGPT-User/1.0; +https://openai.com/bot"
66.249.73.73 - - [05/Sep/2026:12:43:23 +0000] "GET /?e=6282472512111 HTTP/1.1" 200 241169 "-" "Mozilla/5.0 (Linux; Android 6.0.1; Nexus 5X Build/MMB29P) AppleWebKit/537.36 (KHTML, like Gecko) Chrome/151.0.7922.173 Mobile Safari/537.36 (compatible; Googlebot/2.1; +http://www.google.com/bot.html)"
85.25.43.199 - - [05/Sep/2026:12:43:24 +0000] "GET /products/detail/203924957 HTTP/1.1" 404 35692 "-" "Mozilla/5.0 (Macintosh; Intel Mac OS X 10_15_7; rv:132.0) Gecko/20100101 Firefox/132.0"
66.249.73.65 - - [05/Sep/2026:12:43:24 +0000] "GET /?e=79388185548902 HTTP/1.1" 200 237768 "-" "Mozilla/5.0 (Linux; Android 6.0.1; Nexus 5X Build/MMB29P) AppleWebKit/537.36 (KHTML, like Gecko) Chrome/151.0.7922.173 Mobile Safari/537.36 (compatible; Googlebot/2.1; +http://www.google.com/bot.html)"
85.25.43.199 - - [05/Sep/2026:12:43:26 +0000] "GET /products/detail/209857200 HTTP/1.1" 404 35692 "-" "Mozilla/5.0 (Macintosh; Intel Mac OS X 10_15_7; rv:132.0) Gecko/20100101 Firefox/132.0"
85.25.43.199 - - [05/Sep/2026:12:43:28 +0000] "GET /products/detail/249095270 HTTP/1.1" 404 35692 "-" "Mozilla/5.0 (Macintosh; Intel Mac OS X 10_15_7; rv:132.0) Gecko/20100101 Firefox/132.0"
106.222.249.187 - - [05/Sep/2026:12:43:28 +0000] "POST /xmlrpc.php HTTP/1.1" 200 403 "-" "Jetpack by WordPress.com (Jetpack 12.5; WordPress 6.2)"
66.249.73.102 - - [05/Sep/2026:12:43:29 +0000] "GET /?e=1080139732202 HTTP/1.1" 200 240440 "-" "Mozilla/5.0 (Linux; Android 6.0.1; Nexus 5X Build/MMB29P) AppleWebKit/537.36 (KHTML, like Gecko) Chrome/151.0.7922.173 Mobile Safari/537.36 (compatible; Googlebot/2.1; +http://www.google.com/bot.html)"
66.249.73.64 - - [05/Sep/2026:12:43:30 +0000] "GET /?e=72135181911901 HTTP/1.1" 200 238352 "-" "Mozilla/5.0 (Linux; Android 6.0.1; Nexus 5X Build/MMB29P) AppleWebKit/537.36 (KHTML, like Gecko) Chrome/151.0.7922.173 Mobile Safari/537.36 (compatible; Googlebot/2.1; +http://www.google.com/bot.html)"
85.25.43.199 - - [05/Sep/2026:12:43:30 +0000] "GET /products/detail/219933038 HTTP/1.1" 404 35692 "-" "Mozilla/5.0 (Macintosh; Intel Mac OS X 10_15_7; rv:132.0) Gecko/20100101 Firefox/132.0"
66.249.73.71 - - [05/Sep/2026:12:43:30 +0000] "GET /?e=8107492841307 HTTP/1.1" 200 240117 "-" "Mozilla/5.0 (Linux; Android 6.0.1; Nexus 5X Build/MMB29P) AppleWebKit/537.36 (KHTML, like Gecko) Chrome/151.0.7922.173 Mobile Safari/537.36 (compatible; Googlebot/2.1; +http://www.google.com/bot.html)"
66.249.73.73 - - [05/Sep/2026:12:43:31 +0000] "GET /?e=1091080300914 HTTP/1.1" 200 241321 "-" "Mozilla/5.0 (Linux; Android 6.0.1; Nexus 5X Build/MMB29P) AppleWebKit/537.36 (KHTML, like Gecko) Chrome/151.0.7922.173 Mobile Safari/537.36 (compatible; Googlebot/2.1; +http://www.google.com/bot.html)"
66.249.73.64 - - [05/Sep/2026:12:43:31 +0000] "GET /?e=5267176791807 HTTP/1.1" 200 240049 "-" "Mozilla/5.0 (Linux; Android 6.0.1; Nexus 5X Build/MMB29P) AppleWebKit/537.36 (KHTML, like Gecko) Chrome/151.0.7922.173 Mobile Safari/537.36 (compatible; Googlebot/2.1; +http://www.google.com/bot.html)"
66.249.73.72 - - [05/Sep/2026:12:43:31 +0000] "GET /?e=8916777558512 HTTP/1.1" 200 244309 "-" "Mozilla/5.0 (Linux; Android 6.0.1; Nexus 5X Build/MMB29P) AppleWebKit/537.36 (KHTML, like Gecko) Chrome/151.0.7922.173 Mobile Safari/537.36 (compatible; Googlebot/2.1; +http://www.google.com/bot.html)"
66.249.73.72 - - [05/Sep/2026:12:43:31 +0000] "GET /?e=92586152365200 HTTP/1.1" 200 257353 "-" "Mozilla/5.0 (Linux; Android 6.0.1; Nexus 5X Build/MMB29P) AppleWebKit/537.36 (KHTML, like Gecko) Chrome/151.0.7922.173 Mobile Safari/537.36 (compatible; Googlebot/2.1; +http://www.google.com/bot.html)"
85.25.43.199 - - [05/Sep/2026:12:43:32 +0000] "GET /products/detail/21747967 HTTP/1.1" 404 35692 "-" "Mozilla/5.0 (Macintosh; Intel Mac OS X 10_15_7; rv:132.0) Gecko/20100101 Firefox/132.0"
66.249.73.71 - - [05/Sep/2026:12:43:32 +0000] "GET /?e=732953430904 HTTP/1.1" 200 237718 "-" "Mozilla/5.0 (Linux; Android 6.0.1; Nexus 5X Build/MMB29P) AppleWebKit/537.36 (KHTML, like Gecko) Chrome/151.0.7922.173 Mobile Safari/537.36 (compatible; Googlebot/2.1; +http://www.google.com/bot.html)"
66.249.73.73 - - [05/Sep/2026:12:43:33 +0000] "GET /?e=8655219973803 HTTP/1.1" 200 238796 "-" "Mozilla/5.0 (Linux; Android 6.0.1; Nexus 5X Build/MMB29P) AppleWebKit/537.36 (KHTML, like Gecko) Chrome/152.0.7977.75 Mobile Safari/537.36 (compatible; Googlebot/2.1; +http://www.google.com/bot.html)"
85.25.43.199 - - [05/Sep/2026:12:43:34 +0000] "GET /products/detail/131955008 HTTP/1.1" 404 35692 "-" "Mozilla/5.0 (Macintosh; Intel Mac OS X 10_15_7; rv:132.0) Gecko/20100101 Firefox/132.0"
85.25.43.199 - - [05/Sep/2026:12:43:36 +0000] "GET /products/detail/298831866 HTTP/1.1" 404 35692 "-" "Mozilla/5.0 (Macintosh; Intel Mac OS X 10_15_7; rv:132.0) Gecko/20100101 Firefox/132.0"
66.249.73.71 - - [05/Sep/2026:12:43:37 +0000] "GET /?e=91028159585204 HTTP/1.1" 200 243619 "-" "Mozilla/5.0 (Linux; Android 6.0.1; Nexus 5X Build/MMB29P) AppleWebKit/537.36 (KHTML, like Gecko) Chrome/151.0.7922.173 Mobile Safari/537.36 (compatible; Googlebot/2.1; +http://www.google.com/bot.html)"
85.25.43.199 - - [05/Sep/2026:12:43:38 +0000] "GET /products/detail/104438513 HTTP/1.1" 404 35692 "-" "Mozilla/5.0 (Macintosh; Intel Mac OS X 10_15_7; rv:132.0) Gecko/20100101 Firefox/132.0"
106.222.249.187 - - [05/Sep/2026:12:43:39 +0000] "POST /xmlrpc.php HTTP/1.1" 200 403 "-" "Jetpack/12.1; WordPress/6.2; http://site45101489.com"
85.25.43.199 - - [05/Sep/2026:12:43:40 +0000] "GET /products/detail/57544018 HTTP/1.1" 404 35692 "-" "Mozilla/5.0 (Macintosh; Intel Mac OS X 10_15_7; rv:132.0) Gecko/20100101 Firefox/132.0"
66.249.73.73 - - [05/Sep/2026:12:43:40 +0000] "GET /?e=21112186862313 HTTP/1.1" 200 247886 "-" "Mozilla/5.0 (Linux; Android 6.0.1; Nexus 5X Build/MMB29P) AppleWebKit/537.36 (KHTML, like Gecko) Chrome/151.0.7922.173 Mobile Safari/537.36 (compatible; Googlebot/2.1; +http://www.google.com/bot.html)"
66.249.73.73 - - [05/Sep/2026:12:43:42 +0000] "GET /?e=01923109076109 HTTP/1.1" 200 241651 "-" "Mozilla/5.0 (Linux; Android 6.0.1; Nexus 5X Build/MMB29P) AppleWebKit/537.36 (KHTML, like Gecko) Chrome/151.0.7922.173 Mobile Safari/537.36 (compatible; Googlebot/2.1; +http://www.google.com/bot.html)"
66.249.73.65 - - [05/Sep/2026:12:43:41 +0000] "GET /?e=0230056686600 HTTP/1.1" 200 239102 "-" "Mozilla/5.0 (Linux; Android 6.0.1; Nexus 5X Build/MMB29P) AppleWebKit/537.36 (KHTML, like Gecko) Chrome/151.0.7922.173 Mobile Safari/537.36 (compatible; Googlebot/2.1; +http://www.google.com/bot.html)"
85.25.43.199 - - [05/Sep/2026:12:43:42 +0000] "GET /products/detail/180593240 HTTP/1.1" 404 35692 "-" "Mozilla/5.0 (Macintosh; Intel Mac OS X 10_15_7; rv:132.0) Gecko/20100101 Firefox/132.0"
66.249.73.64 - - [05/Sep/2026:12:43:42 +0000] "GET /?e=1832832269303 HTTP/1.1" 200 239983 "-" "Mozilla/5.0 (Linux; Android 6.0.1; Nexus 5X Build/MMB29P) AppleWebKit/537.36 (KHTML, like Gecko) Chrome/151.0.7922.173 Mobile Safari/537.36 (compatible; Googlebot/2.1; +http://www.google.com/bot.html)"
57.141.4.14 - - [05/Sep/2026:12:43:43 +0000] "GET /products/0984561314 HTTP/1.1" 404 35692 "-" "Mozilla/5.0 (X11; Linux x86_64) AppleWebKit/537.36 (KHTML, like Gecko) Chrome/145.0.0.0 Safari/537.36 (compatible; meta-externalagent/1.1 (+https://developers.facebook.com/docs/sharing/webmasters/crawler))"
66.249.73.65 - - [05/Sep/2026:12:43:43 +0000] "GET /?e=654927335202 HTTP/1.1" 200 257434 "-" "Mozilla/5.0 (Linux; Android 6.0.1; Nexus 5X Build/MMB29P) AppleWebKit/537.36 (KHTML, like Gecko) Chrome/151.0.7922.173 Mobile Safari/537.36 (compatible; Googlebot/2.1; +http://www.google.com/bot.html)"
66.249.73.71 - - [05/Sep/2026:12:43:43 +0000] "GET /?e=8204222093801 HTTP/1.1" 200 243554 "-" "Mozilla/5.0 (Linux; Android 6.0.1; Nexus 5X Build/MMB29P) AppleWebKit/537.36 (KHTML, like Gecko) Chrome/151.0.7922.173 Mobile Safari/537.36 (compatible; Googlebot/2.1; +http://www.google.com/bot.html)"
85.25.43.199 - - [05/Sep/2026:12:43:44 +0000] "GET /products/detail/67993785 HTTP/1.1" 404 35692 "-" "Mozilla/5.0 (Macintosh; Intel Mac OS X 10_15_7; rv:132.0) Gecko/20100101 Firefox/132.0"
66.249.73.66 - - [05/Sep/2026:12:43:45 +0000] "GET /?e=5026454396100 HTTP/1.1" 200 241571 "-" "Mozilla/5.0 (Linux; Android 6.0.1; Nexus 5X Build/MMB29P) AppleWebKit/537.36 (KHTML, like Gecko) Chrome/151.0.7922.173 Mobile Safari/537.36 (compatible; Googlebot/2.1; +http://www.google.com/bot.html)"
85.25.43.199 - - [05/Sep/2026:12:43:46 +0000] "GET /products/detail/122886149 HTTP/1.1" 404 35692 "-" "Mozilla/5.0 (Macintosh; Intel Mac OS X 10_15_7; rv:132.0) Gecko/20100101 Firefox/132.0"
85.25.43.199 - - [05/Sep/2026:12:43:48 +0000] "GET /products/detail/266008200 HTTP/1.1" 404 35692 "-" "Mozilla/5.0 (Macintosh; Intel Mac OS X 10_15_7; rv:132.0) Gecko/20100101 Firefox/132.0"
106.222.249.187 - - [05/Sep/2026:12:43:49 +0000] "POST /xmlrpc.php HTTP/1.1" 200 403 "-" "Jetpack/13.0; WordPress/6.2; http://site19851371.com"
85.25.43.199 - - [05/Sep/2026:12:43:50 +0000] "GET /products/detail/289964270 HTTP/1.1" 404 35692 "-" "Mozilla/5.0 (Macintosh; Intel Mac OS X 10_15_7; rv:132.0) Gecko/20100101 Firefox/132.0"
66.249.73.102 - - [05/Sep/2026:12:43:51 +0000] "GET /?e=00398175996303 HTTP/1.1" 200 238264 "-" "Mozilla/5.0 (Linux; Android 6.0.1; Nexus 5X Build/MMB29P) AppleWebKit/537.36 (KHTML, like Gecko) Chrome/151.0.7922.173 Mobile Safari/537.36 (compatible; Googlebot/2.1; +http://www.google.com/bot.html)"
66.249.73.65 - - [05/Sep/2026:12:43:51 +0000] "GET /?e=3171849406801 HTTP/1.1" 200 238854 "-" "Mozilla/5.0 (Linux; Android 6.0.1; Nexus 5X Build/MMB29P) AppleWebKit/537.36 (KHTML, like Gecko) Chrome/151.0.7922.173 Mobile Safari/537.36 (compatible; Googlebot/2.1; +http://www.google.com/bot.html)"
85.25.43.199 - - [05/Sep/2026:12:43:52 +0000] "GET /products/detail/104619068 HTTP/1.1" 404 35692 "-" "Mozilla/5.0 (Macintosh; Intel Mac OS X 10_15_7; rv:132.0) Gecko/20100101 Firefox/132.0"
66.249.73.72 - - [05/Sep/2026:12:43:52 +0000] "GET /?e=04443101446706 HTTP/1.1" 200 252218 "-" "Mozilla/5.0 (Linux; Android 6.0.1; Nexus 5X Build/MMB29P) AppleWebKit/537.36 (KHTML, like Gecko) Chrome/151.0.7922.173 Mobile Safari/537.36 (compatible; Googlebot/2.1; +http://www.google.com/bot.html)"
66.249.73.67 - - [05/Sep/2026:12:43:52 +0000] "GET /?e=8068724608006 HTTP/1.1" 200 239581 "-" "Mozilla/5.0 (Linux; Android 6.0.1; Nexus 5X Build/MMB29P) AppleWebKit/537.36 (KHTML, like Gecko) Chrome/151.0.7922.173 Mobile Safari/537.36 (compatible; Googlebot/2.1; +http://www.google.com/bot.html)"
66.249.73.66 - - [05/Sep/2026:12:43:52 +0000] "GET /?e=4642689807600 HTTP/1.1" 200 252214 "-" "Mozilla/5.0 (Linux; Android 6.0.1; Nexus 5X Build/MMB29P) AppleWebKit/537.36 (KHTML, like Gecko) Chrome/151.0.7922.173 Mobile Safari/537.36 (compatible; Googlebot/2.1; +http://www.google.com/bot.html)"
66.249.73.71 - - [05/Sep/2026:12:43:53 +0000] "GET /?e=05307180353413 HTTP/1.1" 200 242098 "-" "Mozilla/5.0 (Linux; Android 6.0.1; Nexus 5X Build/MMB29P) AppleWebKit/537.36 (KHTML, like Gecko) Chrome/151.0.7922.173 Mobile Safari/537.36 (compatible; Googlebot/2.1; +http://www.google.com/bot.html)"
85.25.43.199 - - [05/Sep/2026:12:43:54 +0000] "GET /products/detail/166769351 HTTP/1.1" 404 35692 "-" "Mozilla/5.0 (Macintosh; Intel Mac OS X 10_15_7; rv:132.0) Gecko/20100101 Firefox/132.0"
66.249.73.70 - - [05/Sep/2026:12:43:54 +0000] "GET /?e=2244019356803 HTTP/1.1" 200 245155 "-" "Mozilla/5.0 (Linux; Android 6.0.1; Nexus 5X Build/MMB29P) AppleWebKit/537.36 (KHTML, like Gecko) Chrome/151.0.7922.173 Mobile Safari/537.36 (compatible; Googlebot/2.1; +http://www.google.com/bot.html)"
85.25.43.199 - - [05/Sep/2026:12:43:56 +0000] "GET /products/detail/164065644 HTTP/1.1" 404 35692 "-" "Mozilla/5.0 (Macintosh; Intel Mac OS X 10_15_7; rv:132.0) Gecko/20100101 Firefox/132.0"
66.249.73.68 - - [05/Sep/2026:12:43:57 +0000] "GET /?e=10510116091102 HTTP/1.1" 200 248278 "-" "Mozilla/5.0 (Linux; Android 6.0.1; Nexus 5X Build/MMB29P) AppleWebKit/537.36 (KHTML, like Gecko) Chrome/151.0.7922.173 Mobile Safari/537.36 (compatible; Googlebot/2.1; +http://www.google.com/bot.html)"
57.141.4.39 - - [05/Sep/2026:12:43:57 +0000] "GET /products/1072695641 HTTP/1.1" 301 - "-" "Mozilla/5.0 (Macintosh; Intel Mac OS X 10_15_7) AppleWebKit/537.36 (KHTML, like Gecko) Chrome/145.0.0.0 Safari/537.36 (compatible; meta-externalagent/1.1 (+https://developers.facebook.com/docs/sharing/webmasters/crawler))"
85.25.43.199 - - [05/Sep/2026:12:43:58 +0000] "GET /products/detail/169309482 HTTP/1.1" 404 35692 "-" "Mozilla/5.0 (Macintosh; Intel Mac OS X 10_15_7; rv:132.0) Gecko/20100101 Firefox/132.0"
66.249.73.66 - - [05/Sep/2026:12:43:59 +0000] "GET /?e=1010750173501 HTTP/1.1" 200 238175 "-" "Mozilla/5.0 (Linux; Android 6.0.1; Nexus 5X Build/MMB29P) AppleWebKit/537.36 (KHTML, like Gecko) Chrome/151.0.7922.173 Mobile Safari/537.36 (compatible; Googlebot/2.1; +http://www.google.com/bot.html)"
57.141.4.31 - - [05/Sep/2026:12:44:00 +0000] "GET /products/1072695641 HTTP/1.1" 404 35692 "-" "Mozilla/5.0 (Macintosh; Intel Mac OS X 10_15_7) AppleWebKit/537.36 (KHTML, like Gecko) Chrome/145.0.0.0 Safari/537.36 (compatible; meta-externalagent/1.1 (+https://developers.facebook.com/docs/sharing/webmasters/crawler))"
85.25.43.199 - - [05/Sep/2026:12:44:00 +0000] "GET /products/detail/159832159 HTTP/1.1" 404 35692 "-" "Mozilla/5.0 (Macintosh; Intel Mac OS X 10_15_7; rv:132.0) Gecko/20100101 Firefox/132.0"
106.222.249.187 - - [05/Sep/2026:12:44:00 +0000] "POST /xmlrpc.php HTTP/1.1" 301 - "-" "Jetpack/12.0; WordPress/6.2; http://site41443827.com"
85.25.43.199 - - [05/Sep/2026:12:44:02 +0000] "GET /products/detail/257730907 HTTP/1.1" 404 35692 "-" "Mozilla/5.0 (Macintosh; Intel Mac OS X 10_15_7; rv:132.0) Gecko/20100101 Firefox/132.0"
106.222.249.187 - - [05/Sep/2026:12:44:03 +0000] "GET /xmlrpc.php HTTP/1.1" 405 42 "-" "Jetpack/12.0; WordPress/6.2; http://site41443827.com"
85.25.43.199 - - [05/Sep/2026:12:44:04 +0000] "GET /products/detail/106316028 HTTP/1.1" 404 35692 "-" "Mozilla/5.0 (Macintosh; Intel Mac OS X 10_15_7; rv:132.0) Gecko/20100101 Firefox/132.0"
66.249.73.70 - - [05/Sep/2026:12:44:03 +0000] "GET /?e=2782091338101 HTTP/1.1" 200 237856 "-" "Mozilla/5.0 (Linux; Android 6.0.1; Nexus 5X Build/MMB29P) AppleWebKit/537.36 (KHTML, like Gecko) Chrome/151.0.7922.173 Mobile Safari/537.36 (compatible; Googlebot/2.1; +http://www.google.com/bot.html)"
85.25.43.199 - - [05/Sep/2026:12:44:06 +0000] "GET /products/detail/78005058 HTTP/1.1" 404 35692 "-" "Mozilla/5.0 (Macintosh; Intel Mac OS X 10_15_7; rv:132.0) Gecko/20100101 Firefox/132.0"
66.249.73.66 - - [05/Sep/2026:12:44:07 +0000] "GET /?e=39187117937700 HTTP/1.1" 200 248637 "-" "Mozilla/5.0 (Linux; Android 6.0.1; Nexus 5X Build/MMB29P) AppleWebKit/537.36 (KHTML, like Gecko) Chrome/151.0.7922.173 Mobile Safari/537.36 (compatible; Googlebot/2.1; +http://www.google.com/bot.html)"
85.25.43.199 - - [05/Sep/2026:12:44:08 +0000] "GET /products/detail/185425230 HTTP/1.1" 404 35692 "-" "Mozilla/5.0 (Macintosh; Intel Mac OS X 10_15_7; rv:132.0) Gecko/20100101 Firefox/132.0"
85.25.43.199 - - [05/Sep/2026:12:44:10 +0000] "GET /products/detail/222972008 HTTP/1.1" 404 35692 "-" "Mozilla/5.0 (Macintosh; Intel Mac OS X 10_15_7; rv:132.0) Gecko/20100101 Firefox/132.0"
106.222.249.187 - - [05/Sep/2026:12:44:11 +0000] "POST /xmlrpc.php HTTP/1.1" 200 403 "-" "Jetpack by WordPress.com"
66.249.73.64 - - [05/Sep/2026:12:44:11 +0000] "GET /?e=92777177087209 HTTP/1.1" 200 244217 "-" "Mozilla/5.0 (Linux; Android 6.0.1; Nexus 5X Build/MMB29P) AppleWebKit/537.36 (KHTML, like Gecko) Chrome/151.0.7922.173 Mobile Safari/537.36 (compatible; Googlebot/2.1; +http://www.google.com/bot.html)"
66.249.73.64 - - [05/Sep/2026:12:44:12 +0000] "GET /?e=4190292984404 HTTP/1.1" 200 248415 "-" "Mozilla/5.0 (Linux; Android 6.0.1; Nexus 5X Build/MMB29P) AppleWebKit/537.36 (KHTML, like Gecko) Chrome/151.0.7922.173 Mobile Safari/537.36 (compatible; Googlebot/2.1; +http://www.google.com/bot.html)"
