66.249.73.68 - - [05/Sep/2026:12:34:36 +0000] "GET /?e=1991591252614 HTTP/1.1" 200 241562 "-" "Mozilla/5.0 (Linux; Android 6.0.1; Nexus 5X Build/MMB29P) AppleWebKit/537.36 (KHTML, like Gecko) Chrome/151.0.7922.173 Mobile Safari/537.36 (compatible; Googlebot/2.1; +http://www.google.com/bot.html)"
85.25.43.199 - - [05/Sep/2026:12:34:36 +0000] "GET /services/ui-ux-design/applications-design/ HTTP/1.1" 200 69280 "-" "Mozilla/5.0 (Macintosh; Intel Mac OS X 10_15_7; rv:132.0) Gecko/20100101 Firefox/132.0"
66.249.73.71 - - [05/Sep/2026:12:34:37 +0000] "GET /?e=77831203464506 HTTP/1.1" 200 241006 "-" "Mozilla/5.0 (Linux; Android 6.0.1; Nexus 5X Build/MMB29P) AppleWebKit/537.36 (KHTML, like Gecko) Chrome/151.0.7922.173 Mobile Safari/537.36 (compatible; Googlebot/2.1; +http://www.google.com/bot.html)"
85.25.43.199 - - [05/Sep/2026:12:34:37 +0000] "GET /wp-content/uploads/2021/07/60e087501a3a5.jpg HTTP/1.1" 200 104949 "-" "Mozilla/5.0 (Macintosh; Intel Mac OS X 10_15_7; rv:132.0) Gecko/20100101 Firefox/132.0"
85.25.43.199 - - [05/Sep/2026:12:34:38 +0000] "GET /wp-content/uploads/2021/07/60e081d2413f1.jpg HTTP/1.1" 200 88791 "-" "Mozilla/5.0 (Macintosh; Intel Mac OS X 10_15_7; rv:132.0) Gecko/20100101 Firefox/132.0"
85.25.43.199 - - [05/Sep/2026:12:34:38 +0000] "GET /wp-content/uploads/2021/07/60e081b2bfc1c.jpg HTTP/1.1" 200 101238 "-" "Mozilla/5.0 (Macintosh; Intel Mac OS X 10_15_7; rv:132.0) Gecko/20100101 Firefox/132.0"
85.25.43.199 - - [05/Sep/2026:12:34:38 +0000] "GET /wp-content/uploads/2021/07/60e0850b66fc9.jpg HTTP/1.1" 200 111174 "-" "Mozilla/5.0 (Macintosh; Intel Mac OS X 10_15_7; rv:132.0) Gecko/20100101 Firefox/132.0"
66.249.73.68 - - [05/Sep/2026:12:34:38 +0000] "GET /?e=3529971792004 HTTP/1.1" 200 240104 "-" "Mozilla/5.0 (Linux; Android 6.0.1; Nexus 5X Build/MMB29P) AppleWebKit/537.36 (KHTML, like Gecko) Chrome/151.0.7922.173 Mobile Safari/537.36 (compatible; Googlebot/2.1; +http://www.google.com/bot.html)"
85.25.43.199 - - [05/Sep/2026:12:34:38 +0000] "GET /services/ui-ux-design/applications-design/ HTTP/1.1" 200 69280 "-" "Mozilla/5.0 (Macintosh; Intel Mac OS X 10_15_7; rv:132.0) Gecko/20100101 Firefox/132.0"
85.25.43.199 - - [05/Sep/2026:12:34:39 +0000] "GET /wp-content/uploads/2021/07/60e088e8bba123.png HTTP/1.1" 200 569753 "-" "Mozilla/5.0 (Macintosh; Intel Mac OS X 10_15_7; rv:132.0) Gecko/20100101 Firefox/132.0"
66.249.73.73 - - [05/Sep/2026:12:34:40 +0000] "GET /?e=36868172233000 HTTP/1.1" 200 250808 "-" "Mozilla/5.0 (Linux; Android 6.0.1; Nexus 5X Build/MMB29P) AppleWebKit/537.36 (KHTML, like Gecko) Chrome/151.0.7922.173 Mobile Safari/537.36 (compatible; Googlebot/2.1; +http://www.google.com/bot.html)"
66.249.73.67 - - [05/Sep/2026:12:34:40 +0000] "GET /?e=83090195099202 HTTP/1.1" 200 254190 "-" "Mozilla/5.0 (Linux; Android 6.0.1; Nexus 5X Build/MMB29P) AppleWebKit/537.36 (KHTML, like Gecko) Chrome/151.0.7922.173 Mobile Safari/537.36 (compatible; Googlebot/2.1; +http://www.google.com/bot.html)"
66.249.73.102 - - [05/Sep/2026:12:34:40 +0000] "GET /?e=8479036165605 HTTP/1.1" 200 238911 "-" "Mozilla/5.0 (Linux; Android 6.0.1; Nexus 5X Build/MMB29P) AppleWebKit/537.36 (KHTML, like Gecko) Chrome/151.0.7922.173 Mobile Safari/537.36 (compatible; Googlebot/2.1; +http://www.google.com/bot.html)"
66.249.73.68 - - [05/Sep/2026:12:34:41 +0000] "GET /?e=78791164348503 HTTP/1.1" 200 240360 "-" "Mozilla/5.0 (Linux; Android 6.0.1; Nexus 5X Build/MMB29P) AppleWebKit/537.36 (KHTML, like Gecko) Chrome/151.0.7922.173 Mobile Safari/537.36 (compatible; Googlebot/2.1; +http://www.google.com/bot.html)"
85.25.43.199 - - [05/Sep/2026:12:34:41 +0000] "GET /services/ui-ux-design/high-low-fidelity-prototype/ HTTP/1.1" 200 70809 "-" "Mozilla/5.0 (Macintosh; Intel Mac OS X 10_15_7; rv:132.0) Gecko/20100101 Firefox/132.0"
66.249.73.102 - - [05/Sep/2026:12:34:41 +0000] "GET /products/detail/137356785 HTTP/1.1" 200 239961 "-" "Mozilla/5.0 (Linux; Android 6.0.1; Nexus 5X Build/MMB29P) AppleWebKit/537.36 (KHTML, like Gecko) Chrome/151.0.7922.173 Mobile Safari/537.36 (compatible; Googlebot/2.1; +http://www.google.com/bot.html)"
85.25.43.199 - - [05/Sep/2026:12:34:41 +0000] "GET /wp-content/uploads/2021/07/60e0a16774c57.jpg HTTP/1.1" 200 83508 "-" "Mozilla/5.0 (Macintosh; Intel Mac OS X 10_15_7; rv:132.0) Gecko/20100101 Firefox/132.0"
66.249.73.65 - - [05/Sep/2026:12:34:41 +0000] "GET /?e=7017491834007 HTTP/1.1" 200 246204 "-" "Mozilla/5.0 (Linux; Android 6.0.1; Nexus 5X Build/MMB29P) AppleWebKit/537.36 (KHTML, like Gecko) Chrome/151.0.7922.173 Mobile Safari/537.36 (compatible; Googlebot/2.1; +http://www.google.com/bot.html)"
66.249.73.66 - - [05/Sep/2026:12:34:42 +0000] "GET /?e=29926179428610 HTTP/1.1" 200 239398 "-" "Mozilla/5.0 (Linux; Android 6.0.1; Nexus 5X Build/MMB29P) AppleWebKit/537.36 (KHTML, like Gecko) Chrome/151.0.7922.173 Mobile Safari/537.36 (compatible; Googlebot/2.1; +http://www.google.com/bot.html)"
85.25.43.199 - - [05/Sep/2026:12:34:42 +0000] "GET /services/ui-ux-design/high-low-fidelity-prototype/ HTTP/1.1" 200 70809 "-" "Mozilla/5.0 (Macintosh; Intel Mac OS X 10_15_7; rv:132.0) Gecko/20100101 Firefox/132.0"
85.25.43.199 - - [05/Sep/2026:12:34:42 +0000] "GET /wp-content/uploads/2021/07/60e09cb02f655.jpg HTTP/1.1" 200 75636 "-" "Mozilla/5.0 (Macintosh; Intel Mac OS X 10_15_7; rv:132.0) Gecko/20100101 Firefox/132.0"
85.25.43.199 - - [05/Sep/2026:12:34:42 +0000] "GET /wp-content/uploads/2021/07/60e09c04bfbca.jpg HTTP/1.1" 200 96328 "-" "Mozilla/5.0 (Macintosh; Intel Mac OS X 10_15_7; rv:132.0) Gecko/20100101 Firefox/132.0"
66.249.73.71 - - [05/Sep/2026:12:34:42 +0000] "GET /?e=4497825278306 HTTP/1.1" 200 240152 "-" "Mozilla/5.0 (Linux; Android 6.0.1; Nexus 5X Build/MMB29P) AppleWebKit/537.36 (KHTML, like Gecko) Chrome/151.0.7922.173 Mobile Safari/537.36 (compatible; Googlebot/2.1; +http://www.google.com/bot.html)"
85.25.43.199 - - [05/Sep/2026:12:34:43 +0000] "GET /wp-content/uploads/2021/07/60e09ff69a816.jpg HTTP/1.1" 200 99084 "-" "Mozilla/5.0 (Macintosh; Intel Mac OS X 10_15_7; rv:132.0) Gecko/20100101 Firefox/132.0"
85.25.43.199 - - [05/Sep/2026:12:34:43 +0000] "GET /wp-content/uploads/2021/07/60e09d85f0157.jpg HTTP/1.1" 200 64956 "-" "Mozilla/5.0 (Macintosh; Intel Mac OS X 10_15_7; rv:132.0) Gecko/20100101 Firefox/132.0"
66.249.73.102 - - [05/Sep/2026:12:34:44 +0000] "GET /?e=87112136223300 HTTP/1.1" 200 243902 "-" "Mozilla/5.0 (Linux; Android 6.0.1; Nexus 5X Build/MMB29P) AppleWebKit/537.36 (KHTML, like Gecko) Chrome/151.0.7922.173 Mobile Safari/537.36 (compatible; Googlebot/2.1; +http://www.google.com/bot.html)"
66.249.73.69 - - [05/Sep/2026:12:34:44 +0000] "GET /?e=19352184501202 HTTP/1.1" 200 248296 "-" "Mozilla/5.0 (Linux; Android 6.0.1; Nexus 5X Build/MMB29P) AppleWebKit/537.36 (KHTML, like Gecko) Chrome/151.0.7922.173 Mobile Safari/537.36 (compatible; Googlebot/2.1; +http://www.google.com/bot.html)"
66.249.73.70 - - [05/Sep/2026:12:34:44 +0000] "GET /?e=492783324202 HTTP/1.1" 200 241989 "-" "Mozilla/5.0 (Linux; Android 6.0.1; Nexus 5X Build/MMB29P) AppleWebKit/537.36 (KHTML, like Gecko) Chrome/151.0.7922.173 Mobile Safari/537.36 (compatible; Googlebot/2.1; +http://www.google.com/bot.html)"
85.25.43.199 - - [05/Sep/2026:12:34:44 +0000] "GET /services/ui-ux-design/information-architecture/ HTTP/1.1" 200 72952 "-" "Mozilla/5.0 (Macintosh; Intel Mac OS X 10_15_7; rv:132.0) Gecko/20100101 Firefox/132.0"
196.189.57.40 - - [05/Sep/2026:12:34:45 +0000] "GET /wp-includes/cron.php HTTP/1.1" 200 - "-" "Mozilla/5.0 (Windows NT 10.0; Win64; x64) AppleWebKit/537.36 (KHTML, like Gecko) Chrome/110.0.0.0 Safari/537.36"
85.25.43.199 - - [05/Sep/2026:12:34:45 +0000] "GET /wp-content/uploads/2021/07/60e0b2ba9ca00.jpg HTTP/1.1" 200 128071 "-" "Mozilla/5.0 (Macintosh; Intel Mac OS X 10_15_7; rv:132.0) Gecko/20100101 Firefox/132.0"
66.249.73.65 - - [05/Sep/2026:12:34:45 +0000] "GET /?e=57096212023309 HTTP/1.1" 200 240894 "-" "Mozilla/5.0 (Linux; Android 6.0.1; Nexus 5X Build/MMB29P) AppleWebKit/537.36 (KHTML, like Gecko) Chrome/151.0.7922.173 Mobile Safari/537.36 (compatible; Googlebot/2.1; +http://www.google.com/bot.html)"
66.249.73.70 - - [05/Sep/2026:12:34:45 +0000] "GET /?e=0610587963401 HTTP/1.1" 200 239884 "-" "Mozilla/5.0 (Linux; Android 6.0.1; Nexus 5X Build/MMB29P) AppleWebKit/537.36 (KHTML, like Gecko) Chrome/151.0.7922.173 Mobile Safari/537.36 (compatible; Googlebot/2.1; +http://www.google.com/bot.html)"
85.25.43.199 - - [05/Sep/2026:12:34:45 +0000] "GET /services/ui-ux-design/information-architecture/ HTTP/1.1" 200 72952 "-" "Mozilla/5.0 (Macintosh; Intel Mac OS X 10_15_7; rv:132.0) Gecko/20100101 Firefox/132.0"
85.25.43.199 - - [05/Sep/2026:12:34:46 +0000] "GET /wp-content/uploads/2021/07/60e0b3ac00db7.jpg HTTP/1.1" 200 96763 "-" "Mozilla/5.0 (Macintosh; Intel Mac OS X 10_15_7; rv:132.0) Gecko/20100101 Firefox/132.0"
85.25.43.199 - - [05/Sep/2026:12:34:46 +0000] "GET /wp-content/uploads/2021/07/60e0b4633191c.jpg HTTP/1.1" 200 76779 "-" "Mozilla/5.0 (Macintosh; Intel Mac OS X 10_15_7; rv:132.0) Gecko/20100101 Firefox/132.0"
66.249.73.66 - - [05/Sep/2026:12:34:47 +0000] "GET /?e=7437178404401 HTTP/1.1" 200 240815 "-" "Mozilla/5.0 (Linux; Android 6.0.1; Nexus 5X Build/MMB29P) AppleWebKit/537.36 (KHTML, like Gecko) Chrome/151.0.7922.173 Mobile Safari/537.36 (compatible; Googlebot/2.1; +http://www.google.com/bot.html)"
66.249.73.67 - - [05/Sep/2026:12:34:47 +0000] "GET /?e=2885238513600 HTTP/1.1" 200 239008 "-" "Mozilla/5.0 (Linux; Android 6.0.1; Nexus 5X Build/MMB29P) AppleWebKit/537.36 (KHTML, like Gecko) Chrome/151.0.7922.173 Mobile Safari/537.36 (compatible; Googlebot/2.1; +http://www.google.com/bot.html)"
85.25.43.199 - - [05/Sep/2026:12:34:48 +0000] "GET /services/ui-ux-design/ui-design/ HTTP/1.1" 200 67344 "-" "Mozilla/5.0 (Macintosh; Intel Mac OS X 10_15_7; rv:132.0) Gecko/20100101 Firefox/132.0"
85.25.43.199 - - [05/Sep/2026:12:34:48 +0000] "GET /wp-content/uploads/2021/07/60e0ad07bc43f.jpg HTTP/1.1" 200 114277 "-" "Mozilla/5.0 (Macintosh; Intel Mac OS X 10_15_7; rv:132.0) Gecko/20100101 Firefox/132.0"
85.25.43.199 - - [05/Sep/2026:12:34:49 +0000] "GET /wp-content/uploads/2021/07/60e0a96129a1d.jpg HTTP/1.1" 200 142488 "-" "Mozilla/5.0 (Macintosh; Intel Mac OS X 10_15_7; rv:132.0) Gecko/20100101 Firefox/132.0"
85.25.43.199 - - [05/Sep/2026:12:34:49 +0000] "GET /wp-content/uploads/2021/07/60e0ab9e090d0.jpg HTTP/1.1" 200 112156 "-" "Mozilla/5.0 (Macintosh; Intel Mac OS X 10_15_7; rv:132.0) Gecko/20100101 Firefox/132.0"
66.249.73.69 - - [05/Sep/2026:12:34:49 +0000] "GET /?e=82843144366704 HTTP/1.1" 200 243371 "-" "Mozilla/5.0 (Linux; Android 6.0.1; Nexus 5X Build/MMB29P) AppleWebKit/537.36 (KHTML, like Gecko) Chrome/151.0.7922.173 Mobile Safari/537.36 (compatible; Googlebot/2.1; +http://www.google.com/bot.html)"
85.25.43.199 - - [05/Sep/2026:12:34:49 +0000] "GET /services/ui-ux-design/ui-design/ HTTP/1.1" 200 67344 "-" "Mozilla/5.0 (Macintosh; Intel Mac OS X 10_15_7; rv:132.0) Gecko/20100101 Firefox/132.0"
85.25.43.199 - - [05/Sep/2026:12:34:50 +0000] "GET /wp-content/uploads/2021/07/60e0aace01ff7.jpg HTTP/1.1" 200 59451 "-" "Mozilla/5.0 (Macintosh; Intel Mac OS X 10_15_7; rv:132.0) Gecko/20100101 Firefox/132.0"
85.25.43.199 - - [05/Sep/2026:12:34:50 +0000] "GET /wp-content/uploads/2021/07/60e0aa2b84a3e.jpg HTTP/1.1" 200 74554 "-" "Mozilla/5.0 (Macintosh; Intel Mac OS X 10_15_7; rv:132.0) Gecko/20100101 Firefox/132.0"
85.25.43.199 - - [05/Sep/2026:12:34:51 +0000] "GET /services/ui-ux-design/ux-analysis/ HTTP/1.1" 200 66045 "-" "Mozilla/5.0 (Macintosh; Intel Mac OS X 10_15_7; rv:132.0) Gecko/20100101 Firefox/132.0"
85.25.43.199 - - [05/Sep/2026:12:34:52 +0000] "GET /wp-content/uploads/2021/07/60e0a27044a5d.jpg HTTP/1.1" 200 105317 "-" "Mozilla/5.0 (Macintosh; Intel Mac OS X 10_15_7; rv:132.0) Gecko/20100101 Firefox/132.0"
85.25.43.199 - - [05/Sep/2026:12:34:52 +0000] "GET /wp-content/uploads/2021/07/60e0a659dcd04.jpg HTTP/1.1" 200 62135 "-" "Mozilla/5.0 (Macintosh; Intel Mac OS X 10_15_7; rv:132.0) Gecko/20100101 Firefox/132.0"
66.249.73.69 - - [05/Sep/2026:12:34:52 +0000] "GET /?e=2947123679404 HTTP/1.1" 200 243021 "-" "Mozilla/5.0 (Linux; Android 6.0.1; Nexus 5X Build/MMB29P) AppleWebKit/537.36 (KHTML, like Gecko) Chrome/151.0.7922.173 Mobile Safari/537.36 (compatible; Googlebot/2.1; +http://www.google.com/bot.html)"
85.25.43.199 - - [05/Sep/2026:12:34:53 +0000] "GET /services/ui-ux-design/ux-analysis/ HTTP/1.1" 200 66045 "-" "Mozilla/5.0 (Macintosh; Intel Mac OS X 10_15_7; rv:132.0) Gecko/20100101 Firefox/132.0"
66.249.73.103 - - [05/Sep/2026:12:34:53 +0000] "GET /?e=07161111035703 HTTP/1.1" 200 241525 "-" "Mozilla/5.0 (Linux; Android 6.0.1; Nexus 5X Build/MMB29P) AppleWebKit/537.36 (KHTML, like Gecko) Chrome/151.0.7922.173 Mobile Safari/537.36 (compatible; Googlebot/2.1; +http://www.google.com/bot.html)"
85.25.43.199 - - [05/Sep/2026:12:34:53 +0000] "GET /wp-content/uploads/2021/07/60e0a7e6af0cf.jpg HTTP/1.1" 200 84711 "-" "Mozilla/5.0 (Macintosh; Intel Mac OS X 10_15_7; rv:132.0) Gecko/20100101 Firefox/132.0"
85.25.43.199 - - [05/Sep/2026:12:34:53 +0000] "GET /wp-content/uploads/2021/07/60e0a3517856c.jpg HTTP/1.1" 200 58954 "-" "Mozilla/5.0 (Macintosh; Intel Mac OS X 10_15_7; rv:132.0) Gecko/20100101 Firefox/132.0"
66.249.73.66 - - [05/Sep/2026:12:34:53 +0000] "GET /?e=82080203259805 HTTP/1.1" 200 243109 "-" "Mozilla/5.0 (Linux; Android 6.0.1; Nexus 5X Build/MMB29P) AppleWebKit/537.36 (KHTML, like Gecko) Chrome/151.0.7922.173 Mobile Safari/537.36 (compatible; Googlebot/2.1; +http://www.google.com/bot.html)"
66.249.73.64 - - [05/Sep/2026:12:34:53 +0000] "GET /?e=8687183411309 HTTP/1.1" 200 248472 "-" "Mozilla/5.0 (Linux; Android 6.0.1; Nexus 5X Build/MMB29P) AppleWebKit/537.36 (KHTML, like Gecko) Chrome/151.0.7922.173 Mobile Safari/537.36 (compatible; Googlebot/2.1; +http://www.google.com/bot.html)"
66.249.73.70 - - [05/Sep/2026:12:34:54 +0000] "GET /?e=7739946969000 HTTP/1.1" 200 244487 "-" "Mozilla/5.0 (Linux; Android 6.0.1; Nexus 5X Build/MMB29P) AppleWebKit/537.36 (KHTML, like Gecko) Chrome/151.0.7922.173 Mobile Safari/537.36 (compatible; Googlebot/2.1; +http://www.google.com/bot.html)"
66.249.73.64 - - [05/Sep/2026:12:34:54 +0000] "GET /?e=7958672888302 HTTP/1.1" 200 252633 "-" "Mozilla/5.0 (Linux; Android 6.0.1; Nexus 5X Build/MMB29P) AppleWebKit/537.36 (KHTML, like Gecko) Chrome/151.0.7922.173 Mobile Safari/537.36 (compatible; Googlebot/2.1; +http://www.google.com/bot.html)"
85.25.43.199 - - [05/Sep/2026:12:34:55 +0000] "GET /services/ui-ux-design/web-mobile-apps-design/ HTTP/1.1" 200 69693 "-" "Mozilla/5.0 (Macintosh; Intel Mac OS X 10_15_7; rv:132.0) Gecko/20100101 Firefox/132.0"
85.25.43.199 - - [05/Sep/2026:12:34:56 +0000] "GET /wp-content/uploads/2021/07/60e095870b8e1.jpg HTTP/1.1" 200 81897 "-" "Mozilla/5.0 (Macintosh; Intel Mac OS X 10_15_7; rv:132.0) Gecko/20100101 Firefox/132.0"
85.25.43.199 - - [05/Sep/2026:12:34:56 +0000] "GET /wp-content/uploads/2021/07/60e08cbdb8938.jpg HTTP/1.1" 200 121191 "-" "Mozilla/5.0 (Macintosh; Intel Mac OS X 10_15_7; rv:132.0) Gecko/20100101 Firefox/132.0"
85.25.43.199 - - [05/Sep/2026:12:34:56 +0000] "GET /wp-content/uploads/2021/07/60e090ad7b479.jpg HTTP/1.1" 200 78167 "-" "Mozilla/5.0 (Macintosh; Intel Mac OS X 10_15_7; rv:132.0) Gecko/20100101 Firefox/132.0"
85.25.43.199 - - [05/Sep/2026:12:34:56 +0000] "GET /wp-content/uploads/2021/07/60e094a3f12a2.png HTTP/1.1" 200 299866 "-" "Mozilla/5.0 (Macintosh; Intel Mac OS X 10_15_7; rv:132.0) Gecko/20100101 Firefox/132.0"
85.25.43.199 - - [05/Sep/2026:12:34:56 +0000] "GET /services/ui-ux-design/web-mobile-apps-design/ HTTP/1.1" 200 69693 "-" "Mozilla/5.0 (Macintosh; Intel Mac OS X 10_15_7; rv:132.0) Gecko/20100101 Firefox/132.0"
85.25.43.199 - - [05/Sep/2026:12:34:57 +0000] "GET /wp-content/uploads/2021/07/60e0939bd70a7.png HTTP/1.1" 200 207122 "-" "Mozilla/5.0 (Macintosh; Intel Mac OS X 10_15_7; rv:132.0) Gecko/20100101 Firefox/132.0"
66.249.73.72 - - [05/Sep/2026:12:34:58 +0000] "GET /ajax/productstorestocklist/?sku=94606030&my_store=1 HTTP/1.1" 200 241602 "-" "Mozilla/5.0 (Linux; Android 6.0.1; Nexus 5X Build/MMB29P) AppleWebKit/537.36 (KHTML, like Gecko) Chrome/151.0.7922.173 Mobile Safari/537.36 (compatible; Googlebot/2.1; +http://www.google.com/bot.html)"
85.25.43.199 - - [05/Sep/2026:12:34:59 +0000] "GET /services/ui-ux-design/wireframes/ HTTP/1.1" 200 68579 "-" "Mozilla/5.0 (Macintosh; Intel Mac OS X 10_15_7; rv:132.0) Gecko/20100101 Firefox/132.0"
85.25.43.199 - - [05/Sep/2026:12:34:59 +0000] "GET /services/ui-ux-design/wireframes/ HTTP/1.1" 503 68579 "-" "Mozilla/5.0 (Macintosh; Intel Mac OS X 10_15_7; rv:132.0) Gecko/20100101 Firefox/132.0"
85.25.43.199 - - [05/Sep/2026:12:35:01 +0000] "GET /wp-content/uploads/2021/07/60e0af42f3f92.jpg HTTP/1.1" 200 82473 "-" "Mozilla/5.0 (Macintosh; Intel Mac OS X 10_15_7; rv:132.0) Gecko/20100101 Firefox/132.0"
85.25.43.199 - - [05/Sep/2026:12:35:02 +0000] "GET /wp-content/uploads/2021/07/60e0b0ae05307.jpg HTTP/1.1" 200 121191 "-" "Mozilla/5.0 (Macintosh; Intel Mac OS X 10_15_7; rv:132.0) Gecko/20100101 Firefox/132.0"
66.249.73.67 - - [05/Sep/2026:12:35:01 +0000] "GET /?e=78919182417300 HTTP/1.1" 200 244852 "-" "Mozilla/5.0 (Linux; Android 6.0.1; Nexus 5X Build/MMB29P) AppleWebKit/537.36 (KHTML, like Gecko) Chrome/151.0.7922.173 Mobile Safari/537.36 (compatible; Googlebot/2.1; +http://www.google.com/bot.html)"
85.25.43.199 - - [05/Sep/2026:12:35:02 +0000] "GET /wp-content/uploads/2021/07/60e0a86c86537.jpg HTTP/1.1" 200 72543 "-" "Mozilla/5.0 (Macintosh; Intel Mac OS X 10_15_7; rv:132.0) Gecko/20100101 Firefox/132.0"
85.25.43.199 - - [05/Sep/2026:12:35:02 +0000] "GET /wp-content/uploads/2021/07/60e0b14b7a4fe.jpg HTTP/1.1" 200 113623 "-" "Mozilla/5.0 (Macintosh; Intel Mac OS X 10_15_7; rv:132.0) Gecko/20100101 Firefox/132.0"
85.25.43.199 - - [05/Sep/2026:12:35:02 +0000] "GET /wp-content/uploads/2021/07/60e0ae3c5fc9e.jpg HTTP/1.1" 200 104949 "-" "Mozilla/5.0 (Macintosh; Intel Mac OS X 10_15_7; rv:132.0) Gecko/20100101 Firefox/132.0"
66.249.73.66 - - [05/Sep/2026:12:35:02 +0000] "GET /?e=79832189381605 HTTP/1.1" 200 250919 "-" "Mozilla/5.0 (Linux; Android 6.0.1; Nexus 5X Build/MMB29P) AppleWebKit/537.36 (KHTML, like Gecko) Chrome/151.0.7922.173 Mobile Safari/537.36 (compatible; Googlebot/2.1; +http://www.google.com/bot.html)"
85.25.43.199 - - [05/Sep/2026:12:35:03 +0000] "GET /wp-content/uploads/2021/07/60e0ae66361fa.jpg HTTP/1.1" 200 94086 "-" "Mozilla/5.0 (Macintosh; Intel Mac OS X 10_15_7; rv:132.0) Gecko/20100101 Firefox/132.0"
66.249.73.69 - - [05/Sep/2026:12:35:03 +0000] "GET /?e=2998161871801 HTTP/1.1" 200 243510 "-" "Mozilla/5.0 (Linux; Android 6.0.1; Nexus 5X Build/MMB29P) AppleWebKit/537.36 (KHTML, like Gecko) Chrome/151.0.7922.173 Mobile Safari/537.36 (compatible; Googlebot/2.1; +http://www.google.com/bot.html)"
66.249.73.68 - - [05/Sep/2026:12:35:03 +0000] "GET /?e=29943141628607 HTTP/1.1" 200 249502 "-" "Mozilla/5.0 (Linux; Android 6.0.1; Nexus 5X Build/MMB29P) AppleWebKit/537.36 (KHTML, like Gecko) Chrome/151.0.7922.173 Mobile Safari/537.36 (compatible; Googlebot/2.1; +http://www.google.com/bot.html)"
85.25.43.199 - - [05/Sep/2026:12:35:04 +0000] "GET /portfolio-masonry/ HTTP/1.1" 200 57711 "-" "Mozilla/5.0 (Macintosh; Intel Mac OS X 10_15_7; rv:132.0) Gecko/20100101 Firefox/132.0"
85.25.43.199 - - [05/Sep/2026:12:35:05 +0000] "GET /wp-content/uploads/2019/11/img-3.png HTTP/1.1" 200 107548 "-" "Mozilla/5.0 (Macintosh; Intel Mac OS X 10_15_7; rv:132.0) Gecko/20100101 Firefox/132.0"
85.25.43.199 - - [05/Sep/2026:12:35:05 +0000] "GET /wp-content/uploads/2019/11/60e475321bab6-720x456.jpg HTTP/1.1" 200 34765 "-" "Mozilla/5.0 (Macintosh; Intel Mac OS X 10_15_7; rv:132.0) Gecko/20100101 Firefox/132.0"
85.25.43.199 - - [05/Sep/2026:12:35:05 +0000] "GET /wp-content/uploads/2019/11/160e46e3a7f038-720x456.jpg HTTP/1.1" 200 47128 "-" "Mozilla/5.0 (Macintosh; Intel Mac OS X 10_15_7; rv:132.0) Gecko/20100101 Firefox/132.0"
85.25.43.199 - - [05/Sep/2026:12:35:05 +0000] "GET /wp-content/uploads/2019/11/1033956-vicon-delivers-hands-tracking-720x480.png HTTP/1.1" 200 209454 "-" "Mozilla/5.0 (Macintosh; Intel Mac OS X 10_15_7; rv:132.0) Gecko/20100101 Firefox/132.0"
57.141.4.60 - - [05/Sep/2026:12:35:05 +0000] "GET /?e=51981204353501 HTTP/1.1" 200 96969 "-" "Mozilla/5.0 (Windows NT 10.0; Win64; x64) AppleWebKit/537.36 (KHTML, like Gecko) Chrome/145.0.0.0 Safari/537.36 (compatible; meta-externalagent/1.1 (+https://developers.facebook.com/docs/sharing/webmasters/crawler))"
57.141.4.30 - - [05/Sep/2026:12:35:06 +0000] "GET /wp-content/uploads/elementor/google-fonts/css/robotoslab.css?ver=1745358295 HTTP/1.1" 404 35692 "https://www.techbala.com/?e=51981204353501" "Mozilla/5.0 (Windows NT 10.0; Win64; x64) AppleWebKit/537.36 (KHTML, like Gecko) Chrome/145.0.0.0 Safari/537.36 (compatible; meta-externalagent/1.1 (+https://developers.facebook.com/docs/sharing/webmasters/crawler))"
57.141.4.6 - - [05/Sep/2026:12:35:06 +0000] "GET /wp-content/uploads/elementor/google-fonts/css/nunitosans.css?ver=1745358303 HTTP/1.1" 404 35692 "https://www.techbala.com/?e=51981204353501" "Mozilla/5.0 (Windows NT 10.0; Win64; x64) AppleWebKit/537.36 (KHTML, like Gecko) Chrome/145.0.0.0 Safari/537.36 (compatible; meta-externalagent/1.1 (+https://developers.facebook.com/docs/sharing/webmasters/crawler))"
57.141.4.15 - - [05/Sep/2026:12:35:06 +0000] "GET /wp-content/uploads/elementor/google-fonts/css/inter.css?ver=1745358300 HTTP/1.1" 404 35692 "https://www.techbala.com/?e=51981204353501" "Mozilla/5.0 (Windows NT 10.0; Win64; x64) AppleWebKit/537.36 (KHTML, like Gecko) Chrome/145.0.0.0 Safari/537.36 (compatible; meta-externalagent/1.1 (+https://developers.facebook.com/docs/sharing/webmasters/crawler))"
57.141.4.21 - - [05/Sep/2026:12:35:06 +0000] "GET /wp-content/uploads/elementor/google-fonts/css/roboto.css?ver=1745358293 HTTP/1.1" 404 35692 "https://www.techbala.com/?e=51981204353501" "Mozilla/5.0 (Windows NT 10.0; Win64; x64) AppleWebKit/537.36 (KHTML, like Gecko) Chrome/145.0.0.0 Safari/537.36 (compatible; meta-externalagent/1.1 (+https://developers.facebook.com/docs/sharing/webmasters/crawler))"
85.25.43.199 - - [05/Sep/2026:12:35:06 +0000] "GET /portfolio-masonry/ HTTP/1.1" 200 57711 "-" "Mozilla/5.0 (Macintosh; Intel Mac OS X 10_15_7; rv:132.0) Gecko/20100101 Firefox/132.0"
57.141.4.53 - - [05/Sep/2026:12:35:07 +0000] "GET /wp-content/uploads/2019/12/promo-image.jpg HTTP/1.1" 200 19349 "https://www.techbala.com/?e=51981204353501" "Mozilla/5.0 (Windows NT 10.0; Win64; x64) AppleWebKit/537.36 (KHTML, like Gecko) Chrome/145.0.0.0 Safari/537.36 (compatible; meta-externalagent/1.1 (+https://developers.facebook.com/docs/sharing/webmasters/crawler))"
85.25.43.199 - - [05/Sep/2026:12:35:07 +0000] "GET /wp-content/uploads/2019/11/160e3b42f4087c-720x585.jpg HTTP/1.1" 200 60741 "-" "Mozilla/5.0 (Macintosh; Intel Mac OS X 10_15_7; rv:132.0) Gecko/20100101 Firefox/132.0"
85.25.43.199 - - [05/Sep/2026:12:35:07 +0000] "GET /wp-content/uploads/2019/11/160e476db21b49-720x456.jpg HTTP/1.1" 200 57691 "-" "Mozilla/5.0 (Macintosh; Intel Mac OS X 10_15_7; rv:132.0) Gecko/20100101 Firefox/132.0"
85.25.43.199 - - [05/Sep/2026:12:35:07 +0000] "GET /wp-content/uploads/2019/11/60e46a9d0ef65-720x230.jpg HTTP/1.1" 200 38031 "-" "Mozilla/5.0 (Macintosh; Intel Mac OS X 10_15_7; rv:132.0) Gecko/20100101 Firefox/132.0"
85.25.43.199 - - [05/Sep/2026:12:35:07 +0000] "GET /wp-content/uploads/2019/11/160e4709a09830-720x456.jpg HTTP/1.1" 200 39736 "-" "Mozilla/5.0 (Macintosh; Intel Mac OS X 10_15_7; rv:132.0) Gecko/20100101 Firefox/132.0"
57.141.4.20 - - [05/Sep/2026:12:35:08 +0000] "GET /wp-content/uploads/2020/09/preloder-150x150.png HTTP/1.1" 200 16771 "https://www.techbala.com/?e=51981204353501" "Mozilla/5.0 (Windows NT 10.0; Win64; x64) AppleWebKit/537.36 (KHTML, like Gecko) Chrome/145.0.0.0 Safari/537.36 (compatible; meta-externalagent/1.1 (+https://developers.facebook.com/docs/sharing/webmasters/crawler))"
85.25.43.199 - - [05/Sep/2026:12:35:09 +0000] "GET /portfolio-full-width/ HTTP/1.1" 200 55867 "-" "Mozilla/5.0 (Macintosh; Intel Mac OS X 10_15_7; rv:132.0) Gecko/20100101 Firefox/132.0"
85.25.43.199 - - [05/Sep/2026:12:35:10 +0000] "GET /portfolio-full-width/ HTTP/1.1" 200 55867 "-" "Mozilla/5.0 (Macintosh; Intel Mac OS X 10_15_7; rv:132.0) Gecko/20100101 Firefox/132.0"
66.249.73.69 - - [05/Sep/2026:12:35:11 +0000] "GET /?e=99113161790501 HTTP/1.1" 200 241598 "-" "Mozilla/5.0 (Linux; Android 6.0.1; Nexus 5X Build/MMB29P) AppleWebKit/537.36 (KHTML, like Gecko) Chrome/151.0.7922.173 Mobile Safari/537.36 (compatible; Googlebot/2.1; +http://www.google.com/bot.html)"
66.249.73.69 - - [05/Sep/2026:12:35:12 +0000] "GET /?e=51927182684600 HTTP/1.1" 200 237254 "-" "Mozilla/5.0 (Linux; Android 6.0.1; Nexus 5X Build/MMB29P) AppleWebKit/537.36 (KHTML, like Gecko) Chrome/151.0.7922.173 Mobile Safari/537.36 (compatible; Googlebot/2.1; +http://www.google.com/bot.html)"
66.249.73.103 - - [05/Sep/2026:12:35:12 +0000] "GET /?e=3967947795505 HTTP/1.1" 200 241123 "-" "Mozilla/5.0 (Linux; Android 6.0.1; Nexus 5X Build/MMB29P) AppleWebKit/537.36 (KHTML, like Gecko) Chrome/151.0.7922.173 Mobile Safari/537.36 (compatible; Googlebot/2.1; +http://www.google.com/bot.html)"
85.25.43.199 - - [05/Sep/2026:12:35:12 +0000] "GET /portfolio-grid/ HTTP/1.1" 200 56081 "-" "Mozilla/5.0 (Macintosh; Intel Mac OS X 10_15_7; rv:132.0) Gecko/20100101 Firefox/132.0"
85.25.43.199 - - [05/Sep/2026:12:35:13 +0000] "GET /portfolio-grid/ HTTP/1.1" 200 56081 "-" "Mozilla/5.0 (Macintosh; Intel Mac OS X 10_15_7; rv:132.0) Gecko/20100101 Firefox/132.0"
66.249.73.73 - - [05/Sep/2026:12:35:12 +0000] "GET /?e=81308152432000 HTTP/1.1" 200 246262 "-" "Mozilla/5.0 (Linux; Android 6.0.1; Nexus 5X Build/MMB29P) AppleWebKit/537.36 (KHTML, like Gecko) Chrome/151.0.7922.173 Mobile Safari/537.36 (compatible; Googlebot/2.1; +http://www.google.com/bot.html)"
216.73.216.242 - - [05/Sep/2026:12:35:13 +0000] "GET /sitemap.xml HTTP/1.1" 403 - "-" "Mozilla/5.0 AppleWebKit/537.36 (KHTML, like Gecko; compatible; ClaudeBot/1.0; +claudebot@anthropic.com)"
57.141.4.2 - - [05/Sep/2026:12:35:13 +0000] "GET /null HTTP/1.1" 404 35692 "https://www.techbala.com/?e=51981204353501" "Mozilla/5.0 (Windows NT 10.0; Win64; x64) AppleWebKit/537.36 (KHTML, like Gecko) Chrome/145.0.0.0 Safari/537.36 (compatible; meta-externalagent/1.1 (+https://developers.facebook.com/docs/sharing/webmasters/crawler))"
66.249.73.70 - - [05/Sep/2026:12:35:13 +0000] "GET /?e=07607104948403 HTTP/1.1" 200 245205 "-" "Mozilla/5.0 (Linux; Android 6.0.1; Nexus 5X Build/MMB29P) AppleWebKit/537.36 (KHTML, like Gecko) Chrome/151.0.7922.173 Mobile Safari/537.36 (compatible; Googlebot/2.1; +http://www.google.com/bot.html)"
57.141.4.42 - - [05/Sep/2026:12:35:14 +0000] "GET /wp-content/uploads/2019/12/promo-image.jpg HTTP/1.1" 200 19349 "https://www.techbala.com/?e=51981204353501" "Mozilla/5.0 (Windows NT 10.0; Win64; x64) AppleWebKit/537.36 (KHTML, like Gecko) Chrome/145.0.0.0 Safari/537.36 (compatible; meta-externalagent/1.1 (+https://developers.facebook.com/docs/sharing/webmasters/crawler))"
66.249.73.69 - - [05/Sep/2026:12:35:14 +0000] "GET /kaden/mtalk/?sku=90140690 HTTP/1.1" 200 244800 "-" "Mozilla/5.0 (Linux; Android 6.0.1; Nexus 5X Build/MMB29P) AppleWebKit/537.36 (KHTML, like Gecko) Chrome/151.0.7922.173 Mobile Safari/537.36 (compatible; Googlebot/2.1; +http://www.google.com/bot.html)"
66.249.73.66 - - [05/Sep/2026:12:35:13 +0000] "GET /?e=8740191435709 HTTP/1.1" 200 243939 "-" "Mozilla/5.0 (Linux; Android 6.0.1; Nexus 5X Build/MMB29P) AppleWebKit/537.36 (KHTML, like Gecko) Chrome/151.0.7922.173 Mobile Safari/537.36 (compatible; Googlebot/2.1; +http://www.google.com/bot.html)"
66.249.73.68 - - [05/Sep/2026:12:35:15 +0000] "GET /products/detail/90530462 HTTP/1.1" 200 240904 "-" "Mozilla/5.0 (Linux; Android 6.0.1; Nexus 5X Build/MMB29P) AppleWebKit/537.36 (KHTML, like Gecko) Chrome/151.0.7922.173 Mobile Safari/537.36 (compatible; Googlebot/2.1; +http://www.google.com/bot.html)"
85.25.43.199 - - [05/Sep/2026:12:35:14 +0000] "GET /portfolio-no-gap/ HTTP/1.1" 200 55824 "-" "Mozilla/5.0 (Macintosh; Intel Mac OS X 10_15_7; rv:132.0) Gecko/20100101 Firefox/132.0"
85.25.43.199 - - [05/Sep/2026:12:35:15 +0000] "GET /portfolio-no-gap/ HTTP/1.1" 200 55824 "-" "Mozilla/5.0 (Macintosh; Intel Mac OS X 10_15_7; rv:132.0) Gecko/20100101 Firefox/132.0"
41.62.182.27 - - [05/Sep/2026:12:35:16 +0000] "GET /wp-content/plugins/meta-box/inc/fields/map.php HTTP/1.1" 200 - "-" "Mozilla/5.0 (Windows NT 10.0; Win64; x64) AppleWebKit/537.36 (KHTML, like Gecko) Chrome/104.0.0.0 Safari/537.36"
66.249.73.71 - - [05/Sep/2026:12:35:17 +0000] "GET /?e=8987922829702 HTTP/1.1" 200 248398 "-" "Mozilla/5.0 (Linux; Android 6.0.1; Nexus 5X Build/MMB29P) AppleWebKit/537.36 (KHTML, like Gecko) Chrome/151.0.7922.173 Mobile Safari/537.36 (compatible; Googlebot/2.1; +http://www.google.com/bot.html)"
85.25.43.199 - - [05/Sep/2026:12:35:17 +0000] "GET /portfolio-slider/ HTTP/1.1" 200 52673 "-" "Mozilla/5.0 (Macintosh; Intel Mac OS X 10_15_7; rv:132.0) Gecko/20100101 Firefox/132.0"
85.25.43.199 - - [05/Sep/2026:12:35:18 +0000] "GET /wp-content/uploads/2019/11/160e3b42f4087c-720x520.jpg HTTP/1.1" 200 55164 "-" "Mozilla/5.0 (Macintosh; Intel Mac OS X 10_15_7; rv:132.0) Gecko/20100101 Firefox/132.0"
85.25.43.199 - - [05/Sep/2026:12:35:18 +0000] "GET /wp-content/uploads/2019/11/img-3-493x520.png HTTP/1.1" 200 72205 "-" "Mozilla/5.0 (Macintosh; Intel Mac OS X 10_15_7; rv:132.0) Gecko/20100101 Firefox/132.0"
85.25.43.199 - - [05/Sep/2026:12:35:18 +0000] "GET /wp-content/uploads/2019/11/160e4709a09830-720x520.jpg HTTP/1.1" 200 42564 "-" "Mozilla/5.0 (Macintosh; Intel Mac OS X 10_15_7; rv:132.0) Gecko/20100101 Firefox/132.0"
85.25.43.199 - - [05/Sep/2026:12:35:18 +0000] "GET /wp-content/uploads/2019/11/160e46e3a7f038-720x520.jpg HTTP/1.1" 200 50155 "-" "Mozilla/5.0 (Macintosh; Intel Mac OS X 10_15_7; rv:132.0) Gecko/20100101 Firefox/132.0"
85.25.43.199 - - [05/Sep/2026:12:35:19 +0000] "GET /portfolio-slider/ HTTP/1.1" 200 52673 "-" "Mozilla/5.0 (Macintosh; Intel Mac OS X 10_15_7; rv:132.0) Gecko/20100101 Firefox/132.0"
85.25.43.199 - - [05/Sep/2026:12:35:19 +0000] "GET /wp-content/uploads/2019/11/1033956-vicon-delivers-hands-tracking-720x520.png HTTP/1.1" 200 241115 "-" "Mozilla/5.0 (Macintosh; Intel Mac OS X 10_15_7; rv:132.0) Gecko/20100101 Firefox/132.0"
85.25.43.199 - - [05/Sep/2026:12:35:21 +0000] "GET /seo-services/ HTTP/1.1" 200 84348 "-" "Mozilla/5.0 (Macintosh; Intel Mac OS X 10_15_7; rv:132.0) Gecko/20100101 Firefox/132.0"
57.141.4.5 - - [05/Sep/2026:12:35:22 +0000] "GET /wp-content/uploads/2019/12/promo-image.jpg HTTP/1.1" 200 19349 "https://www.techbala.com/?e=51981204353501" "Mozilla/5.0 (Windows NT 10.0; Win64; x64) AppleWebKit/537.36 (KHTML, like Gecko) Chrome/145.0.0.0 Safari/537.36 (compatible; meta-externalagent/1.1 (+https://developers.facebook.com/docs/sharing/webmasters/crawler))"
66.249.73.66 - - [05/Sep/2026:12:35:22 +0000] "GET /products/detail/200900381 HTTP/1.1" 200 238763 "-" "Mozilla/5.0 (Linux; Android 6.0.1; Nexus 5X Build/MMB29P) AppleWebKit/537.36 (KHTML, like Gecko) Chrome/151.0.7922.173 Mobile Safari/537.36 (compatible; Googlebot/2.1; +http://www.google.com/bot.html)"
85.25.43.199 - - [05/Sep/2026:12:35:23 +0000] "GET /seo-services/ HTTP/1.1" 200 84348 "-" "Mozilla/5.0 (Macintosh; Intel Mac OS X 10_15_7; rv:132.0) Gecko/20100101 Firefox/132.0"
66.249.73.70 - - [05/Sep/2026:12:35:23 +0000] "GET /?e=90194149715203 HTTP/1.1" 200 253633 "-" "Mozilla/5.0 (Linux; Android 6.0.1; Nexus 5X Build/MMB29P) AppleWebKit/537.36 (KHTML, like Gecko) Chrome/151.0.7922.173 Mobile Safari/537.36 (compatible; Googlebot/2.1; +http://www.google.com/bot.html)"
66.249.73.65 - - [05/Sep/2026:12:35:24 +0000] "GET /?e=82917137641803 HTTP/1.1" 200 244162 "-" "Mozilla/5.0 (Linux; Android 6.0.1; Nexus 5X Build/MMB29P) AppleWebKit/537.36 (KHTML, like Gecko) Chrome/151.0.7922.173 Mobile Safari/537.36 (compatible; Googlebot/2.1; +http://www.google.com/bot.html)"
85.25.43.199 - - [05/Sep/2026:12:35:26 +0000] "GET /wp-content/uploads/2021/03/bg-case1-home9.png HTTP/1.1" 200 63142 "-" "Mozilla/5.0 (Macintosh; Intel Mac OS X 10_15_7; rv:132.0) Gecko/20100101 Firefox/132.0"
66.249.73.103 - - [05/Sep/2026:12:35:26 +0000] "GET /?e=1032192928302 HTTP/1.1" 200 243076 "-" "Mozilla/5.0 (Linux; Android 6.0.1; Nexus 5X Build/MMB29P) AppleWebKit/537.36 (KHTML, like Gecko) Chrome/151.0.7922.173 Mobile Safari/537.36 (compatible; Googlebot/2.1; +http://www.google.com/bot.html)"
85.25.43.199 - - [05/Sep/2026:12:35:27 +0000] "GET /shop/ HTTP/1.1" 200 38134 "-" "Mozilla/5.0 (Macintosh; Intel Mac OS X 10_15_7; rv:132.0) Gecko/20100101 Firefox/132.0"
85.25.43.199 - - [05/Sep/2026:12:35:27 +0000] "GET /shop/ HTTP/1.1" 200 38134 "-" "Mozilla/5.0 (Macintosh; Intel Mac OS X 10_15_7; rv:132.0) Gecko/20100101 Firefox/132.0"
85.25.43.199 - - [05/Sep/2026:12:35:29 +0000] "GET /technology-we-us/ HTTP/1.1" 200 82583 "-" "Mozilla/5.0 (Macintosh; Intel Mac OS X 10_15_7; rv:132.0) Gecko/20100101 Firefox/132.0"
66.249.73.102 - - [05/Sep/2026:12:35:30 +0000] "GET /?e=55099161473602 HTTP/1.1" 200 235120 "-" "Mozilla/5.0 (Linux; Android 6.0.1; Nexus 5X Build/MMB29P) AppleWebKit/537.36 (KHTML, like Gecko) Chrome/151.0.7922.173 Mobile Safari/537.36 (compatible; Googlebot/2.1; +http://www.google.com/bot.html)"
57.141.4.35 - - [05/Sep/2026:12:35:30 +0000] "GET /products/9231264248 HTTP/1.1" 404 35692 "-" "Mozilla/5.0 (Windows NT 10.0; Win64; x64) AppleWebKit/537.36 (KHTML, like Gecko) Chrome/145.0.0.0 Safari/537.36 Edg/145.0.0.0 (compatible; meta-externalagent/1.1 (+https://developers.facebook.com/docs/sharing/webmasters/crawler))"
85.25.43.199 - - [05/Sep/2026:12:35:30 +0000] "GET /technology-we-us/ HTTP/1.1" 200 82583 "-" "Mozilla/5.0 (Macintosh; Intel Mac OS X 10_15_7; rv:132.0) Gecko/20100101 Firefox/132.0"
85.25.43.199 - - [05/Sep/2026:12:35:31 +0000] "GET /wp-content/uploads/2021/07/technology-ios.png HTTP/1.1" 200 730 "-" "Mozilla/5.0 (Macintosh; Intel Mac OS X 10_15_7; rv:132.0) Gecko/20100101 Firefox/132.0"
85.25.43.199 - - [05/Sep/2026:12:35:31 +0000] "GET /wp-content/uploads/2021/07/technology-angular-js.png HTTP/1.1" 200 1032 "-" "Mozilla/5.0 (Macintosh; Intel Mac OS X 10_15_7; rv:132.0) Gecko/20100101 Firefox/132.0"
85.25.43.199 - - [05/Sep/2026:12:35:31 +0000] "GET /wp-content/uploads/2021/07/infra-technology-jenkins.png HTTP/1.1" 200 1537 "-" "Mozilla/5.0 (Macintosh; Intel Mac OS X 10_15_7; rv:132.0) Gecko/20100101 Firefox/132.0"
85.25.43.199 - - [05/Sep/2026:12:35:31 +0000] "GET /wp-content/uploads/2021/07/technology-rails.png HTTP/1.1" 200 782 "-" "Mozilla/5.0 (Macintosh; Intel Mac OS X 10_15_7; rv:132.0) Gecko/20100101 Firefox/132.0"
85.25.43.199 - - [05/Sep/2026:12:35:31 +0000] "GET /wp-content/uploads/2021/07/technology-aws.png HTTP/1.1" 200 1168 "-" "Mozilla/5.0 (Macintosh; Intel Mac OS X 10_15_7; rv:132.0) Gecko/20100101 Firefox/132.0"
85.25.43.199 - - [05/Sep/2026:12:35:31 +0000] "GET /wp-content/uploads/2021/07/technology-node-js2x.png HTTP/1.1" 200 1394 "-" "Mozilla/5.0 (Macintosh; Intel Mac OS X 10_15_7; rv:132.0) Gecko/20100101 Firefox/132.0"
66.249.73.102 - - [05/Sep/2026:12:35:31 +0000] "GET /?e=07954181529503 HTTP/1.1" 200 252867 "-" "Mozilla/5.0 (Linux; Android 6.0.1; Nexus 5X Build/MMB29P) AppleWebKit/537.36 (KHTML, like Gecko) Chrome/151.0.7922.173 Mobile Safari/537.36 (compatible; Googlebot/2.1; +http://www.google.com/bot.html)"
66.249.73.64 - - [05/Sep/2026:12:35:31 +0000] "GET /?e=3881856677504 HTTP/1.1" 200 237976 "-" "Mozilla/5.0 (Linux; Android 6.0.1; Nexus 5X Build/MMB29P) AppleWebKit/537.36 (KHTML, like Gecko) Chrome/151.0.7922.173 Mobile Safari/537.36 (compatible; Googlebot/2.1; +http://www.google.com/bot.html)"
66.249.73.102 - - [05/Sep/2026:12:35:31 +0000] "GET /?e=05074120938100 HTTP/1.1" 200 246479 "-" "Mozilla/5.0 (Linux; Android 6.0.1; Nexus 5X Build/MMB29P) AppleWebKit/537.36 (KHTML, like Gecko) Chrome/151.0.7922.173 Mobile Safari/537.36 (compatible; Googlebot/2.1; +http://www.google.com/bot.html)"
66.249.73.102 - - [05/Sep/2026:12:35:31 +0000] "GET /?e=224014797304 HTTP/1.1" 200 246012 "-" "Mozilla/5.0 (Linux; Android 6.0.1; Nexus 5X Build/MMB29P) AppleWebKit/537.36 (KHTML, like Gecko) Chrome/151.0.7922.173 Mobile Safari/537.36 (compatible; Googlebot/2.1; +http://www.google.com/bot.html)"
66.249.73.70 - - [05/Sep/2026:12:35:31 +0000] "GET /?e=58090181945008 HTTP/1.1" 200 241186 "-" "Mozilla/5.0 (Linux; Android 6.0.1; Nexus 5X Build/MMB29P) AppleWebKit/537.36 (KHTML, like Gecko) Chrome/151.0.7922.173 Mobile Safari/537.36 (compatible; Googlebot/2.1; +http://www.google.com/bot.html)"
85.25.43.199 - - [05/Sep/2026:12:35:32 +0000] "GET /wp-content/uploads/2021/07/technology-android.png HTTP/1.1" 200 678 "-" "Mozilla/5.0 (Macintosh; Intel Mac OS X 10_15_7; rv:132.0) Gecko/20100101 Firefox/132.0"
85.25.43.199 - - [05/Sep/2026:12:35:32 +0000] "GET /wp-content/uploads/2021/07/technology-shopify-plus.png HTTP/1.1" 200 1226 "-" "Mozilla/5.0 (Macintosh; Intel Mac OS X 10_15_7; rv:132.0) Gecko/20100101 Firefox/132.0"
85.25.43.199 - - [05/Sep/2026:12:35:32 +0000] "GET /wp-content/uploads/2021/07/technology-umbraco1.png HTTP/1.1" 200 1228 "-" "Mozilla/5.0 (Macintosh; Intel Mac OS X 10_15_7; rv:132.0) Gecko/20100101 Firefox/132.0"
85.25.43.199 - - [05/Sep/2026:12:35:32 +0000] "GET /wp-content/uploads/2021/07/technology-microsoft-dot-net.png HTTP/1.1" 200 1304 "-" "Mozilla/5.0 (Macintosh; Intel Mac OS X 10_15_7; rv:132.0) Gecko/20100101 Firefox/132.0"
66.249.73.72 - - [05/Sep/2026:12:35:32 +0000] "GET /?e=5265629472608 HTTP/1.1" 200 239525 "-" "Mozilla/5.0 (Linux; Android 6.0.1; Nexus 5X Build/MMB29P) AppleWebKit/537.36 (KHTML, like Gecko) Chrome/151.0.7922.173 Mobile Safari/537.36 (compatible; Googlebot/2.1; +http://www.google.com/bot.html)"
85.25.43.199 - - [05/Sep/2026:12:35:32 +0000] "GET /wp-content/uploads/2021/07/technology-wordpress2x.png HTTP/1.1" 200 2088 "-" "Mozilla/5.0 (Macintosh; Intel Mac OS X 10_15_7; rv:132.0) Gecko/20100101 Firefox/132.0"
85.25.43.199 - - [05/Sep/2026:12:35:32 +0000] "GET /wp-content/uploads/2021/07/technology-microsoft-azure.png HTTP/1.1" 200 843 "-" "Mozilla/5.0 (Macintosh; Intel Mac OS X 10_15_7; rv:132.0) Gecko/20100101 Firefox/132.0"
85.25.43.199 - - [05/Sep/2026:12:35:32 +0000] "GET /wp-content/uploads/2021/07/technology-oracle.png HTTP/1.1" 200 1551 "-" "Mozilla/5.0 (Macintosh; Intel Mac OS X 10_15_7; rv:132.0) Gecko/20100101 Firefox/132.0"
85.25.43.199 - - [05/Sep/2026:12:35:32 +0000] "GET /wp-content/uploads/2021/07/database-technology-firebase.png HTTP/1.1" 200 953 "-" "Mozilla/5.0 (Macintosh; Intel Mac OS X 10_15_7; rv:132.0) Gecko/20100101 Firefox/132.0"
85.25.43.199 - - [05/Sep/2026:12:35:32 +0000] "GET /wp-content/uploads/2021/07/database-technology-dynamodb.png HTTP/1.1" 200 1151 "-" "Mozilla/5.0 (Macintosh; Intel Mac OS X 10_15_7; rv:132.0) Gecko/20100101 Firefox/132.0"
85.25.43.199 - - [05/Sep/2026:12:35:32 +0000] "GET /wp-content/uploads/2021/07/technology-php2x.png HTTP/1.1" 200 1287 "-" "Mozilla/5.0 (Macintosh; Intel Mac OS X 10_15_7; rv:132.0) Gecko/20100101 Firefox/132.0"
85.25.43.199 - - [05/Sep/2026:12:35:33 +0000] "GET /wp-content/uploads/2021/07/technology-vue2x.png HTTP/1.1" 200 1388 "-" "Mozilla/5.0 (Macintosh; Intel Mac OS X 10_15_7; rv:132.0) Gecko/20100101 Firefox/132.0"
85.25.43.199 - - [05/Sep/2026:12:35:33 +0000] "GET /wp-content/uploads/2021/07/technology-google-cloud.png HTTP/1.1" 200 850 "-" "Mozilla/5.0 (Macintosh; Intel Mac OS X 10_15_7; rv:132.0) Gecko/20100101 Firefox/132.0"
85.25.43.199 - - [05/Sep/2026:12:35:33 +0000] "GET /wp-content/uploads/2021/07/technology-react-native.png HTTP/1.1" 200 1464 "-" "Mozilla/5.0 (Macintosh; Intel Mac OS X 10_15_7; rv:132.0) Gecko/20100101 Firefox/132.0"
85.25.43.199 - - [05/Sep/2026:12:35:33 +0000] "GET /wp-content/uploads/2021/07/database-technology-postgresql.png HTTP/1.1" 200 1628 "-" "Mozilla/5.0 (Macintosh; Intel Mac OS X 10_15_7; rv:132.0) Gecko/20100101 Firefox/132.0"
85.25.43.199 - - [05/Sep/2026:12:35:33 +0000] "GET /wp-content/uploads/2021/07/technology-wpf.png HTTP/1.1" 200 897 "-" "Mozilla/5.0 (Macintosh; Intel Mac OS X 10_15_7; rv:132.0) Gecko/20100101 Firefox/132.0"
85.25.43.199 - - [05/Sep/2026:12:35:33 +0000] "GET /wp-content/uploads/2021/07/technology-flutter1x.png HTTP/1.1" 200 547 "-" "Mozilla/5.0 (Macintosh; Intel Mac OS X 10_15_7; rv:132.0) Gecko/20100101 Firefox/132.0"
85.25.43.199 - - [05/Sep/2026:12:35:33 +0000] "GET /wp-content/uploads/2021/07/technology-java.png HTTP/1.1" 200 1299 "-" "Mozilla/5.0 (Macintosh; Intel Mac OS X 10_15_7; rv:132.0) Gecko/20100101 Firefox/132.0"
85.25.43.199 - - [05/Sep/2026:12:35:33 +0000] "GET /wp-content/uploads/2021/07/backend-technology-phthon.png HTTP/1.1" 200 906 "-" "Mozilla/5.0 (Macintosh; Intel Mac OS X 10_15_7; rv:132.0) Gecko/20100101 Firefox/132.0"
85.25.43.199 - - [05/Sep/2026:12:35:33 +0000] "GET /wp-content/uploads/2021/07/technology-ionic.png HTTP/1.1" 200 1109 "-" "Mozilla/5.0 (Macintosh; Intel Mac OS X 10_15_7; rv:132.0) Gecko/20100101 Firefox/132.0"
85.25.43.199 - - [05/Sep/2026:12:35:33 +0000] "GET /wp-content/uploads/2021/07/technology-selenium.png HTTP/1.1" 200 968 "-" "Mozilla/5.0 (Macintosh; Intel Mac OS X 10_15_7; rv:132.0) Gecko/20100101 Firefox/132.0"
85.25.43.199 - - [05/Sep/2026:12:35:34 +0000] "GET /wp-content/uploads/2021/07/technology-ms-sql.png HTTP/1.1" 200 1630 "-" "Mozilla/5.0 (Macintosh; Intel Mac OS X 10_15_7; rv:132.0) Gecko/20100101 Firefox/132.0"
66.249.73.71 - - [05/Sep/2026:12:35:32 +0000] "GET /?e=7470884094102 HTTP/1.1" 200 247810 "-" "Mozilla/5.0 (Linux; Android 6.0.1; Nexus 5X Build/MMB29P) AppleWebKit/537.36 (KHTML, like Gecko) Chrome/151.0.7922.173 Mobile Safari/537.36 (compatible; Googlebot/2.1; +http://www.google.com/bot.html)"
85.25.43.199 - - [05/Sep/2026:12:35:34 +0000] "GET /wp-content/uploads/2021/07/technology-gradle.png HTTP/1.1" 200 910 "-" "Mozilla/5.0 (Macintosh; Intel Mac OS X 10_15_7; rv:132.0) Gecko/20100101 Firefox/132.0"
85.25.43.199 - - [05/Sep/2026:12:35:34 +0000] "GET /wp-content/uploads/2021/07/technology-xamarin2x.png HTTP/1.1" 200 1122 "-" "Mozilla/5.0 (Macintosh; Intel Mac OS X 10_15_7; rv:132.0) Gecko/20100101 Firefox/132.0"
85.25.43.199 - - [05/Sep/2026:12:35:34 +0000] "GET /wp-content/uploads/2021/07/database-technology-mango-db.png HTTP/1.1" 200 668 "-" "Mozilla/5.0 (Macintosh; Intel Mac OS X 10_15_7; rv:132.0) Gecko/20100101 Firefox/132.0"
85.25.43.199 - - [05/Sep/2026:12:35:34 +0000] "GET /wp-content/uploads/2021/07/technology-magento2x.png HTTP/1.1" 200 911 "-" "Mozilla/5.0 (Macintosh; Intel Mac OS X 10_15_7; rv:132.0) Gecko/20100101 Firefox/132.0"
85.25.43.199 - - [05/Sep/2026:12:35:34 +0000] "GET /wp-content/uploads/2021/07/technology-html5.png HTTP/1.1" 200 878 "-" "Mozilla/5.0 (Macintosh; Intel Mac OS X 10_15_7; rv:132.0) Gecko/20100101 Firefox/132.0"
85.25.43.199 - - [05/Sep/2026:12:35:34 +0000] "GET /wp-content/uploads/2021/07/technology-drupal.png HTTP/1.1" 200 1000 "-" "Mozilla/5.0 (Macintosh; Intel Mac OS X 10_15_7; rv:132.0) Gecko/20100101 Firefox/132.0"
85.25.43.199 - - [05/Sep/2026:12:35:35 +0000] "GET /typography/ HTTP/1.1" 200 76350 "-" "Mozilla/5.0 (Macintosh; Intel Mac OS X 10_15_7; rv:132.0) Gecko/20100101 Firefox/132.0"
66.249.73.72 - - [05/Sep/2026:12:35:36 +0000] "GET /ajax/productstorestocklist/?sku=15048339&lat= HTTP/1.1" 200 241492 "-" "Mozilla/5.0 (Linux; Android 6.0.1; Nexus 5X Build/MMB29P) AppleWebKit/537.36 (KHTML, like Gecko) Chrome/151.0.7922.173 Mobile Safari/537.36 (compatible; Googlebot/2.1; +http://www.google.com/bot.html)"
85.25.43.199 - - [05/Sep/2026:12:35:36 +0000] "GET /typography/ HTTP/1.1" 200 76350 "-" "Mozilla/5.0 (Macintosh; Intel Mac OS X 10_15_7; rv:132.0) Gecko/20100101 Firefox/132.0"
137.115.2.62 - - [05/Sep/2026:12:35:37 +0000] "GET /wp-json/oembed/1.0/embed?url=https%3A%2F%2Fwww.techbala.com%2F HTTP/1.1" 200 2309 "-" "Mozilla/5.0 (X11; Linux x86_64; rv:1.9.5.20) Gecko/9049-02-14 21:47:30.286682 Firefox/3.8"
66.249.73.72 - - [05/Sep/2026:12:35:38 +0000] "GET /wp-content/themes/engitech/js/slick.min.js?ver=20180910 HTTP/1.1" 200 42863 "https://www.techbala.com/?e=82868193354700" "Mozilla/5.0 (Linux; Android 6.0.1; Nexus 5X Build/MMB29P) AppleWebKit/537.36 (KHTML, like Gecko) Chrome/151.0.7922.173 Mobile Safari/537.36 (compatible; Googlebot/2.1; +http://www.google.com/bot.html)"
66.249.73.64 - - [05/Sep/2026:12:35:38 +0000] "GET /wp-content/themes/engitech/js/slick.min.js?ver=20180910 HTTP/1.1" 200 42863 "https://www.techbala.com/?e=3208746698601" "Mozilla/5.0 (Linux; Android 6.0.1; Nexus 5X Build/MMB29P) AppleWebKit/537.36 (KHTML, like Gecko) Chrome/151.0.7922.173 Mobile Safari/537.36 (compatible; Googlebot/2.1; +http://www.google.com/bot.html)"
85.25.43.199 - - [05/Sep/2026:12:35:38 +0000] "GET /we-work-with/ HTTP/1.1" 200 51680 "-" "Mozilla/5.0 (Macintosh; Intel Mac OS X 10_15_7; rv:132.0) Gecko/20100101 Firefox/132.0"
66.249.73.64 - - [05/Sep/2026:12:35:39 +0000] "GET /?e=9918212820007 HTTP/1.1" 200 242128 "-" "Mozilla/5.0 (Linux; Android 6.0.1; Nexus 5X Build/MMB29P) AppleWebKit/537.36 (KHTML, like Gecko) Chrome/151.0.7922.173 Mobile Safari/537.36 (compatible; Googlebot/2.1; +http://www.google.com/bot.html)"
85.25.43.199 - - [05/Sep/2026:12:35:39 +0000] "GET /we-work-with/ HTTP/1.1" 200 51680 "-" "Mozilla/5.0 (Macintosh; Intel Mac OS X 10_15_7; rv:132.0) Gecko/20100101 Firefox/132.0"
66.249.73.64 - - [05/Sep/2026:12:35:40 +0000] "GET /kaden/mtalk/?sku=95038222 HTTP/1.1" 200 239660 "-" "Mozilla/5.0 (Linux; Android 6.0.1; Nexus 5X Build/MMB29P) AppleWebKit/537.36 (KHTML, like Gecko) Chrome/151.0.7922.173 Mobile Safari/537.36 (compatible; Googlebot/2.1; +http://www.google.com/bot.html)"
66.249.73.70 - - [05/Sep/2026:12:35:40 +0000] "GET /?e=98068212919308 HTTP/1.1" 200 245751 "-" "Mozilla/5.0 (Linux; Android 6.0.1; Nexus 5X Build/MMB29P) AppleWebKit/537.36 (KHTML, like Gecko) Chrome/151.0.7922.173 Mobile Safari/537.36 (compatible; Googlebot/2.1; +http://www.google.com/bot.html)"
66.249.73.72 - - [05/Sep/2026:12:35:41 +0000] "GET /?e=0011059532203 HTTP/1.1" 200 248107 "-" "Mozilla/5.0 (Linux; Android 6.0.1; Nexus 5X Build/MMB29P) AppleWebKit/537.36 (KHTML, like Gecko) Chrome/151.0.7922.173 Mobile Safari/537.36 (compatible; Googlebot/2.1; +http://www.google.com/bot.html)"
66.249.73.64 - - [05/Sep/2026:12:35:41 +0000] "GET /products/detail/15197543 HTTP/1.1" 200 245082 "-" "Mozilla/5.0 (Linux; Android 6.0.1; Nexus 5X Build/MMB29P) AppleWebKit/537.36 (KHTML, like Gecko) Chrome/151.0.7922.173 Mobile Safari/537.36 (compatible; Googlebot/2.1; +http://www.google.com/bot.html)"
57.141.14.7 - - [05/Sep/2026:12:35:41 +0000] "GET / HTTP/1.1" 200 96969 "-" "facebookexternalhit/1.1 (+http://www.facebook.com/externalhit_uatext.php)"
85.25.43.199 - - [05/Sep/2026:12:35:41 +0000] "GET /why-choose-us/ HTTP/1.1" 200 80786 "-" "Mozilla/5.0 (Macintosh; Intel Mac OS X 10_15_7; rv:132.0) Gecko/20100101 Firefox/132.0"
85.25.43.199 - - [05/Sep/2026:12:35:42 +0000] "GET /why-choose-us/ HTTP/1.1" 200 80786 "-" "Mozilla/5.0 (Macintosh; Intel Mac OS X 10_15_7; rv:132.0) Gecko/20100101 Firefox/132.0"
66.249.73.70 - - [05/Sep/2026:12:35:42 +0000] "GET /?e=37177149187700 HTTP/1.1" 200 244918 "-" "Mozilla/5.0 (Linux; Android 6.0.1; Nexus 5X Build/MMB29P) AppleWebKit/537.36 (KHTML, like Gecko) Chrome/151.0.7922.173 Mobile Safari/537.36 (compatible; Googlebot/2.1; +http://www.google.com/bot.html)"
85.25.43.199 - - [05/Sep/2026:12:35:43 +0000] "GET /wp-content/uploads/2020/01/man1.png HTTP/1.1" 200 346420 "-" "Mozilla/5.0 (Macintosh; Intel Mac OS X 10_15_7; rv:132.0) Gecko/20100101 Firefox/132.0"
85.25.43.199 - - [05/Sep/2026:12:35:44 +0000] "GET /wordpress-developer/ HTTP/1.1" 200 45355 "-" "Mozilla/5.0 (Macintosh; Intel Mac OS X 10_15_7; rv:132.0) Gecko/20100101 Firefox/132.0"
85.25.43.199 - - [05/Sep/2026:12:35:45 +0000] "GET /wordpress-developer/ HTTP/1.1" 200 45355 "-" "Mozilla/5.0 (Macintosh; Intel Mac OS X 10_15_7; rv:132.0) Gecko/20100101 Firefox/132.0"
66.249.73.73 - - [05/Sep/2026:12:35:46 +0000] "GET /?e=94917141554511 HTTP/1.1" 200 239389 "-" "Mozilla/5.0 (Linux; Android 6.0.1; Nexus 5X Build/MMB29P) AppleWebKit/537.36 (KHTML, like Gecko) Chrome/151.0.7922.173 Mobile Safari/537.36 (compatible; Googlebot/2.1; +http://www.google.com/bot.html)"
85.25.43.199 - - [05/Sep/2026:12:35:47 +0000] "GET /wp-content/uploads/2026/06/Project-1.mp4 HTTP/1.1" 404 35692 "-" "Mozilla/5.0 (Macintosh; Intel Mac OS X 10_15_7; rv:132.0) Gecko/20100101 Firefox/132.0"
85.25.43.199 - - [05/Sep/2026:12:35:48 +0000] "GET /wp-content/themes/engitech/images/404-error.png HTTP/1.1" 200 31791 "-" "Mozilla/5.0 (Macintosh; Intel Mac OS X 10_15_7; rv:132.0) Gecko/20100101 Firefox/132.0"
57.141.4.50 - - [05/Sep/2026:12:35:47 +0000] "GET /products/93c1617299 HTTP/1.1" 301 - "-" "Mozilla/5.0 (Windows NT 10.0; Win64; x64) AppleWebKit/537.36 (KHTML, like Gecko) Chrome/145.0.0.0 Safari/537.36 (compatible; meta-externalagent/1.1 (+https://developers.facebook.com/docs/sharing/webmasters/crawler))"
66.249.73.71 - - [05/Sep/2026:12:35:49 +0000] "GET /wp-content/themes/engitech/js/slick.min.js?ver=20180910 HTTP/1.1" 200 42863 "https://www.techbala.com/?e=44021161627602" "Mozilla/5.0 (Linux; Android 6.0.1; Nexus 5X Build/MMB29P) AppleWebKit/537.36 (KHTML, like Gecko) Chrome/151.0.7922.173 Mobile Safari/537.36 (compatible; Googlebot/2.1; +http://www.google.com/bot.html)"
57.141.4.60 - - [05/Sep/2026:12:35:49 +0000] "GET /products/93c1617299 HTTP/1.1" 404 35692 "-" "Mozilla/5.0 (Windows NT 10.0; Win64; x64) AppleWebKit/537.36 (KHTML, like Gecko) Chrome/145.0.0.0 Safari/537.36 (compatible; meta-externalagent/1.1 (+https://developers.facebook.com/docs/sharing/webmasters/crawler))"
85.25.43.199 - - [05/Sep/2026:12:35:49 +0000] "GET /portfolio/solving-mortgage-rate-search-problem/ HTTP/1.1" 200 57693 "-" "Mozilla/5.0 (Macintosh; Intel Mac OS X 10_15_7; rv:132.0) Gecko/20100101 Firefox/132.0"
85.25.43.199 - - [05/Sep/2026:12:35:50 +0000] "GET /wp-content/uploads/2019/11/img-screen1-151x300.png HTTP/1.1" 200 31930 "-" "Mozilla/5.0 (Macintosh; Intel Mac OS X 10_15_7; rv:132.0) Gecko/20100101 Firefox/132.0"
