85.25.43.199 - - [05/Sep/2026:12:35:50 +0000] "GET /wp-content/uploads/2019/11/img-screen3-151x300.png HTTP/1.1" 200 39197 "-" "Mozilla/5.0 (Macintosh; Intel Mac OS X 10_15_7; rv:132.0) Gecko/20100101 Firefox/132.0"
85.25.43.199 - - [05/Sep/2026:12:35:51 +0000] "GET /wp-content/uploads/2019/11/img-screen7-154x300.png HTTP/1.1" 200 41933 "-" "Mozilla/5.0 (Macintosh; Intel Mac OS X 10_15_7; rv:132.0) Gecko/20100101 Firefox/132.0"
85.25.43.199 - - [05/Sep/2026:12:35:51 +0000] "GET /wp-content/uploads/2019/11/img-screen5-153x300.png HTTP/1.1" 200 42028 "-" "Mozilla/5.0 (Macintosh; Intel Mac OS X 10_15_7; rv:132.0) Gecko/20100101 Firefox/132.0"
66.249.73.103 - - [05/Sep/2026:12:35:50 +0000] "GET /?e=9248036614701 HTTP/1.1" 200 244594 "-" "Mozilla/5.0 (Linux; Android 6.0.1; Nexus 5X Build/MMB29P) AppleWebKit/537.36 (KHTML, like Gecko) Chrome/151.0.7922.173 Mobile Safari/537.36 (compatible; Googlebot/2.1; +http://www.google.com/bot.html)"
85.25.43.199 - - [05/Sep/2026:12:35:51 +0000] "GET /wp-content/uploads/2019/11/img-3-154x300.png HTTP/1.1" 200 30923 "-" "Mozilla/5.0 (Macintosh; Intel Mac OS X 10_15_7; rv:132.0) Gecko/20100101 Firefox/132.0"
85.25.43.199 - - [05/Sep/2026:12:35:51 +0000] "GET /wp-content/uploads/2019/11/MyRateBid1-152x300.png HTTP/1.1" 200 44596 "-" "Mozilla/5.0 (Macintosh; Intel Mac OS X 10_15_7; rv:132.0) Gecko/20100101 Firefox/132.0"
85.25.43.199 - - [05/Sep/2026:12:35:51 +0000] "GET /wp-content/uploads/2019/11/img-screen6-152x300.png HTTP/1.1" 200 37311 "-" "Mozilla/5.0 (Macintosh; Intel Mac OS X 10_15_7; rv:132.0) Gecko/20100101 Firefox/132.0"
85.25.43.199 - - [05/Sep/2026:12:35:51 +0000] "GET /wp-content/uploads/2019/11/img-screen2-152x300.png HTTP/1.1" 200 31506 "-" "Mozilla/5.0 (Macintosh; Intel Mac OS X 10_15_7; rv:132.0) Gecko/20100101 Firefox/132.0"
85.25.43.199 - - [05/Sep/2026:12:35:52 +0000] "GET /wp-content/uploads/2019/11/img-screen4-153x300.png HTTP/1.1" 200 43033 "-" "Mozilla/5.0 (Macintosh; Intel Mac OS X 10_15_7; rv:132.0) Gecko/20100101 Firefox/132.0"
85.25.43.199 - - [05/Sep/2026:12:35:53 +0000] "GET /portfolio-category/design/ HTTP/1.1" 200 43197 "-" "Mozilla/5.0 (Macintosh; Intel Mac OS X 10_15_7; rv:132.0) Gecko/20100101 Firefox/132.0"
66.249.73.103 - - [05/Sep/2026:12:35:54 +0000] "GET /?e=9227314882215 HTTP/1.1" 200 247406 "-" "Mozilla/5.0 (Linux; Android 6.0.1; Nexus 5X Build/MMB29P) AppleWebKit/537.36 (KHTML, like Gecko) Chrome/151.0.7922.173 Mobile Safari/537.36 (compatible; Googlebot/2.1; +http://www.google.com/bot.html)"
85.25.43.199 - - [05/Sep/2026:12:35:55 +0000] "GET /portfolio-category/development/ HTTP/1.1" 200 43237 "-" "Mozilla/5.0 (Macintosh; Intel Mac OS X 10_15_7; rv:132.0) Gecko/20100101 Firefox/132.0"
66.249.73.72 - - [05/Sep/2026:12:35:56 +0000] "GET /wp-content/themes/engitech/js/slick.min.js?ver=20180910 HTTP/1.1" 200 42863 "https://www.techbala.com/?e=9303566730600" "Mozilla/5.0 (Linux; Android 6.0.1; Nexus 5X Build/MMB29P) AppleWebKit/537.36 (KHTML, like Gecko) Chrome/151.0.7922.173 Mobile Safari/537.36 (compatible; Googlebot/2.1; +http://www.google.com/bot.html)"
85.25.43.199 - - [05/Sep/2026:12:35:57 +0000] "GET /portfolio-category/ideas/ HTTP/1.1" 200 42796 "-" "Mozilla/5.0 (Macintosh; Intel Mac OS X 10_15_7; rv:132.0) Gecko/20100101 Firefox/132.0"
85.25.43.199 - - [05/Sep/2026:12:35:59 +0000] "GET /portfolio/back-office-accounting-system/ HTTP/1.1" 200 61691 "-" "Mozilla/5.0 (Macintosh; Intel Mac OS X 10_15_7; rv:132.0) Gecko/20100101 Firefox/132.0"
85.25.43.199 - - [05/Sep/2026:12:36:00 +0000] "GET /wp-content/uploads/2021/07/160e3b42f4087c-601x520.jpg HTTP/1.1" 200 50266 "-" "Mozilla/5.0 (Macintosh; Intel Mac OS X 10_15_7; rv:132.0) Gecko/20100101 Firefox/132.0"
66.249.73.103 - - [05/Sep/2026:12:36:00 +0000] "GET /?e=810066896802 HTTP/1.1" 200 239945 "-" "Mozilla/5.0 (Linux; Android 6.0.1; Nexus 5X Build/MMB29P) AppleWebKit/537.36 (KHTML, like Gecko) Chrome/151.0.7922.173 Mobile Safari/537.36 (compatible; Googlebot/2.1; +http://www.google.com/bot.html)"
85.25.43.199 - - [05/Sep/2026:12:36:01 +0000] "GET /portfolio/transport-logistics-finance/ HTTP/1.1" 200 53675 "-" "Mozilla/5.0 (Macintosh; Intel Mac OS X 10_15_7; rv:132.0) Gecko/20100101 Firefox/132.0"
85.25.43.199 - - [05/Sep/2026:12:36:02 +0000] "GET /wp-content/uploads/2019/11/60e46a9d0ef65.jpg HTTP/1.1" 200 86983 "-" "Mozilla/5.0 (Macintosh; Intel Mac OS X 10_15_7; rv:132.0) Gecko/20100101 Firefox/132.0"
66.249.73.72 - - [05/Sep/2026:12:36:03 +0000] "GET /?e=7010926995501 HTTP/1.1" 200 247666 "-" "Mozilla/5.0 (Linux; Android 6.0.1; Nexus 5X Build/MMB29P) AppleWebKit/537.36 (KHTML, like Gecko) Chrome/151.0.7922.173 Mobile Safari/537.36 (compatible; Googlebot/2.1; +http://www.google.com/bot.html)"
85.25.43.199 - - [05/Sep/2026:12:36:03 +0000] "GET /portfolio/file-safe-system/ HTTP/1.1" 200 52732 "-" "Mozilla/5.0 (Macintosh; Intel Mac OS X 10_15_7; rv:132.0) Gecko/20100101 Firefox/132.0"
85.25.43.199 - - [05/Sep/2026:12:36:04 +0000] "GET /wp-content/uploads/2019/11/160e4709a09830-601x520.jpg HTTP/1.1" 200 35512 "-" "Mozilla/5.0 (Macintosh; Intel Mac OS X 10_15_7; rv:132.0) Gecko/20100101 Firefox/132.0"
52.167.144.137 - - [05/Sep/2026:12:36:04 +0000] "GET /cmb2c2.html HTTP/1.1" 200 245733 "-" "Mozilla/5.0 AppleWebKit/537.36 (KHTML, like Gecko; compatible; bingbot/2.0; +http://www.bing.com/bingbot.htm) Chrome/116.0.1938.76 Safari/537.36"
85.25.43.199 - - [05/Sep/2026:12:36:05 +0000] "GET /portfolio/machine-learning-and-data-mining-methods-in-diabetes-research/ HTTP/1.1" 200 53569 "-" "Mozilla/5.0 (Macintosh; Intel Mac OS X 10_15_7; rv:132.0) Gecko/20100101 Firefox/132.0"
85.25.43.199 - - [05/Sep/2026:12:36:06 +0000] "GET /wp-content/uploads/2021/07/160e46e3a7f038.jpg HTTP/1.1" 200 101872 "-" "Mozilla/5.0 (Macintosh; Intel Mac OS X 10_15_7; rv:132.0) Gecko/20100101 Firefox/132.0"
85.25.43.199 - - [05/Sep/2026:12:36:07 +0000] "GET /wp-content/uploads/2021/07/160e46e3a7f038-768x486.jpg HTTP/1.1" 200 51181 "-" "Mozilla/5.0 (Macintosh; Intel Mac OS X 10_15_7; rv:132.0) Gecko/20100101 Firefox/132.0"
85.25.43.199 - - [05/Sep/2026:12:36:08 +0000] "GET /portfolio/virtual-hand-in-physiotherapy-broken-bones/ HTTP/1.1" 200 55622 "-" "Mozilla/5.0 (Macintosh; Intel Mac OS X 10_15_7; rv:132.0) Gecko/20100101 Firefox/132.0"
85.25.43.199 - - [05/Sep/2026:12:36:09 +0000] "GET /wp-content/uploads/2019/11/haptic-gloves-small-418x520.png HTTP/1.1" 200 199393 "-" "Mozilla/5.0 (Macintosh; Intel Mac OS X 10_15_7; rv:132.0) Gecko/20100101 Firefox/132.0"
85.25.43.199 - - [05/Sep/2026:12:36:09 +0000] "GET /wp-content/uploads/2019/11/1033956-vicon-delivers-hands-tracking-601x520.png HTTP/1.1" 200 237510 "-" "Mozilla/5.0 (Macintosh; Intel Mac OS X 10_15_7; rv:132.0) Gecko/20100101 Firefox/132.0"
66.249.73.70 - - [05/Sep/2026:12:36:08 +0000] "GET /?e=88805153140605 HTTP/1.1" 200 238386 "-" "Mozilla/5.0 (Linux; Android 6.0.1; Nexus 5X Build/MMB29P) AppleWebKit/537.36 (KHTML, like Gecko) Chrome/151.0.7922.173 Mobile Safari/537.36 (compatible; Googlebot/2.1; +http://www.google.com/bot.html)"
57.141.16.28 - - [05/Sep/2026:12:36:11 +0000] "GET / HTTP/1.1" 301 - "-" "facebookexternalhit/1.1 (+http://www.facebook.com/externalhit_uatext.php)"
85.25.43.199 - - [05/Sep/2026:12:36:11 +0000] "GET /portfolio/extraction-information-from-vehicle-advertisement-text-using-natural-language-processing-techniques/ HTTP/1.1" 200 51762 "-" "Mozilla/5.0 (Macintosh; Intel Mac OS X 10_15_7; rv:132.0) Gecko/20100101 Firefox/132.0"
85.25.43.199 - - [05/Sep/2026:12:36:12 +0000] "GET /wp-content/uploads/2019/11/160e476db21b49-601x520.jpg HTTP/1.1" 200 56609 "-" "Mozilla/5.0 (Macintosh; Intel Mac OS X 10_15_7; rv:132.0) Gecko/20100101 Firefox/132.0"
66.249.73.72 - - [05/Sep/2026:12:36:08 +0000] "GET /?e=2194315117004 HTTP/1.1" 200 249117 "-" "Mozilla/5.0 (Linux; Android 6.0.1; Nexus 5X Build/MMB29P) AppleWebKit/537.36 (KHTML, like Gecko) Chrome/151.0.7922.173 Mobile Safari/537.36 (compatible; Googlebot/2.1; +http://www.google.com/bot.html)"
66.249.73.102 - - [05/Sep/2026:12:36:08 +0000] "GET /?e=25941122373901 HTTP/1.1" 200 241494 "-" "Mozilla/5.0 (Linux; Android 6.0.1; Nexus 5X Build/MMB29P) AppleWebKit/537.36 (KHTML, like Gecko) Chrome/151.0.7922.173 Mobile Safari/537.36 (compatible; Googlebot/2.1; +http://www.google.com/bot.html)"
66.249.73.73 - - [05/Sep/2026:12:36:11 +0000] "GET /?e=12832160605900 HTTP/1.1" 200 241728 "-" "Mozilla/5.0 (Linux; Android 6.0.1; Nexus 5X Build/MMB29P) AppleWebKit/537.36 (KHTML, like Gecko) Chrome/151.0.7922.173 Mobile Safari/537.36 (compatible; Googlebot/2.1; +http://www.google.com/bot.html)"
66.249.73.71 - - [05/Sep/2026:12:36:11 +0000] "GET /?e=2210253106601 HTTP/1.1" 200 247242 "-" "Mozilla/5.0 (Linux; Android 6.0.1; Nexus 5X Build/MMB29P) AppleWebKit/537.36 (KHTML, like Gecko) Chrome/151.0.7922.173 Mobile Safari/537.36 (compatible; Googlebot/2.1; +http://www.google.com/bot.html)"
85.25.43.199 - - [05/Sep/2026:12:36:13 +0000] "GET /portfolio/back-propagation-algorithm-to-solve-the-classifying-glass-data-problem/ HTTP/1.1" 200 51676 "-" "Mozilla/5.0 (Macintosh; Intel Mac OS X 10_15_7; rv:132.0) Gecko/20100101 Firefox/132.0"
85.25.43.199 - - [05/Sep/2026:12:36:14 +0000] "GET /wp-content/uploads/2019/11/60e475321bab6-601x520.jpg HTTP/1.1" 200 32904 "-" "Mozilla/5.0 (Macintosh; Intel Mac OS X 10_15_7; rv:132.0) Gecko/20100101 Firefox/132.0"
66.249.73.70 - - [05/Sep/2026:12:36:09 +0000] "GET /ajax/productstorestocklist/?sku=18979193&pref_cd= HTTP/1.1" 200 240552 "-" "Mozilla/5.0 (Linux; Android 6.0.1; Nexus 5X Build/MMB29P) AppleWebKit/537.36 (KHTML, like Gecko) Chrome/151.0.7922.173 Mobile Safari/537.36 (compatible; Googlebot/2.1; +http://www.google.com/bot.html)"
66.249.73.102 - - [05/Sep/2026:12:36:14 +0000] "GET /?e=5090172483201 HTTP/1.1" 200 239570 "-" "Mozilla/5.0 (Linux; Android 6.0.1; Nexus 5X Build/MMB29P) AppleWebKit/537.36 (KHTML, like Gecko) Chrome/151.0.7922.173 Mobile Safari/537.36 (compatible; Googlebot/2.1; +http://www.google.com/bot.html)"
85.25.43.199 - - [05/Sep/2026:12:36:15 +0000] "GET / HTTP/1.1" 200 96969 "-" "Mozilla/5.0 (Macintosh; Intel Mac OS X 10_15_7; rv:132.0) Gecko/20100101 Firefox/132.0"
85.25.43.199 - - [05/Sep/2026:12:36:16 +0000] "GET / HTTP/1.1" 200 96969 "-" "Mozilla/5.0 (Macintosh; Intel Mac OS X 10_15_7; rv:132.0) Gecko/20100101 Firefox/132.0"
85.25.43.199 - - [05/Sep/2026:12:36:18 +0000] "GET /ios-with-flutter-developer HTTP/1.1" 301 - "-" "Mozilla/5.0 (Macintosh; Intel Mac OS X 10_15_7; rv:132.0) Gecko/20100101 Firefox/132.0"
66.249.73.72 - - [05/Sep/2026:12:36:18 +0000] "GET /?e=27758172644000 HTTP/1.1" 200 247760 "-" "Mozilla/5.0 (Linux; Android 6.0.1; Nexus 5X Build/MMB29P) AppleWebKit/537.36 (KHTML, like Gecko) Chrome/151.0.7922.173 Mobile Safari/537.36 (compatible; Googlebot/2.1; +http://www.google.com/bot.html)"
85.25.43.199 - - [05/Sep/2026:12:36:18 +0000] "GET /android-with-flutter-developer HTTP/1.1" 301 - "-" "Mozilla/5.0 (Macintosh; Intel Mac OS X 10_15_7; rv:132.0) Gecko/20100101 Firefox/132.0"
66.249.73.102 - - [05/Sep/2026:12:36:19 +0000] "GET /?e=7712561600900 HTTP/1.1" 200 243811 "-" "Mozilla/5.0 (Linux; Android 6.0.1; Nexus 5X Build/MMB29P) AppleWebKit/537.36 (KHTML, like Gecko) Chrome/151.0.7922.173 Mobile Safari/537.36 (compatible; Googlebot/2.1; +http://www.google.com/bot.html)"
85.25.43.199 - - [05/Sep/2026:12:36:19 +0000] "GET /wordpress-developer HTTP/1.1" 301 - "-" "Mozilla/5.0 (Macintosh; Intel Mac OS X 10_15_7; rv:132.0) Gecko/20100101 Firefox/132.0"
85.25.43.199 - - [05/Sep/2026:12:36:19 +0000] "GET /contacts HTTP/1.1" 301 - "-" "Mozilla/5.0 (Macintosh; Intel Mac OS X 10_15_7; rv:132.0) Gecko/20100101 Firefox/132.0"
66.249.73.70 - - [05/Sep/2026:12:36:18 +0000] "GET /?e=930161833904 HTTP/1.1" 200 239967 "-" "Mozilla/5.0 (Linux; Android 6.0.1; Nexus 5X Build/MMB29P) AppleWebKit/537.36 (KHTML, like Gecko) Chrome/151.0.7922.173 Mobile Safari/537.36 (compatible; Googlebot/2.1; +http://www.google.com/bot.html)"
85.25.43.199 - - [05/Sep/2026:12:36:20 +0000] "GET /portfolio/ HTTP/1.1" 200 43011 "-" "Mozilla/5.0 (Macintosh; Intel Mac OS X 10_15_7; rv:132.0) Gecko/20100101 Firefox/132.0"
66.249.73.70 - - [05/Sep/2026:12:36:20 +0000] "GET /?e=08691176974006 HTTP/1.1" 200 238956 "-" "Mozilla/5.0 (Linux; Android 6.0.1; Nexus 5X Build/MMB29P) AppleWebKit/537.36 (KHTML, like Gecko) Chrome/151.0.7922.173 Mobile Safari/537.36 (compatible; Googlebot/2.1; +http://www.google.com/bot.html)"
66.249.73.70 - - [05/Sep/2026:12:36:19 +0000] "GET /?e=12393162840001 HTTP/1.1" 200 257019 "-" "Mozilla/5.0 (Linux; Android 6.0.1; Nexus 5X Build/MMB29P) AppleWebKit/537.36 (KHTML, like Gecko) Chrome/151.0.7922.173 Mobile Safari/537.36 (compatible; Googlebot/2.1; +http://www.google.com/bot.html)"
85.25.43.199 - - [05/Sep/2026:12:36:22 +0000] "GET /portfolio-category/design/page/2/ HTTP/1.1" 200 36941 "-" "Mozilla/5.0 (Macintosh; Intel Mac OS X 10_15_7; rv:132.0) Gecko/20100101 Firefox/132.0"
66.249.73.71 - - [05/Sep/2026:12:36:23 +0000] "GET /ajax/productstorestocklist/?sku=12143793&my_store=1 HTTP/1.1" 200 245109 "-" "Mozilla/5.0 (Linux; Android 6.0.1; Nexus 5X Build/MMB29P) AppleWebKit/537.36 (KHTML, like Gecko) Chrome/151.0.7922.173 Mobile Safari/537.36 (compatible; Googlebot/2.1; +http://www.google.com/bot.html)"
85.25.43.199 - - [05/Sep/2026:12:36:24 +0000] "GET /portfolio-category/development/page/2/ HTTP/1.1" 200 36981 "-" "Mozilla/5.0 (Macintosh; Intel Mac OS X 10_15_7; rv:132.0) Gecko/20100101 Firefox/132.0"
66.249.73.72 - - [05/Sep/2026:12:36:26 +0000] "GET /?e=21383152984800 HTTP/1.1" 200 236823 "-" "Mozilla/5.0 (Linux; Android 6.0.1; Nexus 5X Build/MMB29P) AppleWebKit/537.36 (KHTML, like Gecko) Chrome/151.0.7922.173 Mobile Safari/537.36 (compatible; Googlebot/2.1; +http://www.google.com/bot.html)"
66.249.73.71 - - [05/Sep/2026:12:36:26 +0000] "GET /?e=2657028571702 HTTP/1.1" 200 251698 "-" "Mozilla/5.0 (Linux; Android 6.0.1; Nexus 5X Build/MMB29P) AppleWebKit/537.36 (KHTML, like Gecko) Chrome/151.0.7922.173 Mobile Safari/537.36 (compatible; Googlebot/2.1; +http://www.google.com/bot.html)"
85.25.43.199 - - [05/Sep/2026:12:36:26 +0000] "GET /portfolio-category/ideas/page/2/ HTTP/1.1" 200 36933 "-" "Mozilla/5.0 (Macintosh; Intel Mac OS X 10_15_7; rv:132.0) Gecko/20100101 Firefox/132.0"
66.249.73.102 - - [05/Sep/2026:12:36:26 +0000] "GET /?e=18327150234209 HTTP/1.1" 200 250196 "-" "Mozilla/5.0 (Linux; Android 6.0.1; Nexus 5X Build/MMB29P) AppleWebKit/537.36 (KHTML, like Gecko) Chrome/151.0.7922.173 Mobile Safari/537.36 (compatible; Googlebot/2.1; +http://www.google.com/bot.html)"
66.249.73.70 - - [05/Sep/2026:12:36:26 +0000] "GET /?e=8878869821914 HTTP/1.1" 200 246772 "-" "Mozilla/5.0 (Linux; Android 6.0.1; Nexus 5X Build/MMB29P) AppleWebKit/537.36 (KHTML, like Gecko) Chrome/151.0.7922.173 Mobile Safari/537.36 (compatible; Googlebot/2.1; +http://www.google.com/bot.html)"
66.249.73.71 - - [05/Sep/2026:12:36:27 +0000] "GET /?e=15923127949104 HTTP/1.1" 200 249722 "-" "Mozilla/5.0 (Linux; Android 6.0.1; Nexus 5X Build/MMB29P) AppleWebKit/537.36 (KHTML, like Gecko) Chrome/151.0.7922.173 Mobile Safari/537.36 (compatible; Googlebot/2.1; +http://www.google.com/bot.html)"
66.249.73.102 - - [05/Sep/2026:12:36:27 +0000] "GET /?e=4260262631100 HTTP/1.1" 200 233601 "-" "Mozilla/5.0 (Linux; Android 6.0.1; Nexus 5X Build/MMB29P) AppleWebKit/537.36 (KHTML, like Gecko) Chrome/151.0.7922.173 Mobile Safari/537.36 (compatible; Googlebot/2.1; +http://www.google.com/bot.html)"
85.25.43.199 - - [05/Sep/2026:12:36:28 +0000] "GET /portfolio/page/2/ HTTP/1.1" 200 38465 "-" "Mozilla/5.0 (Macintosh; Intel Mac OS X 10_15_7; rv:132.0) Gecko/20100101 Firefox/132.0"
198.38.94.17 - - [05/Sep/2026:12:36:28 +0000] "GET /wp-login.php HTTP/1.1" 200 7271 "-" "Mozilla/5.0 (Windows NT 10.0; Win64; x64) AppleWebKit/537.36 (KHTML, like Gecko) Chrome/151.0.0.0 Safari/537.36"
198.38.94.17 - - [05/Sep/2026:12:36:29 +0000] "POST /wp-login.php HTTP/1.1" 200 7708 "https://techbala.com/wp-login.php" "Mozilla/5.0 (Windows NT 10.0; Win64; x64) AppleWebKit/537.36 (KHTML, like Gecko) Chrome/151.0.0.0 Safari/537.36"
66.249.73.102 - - [05/Sep/2026:12:36:29 +0000] "GET /?e=01457183166009 HTTP/1.1" 200 238513 "-" "Mozilla/5.0 (Linux; Android 6.0.1; Nexus 5X Build/MMB29P) AppleWebKit/537.36 (KHTML, like Gecko) Chrome/151.0.7922.173 Mobile Safari/537.36 (compatible; Googlebot/2.1; +http://www.google.com/bot.html)"
85.25.43.199 - - [05/Sep/2026:12:36:30 +0000] "GET /portfolio-category/design/page/1/ HTTP/1.1" 301 - "-" "Mozilla/5.0 (Macintosh; Intel Mac OS X 10_15_7; rv:132.0) Gecko/20100101 Firefox/132.0"
85.25.43.199 - - [05/Sep/2026:12:36:30 +0000] "GET /portfolio-category/development/page/1/ HTTP/1.1" 301 - "-" "Mozilla/5.0 (Macintosh; Intel Mac OS X 10_15_7; rv:132.0) Gecko/20100101 Firefox/132.0"
85.25.43.199 - - [05/Sep/2026:12:36:31 +0000] "GET /portfolio-category/ideas/page/1/ HTTP/1.1" 301 - "-" "Mozilla/5.0 (Macintosh; Intel Mac OS X 10_15_7; rv:132.0) Gecko/20100101 Firefox/132.0"
85.25.43.199 - - [05/Sep/2026:12:36:31 +0000] "GET /portfolio/page/1/ HTTP/1.1" 301 - "-" "Mozilla/5.0 (Macintosh; Intel Mac OS X 10_15_7; rv:132.0) Gecko/20100101 Firefox/132.0"
85.25.43.199 - - [05/Sep/2026:12:36:32 +0000] "GET /products/detail/110377482 HTTP/1.1" 404 35692 "-" "Mozilla/5.0 (Macintosh; Intel Mac OS X 10_15_7; rv:132.0) Gecko/20100101 Firefox/132.0"
66.249.73.102 - - [05/Sep/2026:12:36:32 +0000] "GET /?e=7127374507300 HTTP/1.1" 200 236418 "-" "Mozilla/5.0 (Linux; Android 6.0.1; Nexus 5X Build/MMB29P) AppleWebKit/537.36 (KHTML, like Gecko) Chrome/151.0.7922.173 Mobile Safari/537.36 (compatible; Googlebot/2.1; +http://www.google.com/bot.html)"
57.141.4.14 - - [05/Sep/2026:12:36:32 +0000] "GET /products/1b03097846 HTTP/1.1" 404 35692 "-" "Mozilla/5.0 (Macintosh; Intel Mac OS X 10_15_7) AppleWebKit/537.36 (KHTML, like Gecko) Chrome/145.0.0.0 Safari/537.36 (compatible; meta-externalagent/1.1 (+https://developers.facebook.com/docs/sharing/webmasters/crawler))"
85.25.43.199 - - [05/Sep/2026:12:36:34 +0000] "GET /products/detail/145984200 HTTP/1.1" 404 35692 "-" "Mozilla/5.0 (Macintosh; Intel Mac OS X 10_15_7; rv:132.0) Gecko/20100101 Firefox/132.0"
52.167.144.172 - - [05/Sep/2026:12:36:34 +0000] "GET /?e=4278271458111 HTTP/1.1" 200 240167 "-" "Mozilla/5.0 AppleWebKit/537.36 (KHTML, like Gecko; compatible; bingbot/2.0; +http://www.bing.com/bingbot.htm) Chrome/116.0.1938.76 Safari/537.36"
85.25.43.199 - - [05/Sep/2026:12:36:36 +0000] "GET /products/detail/142453048 HTTP/1.1" 404 35692 "-" "Mozilla/5.0 (Macintosh; Intel Mac OS X 10_15_7; rv:132.0) Gecko/20100101 Firefox/132.0"
66.249.73.103 - - [05/Sep/2026:12:36:38 +0000] "GET /?e=54653181503009 HTTP/1.1" 200 236025 "-" "Mozilla/5.0 (Linux; Android 6.0.1; Nexus 5X Build/MMB29P) AppleWebKit/537.36 (KHTML, like Gecko) Chrome/151.0.7922.173 Mobile Safari/537.36 (compatible; Googlebot/2.1; +http://www.google.com/bot.html)"
85.25.43.199 - - [05/Sep/2026:12:36:38 +0000] "GET /products/detail/227579543 HTTP/1.1" 404 35692 "-" "Mozilla/5.0 (Macintosh; Intel Mac OS X 10_15_7; rv:132.0) Gecko/20100101 Firefox/132.0"
85.25.43.199 - - [05/Sep/2026:12:36:40 +0000] "GET /products/detail/239442331 HTTP/1.1" 404 35692 "-" "Mozilla/5.0 (Macintosh; Intel Mac OS X 10_15_7; rv:132.0) Gecko/20100101 Firefox/132.0"
85.25.43.199 - - [05/Sep/2026:12:36:42 +0000] "GET /products/detail/106149634 HTTP/1.1" 404 35692 "-" "Mozilla/5.0 (Macintosh; Intel Mac OS X 10_15_7; rv:132.0) Gecko/20100101 Firefox/132.0"
66.249.73.73 - - [05/Sep/2026:12:36:43 +0000] "GET /?e=96877168655000 HTTP/1.1" 200 249596 "-" "Mozilla/5.0 (Linux; Android 6.0.1; Nexus 5X Build/MMB29P) AppleWebKit/537.36 (KHTML, like Gecko) Chrome/151.0.7922.173 Mobile Safari/537.36 (compatible; Googlebot/2.1; +http://www.google.com/bot.html)"
85.25.43.199 - - [05/Sep/2026:12:36:44 +0000] "GET /products/detail/59175472 HTTP/1.1" 404 35692 "-" "Mozilla/5.0 (Macintosh; Intel Mac OS X 10_15_7; rv:132.0) Gecko/20100101 Firefox/132.0"
85.25.43.199 - - [05/Sep/2026:12:36:46 +0000] "GET /products/detail/139778028 HTTP/1.1" 404 35692 "-" "Mozilla/5.0 (Macintosh; Intel Mac OS X 10_15_7; rv:132.0) Gecko/20100101 Firefox/132.0"
66.249.73.70 - - [05/Sep/2026:12:36:46 +0000] "GET /?e=570542121606 HTTP/1.1" 200 254868 "-" "Mozilla/5.0 (Linux; Android 6.0.1; Nexus 5X Build/MMB29P) AppleWebKit/537.36 (KHTML, like Gecko) Chrome/151.0.7922.173 Mobile Safari/537.36 (compatible; Googlebot/2.1; +http://www.google.com/bot.html)"
66.249.73.71 - - [05/Sep/2026:12:36:46 +0000] "GET /?e=207733592200 HTTP/1.1" 200 239333 "-" "Mozilla/5.0 (Linux; Android 6.0.1; Nexus 5X Build/MMB29P) AppleWebKit/537.36 (KHTML, like Gecko) Chrome/151.0.7922.173 Mobile Safari/537.36 (compatible; Googlebot/2.1; +http://www.google.com/bot.html)"
66.249.73.71 - - [05/Sep/2026:12:36:47 +0000] "GET /?e=92951112303204 HTTP/1.1" 200 240857 "-" "Mozilla/5.0 (Linux; Android 6.0.1; Nexus 5X Build/MMB29P) AppleWebKit/537.36 (KHTML, like Gecko) Chrome/151.0.7922.173 Mobile Safari/537.36 (compatible; Googlebot/2.1; +http://www.google.com/bot.html)"
85.25.43.199 - - [05/Sep/2026:12:36:48 +0000] "GET /products/detail/125837573 HTTP/1.1" 404 35692 "-" "Mozilla/5.0 (Macintosh; Intel Mac OS X 10_15_7; rv:132.0) Gecko/20100101 Firefox/132.0"
66.249.73.102 - - [05/Sep/2026:12:36:48 +0000] "GET /?e=3166512398201 HTTP/1.1" 200 241359 "-" "Mozilla/5.0 (Linux; Android 6.0.1; Nexus 5X Build/MMB29P) AppleWebKit/537.36 (KHTML, like Gecko) Chrome/151.0.7922.173 Mobile Safari/537.36 (compatible; Googlebot/2.1; +http://www.google.com/bot.html)"
66.249.73.73 - - [05/Sep/2026:12:36:48 +0000] "GET /?e=52982119261509 HTTP/1.1" 200 237141 "-" "Mozilla/5.0 (Linux; Android 6.0.1; Nexus 5X Build/MMB29P) AppleWebKit/537.36 (KHTML, like Gecko) Chrome/151.0.7922.173 Mobile Safari/537.36 (compatible; Googlebot/2.1; +http://www.google.com/bot.html)"
66.249.73.71 - - [05/Sep/2026:12:36:48 +0000] "GET /?e=88851207683505 HTTP/1.1" 200 246908 "-" "Mozilla/5.0 (Linux; Android 6.0.1; Nexus 5X Build/MMB29P) AppleWebKit/537.36 (KHTML, like Gecko) Chrome/151.0.7922.173 Mobile Safari/537.36 (compatible; Googlebot/2.1; +http://www.google.com/bot.html)"
66.249.73.102 - - [05/Sep/2026:12:36:48 +0000] "GET /?e=960117231609 HTTP/1.1" 200 250378 "-" "Mozilla/5.0 (Linux; Android 6.0.1; Nexus 5X Build/MMB29P) AppleWebKit/537.36 (KHTML, like Gecko) Chrome/151.0.7922.173 Mobile Safari/537.36 (compatible; Googlebot/2.1; +http://www.google.com/bot.html)"
66.249.73.72 - - [05/Sep/2026:12:36:48 +0000] "GET /?e=4346661522204 HTTP/1.1" 200 241562 "-" "Mozilla/5.0 (Linux; Android 6.0.1; Nexus 5X Build/MMB29P) AppleWebKit/537.36 (KHTML, like Gecko) Chrome/151.0.7922.173 Mobile Safari/537.36 (compatible; Googlebot/2.1; +http://www.google.com/bot.html)"
66.249.73.103 - - [05/Sep/2026:12:36:48 +0000] "GET /?e=0020991339211 HTTP/1.1" 200 249585 "-" "Mozilla/5.0 (Linux; Android 6.0.1; Nexus 5X Build/MMB29P) AppleWebKit/537.36 (KHTML, like Gecko) Chrome/151.0.7922.173 Mobile Safari/537.36 (compatible; Googlebot/2.1; +http://www.google.com/bot.html)"
66.249.73.73 - - [05/Sep/2026:12:36:49 +0000] "GET /?e=5040973260304 HTTP/1.1" 200 240512 "-" "Mozilla/5.0 (Linux; Android 6.0.1; Nexus 5X Build/MMB29P) AppleWebKit/537.36 (KHTML, like Gecko) Chrome/151.0.7922.173 Mobile Safari/537.36 (compatible; Googlebot/2.1; +http://www.google.com/bot.html)"
66.249.73.70 - - [05/Sep/2026:12:36:49 +0000] "GET /?e=7622779739100 HTTP/1.1" 200 243314 "-" "Mozilla/5.0 (Linux; Android 6.0.1; Nexus 5X Build/MMB29P) AppleWebKit/537.36 (KHTML, like Gecko) Chrome/151.0.7922.173 Mobile Safari/537.36 (compatible; Googlebot/2.1; +http://www.google.com/bot.html)"
66.249.73.102 - - [05/Sep/2026:12:36:49 +0000] "GET /?e=92209195682509 HTTP/1.1" 200 246708 "-" "Mozilla/5.0 (Linux; Android 6.0.1; Nexus 5X Build/MMB29P) AppleWebKit/537.36 (KHTML, like Gecko) Chrome/151.0.7922.173 Mobile Safari/537.36 (compatible; Googlebot/2.1; +http://www.google.com/bot.html)"
66.249.73.70 - - [05/Sep/2026:12:36:50 +0000] "GET /?e=1050810840603 HTTP/1.1" 200 242099 "-" "Mozilla/5.0 (Linux; Android 6.0.1; Nexus 5X Build/MMB29P) AppleWebKit/537.36 (KHTML, like Gecko) Chrome/151.0.7922.173 Mobile Safari/537.36 (compatible; Googlebot/2.1; +http://www.google.com/bot.html)"
85.25.43.199 - - [05/Sep/2026:12:36:50 +0000] "GET /products/detail/187745654 HTTP/1.1" 404 35692 "-" "Mozilla/5.0 (Macintosh; Intel Mac OS X 10_15_7; rv:132.0) Gecko/20100101 Firefox/132.0"
66.249.73.72 - - [05/Sep/2026:12:36:50 +0000] "GET /?e=09404124425602 HTTP/1.1" 200 242615 "-" "Mozilla/5.0 (Linux; Android 6.0.1; Nexus 5X Build/MMB29P) AppleWebKit/537.36 (KHTML, like Gecko) Chrome/151.0.7922.173 Mobile Safari/537.36 (compatible; Googlebot/2.1; +http://www.google.com/bot.html)"
66.249.73.72 - - [05/Sep/2026:12:36:51 +0000] "GET /?e=48912143876712 HTTP/1.1" 200 242666 "-" "Mozilla/5.0 (Linux; Android 6.0.1; Nexus 5X Build/MMB29P) AppleWebKit/537.36 (KHTML, like Gecko) Chrome/151.0.7922.173 Mobile Safari/537.36 (compatible; Googlebot/2.1; +http://www.google.com/bot.html)"
85.25.43.199 - - [05/Sep/2026:12:36:52 +0000] "GET /products/detail/210434109 HTTP/1.1" 404 35692 "-" "Mozilla/5.0 (Macintosh; Intel Mac OS X 10_15_7; rv:132.0) Gecko/20100101 Firefox/132.0"
66.249.73.72 - - [05/Sep/2026:12:36:52 +0000] "GET /?e=2222872876407 HTTP/1.1" 200 236919 "-" "Mozilla/5.0 (Linux; Android 6.0.1; Nexus 5X Build/MMB29P) AppleWebKit/537.36 (KHTML, like Gecko) Chrome/151.0.7922.173 Mobile Safari/537.36 (compatible; Googlebot/2.1; +http://www.google.com/bot.html)"
66.249.73.96 - - [05/Sep/2026:12:36:52 +0000] "GET /?e=17721180972408 HTTP/1.1" 200 241972 "-" "Mozilla/5.0 (Linux; Android 6.0.1; Nexus 5X Build/MMB29P) AppleWebKit/537.36 (KHTML, like Gecko) Chrome/151.0.7922.173 Mobile Safari/537.36 (compatible; Googlebot/2.1; +http://www.google.com/bot.html)"
85.25.43.199 - - [05/Sep/2026:12:36:54 +0000] "GET /products/detail/245828957 HTTP/1.1" 404 35692 "-" "Mozilla/5.0 (Macintosh; Intel Mac OS X 10_15_7; rv:132.0) Gecko/20100101 Firefox/132.0"
66.249.73.64 - - [05/Sep/2026:12:36:55 +0000] "GET /?e=88021133413303 HTTP/1.1" 200 243978 "-" "Mozilla/5.0 (Linux; Android 6.0.1; Nexus 5X Build/MMB29P) AppleWebKit/537.36 (KHTML, like Gecko) Chrome/151.0.7922.173 Mobile Safari/537.36 (compatible; Googlebot/2.1; +http://www.google.com/bot.html)"
85.25.43.199 - - [05/Sep/2026:12:36:56 +0000] "GET /products/detail/206104644 HTTP/1.1" 404 35692 "-" "Mozilla/5.0 (Macintosh; Intel Mac OS X 10_15_7; rv:132.0) Gecko/20100101 Firefox/132.0"
85.25.43.199 - - [05/Sep/2026:12:36:58 +0000] "GET /products/detail/166578442 HTTP/1.1" 404 35692 "-" "Mozilla/5.0 (Macintosh; Intel Mac OS X 10_15_7; rv:132.0) Gecko/20100101 Firefox/132.0"
57.141.4.60 - - [05/Sep/2026:12:36:58 +0000] "GET /products/e761803291 HTTP/1.1" 301 - "-" "Mozilla/5.0 (Macintosh; Intel Mac OS X 10_15_7) AppleWebKit/537.36 (KHTML, like Gecko) Chrome/145.0.0.0 Safari/537.36 (compatible; meta-externalagent/1.1 (+https://developers.facebook.com/docs/sharing/webmasters/crawler))"
85.25.43.199 - - [05/Sep/2026:12:37:00 +0000] "GET /products/detail/261245270 HTTP/1.1" 404 35692 "-" "Mozilla/5.0 (Macintosh; Intel Mac OS X 10_15_7; rv:132.0) Gecko/20100101 Firefox/132.0"
57.141.4.60 - - [05/Sep/2026:12:37:00 +0000] "GET /products/e761803291 HTTP/1.1" 404 35692 "-" "Mozilla/5.0 (Macintosh; Intel Mac OS X 10_15_7) AppleWebKit/537.36 (KHTML, like Gecko) Chrome/145.0.0.0 Safari/537.36 (compatible; meta-externalagent/1.1 (+https://developers.facebook.com/docs/sharing/webmasters/crawler))"
66.249.73.71 - - [05/Sep/2026:12:37:01 +0000] "GET /?e=63792122261706 HTTP/1.1" 200 242160 "-" "Mozilla/5.0 (Linux; Android 6.0.1; Nexus 5X Build/MMB29P) AppleWebKit/537.36 (KHTML, like Gecko) Chrome/151.0.7922.173 Mobile Safari/537.36 (compatible; Googlebot/2.1; +http://www.google.com/bot.html)"
85.25.43.199 - - [05/Sep/2026:12:37:02 +0000] "GET /products/detail/48126179 HTTP/1.1" 404 35692 "-" "Mozilla/5.0 (Macintosh; Intel Mac OS X 10_15_7; rv:132.0) Gecko/20100101 Firefox/132.0"
66.249.73.64 - - [05/Sep/2026:12:37:02 +0000] "GET /ajax/productstorestocklist/?sku=22859821&lat= HTTP/1.1" 200 245801 "-" "Mozilla/5.0 (Linux; Android 6.0.1; Nexus 5X Build/MMB29P) AppleWebKit/537.36 (KHTML, like Gecko) Chrome/151.0.7922.173 Mobile Safari/537.36 (compatible; Googlebot/2.1; +http://www.google.com/bot.html)"
57.141.4.26 - - [05/Sep/2026:12:37:03 +0000] "GET /products/0ff474744 HTTP/1.1" 301 - "-" "Mozilla/5.0 (Windows NT 10.0; Win64; x64) AppleWebKit/537.36 (KHTML, like Gecko) Chrome/145.0.0.0 Safari/537.36 (compatible; meta-externalagent/1.1 (+https://developers.facebook.com/docs/sharing/webmasters/crawler))"
85.25.43.199 - - [05/Sep/2026:12:37:04 +0000] "GET /products/detail/275343553 HTTP/1.1" 404 35692 "-" "Mozilla/5.0 (Macintosh; Intel Mac OS X 10_15_7; rv:132.0) Gecko/20100101 Firefox/132.0"
57.141.4.60 - - [05/Sep/2026:12:37:04 +0000] "GET /?e=39902124822501 HTTP/1.1" 301 - "-" "Mozilla/5.0 (Windows NT 10.0; Win64; x64) AppleWebKit/537.36 (KHTML, like Gecko) Chrome/145.0.0.0 Safari/537.36 (compatible; meta-externalagent/1.1 (+https://developers.facebook.com/docs/sharing/webmasters/crawler))"
66.249.73.72 - - [05/Sep/2026:12:37:04 +0000] "GET /?e=78156169013103 HTTP/1.1" 200 247410 "-" "Mozilla/5.0 (Linux; Android 6.0.1; Nexus 5X Build/MMB29P) AppleWebKit/537.36 (KHTML, like Gecko) Chrome/151.0.7922.173 Mobile Safari/537.36 (compatible; Googlebot/2.1; +http://www.google.com/bot.html)"
66.249.73.71 - - [05/Sep/2026:12:37:05 +0000] "GET /?e=4108476370000 HTTP/1.1" 200 240142 "-" "Mozilla/5.0 (Linux; Android 6.0.1; Nexus 5X Build/MMB29P) AppleWebKit/537.36 (KHTML, like Gecko) Chrome/151.0.7922.173 Mobile Safari/537.36 (compatible; Googlebot/2.1; +http://www.google.com/bot.html)"
57.141.4.57 - - [05/Sep/2026:12:37:05 +0000] "GET /?e=39902124822501 HTTP/1.1" 200 96969 "-" "Mozilla/5.0 (Windows NT 10.0; Win64; x64) AppleWebKit/537.36 (KHTML, like Gecko) Chrome/145.0.0.0 Safari/537.36 (compatible; meta-externalagent/1.1 (+https://developers.facebook.com/docs/sharing/webmasters/crawler))"
57.141.4.10 - - [05/Sep/2026:12:37:05 +0000] "GET /products/0ff474744 HTTP/1.1" 404 35692 "-" "Mozilla/5.0 (Windows NT 10.0; Win64; x64) AppleWebKit/537.36 (KHTML, like Gecko) Chrome/145.0.0.0 Safari/537.36 (compatible; meta-externalagent/1.1 (+https://developers.facebook.com/docs/sharing/webmasters/crawler))"
57.141.4.47 - - [05/Sep/2026:12:37:06 +0000] "GET /wp-content/uploads/elementor/google-fonts/css/nunitosans.css?ver=1745358303 HTTP/1.1" 404 35692 "https://www.techbala.com/?e=39902124822501" "Mozilla/5.0 (Windows NT 10.0; Win64; x64) AppleWebKit/537.36 (KHTML, like Gecko) Chrome/145.0.0.0 Safari/537.36 (compatible; meta-externalagent/1.1 (+https://developers.facebook.com/docs/sharing/webmasters/crawler))"
57.141.4.23 - - [05/Sep/2026:12:37:06 +0000] "GET /wp-content/uploads/elementor/google-fonts/css/roboto.css?ver=1745358293 HTTP/1.1" 404 35692 "https://www.techbala.com/?e=39902124822501" "Mozilla/5.0 (Windows NT 10.0; Win64; x64) AppleWebKit/537.36 (KHTML, like Gecko) Chrome/145.0.0.0 Safari/537.36 (compatible; meta-externalagent/1.1 (+https://developers.facebook.com/docs/sharing/webmasters/crawler))"
85.25.43.199 - - [05/Sep/2026:12:37:06 +0000] "GET /products/detail/98661967 HTTP/1.1" 404 35692 "-" "Mozilla/5.0 (Macintosh; Intel Mac OS X 10_15_7; rv:132.0) Gecko/20100101 Firefox/132.0"
57.141.4.59 - - [05/Sep/2026:12:37:06 +0000] "GET /wp-content/uploads/elementor/google-fonts/css/robotoslab.css?ver=1745358295 HTTP/1.1" 404 35692 "https://www.techbala.com/?e=39902124822501" "Mozilla/5.0 (Windows NT 10.0; Win64; x64) AppleWebKit/537.36 (KHTML, like Gecko) Chrome/145.0.0.0 Safari/537.36 (compatible; meta-externalagent/1.1 (+https://developers.facebook.com/docs/sharing/webmasters/crawler))"
57.141.4.14 - - [05/Sep/2026:12:37:06 +0000] "GET /wp-content/uploads/elementor/google-fonts/css/inter.css?ver=1745358300 HTTP/1.1" 404 35692 "https://www.techbala.com/?e=39902124822501" "Mozilla/5.0 (Windows NT 10.0; Win64; x64) AppleWebKit/537.36 (KHTML, like Gecko) Chrome/145.0.0.0 Safari/537.36 (compatible; meta-externalagent/1.1 (+https://developers.facebook.com/docs/sharing/webmasters/crawler))"
66.249.73.73 - - [05/Sep/2026:12:37:06 +0000] "GET /?e=9296356246906 HTTP/1.1" 200 239751 "-" "Mozilla/5.0 (Linux; Android 6.0.1; Nexus 5X Build/MMB29P) AppleWebKit/537.36 (KHTML, like Gecko) Chrome/151.0.7922.173 Mobile Safari/537.36 (compatible; Googlebot/2.1; +http://www.google.com/bot.html)"
57.141.4.63 - - [05/Sep/2026:12:37:07 +0000] "GET /wp-content/uploads/2019/12/promo-image.jpg HTTP/1.1" 200 19349 "https://www.techbala.com/?e=39902124822501" "Mozilla/5.0 (Windows NT 10.0; Win64; x64) AppleWebKit/537.36 (KHTML, like Gecko) Chrome/145.0.0.0 Safari/537.36 (compatible; meta-externalagent/1.1 (+https://developers.facebook.com/docs/sharing/webmasters/crawler))"
66.249.73.70 - - [05/Sep/2026:12:37:05 +0000] "GET /?e=1802162053100 HTTP/1.1" 200 244577 "-" "Mozilla/5.0 (Linux; Android 6.0.1; Nexus 5X Build/MMB29P) AppleWebKit/537.36 (KHTML, like Gecko) Chrome/151.0.7922.173 Mobile Safari/537.36 (compatible; Googlebot/2.1; +http://www.google.com/bot.html)"
57.141.4.17 - - [05/Sep/2026:12:37:08 +0000] "GET /wp-content/uploads/2020/09/preloder-150x150.png HTTP/1.1" 200 16771 "https://www.techbala.com/?e=39902124822501" "Mozilla/5.0 (Windows NT 10.0; Win64; x64) AppleWebKit/537.36 (KHTML, like Gecko) Chrome/145.0.0.0 Safari/537.36 (compatible; meta-externalagent/1.1 (+https://developers.facebook.com/docs/sharing/webmasters/crawler))"
85.25.43.199 - - [05/Sep/2026:12:37:08 +0000] "GET /products/detail/50245452 HTTP/1.1" 404 35692 "-" "Mozilla/5.0 (Macintosh; Intel Mac OS X 10_15_7; rv:132.0) Gecko/20100101 Firefox/132.0"
66.249.73.72 - - [05/Sep/2026:12:37:05 +0000] "GET /?e=9182943808204 HTTP/1.1" 200 257814 "-" "Mozilla/5.0 (Linux; Android 6.0.1; Nexus 5X Build/MMB29P) AppleWebKit/537.36 (KHTML, like Gecko) Chrome/151.0.7922.173 Mobile Safari/537.36 (compatible; Googlebot/2.1; +http://www.google.com/bot.html)"
66.249.73.70 - - [05/Sep/2026:12:37:08 +0000] "GET /?e=4887912006104 HTTP/1.1" 200 243194 "-" "Mozilla/5.0 (Linux; Android 6.0.1; Nexus 5X Build/MMB29P) AppleWebKit/537.36 (KHTML, like Gecko) Chrome/151.0.7922.173 Mobile Safari/537.36 (compatible; Googlebot/2.1; +http://www.google.com/bot.html)"
66.249.73.71 - - [05/Sep/2026:12:37:07 +0000] "GET /?e=70037204538003 HTTP/1.1" 200 249686 "-" "Mozilla/5.0 (Linux; Android 6.0.1; Nexus 5X Build/MMB29P) AppleWebKit/537.36 (KHTML, like Gecko) Chrome/151.0.7922.173 Mobile Safari/537.36 (compatible; Googlebot/2.1; +http://www.google.com/bot.html)"
66.249.73.103 - - [05/Sep/2026:12:37:08 +0000] "GET /?e=90709114861404 HTTP/1.1" 200 235806 "-" "Mozilla/5.0 (Linux; Android 6.0.1; Nexus 5X Build/MMB29P) AppleWebKit/537.36 (KHTML, like Gecko) Chrome/151.0.7922.173 Mobile Safari/537.36 (compatible; Googlebot/2.1; +http://www.google.com/bot.html)"
66.249.73.70 - - [05/Sep/2026:12:37:09 +0000] "GET /?e=4877621983006 HTTP/1.1" 200 237829 "-" "Mozilla/5.0 (Linux; Android 6.0.1; Nexus 5X Build/MMB29P) AppleWebKit/537.36 (KHTML, like Gecko) Chrome/151.0.7922.173 Mobile Safari/537.36 (compatible; Googlebot/2.1; +http://www.google.com/bot.html)"
66.249.73.70 - - [05/Sep/2026:12:37:09 +0000] "GET /?e=07210119880602 HTTP/1.1" 200 238950 "-" "Mozilla/5.0 (Linux; Android 6.0.1; Nexus 5X Build/MMB29P) AppleWebKit/537.36 (KHTML, like Gecko) Chrome/151.0.7922.173 Mobile Safari/537.36 (compatible; Googlebot/2.1; +http://www.google.com/bot.html)"
85.25.43.199 - - [05/Sep/2026:12:37:10 +0000] "GET /products/detail/52331432 HTTP/1.1" 404 35692 "-" "Mozilla/5.0 (Macintosh; Intel Mac OS X 10_15_7; rv:132.0) Gecko/20100101 Firefox/132.0"
66.249.73.72 - - [05/Sep/2026:12:37:10 +0000] "GET /?e=98108187695307 HTTP/1.1" 200 243174 "-" "Mozilla/5.0 (Linux; Android 6.0.1; Nexus 5X Build/MMB29P) AppleWebKit/537.36 (KHTML, like Gecko) Chrome/151.0.7922.173 Mobile Safari/537.36 (compatible; Googlebot/2.1; +http://www.google.com/bot.html)"
66.249.73.103 - - [05/Sep/2026:12:37:10 +0000] "GET /?e=2694953207701 HTTP/1.1" 200 243165 "-" "Mozilla/5.0 (Linux; Android 6.0.1; Nexus 5X Build/MMB29P) AppleWebKit/537.36 (KHTML, like Gecko) Chrome/151.0.7922.173 Mobile Safari/537.36 (compatible; Googlebot/2.1; +http://www.google.com/bot.html)"
66.249.73.103 - - [05/Sep/2026:12:37:11 +0000] "GET /?e=35287158623908 HTTP/1.1" 200 239437 "-" "Mozilla/5.0 (Linux; Android 6.0.1; Nexus 5X Build/MMB29P) AppleWebKit/537.36 (KHTML, like Gecko) Chrome/151.0.7922.173 Mobile Safari/537.36 (compatible; Googlebot/2.1; +http://www.google.com/bot.html)"
66.249.73.70 - - [05/Sep/2026:12:37:11 +0000] "GET /?e=7211812378301 HTTP/1.1" 200 238270 "-" "Mozilla/5.0 (Linux; Android 6.0.1; Nexus 5X Build/MMB29P) AppleWebKit/537.36 (KHTML, like Gecko) Chrome/151.0.7922.173 Mobile Safari/537.36 (compatible; Googlebot/2.1; +http://www.google.com/bot.html)"
66.249.73.96 - - [05/Sep/2026:12:37:11 +0000] "GET /?e=93117199350516 HTTP/1.1" 200 250572 "-" "Mozilla/5.0 (Linux; Android 6.0.1; Nexus 5X Build/MMB29P) AppleWebKit/537.36 (KHTML, like Gecko) Chrome/151.0.7922.173 Mobile Safari/537.36 (compatible; Googlebot/2.1; +http://www.google.com/bot.html)"
66.249.73.71 - - [05/Sep/2026:12:37:11 +0000] "GET /?e=1902295526611 HTTP/1.1" 200 254185 "-" "Mozilla/5.0 (Linux; Android 6.0.1; Nexus 5X Build/MMB29P) AppleWebKit/537.36 (KHTML, like Gecko) Chrome/151.0.7922.173 Mobile Safari/537.36 (compatible; Googlebot/2.1; +http://www.google.com/bot.html)"
66.249.73.102 - - [05/Sep/2026:12:37:08 +0000] "GET /?e=0223763206103 HTTP/1.1" 200 254386 "-" "Mozilla/5.0 (Linux; Android 6.0.1; Nexus 5X Build/MMB29P) AppleWebKit/537.36 (KHTML, like Gecko) Chrome/151.0.7922.173 Mobile Safari/537.36 (compatible; Googlebot/2.1; +http://www.google.com/bot.html)"
85.25.43.199 - - [05/Sep/2026:12:37:12 +0000] "GET /products/detail/229688705 HTTP/1.1" 404 35692 "-" "Mozilla/5.0 (Macintosh; Intel Mac OS X 10_15_7; rv:132.0) Gecko/20100101 Firefox/132.0"
66.249.73.70 - - [05/Sep/2026:12:37:12 +0000] "GET /?e=18717155373401 HTTP/1.1" 200 256380 "-" "Mozilla/5.0 (Linux; Android 6.0.1; Nexus 5X Build/MMB29P) AppleWebKit/537.36 (KHTML, like Gecko) Chrome/151.0.7922.173 Mobile Safari/537.36 (compatible; Googlebot/2.1; +http://www.google.com/bot.html)"
66.249.73.73 - - [05/Sep/2026:12:37:13 +0000] "GET /?e=4830192472303 HTTP/1.1" 200 238657 "-" "Mozilla/5.0 (Linux; Android 6.0.1; Nexus 5X Build/MMB29P) AppleWebKit/537.36 (KHTML, like Gecko) Chrome/151.0.7922.173 Mobile Safari/537.36 (compatible; Googlebot/2.1; +http://www.google.com/bot.html)"
66.249.73.70 - - [05/Sep/2026:12:37:14 +0000] "GET /?e=2752295163520 HTTP/1.1" 200 249926 "-" "Mozilla/5.0 (Linux; Android 6.0.1; Nexus 5X Build/MMB29P) AppleWebKit/537.36 (KHTML, like Gecko) Chrome/151.0.7922.173 Mobile Safari/537.36 (compatible; Googlebot/2.1; +http://www.google.com/bot.html)"
85.25.43.199 - - [05/Sep/2026:12:37:14 +0000] "GET /products/detail/273320705 HTTP/1.1" 404 35692 "-" "Mozilla/5.0 (Macintosh; Intel Mac OS X 10_15_7; rv:132.0) Gecko/20100101 Firefox/132.0"
57.141.4.27 - - [05/Sep/2026:12:37:15 +0000] "GET /products/6fa4045018 HTTP/1.1" 301 - "-" "Mozilla/5.0 (Windows NT 10.0; Win64; x64) AppleWebKit/537.36 (KHTML, like Gecko) Chrome/145.0.0.0 Safari/537.36 (compatible; meta-externalagent/1.1 (+https://developers.facebook.com/docs/sharing/webmasters/crawler))"
66.249.73.71 - - [05/Sep/2026:12:37:15 +0000] "GET /?e=52279125492001 HTTP/1.1" 200 258992 "-" "Mozilla/5.0 (Linux; Android 6.0.1; Nexus 5X Build/MMB29P) AppleWebKit/537.36 (KHTML, like Gecko) Chrome/151.0.7922.173 Mobile Safari/537.36 (compatible; Googlebot/2.1; +http://www.google.com/bot.html)"
85.25.43.199 - - [05/Sep/2026:12:37:16 +0000] "GET /products/detail/94749008 HTTP/1.1" 404 35692 "-" "Mozilla/5.0 (Macintosh; Intel Mac OS X 10_15_7; rv:132.0) Gecko/20100101 Firefox/132.0"
66.249.73.73 - - [05/Sep/2026:12:37:16 +0000] "GET /?e=2312442107602 HTTP/1.1" 200 248886 "-" "Mozilla/5.0 (Linux; Android 6.0.1; Nexus 5X Build/MMB29P) AppleWebKit/537.36 (KHTML, like Gecko) Chrome/151.0.7922.173 Mobile Safari/537.36 (compatible; Googlebot/2.1; +http://www.google.com/bot.html)"
57.141.4.53 - - [05/Sep/2026:12:37:17 +0000] "GET /products/6fa4045018 HTTP/1.1" 404 35692 "-" "Mozilla/5.0 (Windows NT 10.0; Win64; x64) AppleWebKit/537.36 (KHTML, like Gecko) Chrome/145.0.0.0 Safari/537.36 (compatible; meta-externalagent/1.1 (+https://developers.facebook.com/docs/sharing/webmasters/crawler))"
66.249.73.73 - - [05/Sep/2026:12:37:16 +0000] "GET /products/detail/170227725 HTTP/1.1" 200 248956 "-" "Mozilla/5.0 (Linux; Android 6.0.1; Nexus 5X Build/MMB29P) AppleWebKit/537.36 (KHTML, like Gecko) Chrome/151.0.7922.173 Mobile Safari/537.36 (compatible; Googlebot/2.1; +http://www.google.com/bot.html)"
66.249.73.71 - - [05/Sep/2026:12:37:17 +0000] "GET /?e=8463766933418 HTTP/1.1" 200 242588 "-" "Mozilla/5.0 (Linux; Android 6.0.1; Nexus 5X Build/MMB29P) AppleWebKit/537.36 (KHTML, like Gecko) Chrome/151.0.7922.173 Mobile Safari/537.36 (compatible; Googlebot/2.1; +http://www.google.com/bot.html)"
66.249.73.102 - - [05/Sep/2026:12:37:17 +0000] "GET /?e=97209101242900 HTTP/1.1" 200 241141 "-" "Mozilla/5.0 (Linux; Android 6.0.1; Nexus 5X Build/MMB29P) AppleWebKit/537.36 (KHTML, like Gecko) Chrome/151.0.7922.173 Mobile Safari/537.36 (compatible; Googlebot/2.1; +http://www.google.com/bot.html)"
66.249.73.71 - - [05/Sep/2026:12:37:18 +0000] "GET /?e=22781201275004 HTTP/1.1" 200 246322 "-" "Mozilla/5.0 (Linux; Android 6.0.1; Nexus 5X Build/MMB29P) AppleWebKit/537.36 (KHTML, like Gecko) Chrome/151.0.7922.173 Mobile Safari/537.36 (compatible; Googlebot/2.1; +http://www.google.com/bot.html)"
85.25.43.199 - - [05/Sep/2026:12:37:18 +0000] "GET /products/detail/99389169 HTTP/1.1" 404 35692 "-" "Mozilla/5.0 (Macintosh; Intel Mac OS X 10_15_7; rv:132.0) Gecko/20100101 Firefox/132.0"
66.249.73.72 - - [05/Sep/2026:12:37:18 +0000] "GET /?e=5979845392507 HTTP/1.1" 200 257961 "-" "Mozilla/5.0 (Linux; Android 6.0.1; Nexus 5X Build/MMB29P) AppleWebKit/537.36 (KHTML, like Gecko) Chrome/151.0.7922.173 Mobile Safari/537.36 (compatible; Googlebot/2.1; +http://www.google.com/bot.html)"
85.25.43.199 - - [05/Sep/2026:12:37:20 +0000] "GET /products/detail/247697240 HTTP/1.1" 404 35692 "-" "Mozilla/5.0 (Macintosh; Intel Mac OS X 10_15_7; rv:132.0) Gecko/20100101 Firefox/132.0"
66.249.73.72 - - [05/Sep/2026:12:37:20 +0000] "GET /?e=2701796181312 HTTP/1.1" 200 246194 "-" "Mozilla/5.0 (Linux; Android 6.0.1; Nexus 5X Build/MMB29P) AppleWebKit/537.36 (KHTML, like Gecko) Chrome/151.0.7922.173 Mobile Safari/537.36 (compatible; Googlebot/2.1; +http://www.google.com/bot.html)"
85.25.43.199 - - [05/Sep/2026:12:37:22 +0000] "GET /products/detail/90463311 HTTP/1.1" 404 35692 "-" "Mozilla/5.0 (Macintosh; Intel Mac OS X 10_15_7; rv:132.0) Gecko/20100101 Firefox/132.0"
85.25.43.199 - - [05/Sep/2026:12:37:24 +0000] "GET /products/detail/173954402 HTTP/1.1" 404 35692 "-" "Mozilla/5.0 (Macintosh; Intel Mac OS X 10_15_7; rv:132.0) Gecko/20100101 Firefox/132.0"
57.141.4.60 - - [05/Sep/2026:12:37:25 +0000] "GET /products/7342152337 HTTP/1.1" 301 - "-" "Mozilla/5.0 (Macintosh; Intel Mac OS X 10_15_7) AppleWebKit/537.36 (KHTML, like Gecko) Chrome/145.0.0.0 Safari/537.36 (compatible; meta-externalagent/1.1 (+https://developers.facebook.com/docs/sharing/webmasters/crawler))"
85.25.43.199 - - [05/Sep/2026:12:37:26 +0000] "GET /products/detail/51058614 HTTP/1.1" 404 35692 "-" "Mozilla/5.0 (Macintosh; Intel Mac OS X 10_15_7; rv:132.0) Gecko/20100101 Firefox/132.0"
66.249.73.70 - - [05/Sep/2026:12:37:25 +0000] "GET /?e=7289868029200 HTTP/1.1" 200 239912 "-" "Mozilla/5.0 (Linux; Android 6.0.1; Nexus 5X Build/MMB29P) AppleWebKit/537.36 (KHTML, like Gecko) Chrome/151.0.7922.173 Mobile Safari/537.36 (compatible; Googlebot/2.1; +http://www.google.com/bot.html)"
57.141.4.20 - - [05/Sep/2026:12:37:27 +0000] "GET /products/7342152337 HTTP/1.1" 404 35692 "-" "Mozilla/5.0 (Macintosh; Intel Mac OS X 10_15_7) AppleWebKit/537.36 (KHTML, like Gecko) Chrome/145.0.0.0 Safari/537.36 (compatible; meta-externalagent/1.1 (+https://developers.facebook.com/docs/sharing/webmasters/crawler))"
85.25.43.199 - - [05/Sep/2026:12:37:28 +0000] "GET /products/detail/69318149 HTTP/1.1" 404 35692 "-" "Mozilla/5.0 (Macintosh; Intel Mac OS X 10_15_7; rv:132.0) Gecko/20100101 Firefox/132.0"
66.249.73.73 - - [05/Sep/2026:12:37:27 +0000] "GET /?e=02766142209501 HTTP/1.1" 200 245917 "-" "Mozilla/5.0 (Linux; Android 6.0.1; Nexus 5X Build/MMB29P) AppleWebKit/537.36 (KHTML, like Gecko) Chrome/151.0.7922.173 Mobile Safari/537.36 (compatible; Googlebot/2.1; +http://www.google.com/bot.html)"
66.249.73.64 - - [05/Sep/2026:12:37:29 +0000] "GET /?e=6224948354401 HTTP/1.1" 200 238642 "-" "Mozilla/5.0 (Linux; Android 6.0.1; Nexus 5X Build/MMB29P) AppleWebKit/537.36 (KHTML, like Gecko) Chrome/151.0.7922.173 Mobile Safari/537.36 (compatible; Googlebot/2.1; +http://www.google.com/bot.html)"
66.249.73.72 - - [05/Sep/2026:12:37:28 +0000] "GET /?e=83295191493002 HTTP/1.1" 200 244147 "-" "Mozilla/5.0 (Linux; Android 6.0.1; Nexus 5X Build/MMB29P) AppleWebKit/537.36 (KHTML, like Gecko) Chrome/151.0.7922.173 Mobile Safari/537.36 (compatible; Googlebot/2.1; +http://www.google.com/bot.html)"
66.249.73.65 - - [05/Sep/2026:12:37:29 +0000] "GET /products/detail/264977462 HTTP/1.1" 200 241739 "-" "Mozilla/5.0 (Linux; Android 6.0.1; Nexus 5X Build/MMB29P) AppleWebKit/537.36 (KHTML, like Gecko) Chrome/151.0.7922.173 Mobile Safari/537.36 (compatible; Googlebot/2.1; +http://www.google.com/bot.html)"
66.249.73.73 - - [05/Sep/2026:12:37:29 +0000] "GET /?e=3013269173707 HTTP/1.1" 200 243451 "-" "Mozilla/5.0 (Linux; Android 6.0.1; Nexus 5X Build/MMB29P) AppleWebKit/537.36 (KHTML, like Gecko) Chrome/151.0.7922.173 Mobile Safari/537.36 (compatible; Googlebot/2.1; +http://www.google.com/bot.html)"
85.25.43.199 - - [05/Sep/2026:12:37:30 +0000] "GET /products/detail/292952513 HTTP/1.1" 404 35692 "-" "Mozilla/5.0 (Macintosh; Intel Mac OS X 10_15_7; rv:132.0) Gecko/20100101 Firefox/132.0"
66.249.73.70 - - [05/Sep/2026:12:37:29 +0000] "GET /?e=0821959116301 HTTP/1.1" 200 240982 "-" "Mozilla/5.0 (Linux; Android 6.0.1; Nexus 5X Build/MMB29P) AppleWebKit/537.36 (KHTML, like Gecko) Chrome/151.0.7922.173 Mobile Safari/537.36 (compatible; Googlebot/2.1; +http://www.google.com/bot.html)"
57.141.4.14 - - [05/Sep/2026:12:37:30 +0000] "GET /null HTTP/1.1" 404 35692 "https://www.techbala.com/?e=39902124822501" "Mozilla/5.0 (Windows NT 10.0; Win64; x64) AppleWebKit/537.36 (KHTML, like Gecko) Chrome/145.0.0.0 Safari/537.36 (compatible; meta-externalagent/1.1 (+https://developers.facebook.com/docs/sharing/webmasters/crawler))"
57.141.4.43 - - [05/Sep/2026:12:37:31 +0000] "GET /wp-content/uploads/2019/12/promo-image.jpg HTTP/1.1" 200 19349 "https://www.techbala.com/?e=39902124822501" "Mozilla/5.0 (Windows NT 10.0; Win64; x64) AppleWebKit/537.36 (KHTML, like Gecko) Chrome/145.0.0.0 Safari/537.36 (compatible; meta-externalagent/1.1 (+https://developers.facebook.com/docs/sharing/webmasters/crawler))"
66.249.73.103 - - [05/Sep/2026:12:37:31 +0000] "GET /?e=8523776814212 HTTP/1.1" 200 248622 "-" "Mozilla/5.0 (Linux; Android 6.0.1; Nexus 5X Build/MMB29P) AppleWebKit/537.36 (KHTML, like Gecko) Chrome/151.0.7922.173 Mobile Safari/537.36 (compatible; Googlebot/2.1; +http://www.google.com/bot.html)"
85.25.43.199 - - [05/Sep/2026:12:37:32 +0000] "GET /products/detail/115442684 HTTP/1.1" 404 35692 "-" "Mozilla/5.0 (Macintosh; Intel Mac OS X 10_15_7; rv:132.0) Gecko/20100101 Firefox/132.0"
85.25.43.199 - - [05/Sep/2026:12:37:34 +0000] "GET /products/detail/176972321 HTTP/1.1" 404 35692 "-" "Mozilla/5.0 (Macintosh; Intel Mac OS X 10_15_7; rv:132.0) Gecko/20100101 Firefox/132.0"
57.141.4.46 - - [05/Sep/2026:12:37:35 +0000] "GET /wp-content/uploads/2019/12/promo-image.jpg HTTP/1.1" 200 19349 "https://www.techbala.com/?e=39902124822501" "Mozilla/5.0 (Windows NT 10.0; Win64; x64) AppleWebKit/537.36 (KHTML, like Gecko) Chrome/145.0.0.0 Safari/537.36 (compatible; meta-externalagent/1.1 (+https://developers.facebook.com/docs/sharing/webmasters/crawler))"
66.249.73.71 - - [05/Sep/2026:12:37:35 +0000] "GET /?e=18218104208803 HTTP/1.1" 200 251079 "-" "Mozilla/5.0 (Linux; Android 6.0.1; Nexus 5X Build/MMB29P) AppleWebKit/537.36 (KHTML, like Gecko) Chrome/151.0.7922.173 Mobile Safari/537.36 (compatible; Googlebot/2.1; +http://www.google.com/bot.html)"
85.25.43.199 - - [05/Sep/2026:12:37:36 +0000] "GET /products/detail/83818836 HTTP/1.1" 404 35692 "-" "Mozilla/5.0 (Macintosh; Intel Mac OS X 10_15_7; rv:132.0) Gecko/20100101 Firefox/132.0"
85.25.43.199 - - [05/Sep/2026:12:37:38 +0000] "GET /products/detail/190289735 HTTP/1.1" 404 35692 "-" "Mozilla/5.0 (Macintosh; Intel Mac OS X 10_15_7; rv:132.0) Gecko/20100101 Firefox/132.0"
66.249.73.72 - - [05/Sep/2026:12:37:38 +0000] "GET /?e=31032203285903 HTTP/1.1" 200 239644 "-" "Mozilla/5.0 (Linux; Android 6.0.1; Nexus 5X Build/MMB29P) AppleWebKit/537.36 (KHTML, like Gecko) Chrome/151.0.7922.173 Mobile Safari/537.36 (compatible; Googlebot/2.1; +http://www.google.com/bot.html)"
85.25.43.199 - - [05/Sep/2026:12:37:40 +0000] "GET /products/detail/45738361 HTTP/1.1" 404 35692 "-" "Mozilla/5.0 (Macintosh; Intel Mac OS X 10_15_7; rv:132.0) Gecko/20100101 Firefox/132.0"
85.25.43.199 - - [05/Sep/2026:12:37:42 +0000] "GET /products/detail/248120028 HTTP/1.1" 404 35692 "-" "Mozilla/5.0 (Macintosh; Intel Mac OS X 10_15_7; rv:132.0) Gecko/20100101 Firefox/132.0"
85.25.43.199 - - [05/Sep/2026:12:37:44 +0000] "GET /products/detail/293564513 HTTP/1.1" 404 35692 "-" "Mozilla/5.0 (Macintosh; Intel Mac OS X 10_15_7; rv:132.0) Gecko/20100101 Firefox/132.0"
57.141.4.60 - - [05/Sep/2026:12:37:45 +0000] "GET /products/78b2234391 HTTP/1.1" 301 - "-" "Mozilla/5.0 (Macintosh; Intel Mac OS X 10_15_7) AppleWebKit/537.36 (KHTML, like Gecko) Chrome/145.0.0.0 Safari/537.36 (compatible; meta-externalagent/1.1 (+https://developers.facebook.com/docs/sharing/webmasters/crawler))"
